74.7.243.236 - - [18/Mar/2026:09:58:27 +0000] "GET /goods.php??h=gpu44by13109oplpzc HTTP/2.0" 200 85615 "https://nfsin.com/goods.php??m=abt6g3419vxeepwqdi" "Mozilla/5.0 AppleWebKit/537.36 (KHTML, like Gecko; compatible; GPTBot/1.3; +https://openai.com/gptbot)"
74.7.243.236 - - [18/Mar/2026:09:58:54 +0000] "GET /goods.php??q=edxb199zqe932rpqhvq HTTP/2.0" 200 85728 "https://nfsin.com/goods.php??o=ooo199jj5936akxfrl" "Mozilla/5.0 AppleWebKit/537.36 (KHTML, like Gecko; compatible; GPTBot/1.3; +https://openai.com/gptbot)"
74.7.243.236 - - [18/Mar/2026:09:59:13 +0000] "GET /goods.php?detail/168035579860 HTTP/2.0" 200 85436 "https://nfsin.com/goods.php?detail/1680011884601" "Mozilla/5.0 AppleWebKit/537.36 (KHTML, like Gecko; compatible; GPTBot/1.3; +https://openai.com/gptbot)"
74.7.243.236 - - [18/Mar/2026:09:59:31 +0000] "GET /goods.php?product/edit/m62562511202 HTTP/2.0" 200 85379 "https://nfsin.com/goods.php?detail/142001403885" "Mozilla/5.0 AppleWebKit/537.36 (KHTML, like Gecko; compatible; GPTBot/1.3; +https://openai.com/gptbot)"
74.7.243.236 - - [18/Mar/2026:09:59:50 +0000] "GET /goods.php?detail/1420014104849 HTTP/2.0" 200 85552 "https://nfsin.com/goods.php?detail/142001403885" "Mozilla/5.0 AppleWebKit/537.36 (KHTML, like Gecko; compatible; GPTBot/1.3; +https://openai.com/gptbot)"
74.7.243.236 - - [18/Mar/2026:10:00:03 +0000] "GET /goods.php?detail/134031097956 HTTP/2.0" 200 85643 "https://nfsin.com/goods.php?detail/084004629294" "Mozilla/5.0 AppleWebKit/537.36 (KHTML, like Gecko; compatible; GPTBot/1.3; +https://openai.com/gptbot)"
74.7.243.236 - - [18/Mar/2026:10:00:16 +0000] "GET /goods.php?products/system/n154018904 HTTP/2.0" 200 85774 "https://nfsin.com/goods.php?products/vehicle/b154037776" "Mozilla/5.0 AppleWebKit/537.36 (KHTML, like Gecko; compatible; GPTBot/1.3; +https://openai.com/gptbot)"
74.7.243.236 - - [18/Mar/2026:10:00:32 +0000] "GET /goods.php??w=skftr71wrgyg9284hdjdbpefol HTTP/2.0" 200 85572 "https://nfsin.com/goods.php?products/vehicle/b154037776" "Mozilla/5.0 AppleWebKit/537.36 (KHTML, like Gecko; compatible; GPTBot/1.3; +https://openai.com/gptbot)"
198.244.240.72 - - [18/Mar/2026:10:00:47 +0000] "GET /wp-includes/certificates/?C=M;O=A HTTP/2.0" 200 389 "-" "Mozilla/5.0 (compatible; AhrefsBot/7.0; +http://ahrefs.com/robot/)"
74.7.243.236 - - [18/Mar/2026:10:00:47 +0000] "GET /goods.php??r=huh6rmi10441unprmf HTTP/2.0" 200 85609 "https://nfsin.com/goods.php??f=hjud6bh27437zctjrg" "Mozilla/5.0 AppleWebKit/537.36 (KHTML, like Gecko; compatible; GPTBot/1.3; +https://openai.com/gptbot)"
74.7.243.236 - - [18/Mar/2026:10:01:07 +0000] "GET /goods.php?products/fee/s242010512 HTTP/2.0" 200 87048 "https://nfsin.com/goods.php??y=jhb167o368waktnwwm" "Mozilla/5.0 AppleWebKit/537.36 (KHTML, like Gecko; compatible; GPTBot/1.3; +https://openai.com/gptbot)"
74.7.243.236 - - [18/Mar/2026:10:01:23 +0000] "GET /goods.php?jp/063006199.html HTTP/2.0" 200 86581 "https://nfsin.com/goods.php?detail/063023749741" "Mozilla/5.0 AppleWebKit/537.36 (KHTML, like Gecko; compatible; GPTBot/1.3; +https://openai.com/gptbot)"
74.7.243.236 - - [18/Mar/2026:10:01:36 +0000] "GET /goods.php?product/edit/m78972270463 HTTP/2.0" 200 85632 "https://nfsin.com/goods.php?products/vehicle/b154037776" "Mozilla/5.0 AppleWebKit/537.36 (KHTML, like Gecko; compatible; GPTBot/1.3; +https://openai.com/gptbot)"
74.7.243.236 - - [18/Mar/2026:10:01:48 +0000] "GET /goods.php??c=xmf79cf38708zekdjwq HTTP/2.0" 200 85957 "https://nfsin.com/goods.php??q=edxb199zqe932rpqhvq" "Mozilla/5.0 AppleWebKit/537.36 (KHTML, like Gecko; compatible; GPTBot/1.3; +https://openai.com/gptbot)"
74.7.243.236 - - [18/Mar/2026:10:02:01 +0000] "GET /goods.php??i=aewrs6c9913dsotqdms HTTP/2.0" 200 85935 "https://nfsin.com/goods.php??v=aqn6i10139xvrtly" "Mozilla/5.0 AppleWebKit/537.36 (KHTML, like Gecko; compatible; GPTBot/1.3; +https://openai.com/gptbot)"
74.7.243.236 - - [18/Mar/2026:10:02:17 +0000] "GET /goods.php??p=htfbl6wnej9973vkdqpl HTTP/2.0" 200 86672 "https://nfsin.com/goods.php??v=aqn6i10139xvrtly" "Mozilla/5.0 AppleWebKit/537.36 (KHTML, like Gecko; compatible; GPTBot/1.3; +https://openai.com/gptbot)"
74.7.243.236 - - [18/Mar/2026:10:02:33 +0000] "GET /goods.php?detail/217005429537 HTTP/2.0" 200 84880 "https://nfsin.com/goods.php?detail/128012980348" "Mozilla/5.0 AppleWebKit/537.36 (KHTML, like Gecko; compatible; GPTBot/1.3; +https://openai.com/gptbot)"
74.7.243.236 - - [18/Mar/2026:10:02:45 +0000] "GET /goods.php?goods/100043208 HTTP/2.0" 200 85618 "https://nfsin.com/goods.php?detail/134031097956" "Mozilla/5.0 AppleWebKit/537.36 (KHTML, like Gecko; compatible; GPTBot/1.3; +https://openai.com/gptbot)"
74.7.243.236 - - [18/Mar/2026:10:02:56 +0000] "GET /goods.php?detail/069034315746 HTTP/2.0" 200 85612 "https://nfsin.com/goods.php?detail/148000305500" "Mozilla/5.0 AppleWebKit/537.36 (KHTML, like Gecko; compatible; GPTBot/1.3; +https://openai.com/gptbot)"
74.7.243.236 - - [18/Mar/2026:10:03:08 +0000] "GET /goods.php??l=hhxs71ztd10018pgphef HTTP/2.0" 200 85885 "https://nfsin.com/goods.php??w=skftr71wrgyg9284hdjdbpefol" "Mozilla/5.0 AppleWebKit/537.36 (KHTML, like Gecko; compatible; GPTBot/1.3; +https://openai.com/gptbot)"
74.7.243.236 - - [18/Mar/2026:10:03:21 +0000] "GET /goods.php?detail/200003604483 HTTP/2.0" 200 85784 "https://nfsin.com/goods.php??r=huh6rmi10441unprmf" "Mozilla/5.0 AppleWebKit/537.36 (KHTML, like Gecko; compatible; GPTBot/1.3; +https://openai.com/gptbot)"
74.7.243.236 - - [18/Mar/2026:10:03:33 +0000] "GET /goods.php??s=jbqat29g25650ywnoom HTTP/2.0" 200 85779 "https://nfsin.com/goods.php??w=skftr71wrgyg9284hdjdbpefol" "Mozilla/5.0 AppleWebKit/537.36 (KHTML, like Gecko; compatible; GPTBot/1.3; +https://openai.com/gptbot)"
74.7.243.236 - - [18/Mar/2026:10:03:46 +0000] "GET /goods.php?detail/0630041064375 HTTP/2.0" 200 85215 "https://nfsin.com/goods.php?jp/063006199.html" "Mozilla/5.0 AppleWebKit/537.36 (KHTML, like Gecko; compatible; GPTBot/1.3; +https://openai.com/gptbot)"
74.7.243.236 - - [18/Mar/2026:10:03:59 +0000] "GET /goods.php??x=jul195gzza32668vvsxjjg HTTP/2.0" 200 86249 "https://nfsin.com/goods.php?product/edit/m78972270463" "Mozilla/5.0 AppleWebKit/537.36 (KHTML, like Gecko; compatible; GPTBot/1.3; +https://openai.com/gptbot)"
74.7.243.236 - - [18/Mar/2026:10:04:17 +0000] "GET /goods.php??h=mye80zda975znbvpzt HTTP/2.0" 200 85640 "https://nfsin.com/goods.php?product/edit/m78972270463" "Mozilla/5.0 AppleWebKit/537.36 (KHTML, like Gecko; compatible; GPTBot/1.3; +https://openai.com/gptbot)"
198.244.226.109 - - [18/Mar/2026:10:04:36 +0000] "GET /wp-includes/certificates/?C=D;O=A HTTP/2.0" 200 388 "-" "Mozilla/5.0 (compatible; AhrefsBot/7.0; +http://ahrefs.com/robot/)"
74.7.243.236 - - [18/Mar/2026:10:04:35 +0000] "GET /goods.php?detail/006003218122 HTTP/2.0" 200 85626 "https://nfsin.com/goods.php??i=aewrs6c9913dsotqdms" "Mozilla/5.0 AppleWebKit/537.36 (KHTML, like Gecko; compatible; GPTBot/1.3; +https://openai.com/gptbot)"
74.7.243.236 - - [18/Mar/2026:10:04:55 +0000] "GET /goods.php?detail/044049001936 HTTP/2.0" 200 85755 "https://nfsin.com/goods.php?jp/063006199.html" "Mozilla/5.0 AppleWebKit/537.36 (KHTML, like Gecko; compatible; GPTBot/1.3; +https://openai.com/gptbot)"
74.7.243.236 - - [18/Mar/2026:10:05:13 +0000] "GET /goods.php??k=zxr79qoy17314tukupe HTTP/2.0" 200 87310 "https://nfsin.com/goods.php??c=xmf79cf38708zekdjwq" "Mozilla/5.0 AppleWebKit/537.36 (KHTML, like Gecko; compatible; GPTBot/1.3; +https://openai.com/gptbot)"
74.7.243.236 - - [18/Mar/2026:10:05:28 +0000] "GET /goods.php?category/20_217/1/listing HTTP/2.0" 200 86250 "https://nfsin.com/goods.php?goods/100043208" "Mozilla/5.0 AppleWebKit/537.36 (KHTML, like Gecko; compatible; GPTBot/1.3; +https://openai.com/gptbot)"
74.7.243.236 - - [18/Mar/2026:10:05:44 +0000] "GET /goods.php?detail/100043208381 HTTP/2.0" 200 85592 "https://nfsin.com/goods.php?goods/100043208" "Mozilla/5.0 AppleWebKit/537.36 (KHTML, like Gecko; compatible; GPTBot/1.3; +https://openai.com/gptbot)"
74.7.243.236 - - [18/Mar/2026:10:06:03 +0000] "GET /goods.php??b=trg79od17376mukdwj HTTP/2.0" 200 85703 "https://nfsin.com/goods.php??c=xmf79cf38708zekdjwq" "Mozilla/5.0 AppleWebKit/537.36 (KHTML, like Gecko; compatible; GPTBot/1.3; +https://openai.com/gptbot)"
74.7.243.236 - - [18/Mar/2026:10:06:17 +0000] "GET /goods.php??q=mxie6ml3251eugymvoc HTTP/2.0" 200 86263 "https://nfsin.com/goods.php??i=aewrs6c9913dsotqdms" "Mozilla/5.0 AppleWebKit/537.36 (KHTML, like Gecko; compatible; GPTBot/1.3; +https://openai.com/gptbot)"
74.7.243.236 - - [18/Mar/2026:10:06:29 +0000] "GET /goods.php??w=xnp29il366proryh HTTP/2.0" 200 85600 "https://nfsin.com/goods.php??s=jbqat29g25650ywnoom" "Mozilla/5.0 AppleWebKit/537.36 (KHTML, like Gecko; compatible; GPTBot/1.3; +https://openai.com/gptbot)"
74.7.243.236 - - [18/Mar/2026:10:06:44 +0000] "GET /goods.php?detail/0110151881482 HTTP/2.0" 200 85977 "https://nfsin.com/goods.php?detail/069034315746" "Mozilla/5.0 AppleWebKit/537.36 (KHTML, like Gecko; compatible; GPTBot/1.3; +https://openai.com/gptbot)"
74.7.243.236 - - [18/Mar/2026:10:06:57 +0000] "GET /goods.php?detail/1160337615336 HTTP/2.0" 200 85558 "https://nfsin.com/goods.php?detail/200003604483" "Mozilla/5.0 AppleWebKit/537.36 (KHTML, like Gecko; compatible; GPTBot/1.3; +https://openai.com/gptbot)"
74.7.243.236 - - [18/Mar/2026:10:07:08 +0000] "GET /goods.php??y=smx80fcn7199vqscuix HTTP/2.0" 200 87329 "https://nfsin.com/goods.php??h=mye80zda975znbvpzt" "Mozilla/5.0 AppleWebKit/537.36 (KHTML, like Gecko; compatible; GPTBot/1.3; +https://openai.com/gptbot)"
44.195.201.244 - - [18/Mar/2026:10:07:13 +0000] "GET /robots.txt HTTP/1.1" 200 124 "-" "Mozilla/5.0 (Macintosh; Intel Mac OS X 10_10_1) AppleWebKit/600.2.5 (KHTML, like Gecko) Version/8.0.2 Safari/600.2.5 (Gort)"
74.7.243.236 - - [18/Mar/2026:10:07:22 +0000] "GET /goods.php??g=nckz80thw7129vgernn HTTP/2.0" 200 85844 "https://nfsin.com/goods.php??h=mye80zda975znbvpzt" "Mozilla/5.0 AppleWebKit/537.36 (KHTML, like Gecko; compatible; GPTBot/1.3; +https://openai.com/gptbot)"
74.7.243.236 - - [18/Mar/2026:10:07:36 +0000] "GET /goods.php??k=avah80wzaw195ryngzv HTTP/2.0" 200 85836 "https://nfsin.com/goods.php?product/edit/m78972270463" "Mozilla/5.0 AppleWebKit/537.36 (KHTML, like Gecko; compatible; GPTBot/1.3; +https://openai.com/gptbot)"
74.7.243.236 - - [18/Mar/2026:10:07:49 +0000] "GET /goods.php??y=rrnh16o8907qxarcf HTTP/2.0" 200 85788 "https://nfsin.com/goods.php??k=zxr79qoy17314tukupe" "Mozilla/5.0 AppleWebKit/537.36 (KHTML, like Gecko; compatible; GPTBot/1.3; +https://openai.com/gptbot)"
74.7.243.236 - - [18/Mar/2026:10:08:05 +0000] "GET /goods.php?detail/120003591525 HTTP/2.0" 200 87170 "https://nfsin.com/goods.php?detail/200003604483" "Mozilla/5.0 AppleWebKit/537.36 (KHTML, like Gecko; compatible; GPTBot/1.3; +https://openai.com/gptbot)"
74.7.243.236 - - [18/Mar/2026:10:08:24 +0000] "GET /goods.php?detail/168043025341 HTTP/2.0" 200 86857 "https://nfsin.com/goods.php?detail/217005429537" "Mozilla/5.0 AppleWebKit/537.36 (KHTML, like Gecko; compatible; GPTBot/1.3; +https://openai.com/gptbot)"
198.244.226.66 - - [18/Mar/2026:10:08:33 +0000] "GET /wp-includes/fonts/dashicons.woff2 HTTP/2.0" 200 26155 "-" "Mozilla/5.0 (compatible; AhrefsBot/7.0; +http://ahrefs.com/robot/)"
74.7.243.236 - - [18/Mar/2026:10:08:39 +0000] "GET /goods.php?detail/269004516233 HTTP/2.0" 200 85664 "https://nfsin.com/goods.php?detail/269029668863" "Mozilla/5.0 AppleWebKit/537.36 (KHTML, like Gecko; compatible; GPTBot/1.3; +https://openai.com/gptbot)"
74.7.243.236 - - [18/Mar/2026:10:08:54 +0000] "GET /goods.php??a=apcx6o7903haxtdk HTTP/2.0" 200 86699 "https://nfsin.com/goods.php??q=mxie6ml3251eugymvoc" "Mozilla/5.0 AppleWebKit/537.36 (KHTML, like Gecko; compatible; GPTBot/1.3; +https://openai.com/gptbot)"
74.7.243.236 - - [18/Mar/2026:10:09:09 +0000] "GET /goods.php?detail/175032058981 HTTP/2.0" 200 85647 "https://nfsin.com/goods.php?detail/005000888618" "Mozilla/5.0 AppleWebKit/537.36 (KHTML, like Gecko; compatible; GPTBot/1.3; +https://openai.com/gptbot)"
74.7.243.236 - - [18/Mar/2026:10:09:23 +0000] "GET /goods.php?detail/221003219008 HTTP/2.0" 200 85668 "https://nfsin.com/goods.php?detail/0110151881482" "Mozilla/5.0 AppleWebKit/537.36 (KHTML, like Gecko; compatible; GPTBot/1.3; +https://openai.com/gptbot)"
74.7.243.236 - - [18/Mar/2026:10:09:43 +0000] "GET /goods.php?detail/011001874823 HTTP/2.0" 200 86917 "https://nfsin.com/goods.php?detail/0110151881482" "Mozilla/5.0 AppleWebKit/537.36 (KHTML, like Gecko; compatible; GPTBot/1.3; +https://openai.com/gptbot)"
74.7.243.236 - - [18/Mar/2026:10:09:59 +0000] "GET /goods.php??d=bzf134j4019ywbvylr HTTP/2.0" 200 86429 "https://nfsin.com/goods.php??y=smx80fcn7199vqscuix" "Mozilla/5.0 AppleWebKit/537.36 (KHTML, like Gecko; compatible; GPTBot/1.3; +https://openai.com/gptbot)"
74.7.243.236 - - [18/Mar/2026:10:10:13 +0000] "GET /goods.php??k=sho80g8385dqrnavgya HTTP/2.0" 200 87304 "https://nfsin.com/goods.php??g=nckz80thw7129vgernn" "Mozilla/5.0 AppleWebKit/537.36 (KHTML, like Gecko; compatible; GPTBot/1.3; +https://openai.com/gptbot)"
74.7.243.236 - - [18/Mar/2026:10:10:24 +0000] "GET /goods.php??y=etibr80pn2253jsfwcdl HTTP/2.0" 200 85995 "https://nfsin.com/goods.php??k=avah80wzaw195ryngzv" "Mozilla/5.0 AppleWebKit/537.36 (KHTML, like Gecko; compatible; GPTBot/1.3; +https://openai.com/gptbot)"
74.7.243.236 - - [18/Mar/2026:10:10:40 +0000] "GET /goods.php??n=tsdfy16d487clpnwjxq HTTP/2.0" 200 86354 "https://nfsin.com/goods.php??y=rrnh16o8907qxarcf" "Mozilla/5.0 AppleWebKit/537.36 (KHTML, like Gecko; compatible; GPTBot/1.3; +https://openai.com/gptbot)"
74.7.243.236 - - [18/Mar/2026:10:10:51 +0000] "GET /goods.php?safe_search/config?return_url=%2Fproduct%2Fdetail%2Fm80815776598 HTTP/2.0" 200 86062 "https://nfsin.com/goods.php?detail/120003591525" "Mozilla/5.0 AppleWebKit/537.36 (KHTML, like Gecko; compatible; GPTBot/1.3; +https://openai.com/gptbot)"
74.7.243.236 - - [18/Mar/2026:10:11:03 +0000] "GET /goods.php?detail/194006612854 HTTP/2.0" 200 85710 "https://nfsin.com/goods.php?detail/194009604030" "Mozilla/5.0 AppleWebKit/537.36 (KHTML, like Gecko; compatible; GPTBot/1.3; +https://openai.com/gptbot)"
74.7.243.236 - - [18/Mar/2026:10:11:16 +0000] "GET /goods.php?detail/042014214955 HTTP/2.0" 200 86212 "https://nfsin.com/goods.php?detail/269004516233" "Mozilla/5.0 AppleWebKit/537.36 (KHTML, like Gecko; compatible; GPTBot/1.3; +https://openai.com/gptbot)"
74.7.243.236 - - [18/Mar/2026:10:11:29 +0000] "GET /goods.php??n=afg6qwv8983batxiwxp HTTP/2.0" 200 85834 "https://nfsin.com/goods.php??a=apcx6o7903haxtdk" "Mozilla/5.0 AppleWebKit/537.36 (KHTML, like Gecko; compatible; GPTBot/1.3; +https://openai.com/gptbot)"
74.7.243.236 - - [18/Mar/2026:10:11:42 +0000] "GET /goods.php?detail/095021164350 HTTP/2.0" 200 86333 "https://nfsin.com/goods.php?detail/175032058981" "Mozilla/5.0 AppleWebKit/537.36 (KHTML, like Gecko; compatible; GPTBot/1.3; +https://openai.com/gptbot)"
74.7.243.236 - - [18/Mar/2026:10:11:58 +0000] "GET /goods.php?detail/221006103093 HTTP/2.0" 200 85886 "https://nfsin.com/goods.php?detail/221003219008" "Mozilla/5.0 AppleWebKit/537.36 (KHTML, like Gecko; compatible; GPTBot/1.3; +https://openai.com/gptbot)"
198.244.240.212 - - [18/Mar/2026:10:12:05 +0000] "GET /wp-includes/fonts/dashicons.woff HTTP/2.0" 200 25935 "-" "Mozilla/5.0 (compatible; AhrefsBot/7.0; +http://ahrefs.com/robot/)"
74.7.243.236 - - [18/Mar/2026:10:12:13 +0000] "GET /goods.php?detail/221005406026 HTTP/2.0" 200 85882 "https://nfsin.com/goods.php?detail/221003219008" "Mozilla/5.0 AppleWebKit/537.36 (KHTML, like Gecko; compatible; GPTBot/1.3; +https://openai.com/gptbot)"
74.7.243.236 - - [18/Mar/2026:10:12:25 +0000] "GET /goods.php?detail/061012496874 HTTP/2.0" 200 85626 "https://nfsin.com/goods.php?detail/0630041064375" "Mozilla/5.0 AppleWebKit/537.36 (KHTML, like Gecko; compatible; GPTBot/1.3; +https://openai.com/gptbot)"
74.7.243.236 - - [18/Mar/2026:10:12:39 +0000] "GET /goods.php??p=iqz170n1815yxxafn HTTP/2.0" 200 85229 "https://nfsin.com/goods.php??k=sho80g8385dqrnavgya" "Mozilla/5.0 AppleWebKit/537.36 (KHTML, like Gecko; compatible; GPTBot/1.3; +https://openai.com/gptbot)"
213.111.157.176 - - [18/Mar/2026:10:12:44 +0000] "GET / HTTP/1.1" 200 15637 "-" "Mozilla/5.0 (X11; Linux x86_64; rv:142.0) Gecko/20100101 Firefox/142.0"
74.7.243.236 - - [18/Mar/2026:10:12:52 +0000] "GET /goods.php?detail/194043582447 HTTP/2.0" 200 86104 "https://nfsin.com/goods.php?detail/133032738202" "Mozilla/5.0 AppleWebKit/537.36 (KHTML, like Gecko; compatible; GPTBot/1.3; +https://openai.com/gptbot)"
139.162.194.112 - - [18/Mar/2026:10:12:51 +0000] "POST /wp-cron.php?doing_wp_cron=1773828771.2033529281616210937500 HTTP/1.1" 404 15598 "-" "WordPress/6.9.1; https://nfsin.com"
74.7.243.236 - - [18/Mar/2026:10:13:04 +0000] "GET /goods.php??b=plu16u77ioufkgan HTTP/2.0" 200 85944 "https://nfsin.com/goods.php??n=tsdfy16d487clpnwjxq" "Mozilla/5.0 AppleWebKit/537.36 (KHTML, like Gecko; compatible; GPTBot/1.3; +https://openai.com/gptbot)"
74.7.243.236 - - [18/Mar/2026:10:13:17 +0000] "GET /goods.php??c=bgwaa37sqyyl46910lxxyxl HTTP/2.0" 200 87536 "https://nfsin.com/goods.php?safe_search/config?return_url=%2Fproduct%2Fdetail%2Fm80815776598" "Mozilla/5.0 AppleWebKit/537.36 (KHTML, like Gecko; compatible; GPTBot/1.3; +https://openai.com/gptbot)"
74.7.243.236 - - [18/Mar/2026:10:13:32 +0000] "GET /goods.php?goods/194033502 HTTP/2.0" 200 86802 "https://nfsin.com/goods.php?detail/194006612854" "Mozilla/5.0 AppleWebKit/537.36 (KHTML, like Gecko; compatible; GPTBot/1.3; +https://openai.com/gptbot)"
74.7.243.236 - - [18/Mar/2026:10:13:45 +0000] "GET /goods.php?detail/006001682286 HTTP/2.0" 200 85487 "https://nfsin.com/goods.php?safe_search/config?return_url=%2Fproduct%2Fdetail%2Fm80815776598" "Mozilla/5.0 AppleWebKit/537.36 (KHTML, like Gecko; compatible; GPTBot/1.3; +https://openai.com/gptbot)"
74.7.243.236 - - [18/Mar/2026:10:14:01 +0000] "GET /goods.php??b=uvmm6x12097jjckjz HTTP/2.0" 200 86513 "https://nfsin.com/goods.php??n=afg6qwv8983batxiwxp" "Mozilla/5.0 AppleWebKit/537.36 (KHTML, like Gecko; compatible; GPTBot/1.3; +https://openai.com/gptbot)"
74.7.243.236 - - [18/Mar/2026:10:14:17 +0000] "GET /goods.php?detail/095005530547 HTTP/2.0" 200 86352 "https://nfsin.com/goods.php?detail/095021164350" "Mozilla/5.0 AppleWebKit/537.36 (KHTML, like Gecko; compatible; GPTBot/1.3; +https://openai.com/gptbot)"
74.7.243.236 - - [18/Mar/2026:10:14:30 +0000] "GET /goods.php?detail/221001032593 HTTP/2.0" 200 86454 "https://nfsin.com/goods.php?detail/221006103093" "Mozilla/5.0 AppleWebKit/537.36 (KHTML, like Gecko; compatible; GPTBot/1.3; +https://openai.com/gptbot)"
74.7.243.236 - - [18/Mar/2026:10:14:44 +0000] "GET /goods.php??a=lky6mu8819jearlkee HTTP/2.0" 200 86381 "https://nfsin.com/goods.php?safe_search/config?return_url=%2Fproduct%2Fdetail%2Fm80815776598" "Mozilla/5.0 AppleWebKit/537.36 (KHTML, like Gecko; compatible; GPTBot/1.3; +https://openai.com/gptbot)"
74.7.243.236 - - [18/Mar/2026:10:14:56 +0000] "GET /goods.php?detail/266034554573 HTTP/2.0" 200 85357 "https://nfsin.com/goods.php?detail/194006612854" "Mozilla/5.0 AppleWebKit/537.36 (KHTML, like Gecko; compatible; GPTBot/1.3; +https://openai.com/gptbot)"
74.7.243.236 - - [18/Mar/2026:10:15:09 +0000] "GET /goods.php?detail/020020913470 HTTP/2.0" 200 85743 "https://nfsin.com/goods.php?detail/221006103093" "Mozilla/5.0 AppleWebKit/537.36 (KHTML, like Gecko; compatible; GPTBot/1.3; +https://openai.com/gptbot)"
74.7.243.236 - - [18/Mar/2026:10:15:22 +0000] "GET /goods.php?detail/194041951673 HTTP/2.0" 200 85279 "https://nfsin.com/goods.php?detail/194043582447" "Mozilla/5.0 AppleWebKit/537.36 (KHTML, like Gecko; compatible; GPTBot/1.3; +https://openai.com/gptbot)"
74.7.243.236 - - [18/Mar/2026:10:15:41 +0000] "GET /goods.php?products/ad/y205032973 HTTP/2.0" 200 85323 "https://nfsin.com/goods.php??b=plu16u77ioufkgan" "Mozilla/5.0 AppleWebKit/537.36 (KHTML, like Gecko; compatible; GPTBot/1.3; +https://openai.com/gptbot)"
74.7.243.236 - - [18/Mar/2026:10:15:57 +0000] "GET /goods.php??k=lex127a824hdwxci HTTP/2.0" 200 87199 "https://nfsin.com/goods.php??c=bgwaa37sqyyl46910lxxyxl" "Mozilla/5.0 AppleWebKit/537.36 (KHTML, like Gecko; compatible; GPTBot/1.3; +https://openai.com/gptbot)"
198.244.183.220 - - [18/Mar/2026:10:16:01 +0000] "GET /wp-includes/fonts/dashicons.ttf HTTP/2.0" 200 32467 "-" "Mozilla/5.0 (compatible; AhrefsBot/7.0; +http://ahrefs.com/robot/)"
74.7.243.236 - - [18/Mar/2026:10:16:11 +0000] "GET /goods.php?goods/194033940 HTTP/2.0" 200 86668 "https://nfsin.com/goods.php?goods/194033502" "Mozilla/5.0 AppleWebKit/537.36 (KHTML, like Gecko; compatible; GPTBot/1.3; +https://openai.com/gptbot)"
74.7.243.236 - - [18/Mar/2026:10:16:26 +0000] "GET /goods.php?detail/006007801280 HTTP/2.0" 200 86166 "https://nfsin.com/goods.php?detail/006001682286" "Mozilla/5.0 AppleWebKit/537.36 (KHTML, like Gecko; compatible; GPTBot/1.3; +https://openai.com/gptbot)"
74.7.243.236 - - [18/Mar/2026:10:16:38 +0000] "GET /goods.php??l=zbouq16z729ncgxof HTTP/2.0" 200 86861 "https://nfsin.com/goods.php??b=plu16u77ioufkgan" "Mozilla/5.0 AppleWebKit/537.36 (KHTML, like Gecko; compatible; GPTBot/1.3; +https://openai.com/gptbot)"
74.7.243.236 - - [18/Mar/2026:10:16:50 +0000] "GET /goods.php??k=bhvi37z6900febkmv HTTP/2.0" 200 87650 "https://nfsin.com/goods.php??c=bgwaa37sqyyl46910lxxyxl" "Mozilla/5.0 AppleWebKit/537.36 (KHTML, like Gecko; compatible; GPTBot/1.3; +https://openai.com/gptbot)"
74.7.243.236 - - [18/Mar/2026:10:17:05 +0000] "GET /goods.php?detail/190029980099 HTTP/2.0" 200 85668 "https://nfsin.com/goods.php?detail/095005530547" "Mozilla/5.0 AppleWebKit/537.36 (KHTML, like Gecko; compatible; GPTBot/1.3; +https://openai.com/gptbot)"
74.7.243.236 - - [18/Mar/2026:10:17:21 +0000] "GET /goods.php??l=debag6rv1611dmqrcqsc HTTP/2.0" 200 86301 "https://nfsin.com/goods.php??a=lky6mu8819jearlkee" "Mozilla/5.0 AppleWebKit/537.36 (KHTML, like Gecko; compatible; GPTBot/1.3; +https://openai.com/gptbot)"
74.7.243.236 - - [18/Mar/2026:10:17:38 +0000] "GET /goods.php?detail/247028355367 HTTP/2.0" 200 85102 "https://nfsin.com/goods.php?detail/095021164350" "Mozilla/5.0 AppleWebKit/537.36 (KHTML, like Gecko; compatible; GPTBot/1.3; +https://openai.com/gptbot)"
74.7.243.236 - - [18/Mar/2026:10:17:54 +0000] "GET /goods.php?detail/020026372252 HTTP/2.0" 200 85603 "https://nfsin.com/goods.php?detail/020020913470" "Mozilla/5.0 AppleWebKit/537.36 (KHTML, like Gecko; compatible; GPTBot/1.3; +https://openai.com/gptbot)"
74.7.243.236 - - [18/Mar/2026:10:18:09 +0000] "GET /goods.php?detail/071042492896 HTTP/2.0" 200 86096 "https://nfsin.com/goods.php?detail/0200140414232" "Mozilla/5.0 AppleWebKit/537.36 (KHTML, like Gecko; compatible; GPTBot/1.3; +https://openai.com/gptbot)"
74.7.243.236 - - [18/Mar/2026:10:18:22 +0000] "GET /goods.php??s=qlkv3f12908rzdfdw HTTP/2.0" 200 85784 "https://nfsin.com/goods.php?products/ad/y205032973" "Mozilla/5.0 AppleWebKit/537.36 (KHTML, like Gecko; compatible; GPTBot/1.3; +https://openai.com/gptbot)"
74.7.243.236 - - [18/Mar/2026:10:18:36 +0000] "GET /goods.php??q=kqha51nd22122bmepqh HTTP/2.0" 200 85664 "https://nfsin.com/goods.php??k=lex127a824hdwxci" "Mozilla/5.0 AppleWebKit/537.36 (KHTML, like Gecko; compatible; GPTBot/1.3; +https://openai.com/gptbot)"
74.7.243.236 - - [18/Mar/2026:10:18:52 +0000] "GET /goods.php?jp/194046535.html HTTP/2.0" 200 86650 "https://nfsin.com/goods.php?goods/194033940" "Mozilla/5.0 AppleWebKit/537.36 (KHTML, like Gecko; compatible; GPTBot/1.3; +https://openai.com/gptbot)"
74.7.243.236 - - [18/Mar/2026:10:19:06 +0000] "GET /goods.php?detail/269004614325 HTTP/2.0" 200 86478 "https://nfsin.com/goods.php?detail/269029668863" "Mozilla/5.0 AppleWebKit/537.36 (KHTML, like Gecko; compatible; GPTBot/1.3; +https://openai.com/gptbot)"
74.7.243.236 - - [18/Mar/2026:10:19:20 +0000] "GET /goods.php??a=sye16a683qpuflxyfmz HTTP/2.0" 200 85685 "https://nfsin.com/goods.php??l=zbouq16z729ncgxof" "Mozilla/5.0 AppleWebKit/537.36 (KHTML, like Gecko; compatible; GPTBot/1.3; +https://openai.com/gptbot)"
74.7.243.236 - - [18/Mar/2026:10:19:33 +0000] "GET /goods.php??k=qkl110jwi1461bgpfpf HTTP/2.0" 200 86603 "https://nfsin.com/goods.php??l=zbouq16z729ncgxof" "Mozilla/5.0 AppleWebKit/537.36 (KHTML, like Gecko; compatible; GPTBot/1.3; +https://openai.com/gptbot)"
74.7.243.236 - - [18/Mar/2026:10:19:47 +0000] "GET /goods.php?detail/235027360949 HTTP/2.0" 200 86304 "https://nfsin.com/goods.php?jp/140027889.html" "Mozilla/5.0 AppleWebKit/537.36 (KHTML, like Gecko; compatible; GPTBot/1.3; +https://openai.com/gptbot)"
198.244.240.80 - - [18/Mar/2026:10:19:51 +0000] "GET /wp-includes/fonts/?C=S;O=A HTTP/2.0" 200 439 "-" "Mozilla/5.0 (compatible; AhrefsBot/7.0; +http://ahrefs.com/robot/)"
74.7.243.236 - - [18/Mar/2026:10:20:01 +0000] "GET /goods.php??s=thoj6nc7801yonpeahte HTTP/2.0" 200 86351 "https://nfsin.com/goods.php??l=debag6rv1611dmqrcqsc" "Mozilla/5.0 AppleWebKit/537.36 (KHTML, like Gecko; compatible; GPTBot/1.3; +https://openai.com/gptbot)"
43.173.181.152 - - [18/Mar/2026:10:19:59 +0000] "GET / HTTP/1.1" 200 17796 "-" "Mozilla/5.0 (Windows NT 10.0; Win64; x64) AppleWebKit/537.36 (KHTML, like Gecko) Chrome/133.0.0.0 Safari/537.36"
74.7.243.236 - - [18/Mar/2026:10:20:14 +0000] "GET /goods.php?detail/051047883646 HTTP/2.0" 200 85663 "https://nfsin.com/goods.php??l=debag6rv1611dmqrcqsc" "Mozilla/5.0 AppleWebKit/537.36 (KHTML, like Gecko; compatible; GPTBot/1.3; +https://openai.com/gptbot)"
74.7.243.236 - - [18/Mar/2026:10:20:26 +0000] "GET /goods.php?detail/240017486655 HTTP/2.0" 200 85502 "https://nfsin.com/goods.php?detail/168043025341" "Mozilla/5.0 AppleWebKit/537.36 (KHTML, like Gecko; compatible; GPTBot/1.3; +https://openai.com/gptbot)"
74.7.243.236 - - [18/Mar/2026:10:20:38 +0000] "GET /goods.php?detail/148000271548 HTTP/2.0" 200 86592 "https://nfsin.com/goods.php?jp/148025937.html" "Mozilla/5.0 AppleWebKit/537.36 (KHTML, like Gecko; compatible; GPTBot/1.3; +https://openai.com/gptbot)"
74.7.243.236 - - [18/Mar/2026:10:20:50 +0000] "GET /goods.php??s=wwlfz3vm4344duaapi HTTP/2.0" 200 85485 "https://nfsin.com/goods.php??s=qlkv3f12908rzdfdw" "Mozilla/5.0 AppleWebKit/537.36 (KHTML, like Gecko; compatible; GPTBot/1.3; +https://openai.com/gptbot)"
74.7.243.236 - - [18/Mar/2026:10:21:02 +0000] "GET /goods.php??g=bqya64cvhwl46935aqfoexavrp HTTP/2.0" 200 86556 "https://nfsin.com/goods.php??q=kqha51nd22122bmepqh" "Mozilla/5.0 AppleWebKit/537.36 (KHTML, like Gecko; compatible; GPTBot/1.3; +https://openai.com/gptbot)"
74.7.243.236 - - [18/Mar/2026:10:21:15 +0000] "GET /goods.php?detail/224026509002 HTTP/2.0" 200 85310 "https://nfsin.com/goods.php??q=kqha51nd22122bmepqh" "Mozilla/5.0 AppleWebKit/537.36 (KHTML, like Gecko; compatible; GPTBot/1.3; +https://openai.com/gptbot)"
74.7.228.44 - - [18/Mar/2026:10:21:20 +0000] "GET /robots.txt HTTP/2.0" 200 124 "-" "Mozilla/5.0 (Macintosh; Intel Mac OS X 10_15_7) AppleWebKit/537.36 (KHTML, like Gecko) Chrome/131.0.0.0 Safari/537.36; compatible; OAI-SearchBot/1.3; robots.txt; +https://openai.com/searchbot"
74.7.243.236 - - [18/Mar/2026:10:21:26 +0000] "GET /goods.php?detail/269005931384 HTTP/2.0" 200 86716 "https://nfsin.com/goods.php?detail/269004614325" "Mozilla/5.0 AppleWebKit/537.36 (KHTML, like Gecko; compatible; GPTBot/1.3; +https://openai.com/gptbot)"
74.7.243.236 - - [18/Mar/2026:10:21:38 +0000] "GET /goods.php?detail/022033324089 HTTP/2.0" 200 85969 "https://nfsin.com/goods.php??q=kqha51nd22122bmepqh" "Mozilla/5.0 AppleWebKit/537.36 (KHTML, like Gecko; compatible; GPTBot/1.3; +https://openai.com/gptbot)"
74.7.243.236 - - [18/Mar/2026:10:21:50 +0000] "GET /goods.php??i=oewhx72q1523hljkktro HTTP/2.0" 200 86435 "https://nfsin.com/goods.php?pcmypage?callback=/product%2Fdetail%2m20536460411" "Mozilla/5.0 AppleWebKit/537.36 (KHTML, like Gecko; compatible; GPTBot/1.3; +https://openai.com/gptbot)"
74.7.243.236 - - [18/Mar/2026:10:22:02 +0000] "GET /goods.php?detail/185000138720 HTTP/2.0" 200 86465 "https://nfsin.com/goods.php?detail/235027360949" "Mozilla/5.0 AppleWebKit/537.36 (KHTML, like Gecko; compatible; GPTBot/1.3; +https://openai.com/gptbot)"
74.7.243.236 - - [18/Mar/2026:10:22:13 +0000] "GET /goods.php??g=ktb36zw4063yxcekkwlz HTTP/2.0" 200 85892 "https://nfsin.com/goods.php??l=xlagg36ndxx825tlllwz" "Mozilla/5.0 AppleWebKit/537.36 (KHTML, like Gecko; compatible; GPTBot/1.3; +https://openai.com/gptbot)"
74.7.243.236 - - [18/Mar/2026:10:22:26 +0000] "GET /goods.php?detail/051007342511 HTTP/2.0" 200 85713 "https://nfsin.com/goods.php?detail/051047883646" "Mozilla/5.0 AppleWebKit/537.36 (KHTML, like Gecko; compatible; GPTBot/1.3; +https://openai.com/gptbot)"
74.7.243.236 - - [18/Mar/2026:10:22:38 +0000] "GET /goods.php??u=bykbq60ga9619bsxzvgj HTTP/2.0" 200 87045 "https://nfsin.com/goods.php??m=igrhg60f12105crdfpj" "Mozilla/5.0 AppleWebKit/537.36 (KHTML, like Gecko; compatible; GPTBot/1.3; +https://openai.com/gptbot)"
74.7.243.236 - - [18/Mar/2026:10:22:50 +0000] "GET /goods.php?detail/148000109690 HTTP/2.0" 200 86331 "https://nfsin.com/goods.php?detail/148000271548" "Mozilla/5.0 AppleWebKit/537.36 (KHTML, like Gecko; compatible; GPTBot/1.3; +https://openai.com/gptbot)"
74.7.243.236 - - [18/Mar/2026:10:23:02 +0000] "GET /goods.php??a=qjiy3q5622hbdjkha HTTP/2.0" 200 86190 "https://nfsin.com/goods.php??s=wwlfz3vm4344duaapi" "Mozilla/5.0 AppleWebKit/537.36 (KHTML, like Gecko; compatible; GPTBot/1.3; +https://openai.com/gptbot)"
74.7.243.236 - - [18/Mar/2026:10:23:14 +0000] "GET /goods.php?products/comment/a064000744 HTTP/2.0" 200 86936 "https://nfsin.com/goods.php??g=bqya64cvhwl46935aqfoexavrp" "Mozilla/5.0 AppleWebKit/537.36 (KHTML, like Gecko; compatible; GPTBot/1.3; +https://openai.com/gptbot)"
74.7.243.236 - - [18/Mar/2026:10:23:34 +0000] "GET /goods.php??t=btb196g8229eclxuusg HTTP/2.0" 200 86117 "https://nfsin.com/goods.php??s=wwlfz3vm4344duaapi" "Mozilla/5.0 AppleWebKit/537.36 (KHTML, like Gecko; compatible; GPTBot/1.3; +https://openai.com/gptbot)"
51.89.129.212 - - [18/Mar/2026:10:23:37 +0000] "GET /wp-includes/fonts/?C=M;O=A HTTP/2.0" 200 438 "-" "Mozilla/5.0 (compatible; AhrefsBot/7.0; +http://ahrefs.com/robot/)"
74.7.243.236 - - [18/Mar/2026:10:23:49 +0000] "GET /goods.php?detail/269000860843 HTTP/2.0" 200 86257 "https://nfsin.com/goods.php?detail/269005931384" "Mozilla/5.0 AppleWebKit/537.36 (KHTML, like Gecko; compatible; GPTBot/1.3; +https://openai.com/gptbot)"
74.7.243.236 - - [18/Mar/2026:10:24:01 +0000] "GET /goods.php?detail/022043250507 HTTP/2.0" 200 87283 "https://nfsin.com/goods.php?detail/022033324089" "Mozilla/5.0 AppleWebKit/537.36 (KHTML, like Gecko; compatible; GPTBot/1.3; +https://openai.com/gptbot)"
74.7.243.236 - - [18/Mar/2026:10:24:12 +0000] "GET /goods.php?detail/064000958833 HTTP/2.0" 200 86804 "https://nfsin.com/goods.php??g=bqya64cvhwl46935aqfoexavrp" "Mozilla/5.0 AppleWebKit/537.36 (KHTML, like Gecko; compatible; GPTBot/1.3; +https://openai.com/gptbot)"
74.7.243.236 - - [18/Mar/2026:10:24:23 +0000] "GET /goods.php?detail/197036240273 HTTP/2.0" 200 86512 "https://nfsin.com/goods.php?detail/224026509002" "Mozilla/5.0 AppleWebKit/537.36 (KHTML, like Gecko; compatible; GPTBot/1.3; +https://openai.com/gptbot)"
74.7.243.236 - - [18/Mar/2026:10:24:35 +0000] "GET /goods.php??v=yeg40i6765fqzvgflywd HTTP/2.0" 200 86420 "https://nfsin.com/goods.php??l=scrjx278hkt77dtfwuys" "Mozilla/5.0 AppleWebKit/537.36 (KHTML, like Gecko; compatible; GPTBot/1.3; +https://openai.com/gptbot)"
74.7.243.236 - - [18/Mar/2026:10:24:46 +0000] "GET /goods.php??i=oewhx24q1571hljkktro HTTP/2.0" 200 86069 "https://nfsin.com/goods.php??f=nih24vj32531zxchzyo" "Mozilla/5.0 AppleWebKit/537.36 (KHTML, like Gecko; compatible; GPTBot/1.3; +https://openai.com/gptbot)"
185.247.137.9 - - [18/Mar/2026:10:24:55 +0000] "GET / HTTP/1.1" 200 17796 "http://nfsin.com" "Mozilla/5.0 (compatible; InternetMeasurement/1.0; +https://internet-measurement.com/)"
87.236.176.4 - - [18/Mar/2026:10:24:59 +0000] "GET /wp-content/uploads/2023/04/NFSIN-logo-II-Site-Icon-1-150x150.png HTTP/2.0" 200 13105 "-" "Mozilla/5.0 (compatible; InternetMeasurement/1.0; +https://internet-measurement.com/)"
87.236.176.179 - - [18/Mar/2026:10:24:59 +0000] "GET /wp-content/uploads/2023/04/NFSIN-logo-II-Site-Icon-1.png HTTP/2.0" 200 24023 "-" "Mozilla/5.0 (compatible; InternetMeasurement/1.0; +https://internet-measurement.com/)"
185.247.137.251 - - [18/Mar/2026:10:24:59 +0000] "GET /favicon.ico HTTP/2.0" 302 20 "-" "Mozilla/5.0 (compatible; InternetMeasurement/1.0; +https://internet-measurement.com/)"
185.247.137.251 - - [18/Mar/2026:10:25:03 +0000] "GET /wp-content/uploads/2023/04/NFSIN-logo-II-Site-Icon-1-150x150.png HTTP/2.0" 200 13105 "https://nfsin.com/favicon.ico" "Mozilla/5.0 (compatible; InternetMeasurement/1.0; +https://internet-measurement.com/)"
74.7.243.236 - - [18/Mar/2026:10:25:03 +0000] "GET /goods.php??s=rxlv60q17697cjpayle HTTP/2.0" 200 86433 "https://nfsin.com/goods.php??u=bykbq60ga9619bsxzvgj" "Mozilla/5.0 AppleWebKit/537.36 (KHTML, like Gecko; compatible; GPTBot/1.3; +https://openai.com/gptbot)"
74.7.243.236 - - [18/Mar/2026:10:25:17 +0000] "GET /goods.php?detail/132028210081 HTTP/2.0" 200 86300 "https://nfsin.com/goods.php?detail/148000109690" "Mozilla/5.0 AppleWebKit/537.36 (KHTML, like Gecko; compatible; GPTBot/1.3; +https://openai.com/gptbot)"
74.7.243.236 - - [18/Mar/2026:10:25:30 +0000] "GET /goods.php??w=ymd60vk17695rxlvpuy HTTP/2.0" 200 87367 "https://nfsin.com/goods.php??u=bykbq60ga9619bsxzvgj" "Mozilla/5.0 AppleWebKit/537.36 (KHTML, like Gecko; compatible; GPTBot/1.3; +https://openai.com/gptbot)"
74.7.243.236 - - [18/Mar/2026:10:25:41 +0000] "GET /goods.php??a=msoxu36ytf4749ubyaia HTTP/2.0" 200 86051 "https://nfsin.com/goods.php??p=zcc36x739euwtnfhyng" "Mozilla/5.0 AppleWebKit/537.36 (KHTML, like Gecko; compatible; GPTBot/1.3; +https://openai.com/gptbot)"
74.7.243.236 - - [18/Mar/2026:10:25:54 +0000] "GET /goods.php??z=dbjq84qzm2049nqoatvb HTTP/2.0" 200 87096 "https://nfsin.com/goods.php??e=ryx84srj2387vghkihm" "Mozilla/5.0 AppleWebKit/537.36 (KHTML, like Gecko; compatible; GPTBot/1.3; +https://openai.com/gptbot)"
74.7.243.236 - - [18/Mar/2026:10:26:06 +0000] "GET /goods.php?detail/269000558956 HTTP/2.0" 200 85565 "https://nfsin.com/goods.php?detail/269000860843" "Mozilla/5.0 AppleWebKit/537.36 (KHTML, like Gecko; compatible; GPTBot/1.3; +https://openai.com/gptbot)"
74.7.243.236 - - [18/Mar/2026:10:26:20 +0000] "GET /goods.php?detail/269000545410 HTTP/2.0" 200 86691 "https://nfsin.com/goods.php?detail/269000860843" "Mozilla/5.0 AppleWebKit/537.36 (KHTML, like Gecko; compatible; GPTBot/1.3; +https://openai.com/gptbot)"
74.7.243.236 - - [18/Mar/2026:10:26:32 +0000] "GET /goods.php?detail/2090456934251 HTTP/2.0" 200 85962 "https://nfsin.com/goods.php?detail/064000958833" "Mozilla/5.0 AppleWebKit/537.36 (KHTML, like Gecko; compatible; GPTBot/1.3; +https://openai.com/gptbot)"
74.7.243.236 - - [18/Mar/2026:10:26:47 +0000] "GET /goods.php?detail/045032003670 HTTP/2.0" 200 85588 "https://nfsin.com/goods.php?detail/197036240273" "Mozilla/5.0 AppleWebKit/537.36 (KHTML, like Gecko; compatible; GPTBot/1.3; +https://openai.com/gptbot)"
74.7.243.236 - - [18/Mar/2026:10:27:04 +0000] "GET /goods.php?detail/112043344495 HTTP/2.0" 200 85631 "https://nfsin.com/goods.php?detail/064000958833" "Mozilla/5.0 AppleWebKit/537.36 (KHTML, like Gecko; compatible; GPTBot/1.3; +https://openai.com/gptbot)"
74.7.243.236 - - [18/Mar/2026:10:27:20 +0000] "GET /goods.php?detail/064000796713 HTTP/2.0" 200 85850 "https://nfsin.com/goods.php?detail/064000958833" "Mozilla/5.0 AppleWebKit/537.36 (KHTML, like Gecko; compatible; GPTBot/1.3; +https://openai.com/gptbot)"
51.89.129.112 - - [18/Mar/2026:10:27:27 +0000] "GET /wp-includes/fonts/?C=D;O=A HTTP/2.0" 200 437 "-" "Mozilla/5.0 (compatible; AhrefsBot/7.0; +http://ahrefs.com/robot/)"
74.7.243.236 - - [18/Mar/2026:10:27:33 +0000] "GET /goods.php?detail/060006871659 HTTP/2.0" 200 86542 "https://nfsin.com/goods.php??s=rxlv60q17697cjpayle" "Mozilla/5.0 AppleWebKit/537.36 (KHTML, like Gecko; compatible; GPTBot/1.3; +https://openai.com/gptbot)"
74.7.243.236 - - [18/Mar/2026:10:27:50 +0000] "GET /goods.php?detail/240043529188 HTTP/2.0" 200 87017 "https://nfsin.com/goods.php?detail/022043250507" "Mozilla/5.0 AppleWebKit/537.36 (KHTML, like Gecko; compatible; GPTBot/1.3; +https://openai.com/gptbot)"
74.7.243.236 - - [18/Mar/2026:10:27:53 +0000] "GET /goods.php?jp/060006871.html HTTP/2.0" 200 86499 "https://nfsin.com/goods.php?detail/060006871659" "Mozilla/5.0 AppleWebKit/537.36 (KHTML, like Gecko; compatible; GPTBot/1.3; +https://openai.com/gptbot)"
74.7.243.236 - - [18/Mar/2026:10:28:06 +0000] "GET /goods.php??h=rnx60tg27785jusfus HTTP/2.0" 200 86745 "https://nfsin.com/goods.php??w=ymd60vk17695rxlvpuy" "Mozilla/5.0 AppleWebKit/537.36 (KHTML, like Gecko; compatible; GPTBot/1.3; +https://openai.com/gptbot)"
74.7.243.236 - - [18/Mar/2026:10:28:18 +0000] "GET /goods.php??b=grv36ky1325wslztltwh HTTP/2.0" 200 85875 "https://nfsin.com/goods.php??z=hoh36i1923hbyfls" "Mozilla/5.0 AppleWebKit/537.36 (KHTML, like Gecko; compatible; GPTBot/1.3; +https://openai.com/gptbot)"
204.12.208.18 - - [18/Mar/2026:10:28:26 +0000] "GET /wp-includes/wpf78988/edit.php HTTP/1.1" 200 26 "https://nfsin.com/wp-includes/wpf78988/edit.php" "Mozilla/5.0 (Macintosh; Intel Mac OS X 10_6_8) AppleWebKit/535.1 (KHTML, like Gecko) Chrome/14.0.835.202 Safari/535.1"
74.7.243.236 - - [18/Mar/2026:10:28:29 +0000] "GET /goods.php??g=ver84hsiu4945tcfgmo HTTP/2.0" 200 86365 "https://nfsin.com/goods.php??z=dbjq84qzm2049nqoatvb" "Mozilla/5.0 AppleWebKit/537.36 (KHTML, like Gecko; compatible; GPTBot/1.3; +https://openai.com/gptbot)"
74.7.243.236 - - [18/Mar/2026:10:28:45 +0000] "GET /goods.php?safe_search/config?return_url=%2Fproduct%2Fdetail%2Fm25639160791 HTTP/2.0" 200 85804 "https://nfsin.com/goods.php?detail/269000558956" "Mozilla/5.0 AppleWebKit/537.36 (KHTML, like Gecko; compatible; GPTBot/1.3; +https://openai.com/gptbot)"
74.7.243.236 - - [18/Mar/2026:10:29:01 +0000] "GET /goods.php?detail/269002007735 HTTP/2.0" 200 87145 "https://nfsin.com/goods.php?detail/269000545410" "Mozilla/5.0 AppleWebKit/537.36 (KHTML, like Gecko; compatible; GPTBot/1.3; +https://openai.com/gptbot)"
74.7.243.236 - - [18/Mar/2026:10:29:15 +0000] "GET /goods.php?detail/209002861062 HTTP/2.0" 200 86395 "https://nfsin.com/goods.php?detail/2090456934251" "Mozilla/5.0 AppleWebKit/537.36 (KHTML, like Gecko; compatible; GPTBot/1.3; +https://openai.com/gptbot)"
74.7.243.236 - - [18/Mar/2026:10:29:28 +0000] "GET /goods.php??p=rns2vwk21811dpxxqhbq HTTP/2.0" 200 86150 "https://nfsin.com/goods.php??z=dbjq84qzm2049nqoatvb" "Mozilla/5.0 AppleWebKit/537.36 (KHTML, like Gecko; compatible; GPTBot/1.3; +https://openai.com/gptbot)"
204.12.208.18 - - [18/Mar/2026:10:28:06 +0000] "GET /wp-includes/wpf78988/edit.php HTTP/1.1" 200 20 "https://nfsin.com/wp-includes/wpf78988/edit.php" "Mozilla/5.0 (compatible; MSIE 10.0; Windows NT 6.2; ARM; Trident/6.0)"
74.7.243.236 - - [18/Mar/2026:10:29:41 +0000] "GET /goods.php?detail/0450064350933 HTTP/2.0" 200 85653 "https://nfsin.com/goods.php?detail/045032003670" "Mozilla/5.0 AppleWebKit/537.36 (KHTML, like Gecko; compatible; GPTBot/1.3; +https://openai.com/gptbot)"
74.7.243.236 - - [18/Mar/2026:10:29:52 +0000] "GET /goods.php?pcmypage?callback=product/review/m37272140264 HTTP/2.0" 200 85409 "https://nfsin.com/goods.php?detail/064000796713" "Mozilla/5.0 AppleWebKit/537.36 (KHTML, like Gecko; compatible; GPTBot/1.3; +https://openai.com/gptbot)"
74.7.243.236 - - [18/Mar/2026:10:30:04 +0000] "GET /goods.php?detail/240032417414 HTTP/2.0" 200 85259 "https://nfsin.com/goods.php?detail/064000796713" "Mozilla/5.0 AppleWebKit/537.36 (KHTML, like Gecko; compatible; GPTBot/1.3; +https://openai.com/gptbot)"
74.7.243.236 - - [18/Mar/2026:10:30:19 +0000] "GET /goods.php?detail/060019201156 HTTP/2.0" 200 87049 "https://nfsin.com/goods.php?jp/060006871.html" "Mozilla/5.0 AppleWebKit/537.36 (KHTML, like Gecko; compatible; GPTBot/1.3; +https://openai.com/gptbot)"
198.244.226.53 - - [18/Mar/2026:10:30:26 +0000] "GET /wp-includes/images/media/ HTTP/2.0" 200 651 "-" "Mozilla/5.0 (compatible; AhrefsBot/7.0; +http://ahrefs.com/robot/)"
74.7.243.236 - - [18/Mar/2026:10:30:35 +0000] "GET /goods.php??p=xbai84zsh1207fkpmouk HTTP/2.0" 200 86707 "https://nfsin.com/goods.php??q=dbeap84vl1867fxlvnjz" "Mozilla/5.0 AppleWebKit/537.36 (KHTML, like Gecko; compatible; GPTBot/1.3; +https://openai.com/gptbot)"
74.7.243.236 - - [18/Mar/2026:10:30:51 +0000] "GET /goods.php??c=aan47sb18714ovkdoo HTTP/2.0" 200 86474 "https://nfsin.com/goods.php??b=grv36ky1325wslztltwh" "Mozilla/5.0 AppleWebKit/537.36 (KHTML, like Gecko; compatible; GPTBot/1.3; +https://openai.com/gptbot)"
74.7.243.236 - - [18/Mar/2026:10:31:08 +0000] "GET /goods.php??f=xbz97ev40716copkudp HTTP/2.0" 200 86377 "https://nfsin.com/goods.php??g=ver84hsiu4945tcfgmo" "Mozilla/5.0 AppleWebKit/537.36 (KHTML, like Gecko; compatible; GPTBot/1.3; +https://openai.com/gptbot)"
69.197.179.242 - - [18/Mar/2026:10:29:40 +0000] "GET /wp-includes/wpf78988/edit.php?id=545071 HTTP/1.1" 200 20 "https://nfsin.com/wp-includes/wpf78988/edit.php?id=545071" "Mozilla/5.0 (Windows NT 10.0; Win64; x64) AppleWebKit/537.36 (KHTML, like Gecko) Chrome/58.0.3029.110 Safari/537.3"
74.7.243.236 - - [18/Mar/2026:10:31:22 +0000] "GET /goods.php??v=dfsi40h283rjkbelexw HTTP/2.0" 200 86293 "https://nfsin.com/goods.php?safe_search/config?return_url=%2Fproduct%2Fdetail%2Fm25639160791" "Mozilla/5.0 AppleWebKit/537.36 (KHTML, like Gecko; compatible; GPTBot/1.3; +https://openai.com/gptbot)"
74.7.243.236 - - [18/Mar/2026:10:31:36 +0000] "GET /goods.php??z=ceb40hk947xjenbq HTTP/2.0" 200 85848 "https://nfsin.com/goods.php?safe_search/config?return_url=%2Fproduct%2Fdetail%2Fm25639160791" "Mozilla/5.0 AppleWebKit/537.36 (KHTML, like Gecko; compatible; GPTBot/1.3; +https://openai.com/gptbot)"
74.7.243.236 - - [18/Mar/2026:10:31:49 +0000] "GET /goods.php?detail/209012572002 HTTP/2.0" 200 86587 "https://nfsin.com/goods.php?detail/209002861062" "Mozilla/5.0 AppleWebKit/537.36 (KHTML, like Gecko; compatible; GPTBot/1.3; +https://openai.com/gptbot)"
74.7.243.236 - - [18/Mar/2026:10:32:03 +0000] "GET /goods.php?detail/209021003099 HTTP/2.0" 200 85926 "https://nfsin.com/goods.php?detail/209002861062" "Mozilla/5.0 AppleWebKit/537.36 (KHTML, like Gecko; compatible; GPTBot/1.3; +https://openai.com/gptbot)"
74.7.243.236 - - [18/Mar/2026:10:32:16 +0000] "GET /goods.php??u=ndcy79g19020frljrhx HTTP/2.0" 200 85786 "https://nfsin.com/goods.php?safe_search/config?return_url=%2Fproduct%2Fdetail%2Fm25639160791" "Mozilla/5.0 AppleWebKit/537.36 (KHTML, like Gecko; compatible; GPTBot/1.3; +https://openai.com/gptbot)"
74.7.243.236 - - [18/Mar/2026:10:32:27 +0000] "GET /goods.php??p=gev84g2501jfgrko HTTP/2.0" 200 86970 "https://nfsin.com/goods.php??g=ver84hsiu4945tcfgmo" "Mozilla/5.0 AppleWebKit/537.36 (KHTML, like Gecko; compatible; GPTBot/1.3; +https://openai.com/gptbot)"
74.7.243.236 - - [18/Mar/2026:10:32:39 +0000] "GET /goods.php??k=urjqw6xn2445juzyoxt HTTP/2.0" 200 85181 "https://nfsin.com/goods.php?pcmypage?callback=product/review/m37272140264" "Mozilla/5.0 AppleWebKit/537.36 (KHTML, like Gecko; compatible; GPTBot/1.3; +https://openai.com/gptbot)"
69.197.179.242 - - [18/Mar/2026:10:31:14 +0000] "GET /wp-includes/wpf78988/edit.php?id=545071 HTTP/1.1" 200 20 "https://nfsin.com/wp-includes/wpf78988/edit.php?id=545071" "Mozilla/5.0 (Windows NT 10.0; Win64; x64) AppleWebKit/537.36 (KHTML, like Gecko) Chrome/58.0.3029.110 Safari/537.3"
74.7.243.236 - - [18/Mar/2026:10:32:54 +0000] "GET /goods.php?detail/060028103603 HTTP/2.0" 200 86086 "https://nfsin.com/goods.php?detail/060019201156" "Mozilla/5.0 AppleWebKit/537.36 (KHTML, like Gecko; compatible; GPTBot/1.3; +https://openai.com/gptbot)"
74.7.243.236 - - [18/Mar/2026:10:33:10 +0000] "GET /goods.php?detail/014011634893 HTTP/2.0" 200 85771 "https://nfsin.com/goods.php?detail/240032417414" "Mozilla/5.0 AppleWebKit/537.36 (KHTML, like Gecko; compatible; GPTBot/1.3; +https://openai.com/gptbot)"
74.7.243.236 - - [18/Mar/2026:10:33:26 +0000] "GET /goods.php?detail/0360012550052 HTTP/2.0" 200 85808 "https://nfsin.com/goods.php??b=grv36ky1325wslztltwh" "Mozilla/5.0 AppleWebKit/537.36 (KHTML, like Gecko; compatible; GPTBot/1.3; +https://openai.com/gptbot)"
74.7.243.236 - - [18/Mar/2026:10:33:38 +0000] "GET /goods.php??q=taydc91h23944skzotn HTTP/2.0" 200 85967 "https://nfsin.com/goods.php??c=aan47sb18714ovkdoo" "Mozilla/5.0 AppleWebKit/537.36 (KHTML, like Gecko; compatible; GPTBot/1.3; +https://openai.com/gptbot)"
51.195.183.12 - - [18/Mar/2026:10:33:48 +0000] "GET /wp-includes/images/?C=D;O=A HTTP/2.0" 200 859 "-" "Mozilla/5.0 (compatible; AhrefsBot/7.0; +http://ahrefs.com/robot/)"
74.7.243.236 - - [18/Mar/2026:10:33:51 +0000] "GET /goods.php??x=ocgl157e7260mexicfl HTTP/2.0" 200 85762 "https://nfsin.com/goods.php??f=xbz97ev40716copkudp" "Mozilla/5.0 AppleWebKit/537.36 (KHTML, like Gecko; compatible; GPTBot/1.3; +https://openai.com/gptbot)"
74.7.243.236 - - [18/Mar/2026:10:34:08 +0000] "GET /goods.php??x=zhi29k20510bnjiol HTTP/2.0" 200 86268 "https://nfsin.com/goods.php??z=ceb40hk947xjenbq" "Mozilla/5.0 AppleWebKit/537.36 (KHTML, like Gecko; compatible; GPTBot/1.3; +https://openai.com/gptbot)"
69.197.179.242 - - [18/Mar/2026:10:32:45 +0000] "GET /wp-includes/wpf78988/edit.php?id=545071 HTTP/1.1" 200 20 "https://nfsin.com/wp-includes/wpf78988/edit.php?id=545071" "Mozilla/5.0 (Windows NT 10.0; Win64; x64) AppleWebKit/537.36 (KHTML, like Gecko) Chrome/58.0.3029.110 Safari/537.3"
74.7.243.236 - - [18/Mar/2026:10:34:22 +0000] "GET /goods.php??n=thsa40fsj3147nazzmi HTTP/2.0" 200 86554 "https://nfsin.com/goods.php??z=ceb40hk947xjenbq" "Mozilla/5.0 AppleWebKit/537.36 (KHTML, like Gecko; compatible; GPTBot/1.3; +https://openai.com/gptbot)"
74.7.243.236 - - [18/Mar/2026:10:34:37 +0000] "GET /goods.php?detail/240037345966 HTTP/2.0" 200 87130 "https://nfsin.com/goods.php?detail/269002007735" "Mozilla/5.0 AppleWebKit/537.36 (KHTML, like Gecko; compatible; GPTBot/1.3; +https://openai.com/gptbot)"
74.7.243.236 - - [18/Mar/2026:10:34:50 +0000] "GET /goods.php?detail/1850180322696 HTTP/2.0" 200 86314 "https://nfsin.com/goods.php?detail/185008178110" "Mozilla/5.0 AppleWebKit/537.36 (KHTML, like Gecko; compatible; GPTBot/1.3; +https://openai.com/gptbot)"
74.7.243.236 - - [18/Mar/2026:10:35:03 +0000] "GET /goods.php??s=lyn84d243scsejtqal HTTP/2.0" 200 86588 "https://nfsin.com/goods.php??p=gev84g2501jfgrko" "Mozilla/5.0 AppleWebKit/537.36 (KHTML, like Gecko; compatible; GPTBot/1.3; +https://openai.com/gptbot)"
74.7.243.236 - - [18/Mar/2026:10:35:18 +0000] "GET /goods.php??s=smdm41g43906lkeoud HTTP/2.0" 200 85958 "https://nfsin.com/goods.php??p=gev84g2501jfgrko" "Mozilla/5.0 AppleWebKit/537.36 (KHTML, like Gecko; compatible; GPTBot/1.3; +https://openai.com/gptbot)"
74.7.243.236 - - [18/Mar/2026:10:35:32 +0000] "GET /goods.php?detail/005040671544 HTTP/2.0" 200 85958 "https://nfsin.com/goods.php?detail/060028103603" "Mozilla/5.0 AppleWebKit/537.36 (KHTML, like Gecko; compatible; GPTBot/1.3; +https://openai.com/gptbot)"
69.197.179.242 - - [18/Mar/2026:10:34:16 +0000] "GET /wp-includes/wpf78988/edit.php?id=545071 HTTP/1.1" 200 20 "https://nfsin.com/wp-includes/wpf78988/edit.php?id=545071" "Mozilla/5.0 (Windows NT 10.0; Win64; x64) AppleWebKit/537.36 (KHTML, like Gecko) Chrome/58.0.3029.110 Safari/537.3"
74.7.243.236 - - [18/Mar/2026:10:35:45 +0000] "GET /goods.php?detail/014018432074 HTTP/2.0" 200 85803 "https://nfsin.com/goods.php?detail/014011634893" "Mozilla/5.0 AppleWebKit/537.36 (KHTML, like Gecko; compatible; GPTBot/1.3; +https://openai.com/gptbot)"
74.7.243.236 - - [18/Mar/2026:10:35:48 +0000] "GET /goods.php?goods/005040671 HTTP/2.0" 200 85995 "https://nfsin.com/goods.php?detail/005040671544" "Mozilla/5.0 AppleWebKit/537.36 (KHTML, like Gecko; compatible; GPTBot/1.3; +https://openai.com/gptbot)"
74.7.243.236 - - [18/Mar/2026:10:36:04 +0000] "GET /goods.php?detail/036002636474 HTTP/2.0" 200 85785 "https://nfsin.com/goods.php?detail/0360012550052" "Mozilla/5.0 AppleWebKit/537.36 (KHTML, like Gecko; compatible; GPTBot/1.3; +https://openai.com/gptbot)"
74.7.243.236 - - [18/Mar/2026:10:36:19 +0000] "GET /goods.php?products/connect/l034032790 HTTP/2.0" 200 85724 "https://nfsin.com/goods.php??q=taydc91h23944skzotn" "Mozilla/5.0 AppleWebKit/537.36 (KHTML, like Gecko; compatible; GPTBot/1.3; +https://openai.com/gptbot)"
74.7.243.236 - - [18/Mar/2026:10:36:32 +0000] "GET /goods.php?detail/0140182880684 HTTP/2.0" 200 86623 "https://nfsin.com/goods.php?detail/014011634893" "Mozilla/5.0 AppleWebKit/537.36 (KHTML, like Gecko; compatible; GPTBot/1.3; +https://openai.com/gptbot)"
74.7.243.236 - - [18/Mar/2026:10:36:45 +0000] "GET /goods.php??g=cijg29li332npantrgt HTTP/2.0" 200 86265 "https://nfsin.com/goods.php??x=zhi29k20510bnjiol" "Mozilla/5.0 AppleWebKit/537.36 (KHTML, like Gecko; compatible; GPTBot/1.3; +https://openai.com/gptbot)"
198.244.168.22 - - [18/Mar/2026:10:36:53 +0000] "GET /wp-includes/interactivity-api/wp/ HTTP/2.0" 200 350 "-" "Mozilla/5.0 (compatible; AhrefsBot/7.0; +http://ahrefs.com/robot/)"
74.7.243.236 - - [18/Mar/2026:10:36:58 +0000] "GET /goods.php??l=xlagg40ndxx821tlllwz HTTP/2.0" 200 85901 "https://nfsin.com/goods.php??n=thsa40fsj3147nazzmi" "Mozilla/5.0 AppleWebKit/537.36 (KHTML, like Gecko; compatible; GPTBot/1.3; +https://openai.com/gptbot)"
74.7.243.236 - - [18/Mar/2026:10:37:11 +0000] "GET /goods.php?detail/131021090353 HTTP/2.0" 200 85466 "https://nfsin.com/goods.php?detail/240037345966" "Mozilla/5.0 AppleWebKit/537.36 (KHTML, like Gecko; compatible; GPTBot/1.3; +https://openai.com/gptbot)"
69.197.179.242 - - [18/Mar/2026:10:35:47 +0000] "GET /wp-includes/wpf78988/edit.php?id=545071 HTTP/1.1" 200 20 "https://nfsin.com/wp-includes/wpf78988/edit.php?id=545071" "Mozilla/5.0 (Windows NT 10.0; Win64; x64) AppleWebKit/537.36 (KHTML, like Gecko) Chrome/58.0.3029.110 Safari/537.3"
159.223.214.173 - - [18/Mar/2026:10:37:19 +0000] "GET / HTTP/1.1" 200 12174 "-" "Mozilla/5.0 (X11; Linux x86_64; rv:142.0) Gecko/20100101 Firefox/142.0"
