74.7.243.236 - - [18/Mar/2026:13:49:49 +0000] "GET /goods.php??u=hvj26xa1919wjwsvmdn HTTP/2.0" 200 86592 "https://nfsin.com/goods.php??i=pfr26n10387aolpxqns" "Mozilla/5.0 AppleWebKit/537.36 (KHTML, like Gecko; compatible; GPTBot/1.3; +https://openai.com/gptbot)"
74.7.243.236 - - [18/Mar/2026:13:50:05 +0000] "GET /goods.php?detail/2820328921132 HTTP/2.0" 200 86077 "https://nfsin.com/goods.php?detail/031047231503" "Mozilla/5.0 AppleWebKit/537.36 (KHTML, like Gecko; compatible; GPTBot/1.3; +https://openai.com/gptbot)"
74.7.243.236 - - [18/Mar/2026:13:50:21 +0000] "GET /goods.php?detail/258039157038 HTTP/2.0" 200 86339 "https://nfsin.com/goods.php?detail/018012631070" "Mozilla/5.0 AppleWebKit/537.36 (KHTML, like Gecko; compatible; GPTBot/1.3; +https://openai.com/gptbot)"
74.7.243.236 - - [18/Mar/2026:13:50:35 +0000] "GET /goods.php??x=euqk26rq9173vlfsjvrf HTTP/2.0" 200 86031 "https://nfsin.com/goods.php??h=mzsrn26pw5133zmebud" "Mozilla/5.0 AppleWebKit/537.36 (KHTML, like Gecko; compatible; GPTBot/1.3; +https://openai.com/gptbot)"
74.7.243.236 - - [18/Mar/2026:13:50:52 +0000] "GET /goods.php?detail/200009557370 HTTP/2.0" 200 85899 "https://nfsin.com/goods.php?detail/079020076073" "Mozilla/5.0 AppleWebKit/537.36 (KHTML, like Gecko; compatible; GPTBot/1.3; +https://openai.com/gptbot)"
69.197.179.242 - - [18/Mar/2026:13:49:27 +0000] "GET /wp-includes/wpf78988/edit.php?id=545071 HTTP/1.1" 200 20 "https://nfsin.com/wp-includes/wpf78988/edit.php?id=545071" "Mozilla/5.0 (Windows NT 10.0; Win64; x64) AppleWebKit/537.36 (KHTML, like Gecko) Chrome/58.0.3029.110 Safari/537.3"
74.7.243.236 - - [18/Mar/2026:13:51:11 +0000] "GET /goods.php?detail/099000111363 HTTP/2.0" 200 86140 "https://nfsin.com/goods.php?detail/099000152775" "Mozilla/5.0 AppleWebKit/537.36 (KHTML, like Gecko; compatible; GPTBot/1.3; +https://openai.com/gptbot)"
74.7.243.236 - - [18/Mar/2026:13:51:25 +0000] "GET /goods.php??f=mskkv64l38361iiwhgf HTTP/2.0" 200 86782 "https://nfsin.com/goods.php??l=ikcv79r31248jkxmrzyy" "Mozilla/5.0 AppleWebKit/537.36 (KHTML, like Gecko; compatible; GPTBot/1.3; +https://openai.com/gptbot)"
74.7.243.236 - - [18/Mar/2026:13:51:38 +0000] "GET /goods.php?detail/083046998446 HTTP/2.0" 200 85537 "https://nfsin.com/goods.php?detail/2080086200685" "Mozilla/5.0 AppleWebKit/537.36 (KHTML, like Gecko; compatible; GPTBot/1.3; +https://openai.com/gptbot)"
74.7.243.236 - - [18/Mar/2026:13:51:52 +0000] "GET /goods.php??e=bxfmh78p23001mqdezx HTTP/2.0" 200 87466 "https://nfsin.com/goods.php??b=bikt41r2144rjqtnb" "Mozilla/5.0 AppleWebKit/537.36 (KHTML, like Gecko; compatible; GPTBot/1.3; +https://openai.com/gptbot)"
74.7.243.236 - - [18/Mar/2026:13:52:06 +0000] "GET /goods.php?detail/300034042518 HTTP/2.0" 200 85731 "https://nfsin.com/goods.php?detail/079029296248" "Mozilla/5.0 AppleWebKit/537.36 (KHTML, like Gecko; compatible; GPTBot/1.3; +https://openai.com/gptbot)"
74.7.243.236 - - [18/Mar/2026:13:52:20 +0000] "GET /goods.php??b=cqrxi75j6706yfvuzzrz HTTP/2.0" 200 85456 "https://nfsin.com/goods.php??r=fay75x2416gmjjnye" "Mozilla/5.0 AppleWebKit/537.36 (KHTML, like Gecko; compatible; GPTBot/1.3; +https://openai.com/gptbot)"
69.197.179.242 - - [18/Mar/2026:13:50:58 +0000] "GET /wp-includes/wpf78988/edit.php?id=545071 HTTP/1.1" 200 20 "https://nfsin.com/wp-includes/wpf78988/edit.php?id=545071" "Mozilla/5.0 (Windows NT 10.0; Win64; x64) AppleWebKit/537.36 (KHTML, like Gecko) Chrome/58.0.3029.110 Safari/537.3"
74.7.243.236 - - [18/Mar/2026:13:52:34 +0000] "GET /goods.php?detail/178012111933 HTTP/2.0" 200 85487 "https://nfsin.com/goods.php?detail/178023600580" "Mozilla/5.0 AppleWebKit/537.36 (KHTML, like Gecko; compatible; GPTBot/1.3; +https://openai.com/gptbot)"
74.7.243.236 - - [18/Mar/2026:13:52:47 +0000] "GET /goods.php?detail/116024800018 HTTP/2.0" 200 85868 "https://nfsin.com/goods.php?detail/2820328921132" "Mozilla/5.0 AppleWebKit/537.36 (KHTML, like Gecko; compatible; GPTBot/1.3; +https://openai.com/gptbot)"
74.7.243.236 - - [18/Mar/2026:13:52:58 +0000] "GET /goods.php?detail/258009885565 HTTP/2.0" 200 85925 "https://nfsin.com/goods.php?detail/258039157038" "Mozilla/5.0 AppleWebKit/537.36 (KHTML, like Gecko; compatible; GPTBot/1.3; +https://openai.com/gptbot)"
74.7.243.236 - - [18/Mar/2026:13:53:09 +0000] "GET /goods.php??y=uxr115hz8504ioklgc HTTP/2.0" 200 85535 "https://nfsin.com/goods.php??x=euqk26rq9173vlfsjvrf" "Mozilla/5.0 AppleWebKit/537.36 (KHTML, like Gecko; compatible; GPTBot/1.3; +https://openai.com/gptbot)"
74.7.243.236 - - [18/Mar/2026:13:53:20 +0000] "GET /goods.php??h=gwt26g7797atarbrpt HTTP/2.0" 200 86685 "https://nfsin.com/goods.php??x=euqk26rq9173vlfsjvrf" "Mozilla/5.0 AppleWebKit/537.36 (KHTML, like Gecko; compatible; GPTBot/1.3; +https://openai.com/gptbot)"
74.7.243.236 - - [18/Mar/2026:13:53:33 +0000] "GET /goods.php?detail/202016945226 HTTP/2.0" 200 86614 "https://nfsin.com/goods.php?detail/200009557370" "Mozilla/5.0 AppleWebKit/537.36 (KHTML, like Gecko; compatible; GPTBot/1.3; +https://openai.com/gptbot)"
74.7.243.236 - - [18/Mar/2026:13:53:47 +0000] "GET /goods.php?detail/064000628336 HTTP/2.0" 200 85570 "https://nfsin.com/goods.php??f=mskkv64l38361iiwhgf" "Mozilla/5.0 AppleWebKit/537.36 (KHTML, like Gecko; compatible; GPTBot/1.3; +https://openai.com/gptbot)"
69.197.179.242 - - [18/Mar/2026:13:52:28 +0000] "GET /wp-includes/wpf78988/edit.php?id=545071 HTTP/1.1" 200 20 "https://nfsin.com/wp-includes/wpf78988/edit.php?id=545071" "Mozilla/5.0 (Windows NT 10.0; Win64; x64) AppleWebKit/537.36 (KHTML, like Gecko) Chrome/58.0.3029.110 Safari/537.3"
74.7.243.236 - - [18/Mar/2026:13:54:06 +0000] "GET /goods.php??k=kra64mobq625vmjclxay HTTP/2.0" 200 85916 "https://nfsin.com/goods.php??f=mskkv64l38361iiwhgf" "Mozilla/5.0 AppleWebKit/537.36 (KHTML, like Gecko; compatible; GPTBot/1.3; +https://openai.com/gptbot)"
74.7.243.236 - - [18/Mar/2026:13:54:21 +0000] "GET /goods.php?products/chop/a078018270 HTTP/2.0" 200 86533 "https://nfsin.com/goods.php??e=bxfmh78p23001mqdezx" "Mozilla/5.0 AppleWebKit/537.36 (KHTML, like Gecko; compatible; GPTBot/1.3; +https://openai.com/gptbot)"
74.7.243.236 - - [18/Mar/2026:13:54:36 +0000] "GET /goods.php??h=imdl58qs5917yzsrbacn HTTP/2.0" 200 86029 "https://nfsin.com/goods.php??f=mskkv64l38361iiwhgf" "Mozilla/5.0 AppleWebKit/537.36 (KHTML, like Gecko; compatible; GPTBot/1.3; +https://openai.com/gptbot)"
74.7.243.236 - - [18/Mar/2026:13:54:54 +0000] "GET /goods.php?detail/300006358388 HTTP/2.0" 200 85544 "https://nfsin.com/goods.php?detail/300034042518" "Mozilla/5.0 AppleWebKit/537.36 (KHTML, like Gecko; compatible; GPTBot/1.3; +https://openai.com/gptbot)"
74.7.243.236 - - [18/Mar/2026:13:55:09 +0000] "GET /goods.php?detail/252002598218 HTTP/2.0" 200 87161 "https://nfsin.com/goods.php?detail/178012111933" "Mozilla/5.0 AppleWebKit/537.36 (KHTML, like Gecko; compatible; GPTBot/1.3; +https://openai.com/gptbot)"
74.7.243.236 - - [18/Mar/2026:13:55:26 +0000] "GET /goods.php?detail/116006691608 HTTP/2.0" 200 87486 "https://nfsin.com/goods.php?detail/116024800018" "Mozilla/5.0 AppleWebKit/537.36 (KHTML, like Gecko; compatible; GPTBot/1.3; +https://openai.com/gptbot)"
69.197.179.242 - - [18/Mar/2026:13:53:59 +0000] "GET /wp-includes/wpf78988/edit.php?id=545071 HTTP/1.1" 200 20 "https://nfsin.com/wp-includes/wpf78988/edit.php?id=545071" "Mozilla/5.0 (Windows NT 10.0; Win64; x64) AppleWebKit/537.36 (KHTML, like Gecko) Chrome/58.0.3029.110 Safari/537.3"
74.7.243.236 - - [18/Mar/2026:13:55:41 +0000] "GET /goods.php?detail/083030840976 HTTP/2.0" 200 85839 "https://nfsin.com/goods.php?detail/258009885565" "Mozilla/5.0 AppleWebKit/537.36 (KHTML, like Gecko; compatible; GPTBot/1.3; +https://openai.com/gptbot)"
74.7.243.236 - - [18/Mar/2026:13:55:54 +0000] "GET /goods.php??u=sdq5v41558sbkoxu HTTP/2.0" 200 85612 "https://nfsin.com/goods.php??y=uxr115hz8504ioklgc" "Mozilla/5.0 AppleWebKit/537.36 (KHTML, like Gecko; compatible; GPTBot/1.3; +https://openai.com/gptbot)"
74.7.243.236 - - [18/Mar/2026:13:56:09 +0000] "GET /goods.php??z=ahku26rh8241nammikq HTTP/2.0" 200 85599 "https://nfsin.com/goods.php??h=gwt26g7797atarbrpt" "Mozilla/5.0 AppleWebKit/537.36 (KHTML, like Gecko; compatible; GPTBot/1.3; +https://openai.com/gptbot)"
74.7.243.236 - - [18/Mar/2026:13:56:24 +0000] "GET /goods.php?detail/258023685875 HTTP/2.0" 200 85585 "https://nfsin.com/goods.php?detail/258009885565" "Mozilla/5.0 AppleWebKit/537.36 (KHTML, like Gecko; compatible; GPTBot/1.3; +https://openai.com/gptbot)"
74.7.243.236 - - [18/Mar/2026:13:56:37 +0000] "GET /goods.php?detail/1150085044881 HTTP/2.0" 200 85399 "https://nfsin.com/goods.php??y=uxr115hz8504ioklgc" "Mozilla/5.0 AppleWebKit/537.36 (KHTML, like Gecko; compatible; GPTBot/1.3; +https://openai.com/gptbot)"
74.7.243.236 - - [18/Mar/2026:13:56:51 +0000] "GET /goods.php??p=tel64hybn525bkuwob HTTP/2.0" 200 86155 "https://nfsin.com/goods.php??k=kra64mobq625vmjclxay" "Mozilla/5.0 AppleWebKit/537.36 (KHTML, like Gecko; compatible; GPTBot/1.3; +https://openai.com/gptbot)"
69.197.179.242 - - [18/Mar/2026:13:55:33 +0000] "GET /wp-includes/wpf78988/edit.php?id=545071 HTTP/1.1" 200 20 "https://nfsin.com/wp-includes/wpf78988/edit.php?id=545071" "Mozilla/5.0 (Windows NT 10.0; Win64; x64) AppleWebKit/537.36 (KHTML, like Gecko) Chrome/58.0.3029.110 Safari/537.3"
74.7.243.236 - - [18/Mar/2026:13:57:04 +0000] "GET /goods.php?detail/078004307138 HTTP/2.0" 200 85677 "https://nfsin.com/goods.php?products/chop/a078018270" "Mozilla/5.0 AppleWebKit/537.36 (KHTML, like Gecko; compatible; GPTBot/1.3; +https://openai.com/gptbot)"
74.7.243.236 - - [18/Mar/2026:13:57:21 +0000] "GET /goods.php??o=umm78aah4343zemaie HTTP/2.0" 200 86002 "https://nfsin.com/goods.php?products/chop/a078018270" "Mozilla/5.0 AppleWebKit/537.36 (KHTML, like Gecko; compatible; GPTBot/1.3; +https://openai.com/gptbot)"
74.7.243.236 - - [18/Mar/2026:13:57:33 +0000] "GET /goods.php??b=vqaqb5lv37616rsagij HTTP/2.0" 200 84874 "https://nfsin.com/goods.php??x=euqk26rq9173vlfsjvrf" "Mozilla/5.0 AppleWebKit/537.36 (KHTML, like Gecko; compatible; GPTBot/1.3; +https://openai.com/gptbot)"
74.7.243.236 - - [18/Mar/2026:13:57:47 +0000] "GET /goods.php?detail/083012121905 HTTP/2.0" 200 85646 "https://nfsin.com/goods.php?detail/083046998446" "Mozilla/5.0 AppleWebKit/537.36 (KHTML, like Gecko; compatible; GPTBot/1.3; +https://openai.com/gptbot)"
74.7.243.236 - - [18/Mar/2026:13:58:01 +0000] "GET /goods.php?detail/116017057000 HTTP/2.0" 200 86370 "https://nfsin.com/goods.php?detail/116006691608" "Mozilla/5.0 AppleWebKit/537.36 (KHTML, like Gecko; compatible; GPTBot/1.3; +https://openai.com/gptbot)"
74.7.243.236 - - [18/Mar/2026:13:58:17 +0000] "GET /goods.php?detail/083001863730 HTTP/2.0" 200 85973 "https://nfsin.com/goods.php?detail/083030840976" "Mozilla/5.0 AppleWebKit/537.36 (KHTML, like Gecko; compatible; GPTBot/1.3; +https://openai.com/gptbot)"
69.197.179.242 - - [18/Mar/2026:13:57:05 +0000] "GET /wp-includes/wpf78988/edit.php?id=545071 HTTP/1.1" 200 20 "https://nfsin.com/wp-includes/wpf78988/edit.php?id=545071" "Mozilla/5.0 (Windows NT 10.0; Win64; x64) AppleWebKit/537.36 (KHTML, like Gecko) Chrome/58.0.3029.110 Safari/537.3"
74.7.243.236 - - [18/Mar/2026:13:58:33 +0000] "GET /goods.php?detail/232013131043 HTTP/2.0" 200 85800 "https://nfsin.com/goods.php?detail/083030840976" "Mozilla/5.0 AppleWebKit/537.36 (KHTML, like Gecko; compatible; GPTBot/1.3; +https://openai.com/gptbot)"
74.7.243.236 - - [18/Mar/2026:13:58:49 +0000] "GET /goods.php??q=ekgs26pzh5445xkjzhff HTTP/2.0" 200 86246 "https://nfsin.com/goods.php??t=uvfj26dbae631cowdcn" "Mozilla/5.0 AppleWebKit/537.36 (KHTML, like Gecko; compatible; GPTBot/1.3; +https://openai.com/gptbot)"
74.7.243.236 - - [18/Mar/2026:13:59:08 +0000] "GET /goods.php?detail/1130116712271 HTTP/2.0" 200 86699 "https://nfsin.com/goods.php?detail/258023685875" "Mozilla/5.0 AppleWebKit/537.36 (KHTML, like Gecko; compatible; GPTBot/1.3; +https://openai.com/gptbot)"
74.7.243.236 - - [18/Mar/2026:13:59:26 +0000] "GET /goods.php??o=jhq79hqlg29296xziuoe HTTP/2.0" 200 85767 "https://nfsin.com/goods.php??l=ikcv79r31248jkxmrzyy" "Mozilla/5.0 AppleWebKit/537.36 (KHTML, like Gecko; compatible; GPTBot/1.3; +https://openai.com/gptbot)"
74.7.243.236 - - [18/Mar/2026:13:59:43 +0000] "GET /goods.php??v=utn64epz955hrdmaiz HTTP/2.0" 200 86153 "https://nfsin.com/goods.php??p=tel64hybn525bkuwob" "Mozilla/5.0 AppleWebKit/537.36 (KHTML, like Gecko; compatible; GPTBot/1.3; +https://openai.com/gptbot)"
74.7.243.236 - - [18/Mar/2026:13:59:59 +0000] "GET /goods.php??m=jjphw64ja947jasnox HTTP/2.0" 200 87135 "https://nfsin.com/goods.php??p=tel64hybn525bkuwob" "Mozilla/5.0 AppleWebKit/537.36 (KHTML, like Gecko; compatible; GPTBot/1.3; +https://openai.com/gptbot)"
69.197.179.242 - - [18/Mar/2026:13:58:37 +0000] "GET /wp-includes/wpf78988/edit.php?id=545071 HTTP/1.1" 200 20 "https://nfsin.com/wp-includes/wpf78988/edit.php?id=545071" "Mozilla/5.0 (Windows NT 10.0; Win64; x64) AppleWebKit/537.36 (KHTML, like Gecko) Chrome/58.0.3029.110 Safari/537.3"
74.7.243.236 - - [18/Mar/2026:14:00:16 +0000] "GET /goods.php?detail/078007558893 HTTP/2.0" 200 85631 "https://nfsin.com/goods.php?detail/078004307138" "Mozilla/5.0 AppleWebKit/537.36 (KHTML, like Gecko; compatible; GPTBot/1.3; +https://openai.com/gptbot)"
74.7.243.236 - - [18/Mar/2026:14:00:30 +0000] "GET /goods.php??f=zqkf64qp951lzgkmrf HTTP/2.0" 200 86870 "https://nfsin.com/goods.php??p=tel64hybn525bkuwob" "Mozilla/5.0 AppleWebKit/537.36 (KHTML, like Gecko; compatible; GPTBot/1.3; +https://openai.com/gptbot)"
74.7.243.236 - - [18/Mar/2026:14:00:46 +0000] "GET /goods.php?detail/123026443571 HTTP/2.0" 200 85760 "https://nfsin.com/goods.php?detail/123018199309" "Mozilla/5.0 AppleWebKit/537.36 (KHTML, like Gecko; compatible; GPTBot/1.3; +https://openai.com/gptbot)"
74.7.243.236 - - [18/Mar/2026:14:01:02 +0000] "GET /goods.php?detail/116030374666 HTTP/2.0" 200 86105 "https://nfsin.com/goods.php?detail/116017057000" "Mozilla/5.0 AppleWebKit/537.36 (KHTML, like Gecko; compatible; GPTBot/1.3; +https://openai.com/gptbot)"
74.7.243.236 - - [18/Mar/2026:14:01:19 +0000] "GET /goods.php?detail/083009089945 HTTP/2.0" 200 85421 "https://nfsin.com/goods.php?detail/083001863730" "Mozilla/5.0 AppleWebKit/537.36 (KHTML, like Gecko; compatible; GPTBot/1.3; +https://openai.com/gptbot)"
74.7.243.236 - - [18/Mar/2026:14:01:36 +0000] "GET /goods.php?goods/232002530 HTTP/2.0" 200 85468 "https://nfsin.com/goods.php?detail/232013131043" "Mozilla/5.0 AppleWebKit/537.36 (KHTML, like Gecko; compatible; GPTBot/1.3; +https://openai.com/gptbot)"
69.197.179.242 - - [18/Mar/2026:14:00:08 +0000] "GET /wp-includes/wpf78988/edit.php?id=545071 HTTP/1.1" 200 20 "https://nfsin.com/wp-includes/wpf78988/edit.php?id=545071" "Mozilla/5.0 (Windows NT 10.0; Win64; x64) AppleWebKit/537.36 (KHTML, like Gecko) Chrome/58.0.3029.110 Safari/537.3"
74.7.243.236 - - [18/Mar/2026:14:01:55 +0000] "GET /goods.php?goods/232006881 HTTP/2.0" 200 85842 "https://nfsin.com/goods.php?detail/232013131043" "Mozilla/5.0 AppleWebKit/537.36 (KHTML, like Gecko; compatible; GPTBot/1.3; +https://openai.com/gptbot)"
74.7.243.236 - - [18/Mar/2026:14:02:11 +0000] "GET /goods.php?detail/122043218112 HTTP/2.0" 200 85660 "https://nfsin.com/goods.php?detail/232013131043" "Mozilla/5.0 AppleWebKit/537.36 (KHTML, like Gecko; compatible; GPTBot/1.3; +https://openai.com/gptbot)"
74.7.243.236 - - [18/Mar/2026:14:02:32 +0000] "GET /goods.php??e=fcdp165ik2752yzgevj HTTP/2.0" 200 86485 "https://nfsin.com/goods.php??q=ekgs26pzh5445xkjzhff" "Mozilla/5.0 AppleWebKit/537.36 (KHTML, like Gecko; compatible; GPTBot/1.3; +https://openai.com/gptbot)"
74.7.243.236 - - [18/Mar/2026:14:02:49 +0000] "GET /goods.php?detail/083008826573 HTTP/2.0" 200 86741 "https://nfsin.com/goods.php?detail/083001863730" "Mozilla/5.0 AppleWebKit/537.36 (KHTML, like Gecko; compatible; GPTBot/1.3; +https://openai.com/gptbot)"
43.157.150.69 - - [18/Mar/2026:14:02:45 +0000] "GET / HTTP/1.1" 200 17797 "http://www.nfsin.com" "Mozilla/5.0 (iPhone; CPU iPhone OS 13_2_3 like Mac OS X) AppleWebKit/605.1.15 (KHTML, like Gecko) Version/13.0.3 Mobile/15E148 Safari/604.1"
74.7.243.236 - - [18/Mar/2026:14:03:05 +0000] "GET /goods.php??z=rcgb64hq1281aksbat HTTP/2.0" 200 86933 "https://nfsin.com/goods.php??m=jjphw64ja947jasnox" "Mozilla/5.0 AppleWebKit/537.36 (KHTML, like Gecko; compatible; GPTBot/1.3; +https://openai.com/gptbot)"
69.197.179.242 - - [18/Mar/2026:14:01:42 +0000] "GET /wp-includes/wpf78988/edit.php?id=545071 HTTP/1.1" 200 20 "https://nfsin.com/wp-includes/wpf78988/edit.php?id=545071" "Mozilla/5.0 (Windows NT 10.0; Win64; x64) AppleWebKit/537.36 (KHTML, like Gecko) Chrome/58.0.3029.110 Safari/537.3"
74.7.243.236 - - [18/Mar/2026:14:03:20 +0000] "GET /goods.php?detail/113010964962 HTTP/2.0" 200 86285 "https://nfsin.com/goods.php?detail/1130116712271" "Mozilla/5.0 AppleWebKit/537.36 (KHTML, like Gecko; compatible; GPTBot/1.3; +https://openai.com/gptbot)"
74.7.243.236 - - [18/Mar/2026:14:03:33 +0000] "GET /goods.php??p=otb96r49733razphrj HTTP/2.0" 200 85537 "https://nfsin.com/goods.php??f=zqkf64qp951lzgkmrf" "Mozilla/5.0 AppleWebKit/537.36 (KHTML, like Gecko; compatible; GPTBot/1.3; +https://openai.com/gptbot)"
74.7.243.236 - - [18/Mar/2026:14:03:45 +0000] "GET /goods.php?detail/0780083680278 HTTP/2.0" 200 86525 "https://nfsin.com/goods.php?detail/078007558893" "Mozilla/5.0 AppleWebKit/537.36 (KHTML, like Gecko; compatible; GPTBot/1.3; +https://openai.com/gptbot)"
74.7.243.236 - - [18/Mar/2026:14:03:58 +0000] "GET /goods.php??c=ndfmx64p1277mtuoxpr HTTP/2.0" 200 86132 "https://nfsin.com/goods.php??m=jjphw64ja947jasnox" "Mozilla/5.0 AppleWebKit/537.36 (KHTML, like Gecko; compatible; GPTBot/1.3; +https://openai.com/gptbot)"
74.7.243.236 - - [18/Mar/2026:14:04:11 +0000] "GET /goods.php?detail/2520490509080 HTTP/2.0" 200 85555 "https://nfsin.com/goods.php?detail/083009089945" "Mozilla/5.0 AppleWebKit/537.36 (KHTML, like Gecko; compatible; GPTBot/1.3; +https://openai.com/gptbot)"
74.7.243.236 - - [18/Mar/2026:14:04:26 +0000] "GET /goods.php?detail/213029026803 HTTP/2.0" 200 86257 "https://nfsin.com/goods.php?goods/232002530" "Mozilla/5.0 AppleWebKit/537.36 (KHTML, like Gecko; compatible; GPTBot/1.3; +https://openai.com/gptbot)"
74.7.243.236 - - [18/Mar/2026:14:04:38 +0000] "GET /goods.php?detail/192026204337 HTTP/2.0" 200 86509 "https://nfsin.com/goods.php?goods/232006881" "Mozilla/5.0 AppleWebKit/537.36 (KHTML, like Gecko; compatible; GPTBot/1.3; +https://openai.com/gptbot)"
69.197.179.242 - - [18/Mar/2026:14:03:12 +0000] "GET /wp-includes/wpf78988/edit.php?id=545071 HTTP/1.1" 200 20 "https://nfsin.com/wp-includes/wpf78988/edit.php?id=545071" "Mozilla/5.0 (Windows NT 10.0; Win64; x64) AppleWebKit/537.36 (KHTML, like Gecko) Chrome/58.0.3029.110 Safari/537.3"
74.7.243.236 - - [18/Mar/2026:14:04:49 +0000] "GET /goods.php?detail/140048188019 HTTP/2.0" 200 86037 "https://nfsin.com/goods.php?goods/232006881" "Mozilla/5.0 AppleWebKit/537.36 (KHTML, like Gecko; compatible; GPTBot/1.3; +https://openai.com/gptbot)"
74.7.243.236 - - [18/Mar/2026:14:04:59 +0000] "GET /goods.php?detail/0160081816114 HTTP/2.0" 200 85876 "https://nfsin.com/goods.php?goods/232002530" "Mozilla/5.0 AppleWebKit/537.36 (KHTML, like Gecko; compatible; GPTBot/1.3; +https://openai.com/gptbot)"
74.7.243.236 - - [18/Mar/2026:14:05:20 +0000] "GET /goods.php?detail/083008087281 HTTP/2.0" 200 85894 "https://nfsin.com/goods.php?detail/083008826573" "Mozilla/5.0 AppleWebKit/537.36 (KHTML, like Gecko; compatible; GPTBot/1.3; +https://openai.com/gptbot)"
74.7.243.236 - - [18/Mar/2026:14:05:43 +0000] "GET /goods.php??n=xzp300m9811tiflnj HTTP/2.0" 200 86007 "https://nfsin.com/goods.php??z=rcgb64hq1281aksbat" "Mozilla/5.0 AppleWebKit/537.36 (KHTML, like Gecko; compatible; GPTBot/1.3; +https://openai.com/gptbot)"
69.197.179.242 - - [18/Mar/2026:14:04:44 +0000] "GET /wp-includes/wpf78988/edit.php?id=545071 HTTP/1.1" 200 20 "https://nfsin.com/wp-includes/wpf78988/edit.php?id=545071" "Mozilla/5.0 (Windows NT 10.0; Win64; x64) AppleWebKit/537.36 (KHTML, like Gecko) Chrome/58.0.3029.110 Safari/537.3"
74.7.243.236 - - [18/Mar/2026:14:06:35 +0000] "GET /goods.php?detail/185045992204 HTTP/2.0" 200 85934 "https://nfsin.com/goods.php?detail/083008826573" "Mozilla/5.0 AppleWebKit/537.36 (KHTML, like Gecko; compatible; GPTBot/1.3; +https://openai.com/gptbot)"
74.7.243.236 - - [18/Mar/2026:14:07:03 +0000] "GET /goods.php??h=qmge222u1573nknvfai HTTP/2.0" 200 85174 "https://nfsin.com/goods.php??p=otb96r49733razphrj" "Mozilla/5.0 AppleWebKit/537.36 (KHTML, like Gecko; compatible; GPTBot/1.3; +https://openai.com/gptbot)"
74.7.243.236 - - [18/Mar/2026:14:07:33 +0000] "GET /goods.php?detail/078000521085 HTTP/2.0" 200 86705 "https://nfsin.com/goods.php?detail/0780083680278" "Mozilla/5.0 AppleWebKit/537.36 (KHTML, like Gecko; compatible; GPTBot/1.3; +https://openai.com/gptbot)"
74.7.243.236 - - [18/Mar/2026:14:08:18 +0000] "GET /goods.php??i=rafy64gqe719qizdmxw HTTP/2.0" 200 86038 "https://nfsin.com/goods.php??c=ndfmx64p1277mtuoxpr" "Mozilla/5.0 AppleWebKit/537.36 (KHTML, like Gecko; compatible; GPTBot/1.3; +https://openai.com/gptbot)"
74.7.243.236 - - [18/Mar/2026:14:08:51 +0000] "GET /goods.php??f=nbwd64x709zccmfq HTTP/2.0" 200 86776 "https://nfsin.com/goods.php??c=ndfmx64p1277mtuoxpr" "Mozilla/5.0 AppleWebKit/537.36 (KHTML, like Gecko; compatible; GPTBot/1.3; +https://openai.com/gptbot)"
74.7.243.236 - - [18/Mar/2026:14:09:12 +0000] "GET /goods.php?goods/031022153 HTTP/2.0" 200 85203 "https://nfsin.com/goods.php?detail/213029026803" "Mozilla/5.0 AppleWebKit/537.36 (KHTML, like Gecko; compatible; GPTBot/1.3; +https://openai.com/gptbot)"
74.7.243.236 - - [18/Mar/2026:14:10:07 +0000] "GET /goods.php??c=igw64uyk731myibub HTTP/2.0" 200 85796 "https://nfsin.com/goods.php??c=ndfmx64p1277mtuoxpr" "Mozilla/5.0 AppleWebKit/537.36 (KHTML, like Gecko; compatible; GPTBot/1.3; +https://openai.com/gptbot)"
14.191.244.232 - - [18/Mar/2026:14:10:43 +0000] "GET / HTTP/1.1" 200 17797 "-" "Opera/9.15.(Windows NT 10.0; vi-VN) Presto/2.9.174 Version/12.00"
84.54.78.160 - - [18/Mar/2026:14:11:00 +0000] "GET / HTTP/1.1" 200 17797 "-" "Mozilla/5.0 (Macintosh; U; PPC Mac OS X 10_5_1; rv:1.9.6.20) Gecko/4426-08-27 15:53:27.430939 Firefox/11.0"
74.7.243.236 - - [18/Mar/2026:14:11:03 +0000] "GET /goods.php?detail/149004634546 HTTP/2.0" 200 86199 "https://nfsin.com/goods.php?detail/2520490509080" "Mozilla/5.0 AppleWebKit/537.36 (KHTML, like Gecko; compatible; GPTBot/1.3; +https://openai.com/gptbot)"
74.7.243.236 - - [18/Mar/2026:14:11:59 +0000] "GET /goods.php??k=ejghf64v701azmjsbsw HTTP/2.0" 200 87308 "https://nfsin.com/goods.php??c=ndfmx64p1277mtuoxpr" "Mozilla/5.0 AppleWebKit/537.36 (KHTML, like Gecko; compatible; GPTBot/1.3; +https://openai.com/gptbot)"
74.7.243.236 - - [18/Mar/2026:14:12:44 +0000] "GET /goods.php?goods/083018206 HTTP/2.0" 200 85560 "https://nfsin.com/goods.php?detail/083008087281" "Mozilla/5.0 AppleWebKit/537.36 (KHTML, like Gecko; compatible; GPTBot/1.3; +https://openai.com/gptbot)"
74.7.243.236 - - [18/Mar/2026:14:13:12 +0000] "GET /goods.php?detail/300038207403 HTTP/2.0" 200 87192 "https://nfsin.com/goods.php??n=xzp300m9811tiflnj" "Mozilla/5.0 AppleWebKit/537.36 (KHTML, like Gecko; compatible; GPTBot/1.3; +https://openai.com/gptbot)"
74.7.243.236 - - [18/Mar/2026:14:13:36 +0000] "GET /goods.php?detail/185006001037 HTTP/2.0" 200 85677 "https://nfsin.com/goods.php?detail/185045992204" "Mozilla/5.0 AppleWebKit/537.36 (KHTML, like Gecko; compatible; GPTBot/1.3; +https://openai.com/gptbot)"
74.7.243.236 - - [18/Mar/2026:14:13:55 +0000] "GET /goods.php?detail/083018109280 HTTP/2.0" 200 86619 "https://nfsin.com/goods.php?detail/083008087281" "Mozilla/5.0 AppleWebKit/537.36 (KHTML, like Gecko; compatible; GPTBot/1.3; +https://openai.com/gptbot)"
74.7.243.236 - - [18/Mar/2026:14:14:07 +0000] "GET /goods.php?detail/078012246120 HTTP/2.0" 200 85771 "https://nfsin.com/goods.php?detail/078000521085" "Mozilla/5.0 AppleWebKit/537.36 (KHTML, like Gecko; compatible; GPTBot/1.3; +https://openai.com/gptbot)"
74.7.243.236 - - [18/Mar/2026:14:14:18 +0000] "GET /goods.php?detail/061026420904 HTTP/2.0" 200 86342 "https://nfsin.com/goods.php?detail/083008087281" "Mozilla/5.0 AppleWebKit/537.36 (KHTML, like Gecko; compatible; GPTBot/1.3; +https://openai.com/gptbot)"
198.244.226.56 - - [18/Mar/2026:14:14:26 +0000] "GET /?sitemap900.xml HTTP/2.0" 200 33 "-" "Mozilla/5.0 (compatible; AhrefsBot/7.0; +http://ahrefs.com/robot/)"
74.7.243.236 - - [18/Mar/2026:14:14:31 +0000] "GET /goods.php?detail/140001000365 HTTP/2.0" 200 86362 "https://nfsin.com/goods.php?detail/140048188019" "Mozilla/5.0 AppleWebKit/537.36 (KHTML, like Gecko; compatible; GPTBot/1.3; +https://openai.com/gptbot)"
74.7.243.236 - - [18/Mar/2026:14:14:43 +0000] "GET /goods.php?detail/205006420591 HTTP/2.0" 200 86604 "https://nfsin.com/goods.php?goods/031022153" "Mozilla/5.0 AppleWebKit/537.36 (KHTML, like Gecko; compatible; GPTBot/1.3; +https://openai.com/gptbot)"
74.7.243.236 - - [18/Mar/2026:14:14:53 +0000] "GET /goods.php?detail/300038421370 HTTP/2.0" 200 85754 "https://nfsin.com/goods.php?detail/1130116712271" "Mozilla/5.0 AppleWebKit/537.36 (KHTML, like Gecko; compatible; GPTBot/1.3; +https://openai.com/gptbot)"
74.7.243.236 - - [18/Mar/2026:14:15:04 +0000] "GET /goods.php?detail/149011019085 HTTP/2.0" 200 85887 "https://nfsin.com/goods.php?detail/149004634546" "Mozilla/5.0 AppleWebKit/537.36 (KHTML, like Gecko; compatible; GPTBot/1.3; +https://openai.com/gptbot)"
74.7.243.236 - - [18/Mar/2026:14:15:14 +0000] "GET /goods.php?detail/222001573907 HTTP/2.0" 200 84938 "https://nfsin.com/goods.php??h=qmge222u1573nknvfai" "Mozilla/5.0 AppleWebKit/537.36 (KHTML, like Gecko; compatible; GPTBot/1.3; +https://openai.com/gptbot)"
74.7.243.236 - - [18/Mar/2026:14:15:25 +0000] "GET /goods.php?detail/185006114446 HTTP/2.0" 200 85648 "https://nfsin.com/goods.php?detail/185045992204" "Mozilla/5.0 AppleWebKit/537.36 (KHTML, like Gecko; compatible; GPTBot/1.3; +https://openai.com/gptbot)"
74.7.243.236 - - [18/Mar/2026:14:15:40 +0000] "GET /goods.php?detail/300030647468 HTTP/2.0" 200 87044 "https://nfsin.com/goods.php?detail/300038207403" "Mozilla/5.0 AppleWebKit/537.36 (KHTML, like Gecko; compatible; GPTBot/1.3; +https://openai.com/gptbot)"
74.7.243.236 - - [18/Mar/2026:14:15:56 +0000] "GET /goods.php??f=qmmr64iil389iyfshfq HTTP/2.0" 200 86122 "https://nfsin.com/goods.php??z=rcgb64hq1281aksbat" "Mozilla/5.0 AppleWebKit/537.36 (KHTML, like Gecko; compatible; GPTBot/1.3; +https://openai.com/gptbot)"
74.7.243.236 - - [18/Mar/2026:14:16:09 +0000] "GET /goods.php?detail/107031328547 HTTP/2.0" 200 85553 "https://nfsin.com/goods.php?detail/185006001037" "Mozilla/5.0 AppleWebKit/537.36 (KHTML, like Gecko; compatible; GPTBot/1.3; +https://openai.com/gptbot)"
74.7.243.236 - - [18/Mar/2026:14:16:26 +0000] "GET /goods.php?pcmypage?callback=product/review/m74854307195 HTTP/2.0" 200 86120 "https://nfsin.com/goods.php?detail/078012246120" "Mozilla/5.0 AppleWebKit/537.36 (KHTML, like Gecko; compatible; GPTBot/1.3; +https://openai.com/gptbot)"
74.7.243.236 - - [18/Mar/2026:14:16:42 +0000] "GET /goods.php?detail/078002832283 HTTP/2.0" 200 86897 "https://nfsin.com/goods.php?detail/078012246120" "Mozilla/5.0 AppleWebKit/537.36 (KHTML, like Gecko; compatible; GPTBot/1.3; +https://openai.com/gptbot)"
74.7.243.236 - - [18/Mar/2026:14:16:59 +0000] "GET /goods.php?detail/140001116979 HTTP/2.0" 200 85834 "https://nfsin.com/goods.php?detail/140001000365" "Mozilla/5.0 AppleWebKit/537.36 (KHTML, like Gecko; compatible; GPTBot/1.3; +https://openai.com/gptbot)"
74.7.243.236 - - [18/Mar/2026:14:17:17 +0000] "GET /goods.php?detail/126033028309 HTTP/2.0" 200 86020 "https://nfsin.com/goods.php?detail/140001000365" "Mozilla/5.0 AppleWebKit/537.36 (KHTML, like Gecko; compatible; GPTBot/1.3; +https://openai.com/gptbot)"
74.7.243.236 - - [18/Mar/2026:14:17:33 +0000] "GET /goods.php?detail/017018212643 HTTP/2.0" 200 85891 "https://nfsin.com/goods.php?detail/300038421370" "Mozilla/5.0 AppleWebKit/537.36 (KHTML, like Gecko; compatible; GPTBot/1.3; +https://openai.com/gptbot)"
74.7.243.236 - - [18/Mar/2026:14:17:53 +0000] "GET /goods.php?detail/083012782169 HTTP/2.0" 200 85432 "https://nfsin.com/goods.php?detail/083012121905" "Mozilla/5.0 AppleWebKit/537.36 (KHTML, like Gecko; compatible; GPTBot/1.3; +https://openai.com/gptbot)"
74.7.243.236 - - [18/Mar/2026:14:18:10 +0000] "GET /goods.php?detail/078015526197 HTTP/2.0" 200 85808 "https://nfsin.com/goods.php?detail/078017889324" "Mozilla/5.0 AppleWebKit/537.36 (KHTML, like Gecko; compatible; GPTBot/1.3; +https://openai.com/gptbot)"
74.7.243.236 - - [18/Mar/2026:14:18:29 +0000] "GET /goods.php?detail/030034431043 HTTP/2.0" 200 85604 "https://nfsin.com/goods.php?detail/185006114446" "Mozilla/5.0 AppleWebKit/537.36 (KHTML, like Gecko; compatible; GPTBot/1.3; +https://openai.com/gptbot)"
74.7.243.236 - - [18/Mar/2026:14:18:48 +0000] "GET /goods.php?detail/300036630271 HTTP/2.0" 200 86655 "https://nfsin.com/goods.php?detail/300030647468" "Mozilla/5.0 AppleWebKit/537.36 (KHTML, like Gecko; compatible; GPTBot/1.3; +https://openai.com/gptbot)"
74.7.243.236 - - [18/Mar/2026:14:19:04 +0000] "GET /goods.php??t=miw64bf985xxmvtn HTTP/2.0" 200 85773 "https://nfsin.com/goods.php??f=qmmr64iil389iyfshfq" "Mozilla/5.0 AppleWebKit/537.36 (KHTML, like Gecko; compatible; GPTBot/1.3; +https://openai.com/gptbot)"
74.7.243.236 - - [18/Mar/2026:14:19:19 +0000] "GET /goods.php?detail/185018621305 HTTP/2.0" 200 86177 "https://nfsin.com/goods.php?detail/185006114446" "Mozilla/5.0 AppleWebKit/537.36 (KHTML, like Gecko; compatible; GPTBot/1.3; +https://openai.com/gptbot)"
74.7.243.236 - - [18/Mar/2026:14:19:34 +0000] "GET /goods.php?detail/021000567061 HTTP/2.0" 200 87117 "https://nfsin.com/goods.php?pcmypage?callback=product/review/m74854307195" "Mozilla/5.0 AppleWebKit/537.36 (KHTML, like Gecko; compatible; GPTBot/1.3; +https://openai.com/gptbot)"
74.7.243.236 - - [18/Mar/2026:14:19:53 +0000] "GET /goods.php?detail/092004921149 HTTP/2.0" 200 86466 "https://nfsin.com/goods.php?detail/078002832283" "Mozilla/5.0 AppleWebKit/537.36 (KHTML, like Gecko; compatible; GPTBot/1.3; +https://openai.com/gptbot)"
107.189.12.178 - - [18/Mar/2026:14:20:02 +0000] "GET /wp-login.php HTTP/1.1" 200 20 "http://www.google.com.hk" "Mozilla/5.0 (Windows NT 6.1; WOW64) AppleWebKit/537.36 (KHTML, like Gecko) Chrome/42.0.2311.90 Safari/537.36"
74.7.243.236 - - [18/Mar/2026:14:20:11 +0000] "GET /goods.php?detail/238041562414 HTTP/2.0" 200 86093 "https://nfsin.com/goods.php?detail/078002832283" "Mozilla/5.0 AppleWebKit/537.36 (KHTML, like Gecko; compatible; GPTBot/1.3; +https://openai.com/gptbot)"
74.7.243.236 - - [18/Mar/2026:14:20:28 +0000] "GET /goods.php?detail/108008447001 HTTP/2.0" 200 85630 "https://nfsin.com/goods.php?detail/126033028309" "Mozilla/5.0 AppleWebKit/537.36 (KHTML, like Gecko; compatible; GPTBot/1.3; +https://openai.com/gptbot)"
74.7.243.236 - - [18/Mar/2026:14:20:45 +0000] "GET /goods.php?detail/078007684549 HTTP/2.0" 200 85750 "https://nfsin.com/goods.php?detail/078002832283" "Mozilla/5.0 AppleWebKit/537.36 (KHTML, like Gecko; compatible; GPTBot/1.3; +https://openai.com/gptbot)"
74.7.243.236 - - [18/Mar/2026:14:21:13 +0000] "GET /goods.php?pcmypage?callback=product%2Fdetail%2Fm95857424017 HTTP/2.0" 200 86610 "https://nfsin.com/goods.php?detail/083012782169" "Mozilla/5.0 AppleWebKit/537.36 (KHTML, like Gecko; compatible; GPTBot/1.3; +https://openai.com/gptbot)"
74.7.243.236 - - [18/Mar/2026:14:22:02 +0000] "GET /goods.php?goods/083014128 HTTP/2.0" 200 85720 "https://nfsin.com/goods.php?detail/083012782169" "Mozilla/5.0 AppleWebKit/537.36 (KHTML, like Gecko; compatible; GPTBot/1.3; +https://openai.com/gptbot)"
74.7.243.236 - - [18/Mar/2026:14:22:51 +0000] "GET /goods.php?detail/030005501663 HTTP/2.0" 200 85597 "https://nfsin.com/goods.php?detail/030034431043" "Mozilla/5.0 AppleWebKit/537.36 (KHTML, like Gecko; compatible; GPTBot/1.3; +https://openai.com/gptbot)"
74.7.243.236 - - [18/Mar/2026:14:23:18 +0000] "GET /goods.php?detail/242045821242 HTTP/2.0" 200 85973 "https://nfsin.com/goods.php?detail/300036630271" "Mozilla/5.0 AppleWebKit/537.36 (KHTML, like Gecko; compatible; GPTBot/1.3; +https://openai.com/gptbot)"
74.7.243.236 - - [18/Mar/2026:14:23:37 +0000] "GET /goods.php?detail/157024515943 HTTP/2.0" 200 85863 "https://nfsin.com/goods.php?detail/030034431043" "Mozilla/5.0 AppleWebKit/537.36 (KHTML, like Gecko; compatible; GPTBot/1.3; +https://openai.com/gptbot)"
74.7.243.236 - - [18/Mar/2026:14:23:58 +0000] "GET /goods.php?detail/233021721422 HTTP/2.0" 200 86917 "https://nfsin.com/goods.php?detail/185018621305" "Mozilla/5.0 AppleWebKit/537.36 (KHTML, like Gecko; compatible; GPTBot/1.3; +https://openai.com/gptbot)"
74.7.243.236 - - [18/Mar/2026:14:24:21 +0000] "GET /goods.php?goods/106009173 HTTP/2.0" 200 85972 "https://nfsin.com/goods.php?detail/021000567061" "Mozilla/5.0 AppleWebKit/537.36 (KHTML, like Gecko; compatible; GPTBot/1.3; +https://openai.com/gptbot)"
74.7.243.236 - - [18/Mar/2026:14:24:37 +0000] "GET /goods.php?pcmypage?callback=product%2Fdetail%2Fm26831185696 HTTP/2.0" 200 85419 "https://nfsin.com/goods.php?detail/092004921149" "Mozilla/5.0 AppleWebKit/537.36 (KHTML, like Gecko; compatible; GPTBot/1.3; +https://openai.com/gptbot)"
74.7.243.236 - - [18/Mar/2026:14:24:50 +0000] "GET /goods.php?detail/271008164281 HTTP/2.0" 200 86343 "https://nfsin.com/goods.php?detail/017018212643" "Mozilla/5.0 AppleWebKit/537.36 (KHTML, like Gecko; compatible; GPTBot/1.3; +https://openai.com/gptbot)"
74.7.243.236 - - [18/Mar/2026:14:25:08 +0000] "GET /goods.php?detail/108010059387 HTTP/2.0" 200 87120 "https://nfsin.com/goods.php?detail/108008447001" "Mozilla/5.0 AppleWebKit/537.36 (KHTML, like Gecko; compatible; GPTBot/1.3; +https://openai.com/gptbot)"
74.7.243.236 - - [18/Mar/2026:14:25:26 +0000] "GET /goods.php?jp/060029518.html HTTP/2.0" 200 86063 "https://nfsin.com/goods.php?detail/078007684549" "Mozilla/5.0 AppleWebKit/537.36 (KHTML, like Gecko; compatible; GPTBot/1.3; +https://openai.com/gptbot)"
74.7.243.236 - - [18/Mar/2026:14:25:45 +0000] "GET /goods.php??t=cjo62q845zwncgqtnu HTTP/2.0" 200 86577 "https://nfsin.com/goods.php?pcmypage?callback=product%2Fdetail%2Fm95857424017" "Mozilla/5.0 AppleWebKit/537.36 (KHTML, like Gecko; compatible; GPTBot/1.3; +https://openai.com/gptbot)"
74.7.243.236 - - [18/Mar/2026:14:26:00 +0000] "GET /goods.php?detail/014008536300 HTTP/2.0" 200 86467 "https://nfsin.com/goods.php?goods/083014128" "Mozilla/5.0 AppleWebKit/537.36 (KHTML, like Gecko; compatible; GPTBot/1.3; +https://openai.com/gptbot)"
74.7.243.236 - - [18/Mar/2026:14:26:13 +0000] "GET /goods.php??p=wzya62cpxl587gnmcfi HTTP/2.0" 200 86210 "https://nfsin.com/goods.php?pcmypage?callback=product%2Fdetail%2Fm95857424017" "Mozilla/5.0 AppleWebKit/537.36 (KHTML, like Gecko; compatible; GPTBot/1.3; +https://openai.com/gptbot)"
74.7.243.236 - - [18/Mar/2026:14:26:25 +0000] "GET /goods.php?detail/0460407747143 HTTP/2.0" 200 85564 "https://nfsin.com/goods.php?detail/185006114446" "Mozilla/5.0 AppleWebKit/537.36 (KHTML, like Gecko; compatible; GPTBot/1.3; +https://openai.com/gptbot)"
74.7.243.236 - - [18/Mar/2026:14:26:38 +0000] "GET /goods.php?detail/0920050242350 HTTP/2.0" 200 85750 "https://nfsin.com/goods.php?detail/092004921149" "Mozilla/5.0 AppleWebKit/537.36 (KHTML, like Gecko; compatible; GPTBot/1.3; +https://openai.com/gptbot)"
74.7.243.236 - - [18/Mar/2026:14:26:54 +0000] "GET /goods.php?detail/23303965688269 HTTP/2.0" 200 86560 "https://nfsin.com/goods.php?detail/233021721422" "Mozilla/5.0 AppleWebKit/537.36 (KHTML, like Gecko; compatible; GPTBot/1.3; +https://openai.com/gptbot)"
204.12.208.18 - - [18/Mar/2026:14:27:04 +0000] "GET /wp-includes/wpf78988/edit.php HTTP/1.1" 200 26 "https://nfsin.com/wp-includes/wpf78988/edit.php" "Mozilla/5.0 (Macintosh; Intel Mac OS X 10_6_8) AppleWebKit/534.57.2 (KHTML, like Gecko) Version/5.1.7 Safari/534.57.2"
74.7.243.236 - - [18/Mar/2026:14:27:10 +0000] "GET /goods.php?detail/267002424577 HTTP/2.0" 200 87370 "https://nfsin.com/goods.php?detail/233021721422" "Mozilla/5.0 AppleWebKit/537.36 (KHTML, like Gecko; compatible; GPTBot/1.3; +https://openai.com/gptbot)"
74.7.243.236 - - [18/Mar/2026:14:27:30 +0000] "GET /goods.php??c=xot89md21436xzonbr HTTP/2.0" 200 85513 "https://nfsin.com/goods.php?pcmypage?callback=product%2Fdetail%2Fm26831185696" "Mozilla/5.0 AppleWebKit/537.36 (KHTML, like Gecko; compatible; GPTBot/1.3; +https://openai.com/gptbot)"
74.7.243.236 - - [18/Mar/2026:14:27:45 +0000] "GET /goods.php?detail/279041879064 HTTP/2.0" 200 86172 "https://nfsin.com/goods.php?detail/300030647468" "Mozilla/5.0 AppleWebKit/537.36 (KHTML, like Gecko; compatible; GPTBot/1.3; +https://openai.com/gptbot)"
74.7.243.236 - - [18/Mar/2026:14:28:00 +0000] "GET /goods.php?detail/054012041208 HTTP/2.0" 200 87222 "https://nfsin.com/goods.php?detail/108010059387" "Mozilla/5.0 AppleWebKit/537.36 (KHTML, like Gecko; compatible; GPTBot/1.3; +https://openai.com/gptbot)"
204.12.208.18 - - [18/Mar/2026:14:26:44 +0000] "GET /wp-includes/wpf78988/edit.php HTTP/1.1" 200 20 "https://nfsin.com/wp-includes/wpf78988/edit.php" "Mozilla/4.0 (compatible; MSIE 7.0; Windows NT 5.1; SV1; .NET CLR 1.0.3705; .NET CLR 2.0.50727; .NET CLR 1.1.4322)"
74.7.243.236 - - [18/Mar/2026:14:28:14 +0000] "GET /goods.php?detail/1080037343004 HTTP/2.0" 200 86416 "https://nfsin.com/goods.php?detail/108010059387" "Mozilla/5.0 AppleWebKit/537.36 (KHTML, like Gecko; compatible; GPTBot/1.3; +https://openai.com/gptbot)"
74.7.243.236 - - [18/Mar/2026:14:28:28 +0000] "GET /goods.php?detail/279022290281 HTTP/2.0" 200 86091 "https://nfsin.com/goods.php?detail/092004921149" "Mozilla/5.0 AppleWebKit/537.36 (KHTML, like Gecko; compatible; GPTBot/1.3; +https://openai.com/gptbot)"
74.7.243.236 - - [18/Mar/2026:14:28:42 +0000] "GET /goods.php?detail/140000967110 HTTP/2.0" 200 85210 "https://nfsin.com/goods.php?detail/140001116979" "Mozilla/5.0 AppleWebKit/537.36 (KHTML, like Gecko; compatible; GPTBot/1.3; +https://openai.com/gptbot)"
74.7.243.236 - - [18/Mar/2026:14:28:55 +0000] "GET /goods.php??e=mndw62bc681zbouqejn HTTP/2.0" 200 85718 "https://nfsin.com/goods.php??p=wzya62cpxl587gnmcfi" "Mozilla/5.0 AppleWebKit/537.36 (KHTML, like Gecko; compatible; GPTBot/1.3; +https://openai.com/gptbot)"
74.7.243.236 - - [18/Mar/2026:14:29:09 +0000] "GET /goods.php?goods/046040774 HTTP/2.0" 200 85470 "https://nfsin.com/goods.php?detail/0460407747143" "Mozilla/5.0 AppleWebKit/537.36 (KHTML, like Gecko; compatible; GPTBot/1.3; +https://openai.com/gptbot)"
74.7.243.236 - - [18/Mar/2026:14:29:26 +0000] "GET /goods.php??q=ytvs62t717eiqket HTTP/2.0" 200 86304 "https://nfsin.com/goods.php??p=wzya62cpxl587gnmcfi" "Mozilla/5.0 AppleWebKit/537.36 (KHTML, like Gecko; compatible; GPTBot/1.3; +https://openai.com/gptbot)"
74.7.243.236 - - [18/Mar/2026:14:29:43 +0000] "GET /goods.php??o=xgt62ix665wuwitjbc HTTP/2.0" 200 86568 "https://nfsin.com/goods.php??p=wzya62cpxl587gnmcfi" "Mozilla/5.0 AppleWebKit/537.36 (KHTML, like Gecko; compatible; GPTBot/1.3; +https://openai.com/gptbot)"
69.197.179.242 - - [18/Mar/2026:14:28:16 +0000] "GET /wp-includes/wpf78988/edit.php?id=545071 HTTP/1.1" 200 20 "https://nfsin.com/wp-includes/wpf78988/edit.php?id=545071" "Mozilla/5.0 (Windows NT 10.0; Win64; x64) AppleWebKit/537.36 (KHTML, like Gecko) Chrome/58.0.3029.110 Safari/537.3"
74.7.243.236 - - [18/Mar/2026:14:29:58 +0000] "GET /goods.php?detail/238038991354 HTTP/2.0" 200 85614 "https://nfsin.com/goods.php?detail/0460407747143" "Mozilla/5.0 AppleWebKit/537.36 (KHTML, like Gecko; compatible; GPTBot/1.3; +https://openai.com/gptbot)"
74.7.243.236 - - [18/Mar/2026:14:30:16 +0000] "GET /goods.php??j=yqcq192h89nxuxhu HTTP/2.0" 200 87040 "https://nfsin.com/goods.php??c=xot89md21436xzonbr" "Mozilla/5.0 AppleWebKit/537.36 (KHTML, like Gecko; compatible; GPTBot/1.3; +https://openai.com/gptbot)"
74.7.243.236 - - [18/Mar/2026:14:30:31 +0000] "GET /goods.php??k=ejghf62v703azmjsbsw HTTP/2.0" 200 86881 "https://nfsin.com/goods.php??p=wzya62cpxl587gnmcfi" "Mozilla/5.0 AppleWebKit/537.36 (KHTML, like Gecko; compatible; GPTBot/1.3; +https://openai.com/gptbot)"
74.7.243.236 - - [18/Mar/2026:14:30:46 +0000] "GET /goods.php?detail/054000251049 HTTP/2.0" 200 86050 "https://nfsin.com/goods.php?detail/054012041208" "Mozilla/5.0 AppleWebKit/537.36 (KHTML, like Gecko; compatible; GPTBot/1.3; +https://openai.com/gptbot)"
74.7.243.236 - - [18/Mar/2026:14:31:00 +0000] "GET /goods.php?detail/064007350600 HTTP/2.0" 200 85990 "https://nfsin.com/goods.php?detail/1080037343004" "Mozilla/5.0 AppleWebKit/537.36 (KHTML, like Gecko; compatible; GPTBot/1.3; +https://openai.com/gptbot)"
69.197.179.242 - - [18/Mar/2026:14:29:48 +0000] "GET /wp-includes/wpf78988/edit.php?id=545071 HTTP/1.1" 200 20 "https://nfsin.com/wp-includes/wpf78988/edit.php?id=545071" "Mozilla/5.0 (Windows NT 10.0; Win64; x64) AppleWebKit/537.36 (KHTML, like Gecko) Chrome/58.0.3029.110 Safari/537.3"
74.7.243.236 - - [18/Mar/2026:14:31:15 +0000] "GET /goods.php?detail/136022339203 HTTP/2.0" 200 85851 "https://nfsin.com/goods.php?detail/267002424577" "Mozilla/5.0 AppleWebKit/537.36 (KHTML, like Gecko; compatible; GPTBot/1.3; +https://openai.com/gptbot)"
74.7.243.236 - - [18/Mar/2026:14:31:31 +0000] "GET /goods.php?detail/140001316449 HTTP/2.0" 200 86289 "https://nfsin.com/goods.php?detail/140000967110" "Mozilla/5.0 AppleWebKit/537.36 (KHTML, like Gecko; compatible; GPTBot/1.3; +https://openai.com/gptbot)"
74.7.243.236 - - [18/Mar/2026:14:31:45 +0000] "GET /goods.php??p=xmc62m917npfvrdpoh HTTP/2.0" 200 85660 "https://nfsin.com/goods.php??e=mndw62bc681zbouqejn" "Mozilla/5.0 AppleWebKit/537.36 (KHTML, like Gecko; compatible; GPTBot/1.3; +https://openai.com/gptbot)"
74.7.243.236 - - [18/Mar/2026:14:32:00 +0000] "GET /goods.php?goods/096040738 HTTP/2.0" 200 85590 "https://nfsin.com/goods.php?goods/046040774" "Mozilla/5.0 AppleWebKit/537.36 (KHTML, like Gecko; compatible; GPTBot/1.3; +https://openai.com/gptbot)"
74.7.243.236 - - [18/Mar/2026:14:32:16 +0000] "GET /goods.php??e=zagm87v30612yhnbgzpu HTTP/2.0" 200 86261 "https://nfsin.com/goods.php??q=ytvs62t717eiqket" "Mozilla/5.0 AppleWebKit/537.36 (KHTML, like Gecko; compatible; GPTBot/1.3; +https://openai.com/gptbot)"
74.7.243.236 - - [18/Mar/2026:14:32:33 +0000] "GET /goods.php?detail/069047695654 HTTP/2.0" 200 85852 "https://nfsin.com/goods.php?detail/140000967110" "Mozilla/5.0 AppleWebKit/537.36 (KHTML, like Gecko; compatible; GPTBot/1.3; +https://openai.com/gptbot)"
69.197.179.242 - - [18/Mar/2026:14:31:18 +0000] "GET /wp-includes/wpf78988/edit.php?id=545071 HTTP/1.1" 200 20 "https://nfsin.com/wp-includes/wpf78988/edit.php?id=545071" "Mozilla/5.0 (Windows NT 10.0; Win64; x64) AppleWebKit/537.36 (KHTML, like Gecko) Chrome/58.0.3029.110 Safari/537.3"
74.7.243.236 - - [18/Mar/2026:14:32:54 +0000] "GET /goods.php?detail/279006470864 HTTP/2.0" 200 86984 "https://nfsin.com/goods.php?detail/279022290281" "Mozilla/5.0 AppleWebKit/537.36 (KHTML, like Gecko; compatible; GPTBot/1.3; +https://openai.com/gptbot)"
74.7.243.236 - - [18/Mar/2026:14:33:14 +0000] "GET /goods.php?detail/0920035909960 HTTP/2.0" 200 85886 "https://nfsin.com/goods.php?detail/0920050242350" "Mozilla/5.0 AppleWebKit/537.36 (KHTML, like Gecko; compatible; GPTBot/1.3; +https://openai.com/gptbot)"
74.7.243.236 - - [18/Mar/2026:14:33:30 +0000] "GET /goods.php??x=qizd62yvt723ykzmpn HTTP/2.0" 200 85740 "https://nfsin.com/goods.php??k=ejghf62v703azmjsbsw" "Mozilla/5.0 AppleWebKit/537.36 (KHTML, like Gecko; compatible; GPTBot/1.3; +https://openai.com/gptbot)"
74.7.243.236 - - [18/Mar/2026:14:33:45 +0000] "GET /goods.php?detail/178030000358 HTTP/2.0" 200 85799 "https://nfsin.com/goods.php?detail/279022290281" "Mozilla/5.0 AppleWebKit/537.36 (KHTML, like Gecko; compatible; GPTBot/1.3; +https://openai.com/gptbot)"
74.7.243.236 - - [18/Mar/2026:14:34:03 +0000] "GET /goods.php?detail/064001132137 HTTP/2.0" 200 87154 "https://nfsin.com/goods.php?detail/064007350600" "Mozilla/5.0 AppleWebKit/537.36 (KHTML, like Gecko; compatible; GPTBot/1.3; +https://openai.com/gptbot)"
69.197.179.242 - - [18/Mar/2026:14:32:48 +0000] "GET /wp-includes/wpf78988/edit.php?id=545071 HTTP/1.1" 200 20 "https://nfsin.com/wp-includes/wpf78988/edit.php?id=545071" "Mozilla/5.0 (Windows NT 10.0; Win64; x64) AppleWebKit/537.36 (KHTML, like Gecko) Chrome/58.0.3029.110 Safari/537.3"
74.7.243.236 - - [18/Mar/2026:14:34:24 +0000] "GET /goods.php?detail/1260097906019 HTTP/2.0" 200 85682 "https://nfsin.com/goods.php?detail/126033028309" "Mozilla/5.0 AppleWebKit/537.36 (KHTML, like Gecko; compatible; GPTBot/1.3; +https://openai.com/gptbot)"
74.7.243.236 - - [18/Mar/2026:14:34:38 +0000] "GET /goods.php?detail/0780110630187 HTTP/2.0" 200 85753 "https://nfsin.com/goods.php?detail/078007684549" "Mozilla/5.0 AppleWebKit/537.36 (KHTML, like Gecko; compatible; GPTBot/1.3; +https://openai.com/gptbot)"
74.7.243.236 - - [18/Mar/2026:14:34:53 +0000] "GET /goods.php??v=jaa43nn34038rmahvnvw HTTP/2.0" 200 85584 "https://nfsin.com/goods.php??o=xgt62ix665wuwitjbc" "Mozilla/5.0 AppleWebKit/537.36 (KHTML, like Gecko; compatible; GPTBot/1.3; +https://openai.com/gptbot)"
74.7.243.236 - - [18/Mar/2026:14:35:11 +0000] "GET /goods.php?detail/096013133371 HTTP/2.0" 200 85452 "https://nfsin.com/goods.php?goods/096040738" "Mozilla/5.0 AppleWebKit/537.36 (KHTML, like Gecko; compatible; GPTBot/1.3; +https://openai.com/gptbot)"
74.7.243.236 - - [18/Mar/2026:14:35:26 +0000] "GET /goods.php?detail/030002762281 HTTP/2.0" 200 85962 "https://nfsin.com/goods.php?detail/030034431043" "Mozilla/5.0 AppleWebKit/537.36 (KHTML, like Gecko; compatible; GPTBot/1.3; +https://openai.com/gptbot)"
74.7.243.236 - - [18/Mar/2026:14:35:38 +0000] "GET /goods.php?detail/170009757376 HTTP/2.0" 200 86157 "https://nfsin.com/goods.php?detail/0460407747143" "Mozilla/5.0 AppleWebKit/537.36 (KHTML, like Gecko; compatible; GPTBot/1.3; +https://openai.com/gptbot)"
69.197.179.242 - - [18/Mar/2026:14:34:18 +0000] "GET /wp-includes/wpf78988/edit.php?id=545071 HTTP/1.1" 200 20 "https://nfsin.com/wp-includes/wpf78988/edit.php?id=545071" "Mozilla/5.0 (Windows NT 10.0; Win64; x64) AppleWebKit/537.36 (KHTML, like Gecko) Chrome/58.0.3029.110 Safari/537.3"
74.7.243.236 - - [18/Mar/2026:14:35:50 +0000] "GET /goods.php?detail/300036661545 HTTP/2.0" 200 86098 "https://nfsin.com/goods.php?detail/300030647468" "Mozilla/5.0 AppleWebKit/537.36 (KHTML, like Gecko; compatible; GPTBot/1.3; +https://openai.com/gptbot)"
74.7.243.236 - - [18/Mar/2026:14:36:06 +0000] "GET /goods.php?detail/236039480378 HTTP/2.0" 200 85786 "https://nfsin.com/goods.php?detail/0920035909960" "Mozilla/5.0 AppleWebKit/537.36 (KHTML, like Gecko; compatible; GPTBot/1.3; +https://openai.com/gptbot)"
74.7.243.236 - - [18/Mar/2026:14:36:21 +0000] "GET /goods.php?products/of/q126027358 HTTP/2.0" 200 87220 "https://nfsin.com/goods.php??x=qizd62yvt723ykzmpn" "Mozilla/5.0 AppleWebKit/537.36 (KHTML, like Gecko; compatible; GPTBot/1.3; +https://openai.com/gptbot)"
74.7.243.236 - - [18/Mar/2026:14:36:34 +0000] "GET /goods.php?goods/089001434 HTTP/2.0" 200 85470 "https://nfsin.com/goods.php?detail/178030000358" "Mozilla/5.0 AppleWebKit/537.36 (KHTML, like Gecko; compatible; GPTBot/1.3; +https://openai.com/gptbot)"
74.7.243.236 - - [18/Mar/2026:14:36:46 +0000] "GET /goods.php?product/edit/m73716425810 HTTP/2.0" 200 86275 "https://nfsin.com/goods.php?detail/064001132137" "Mozilla/5.0 AppleWebKit/537.36 (KHTML, like Gecko; compatible; GPTBot/1.3; +https://openai.com/gptbot)"
74.7.243.236 - - [18/Mar/2026:14:36:59 +0000] "GET /goods.php?detail/159038152998 HTTP/2.0" 200 86061 "https://nfsin.com/goods.php?detail/178030000358" "Mozilla/5.0 AppleWebKit/537.36 (KHTML, like Gecko; compatible; GPTBot/1.3; +https://openai.com/gptbot)"
74.7.243.236 - - [18/Mar/2026:14:37:15 +0000] "GET /goods.php?detail/162024658816 HTTP/2.0" 200 87062 "https://nfsin.com/goods.php?detail/0920035909960" "Mozilla/5.0 AppleWebKit/537.36 (KHTML, like Gecko; compatible; GPTBot/1.3; +https://openai.com/gptbot)"
69.197.179.242 - - [18/Mar/2026:14:35:48 +0000] "GET /wp-includes/wpf78988/edit.php?id=545071 HTTP/1.1" 200 20 "https://nfsin.com/wp-includes/wpf78988/edit.php?id=545071" "Mozilla/5.0 (Windows NT 10.0; Win64; x64) AppleWebKit/537.36 (KHTML, like Gecko) Chrome/58.0.3029.110 Safari/537.3"
74.7.243.236 - - [18/Mar/2026:14:37:32 +0000] "GET /goods.php??z=cwt43u7296nklbxokfy HTTP/2.0" 200 86306 "https://nfsin.com/goods.php??v=jaa43nn34038rmahvnvw" "Mozilla/5.0 AppleWebKit/537.36 (KHTML, like Gecko; compatible; GPTBot/1.3; +https://openai.com/gptbot)"
74.7.243.236 - - [18/Mar/2026:14:37:46 +0000] "GET /goods.php??t=hej43e8352dcfzzhjw HTTP/2.0" 200 86095 "https://nfsin.com/goods.php??v=jaa43nn34038rmahvnvw" "Mozilla/5.0 AppleWebKit/537.36 (KHTML, like Gecko; compatible; GPTBot/1.3; +https://openai.com/gptbot)"
74.7.243.236 - - [18/Mar/2026:14:37:57 +0000] "GET /goods.php?detail/047030703181 HTTP/2.0" 200 84985 "https://nfsin.com/goods.php?detail/030002762281" "Mozilla/5.0 AppleWebKit/537.36 (KHTML, like Gecko; compatible; GPTBot/1.3; +https://openai.com/gptbot)"
74.7.243.236 - - [18/Mar/2026:14:38:10 +0000] "GET /goods.php?detail/030002359494 HTTP/2.0" 200 85921 "https://nfsin.com/goods.php?detail/030002762281" "Mozilla/5.0 AppleWebKit/537.36 (KHTML, like Gecko; compatible; GPTBot/1.3; +https://openai.com/gptbot)"
74.7.243.236 - - [18/Mar/2026:14:38:24 +0000] "GET /goods.php?detail/075011634040 HTTP/2.0" 200 86602 "https://nfsin.com/goods.php?detail/030002762281" "Mozilla/5.0 AppleWebKit/537.36 (KHTML, like Gecko; compatible; GPTBot/1.3; +https://openai.com/gptbot)"
74.7.243.236 - - [18/Mar/2026:14:38:36 +0000] "GET /goods.php?goods/236039480 HTTP/2.0" 200 85804 "https://nfsin.com/goods.php?detail/236039480378" "Mozilla/5.0 AppleWebKit/537.36 (KHTML, like Gecko; compatible; GPTBot/1.3; +https://openai.com/gptbot)"
