74.7.243.236 - - [18/Mar/2026:04:24:11 +0000] "GET /goods.php?detail/248018898271 HTTP/2.0" 200 85615 "https://nfsin.com/goods.php?detail/079014263063" "Mozilla/5.0 AppleWebKit/537.36 (KHTML, like Gecko; compatible; GPTBot/1.3; +https://openai.com/gptbot)"
69.197.179.242 - - [18/Mar/2026:04:22:48 +0000] "GET /wp-includes/wpf78988/edit.php?id=545071 HTTP/1.1" 200 20 "https://nfsin.com/wp-includes/wpf78988/edit.php?id=545071" "Mozilla/5.0 (Windows NT 10.0; Win64; x64) AppleWebKit/537.36 (KHTML, like Gecko) Chrome/58.0.3029.110 Safari/537.3"
74.7.243.236 - - [18/Mar/2026:04:24:32 +0000] "GET /goods.php?detail/107011567481 HTTP/2.0" 200 86094 "https://nfsin.com/goods.php?detail/079038751079" "Mozilla/5.0 AppleWebKit/537.36 (KHTML, like Gecko; compatible; GPTBot/1.3; +https://openai.com/gptbot)"
74.7.243.236 - - [18/Mar/2026:04:24:51 +0000] "GET /goods.php?jp/050000297.html HTTP/2.0" 200 86438 "https://nfsin.com/goods.php?detail/050034151524" "Mozilla/5.0 AppleWebKit/537.36 (KHTML, like Gecko; compatible; GPTBot/1.3; +https://openai.com/gptbot)"
74.7.243.236 - - [18/Mar/2026:04:25:08 +0000] "GET /goods.php?detail/101019029320 HTTP/2.0" 200 86214 "https://nfsin.com/goods.php?detail/050034151524" "Mozilla/5.0 AppleWebKit/537.36 (KHTML, like Gecko; compatible; GPTBot/1.3; +https://openai.com/gptbot)"
198.244.168.70 - - [18/Mar/2026:04:25:10 +0000] "GET /wp-includes/abilities-api.php HTTP/2.0" 404 15598 "-" "Mozilla/5.0 (compatible; AhrefsBot/7.0; +http://ahrefs.com/robot/)"
139.162.194.112 - - [18/Mar/2026:04:25:17 +0000] "POST /wp-cron.php?doing_wp_cron=1773807917.3765521049499511718750 HTTP/1.1" 404 15598 "-" "WordPress/6.9.1; https://nfsin.com"
74.7.243.236 - - [18/Mar/2026:04:25:20 +0000] "GET /goods.php?detail/280002672884 HTTP/2.0" 200 86188 "https://nfsin.com/goods.php?detail/280011207892" "Mozilla/5.0 AppleWebKit/537.36 (KHTML, like Gecko; compatible; GPTBot/1.3; +https://openai.com/gptbot)"
74.7.243.236 - - [18/Mar/2026:04:25:35 +0000] "GET /goods.php?detail/280002670939 HTTP/2.0" 200 85862 "https://nfsin.com/goods.php?detail/280011207892" "Mozilla/5.0 AppleWebKit/537.36 (KHTML, like Gecko; compatible; GPTBot/1.3; +https://openai.com/gptbot)"
69.197.179.242 - - [18/Mar/2026:04:24:23 +0000] "GET /wp-includes/wpf78988/edit.php?id=545071 HTTP/1.1" 200 20 "https://nfsin.com/wp-includes/wpf78988/edit.php?id=545071" "Mozilla/5.0 (Windows NT 10.0; Win64; x64) AppleWebKit/537.36 (KHTML, like Gecko) Chrome/58.0.3029.110 Safari/537.3"
74.7.243.236 - - [18/Mar/2026:04:25:51 +0000] "GET /goods.php?detail/047008579773 HTTP/2.0" 200 86706 "https://nfsin.com/goods.php?detail/047000759279" "Mozilla/5.0 AppleWebKit/537.36 (KHTML, like Gecko; compatible; GPTBot/1.3; +https://openai.com/gptbot)"
74.7.243.236 - - [18/Mar/2026:04:26:04 +0000] "GET /goods.php?detail/155039806128 HTTP/2.0" 200 85679 "https://nfsin.com/goods.php?detail/155046715920" "Mozilla/5.0 AppleWebKit/537.36 (KHTML, like Gecko; compatible; GPTBot/1.3; +https://openai.com/gptbot)"
74.7.243.236 - - [18/Mar/2026:04:26:19 +0000] "GET /goods.php?detail/011001270133 HTTP/2.0" 200 86912 "https://nfsin.com/goods.php?detail/011005351641" "Mozilla/5.0 AppleWebKit/537.36 (KHTML, like Gecko; compatible; GPTBot/1.3; +https://openai.com/gptbot)"
74.7.243.236 - - [18/Mar/2026:04:26:31 +0000] "GET /goods.php?detail/161024030330 HTTP/2.0" 200 86530 "https://nfsin.com/goods.php?detail/011005351641" "Mozilla/5.0 AppleWebKit/537.36 (KHTML, like Gecko; compatible; GPTBot/1.3; +https://openai.com/gptbot)"
74.7.243.236 - - [18/Mar/2026:04:26:46 +0000] "GET /goods.php?detail/112010340556 HTTP/2.0" 200 85506 "https://nfsin.com/goods.php?detail/010007891667" "Mozilla/5.0 AppleWebKit/537.36 (KHTML, like Gecko; compatible; GPTBot/1.3; +https://openai.com/gptbot)"
74.7.243.236 - - [18/Mar/2026:04:27:02 +0000] "GET /goods.php?detail/264008368818 HTTP/2.0" 200 85790 "https://nfsin.com/goods.php?detail/264011478928" "Mozilla/5.0 AppleWebKit/537.36 (KHTML, like Gecko; compatible; GPTBot/1.3; +https://openai.com/gptbot)"
74.7.243.236 - - [18/Mar/2026:04:27:23 +0000] "GET /goods.php?detail/1070435503796 HTTP/2.0" 200 85574 "https://nfsin.com/goods.php?detail/107011567481" "Mozilla/5.0 AppleWebKit/537.36 (KHTML, like Gecko; compatible; GPTBot/1.3; +https://openai.com/gptbot)"
69.197.179.242 - - [18/Mar/2026:04:25:56 +0000] "GET /wp-includes/wpf78988/edit.php?id=545071 HTTP/1.1" 200 20 "https://nfsin.com/wp-includes/wpf78988/edit.php?id=545071" "Mozilla/5.0 (Windows NT 10.0; Win64; x64) AppleWebKit/537.36 (KHTML, like Gecko) Chrome/58.0.3029.110 Safari/537.3"
74.7.243.236 - - [18/Mar/2026:04:27:42 +0000] "GET /goods.php?goods/007003613 HTTP/2.0" 200 85981 "https://nfsin.com/goods.php?detail/107011567481" "Mozilla/5.0 AppleWebKit/537.36 (KHTML, like Gecko; compatible; GPTBot/1.3; +https://openai.com/gptbot)"
74.7.243.236 - - [18/Mar/2026:04:27:56 +0000] "GET /goods.php?detail/101000901639 HTTP/2.0" 200 86027 "https://nfsin.com/goods.php?detail/101019029320" "Mozilla/5.0 AppleWebKit/537.36 (KHTML, like Gecko; compatible; GPTBot/1.3; +https://openai.com/gptbot)"
74.7.243.236 - - [18/Mar/2026:04:28:14 +0000] "GET /goods.php?detail/050000297820 HTTP/2.0" 200 86296 "https://nfsin.com/goods.php?jp/050000297.html" "Mozilla/5.0 AppleWebKit/537.36 (KHTML, like Gecko; compatible; GPTBot/1.3; +https://openai.com/gptbot)"
74.7.243.236 - - [18/Mar/2026:04:28:30 +0000] "GET /goods.php?detail/280011823965 HTTP/2.0" 200 86299 "https://nfsin.com/goods.php?detail/280002672884" "Mozilla/5.0 AppleWebKit/537.36 (KHTML, like Gecko; compatible; GPTBot/1.3; +https://openai.com/gptbot)"
74.7.243.236 - - [18/Mar/2026:04:28:44 +0000] "GET /goods.php?goods/071044864 HTTP/2.0" 200 85744 "https://nfsin.com/goods.php?detail/047008579773" "Mozilla/5.0 AppleWebKit/537.36 (KHTML, like Gecko; compatible; GPTBot/1.3; +https://openai.com/gptbot)"
69.197.179.242 - - [18/Mar/2026:04:27:29 +0000] "GET /wp-includes/wpf78988/edit.php?id=545071 HTTP/1.1" 200 20 "https://nfsin.com/wp-includes/wpf78988/edit.php?id=545071" "Mozilla/5.0 (Windows NT 10.0; Win64; x64) AppleWebKit/537.36 (KHTML, like Gecko) Chrome/58.0.3029.110 Safari/537.3"
74.7.243.236 - - [18/Mar/2026:04:29:02 +0000] "GET /goods.php?detail/1550013137513 HTTP/2.0" 200 86231 "https://nfsin.com/goods.php?detail/155039806128" "Mozilla/5.0 AppleWebKit/537.36 (KHTML, like Gecko; compatible; GPTBot/1.3; +https://openai.com/gptbot)"
74.7.243.236 - - [18/Mar/2026:04:29:16 +0000] "GET /goods.php?pcmypage?callback=/product%2Fdetail%2m14493552691 HTTP/2.0" 200 85826 "https://nfsin.com/goods.php?detail/011001270133" "Mozilla/5.0 AppleWebKit/537.36 (KHTML, like Gecko; compatible; GPTBot/1.3; +https://openai.com/gptbot)"
74.7.243.236 - - [18/Mar/2026:04:29:27 +0000] "GET /goods.php?goods/277007232 HTTP/2.0" 200 85286 "https://nfsin.com/goods.php?detail/011001270133" "Mozilla/5.0 AppleWebKit/537.36 (KHTML, like Gecko; compatible; GPTBot/1.3; +https://openai.com/gptbot)"
74.7.243.236 - - [18/Mar/2026:04:29:41 +0000] "GET /goods.php?detail/140040499138 HTTP/2.0" 200 85946 "https://nfsin.com/goods.php?detail/112010340556" "Mozilla/5.0 AppleWebKit/537.36 (KHTML, like Gecko; compatible; GPTBot/1.3; +https://openai.com/gptbot)"
74.7.243.236 - - [18/Mar/2026:04:29:55 +0000] "GET /goods.php?detail/264006481862 HTTP/2.0" 200 85833 "https://nfsin.com/goods.php?detail/264008368818" "Mozilla/5.0 AppleWebKit/537.36 (KHTML, like Gecko; compatible; GPTBot/1.3; +https://openai.com/gptbot)"
74.7.243.236 - - [18/Mar/2026:04:30:12 +0000] "GET /goods.php?detail/300046187660 HTTP/2.0" 200 85750 "https://nfsin.com/goods.php?detail/112010340556" "Mozilla/5.0 AppleWebKit/537.36 (KHTML, like Gecko; compatible; GPTBot/1.3; +https://openai.com/gptbot)"
74.7.243.236 - - [18/Mar/2026:04:30:26 +0000] "GET /goods.php?detail/007004124455 HTTP/2.0" 200 85953 "https://nfsin.com/goods.php?goods/007003613" "Mozilla/5.0 AppleWebKit/537.36 (KHTML, like Gecko; compatible; GPTBot/1.3; +https://openai.com/gptbot)"
69.197.179.242 - - [18/Mar/2026:04:29:00 +0000] "GET /wp-includes/wpf78988/edit.php?id=545071 HTTP/1.1" 200 20 "https://nfsin.com/wp-includes/wpf78988/edit.php?id=545071" "Mozilla/5.0 (Windows NT 10.0; Win64; x64) AppleWebKit/537.36 (KHTML, like Gecko) Chrome/58.0.3029.110 Safari/537.3"
74.7.243.236 - - [18/Mar/2026:04:30:37 +0000] "GET /goods.php?detail/047006445310 HTTP/2.0" 200 85752 "https://nfsin.com/goods.php?detail/047008579773" "Mozilla/5.0 AppleWebKit/537.36 (KHTML, like Gecko; compatible; GPTBot/1.3; +https://openai.com/gptbot)"
74.7.243.236 - - [18/Mar/2026:04:30:51 +0000] "GET /goods.php?detail/004009768861 HTTP/2.0" 200 85479 "https://nfsin.com/goods.php?detail/050000297820" "Mozilla/5.0 AppleWebKit/537.36 (KHTML, like Gecko; compatible; GPTBot/1.3; +https://openai.com/gptbot)"
74.7.243.236 - - [18/Mar/2026:04:31:05 +0000] "GET /goods.php?detail/008028114283 HTTP/2.0" 200 86182 "https://nfsin.com/goods.php?detail/280011823965" "Mozilla/5.0 AppleWebKit/537.36 (KHTML, like Gecko; compatible; GPTBot/1.3; +https://openai.com/gptbot)"
74.7.243.236 - - [18/Mar/2026:04:31:19 +0000] "GET /goods.php?detail/280015252749 HTTP/2.0" 200 86608 "https://nfsin.com/goods.php?detail/280011823965" "Mozilla/5.0 AppleWebKit/537.36 (KHTML, like Gecko; compatible; GPTBot/1.3; +https://openai.com/gptbot)"
74.7.243.236 - - [18/Mar/2026:04:31:34 +0000] "GET /goods.php?detail/147040440223 HTTP/2.0" 200 86615 "https://nfsin.com/goods.php?detail/1550013137513" "Mozilla/5.0 AppleWebKit/537.36 (KHTML, like Gecko; compatible; GPTBot/1.3; +https://openai.com/gptbot)"
74.7.243.236 - - [18/Mar/2026:04:31:49 +0000] "GET /goods.php??d=neo20tu9zphzgm HTTP/2.0" 200 85778 "https://nfsin.com/goods.php?pcmypage?callback=/product%2Fdetail%2m14493552691" "Mozilla/5.0 AppleWebKit/537.36 (KHTML, like Gecko; compatible; GPTBot/1.3; +https://openai.com/gptbot)"
69.197.179.242 - - [18/Mar/2026:04:30:33 +0000] "GET /wp-includes/wpf78988/edit.php?id=545071 HTTP/1.1" 200 20 "https://nfsin.com/wp-includes/wpf78988/edit.php?id=545071" "Mozilla/5.0 (Windows NT 10.0; Win64; x64) AppleWebKit/537.36 (KHTML, like Gecko) Chrome/58.0.3029.110 Safari/537.3"
74.7.243.236 - - [18/Mar/2026:04:32:05 +0000] "GET /goods.php?detail/277007232974 HTTP/2.0" 200 85284 "https://nfsin.com/goods.php?goods/277007232" "Mozilla/5.0 AppleWebKit/537.36 (KHTML, like Gecko; compatible; GPTBot/1.3; +https://openai.com/gptbot)"
74.7.243.236 - - [18/Mar/2026:04:32:22 +0000] "GET /goods.php?detail/1550252434242 HTTP/2.0" 200 86173 "https://nfsin.com/goods.php?detail/1550013137513" "Mozilla/5.0 AppleWebKit/537.36 (KHTML, like Gecko; compatible; GPTBot/1.3; +https://openai.com/gptbot)"
74.7.243.236 - - [18/Mar/2026:04:32:38 +0000] "GET /goods.php?detail/179003027938 HTTP/2.0" 200 86139 "https://nfsin.com/goods.php?detail/264006481862" "Mozilla/5.0 AppleWebKit/537.36 (KHTML, like Gecko; compatible; GPTBot/1.3; +https://openai.com/gptbot)"
74.7.243.236 - - [18/Mar/2026:04:32:52 +0000] "GET /goods.php?detail/140000583020 HTTP/2.0" 200 86211 "https://nfsin.com/goods.php?detail/140040499138" "Mozilla/5.0 AppleWebKit/537.36 (KHTML, like Gecko; compatible; GPTBot/1.3; +https://openai.com/gptbot)"
74.7.243.236 - - [18/Mar/2026:04:33:07 +0000] "GET /goods.php?detail/300012661882 HTTP/2.0" 200 85606 "https://nfsin.com/goods.php?detail/300046187660" "Mozilla/5.0 AppleWebKit/537.36 (KHTML, like Gecko; compatible; GPTBot/1.3; +https://openai.com/gptbot)"
74.7.243.236 - - [18/Mar/2026:04:33:27 +0000] "GET /goods.php?detail/047006006859 HTTP/2.0" 200 85823 "https://nfsin.com/goods.php?detail/047006445310" "Mozilla/5.0 AppleWebKit/537.36 (KHTML, like Gecko; compatible; GPTBot/1.3; +https://openai.com/gptbot)"
69.197.179.242 - - [18/Mar/2026:04:32:03 +0000] "GET /wp-includes/wpf78988/edit.php?id=545071 HTTP/1.1" 200 20 "https://nfsin.com/wp-includes/wpf78988/edit.php?id=545071" "Mozilla/5.0 (Windows NT 10.0; Win64; x64) AppleWebKit/537.36 (KHTML, like Gecko) Chrome/58.0.3029.110 Safari/537.3"
74.7.243.236 - - [18/Mar/2026:04:33:44 +0000] "GET /goods.php?detail/264000621307 HTTP/2.0" 200 85916 "https://nfsin.com/goods.php?detail/264006481862" "Mozilla/5.0 AppleWebKit/537.36 (KHTML, like Gecko; compatible; GPTBot/1.3; +https://openai.com/gptbot)"
74.7.243.236 - - [18/Mar/2026:04:33:58 +0000] "GET /goods.php?detail/008004754282 HTTP/2.0" 200 86413 "https://nfsin.com/goods.php?detail/008028114283" "Mozilla/5.0 AppleWebKit/537.36 (KHTML, like Gecko; compatible; GPTBot/1.3; +https://openai.com/gptbot)"
74.7.243.236 - - [18/Mar/2026:04:34:10 +0000] "GET /goods.php?detail/108003566602 HTTP/2.0" 200 85911 "https://nfsin.com/goods.php?detail/004009768861" "Mozilla/5.0 AppleWebKit/537.36 (KHTML, like Gecko; compatible; GPTBot/1.3; +https://openai.com/gptbot)"
74.7.243.236 - - [18/Mar/2026:04:34:28 +0000] "GET /goods.php?detail/147000112729 HTTP/2.0" 200 85997 "https://nfsin.com/goods.php?detail/147040440223" "Mozilla/5.0 AppleWebKit/537.36 (KHTML, like Gecko; compatible; GPTBot/1.3; +https://openai.com/gptbot)"
74.7.243.236 - - [18/Mar/2026:04:34:48 +0000] "GET /goods.php??j=nvmw86m2577khdole HTTP/2.0" 200 85540 "https://nfsin.com/goods.php??d=neo20tu9zphzgm" "Mozilla/5.0 AppleWebKit/537.36 (KHTML, like Gecko; compatible; GPTBot/1.3; +https://openai.com/gptbot)"
69.197.179.242 - - [18/Mar/2026:04:33:35 +0000] "GET /wp-includes/wpf78988/edit.php?id=545071 HTTP/1.1" 200 20 "https://nfsin.com/wp-includes/wpf78988/edit.php?id=545071" "Mozilla/5.0 (Windows NT 10.0; Win64; x64) AppleWebKit/537.36 (KHTML, like Gecko) Chrome/58.0.3029.110 Safari/537.3"
74.7.243.236 - - [18/Mar/2026:04:35:06 +0000] "GET /goods.php?detail/150041777244 HTTP/2.0" 200 85142 "https://nfsin.com/goods.php?detail/277007232974" "Mozilla/5.0 AppleWebKit/537.36 (KHTML, like Gecko; compatible; GPTBot/1.3; +https://openai.com/gptbot)"
74.7.243.236 - - [18/Mar/2026:04:35:21 +0000] "GET /goods.php?detail/05701691067970 HTTP/2.0" 200 86963 "https://nfsin.com/goods.php?detail/1550252434242" "Mozilla/5.0 AppleWebKit/537.36 (KHTML, like Gecko; compatible; GPTBot/1.3; +https://openai.com/gptbot)"
74.7.243.236 - - [18/Mar/2026:04:35:37 +0000] "GET /goods.php?detail/179030769302 HTTP/2.0" 200 85727 "https://nfsin.com/goods.php?detail/179003027938" "Mozilla/5.0 AppleWebKit/537.36 (KHTML, like Gecko; compatible; GPTBot/1.3; +https://openai.com/gptbot)"
51.195.215.9 - - [18/Mar/2026:04:35:45 +0000] "GET /wp-includes/?C=S;O=A HTTP/2.0" 200 869 "-" "Mozilla/5.0 (compatible; AhrefsBot/7.0; +http://ahrefs.com/robot/)"
74.7.243.236 - - [18/Mar/2026:04:35:52 +0000] "GET /goods.php?detail/264000712875 HTTP/2.0" 200 86226 "https://nfsin.com/goods.php?detail/264006481862" "Mozilla/5.0 AppleWebKit/537.36 (KHTML, like Gecko; compatible; GPTBot/1.3; +https://openai.com/gptbot)"
74.7.243.236 - - [18/Mar/2026:04:36:14 +0000] "GET /goods.php?detail/280009645414 HTTP/2.0" 200 86099 "https://nfsin.com/goods.php?detail/280015252749" "Mozilla/5.0 AppleWebKit/537.36 (KHTML, like Gecko; compatible; GPTBot/1.3; +https://openai.com/gptbot)"
74.7.243.236 - - [18/Mar/2026:04:36:27 +0000] "GET /goods.php?jp/047007007.html HTTP/2.0" 200 86978 "https://nfsin.com/goods.php?detail/047006006859" "Mozilla/5.0 AppleWebKit/537.36 (KHTML, like Gecko; compatible; GPTBot/1.3; +https://openai.com/gptbot)"
69.197.179.242 - - [18/Mar/2026:04:35:08 +0000] "GET /wp-includes/wpf78988/edit.php?id=545071 HTTP/1.1" 200 20 "https://nfsin.com/wp-includes/wpf78988/edit.php?id=545071" "Mozilla/5.0 (Windows NT 10.0; Win64; x64) AppleWebKit/537.36 (KHTML, like Gecko) Chrome/58.0.3029.110 Safari/537.3"
74.7.243.236 - - [18/Mar/2026:04:36:43 +0000] "GET /goods.php?safe_search/config?return_url=%2Fproduct%2Fdetail%2Fm66063294683 HTTP/2.0" 200 85702 "https://nfsin.com/goods.php?detail/264000621307" "Mozilla/5.0 AppleWebKit/537.36 (KHTML, like Gecko; compatible; GPTBot/1.3; +https://openai.com/gptbot)"
74.7.243.236 - - [18/Mar/2026:04:36:59 +0000] "GET /goods.php?jp/008004457.html HTTP/2.0" 200 86442 "https://nfsin.com/goods.php?detail/008004754282" "Mozilla/5.0 AppleWebKit/537.36 (KHTML, like Gecko; compatible; GPTBot/1.3; +https://openai.com/gptbot)"
74.7.243.236 - - [18/Mar/2026:04:37:14 +0000] "GET /goods.php?jp/108021444.html HTTP/2.0" 200 85416 "https://nfsin.com/goods.php?detail/108003566602" "Mozilla/5.0 AppleWebKit/537.36 (KHTML, like Gecko; compatible; GPTBot/1.3; +https://openai.com/gptbot)"
74.7.243.236 - - [18/Mar/2026:04:37:29 +0000] "GET /goods.php?detail/008004494649 HTTP/2.0" 200 86823 "https://nfsin.com/goods.php?detail/008004754282" "Mozilla/5.0 AppleWebKit/537.36 (KHTML, like Gecko; compatible; GPTBot/1.3; +https://openai.com/gptbot)"
74.7.243.236 - - [18/Mar/2026:04:37:43 +0000] "GET /goods.php?detail/018048806426 HTTP/2.0" 200 87002 "https://nfsin.com/goods.php?detail/008004754282" "Mozilla/5.0 AppleWebKit/537.36 (KHTML, like Gecko; compatible; GPTBot/1.3; +https://openai.com/gptbot)"
74.7.243.236 - - [18/Mar/2026:04:37:57 +0000] "GET /goods.php?safe_search/config?return_url=%2Fproduct%2Fdetail%2Fm33988553544 HTTP/2.0" 200 85776 "https://nfsin.com/goods.php?detail/150041777244" "Mozilla/5.0 AppleWebKit/537.36 (KHTML, like Gecko; compatible; GPTBot/1.3; +https://openai.com/gptbot)"
69.197.179.242 - - [18/Mar/2026:04:36:39 +0000] "GET /wp-includes/wpf78988/edit.php?id=545071 HTTP/1.1" 200 20 "https://nfsin.com/wp-includes/wpf78988/edit.php?id=545071" "Mozilla/5.0 (Windows NT 10.0; Win64; x64) AppleWebKit/537.36 (KHTML, like Gecko) Chrome/58.0.3029.110 Safari/537.3"
74.7.243.236 - - [18/Mar/2026:04:38:11 +0000] "GET /goods.php?detail/159047727293 HTTP/2.0" 200 85092 "https://nfsin.com/goods.php?detail/108003566602" "Mozilla/5.0 AppleWebKit/537.36 (KHTML, like Gecko; compatible; GPTBot/1.3; +https://openai.com/gptbot)"
74.7.243.236 - - [18/Mar/2026:04:38:26 +0000] "GET /goods.php?detail/171026302416 HTTP/2.0" 200 84888 "https://nfsin.com/goods.php?detail/147000112729" "Mozilla/5.0 AppleWebKit/537.36 (KHTML, like Gecko; compatible; GPTBot/1.3; +https://openai.com/gptbot)"
74.7.243.236 - - [18/Mar/2026:04:38:46 +0000] "GET /goods.php?pcmypage?callback=product/review/m55602087877 HTTP/2.0" 200 85657 "https://nfsin.com/goods.php?detail/264000712875" "Mozilla/5.0 AppleWebKit/537.36 (KHTML, like Gecko; compatible; GPTBot/1.3; +https://openai.com/gptbot)"
74.7.243.236 - - [18/Mar/2026:04:39:04 +0000] "GET /goods.php?detail/004014622424 HTTP/2.0" 200 84898 "https://nfsin.com/goods.php?detail/280009645414" "Mozilla/5.0 AppleWebKit/537.36 (KHTML, like Gecko; compatible; GPTBot/1.3; +https://openai.com/gptbot)"
74.7.243.236 - - [18/Mar/2026:04:39:19 +0000] "GET /goods.php??h=tqwec70ex4907czvnte HTTP/2.0" 200 86040 "https://nfsin.com/goods.php??j=nvmw86m2577khdole" "Mozilla/5.0 AppleWebKit/537.36 (KHTML, like Gecko; compatible; GPTBot/1.3; +https://openai.com/gptbot)"
74.7.243.236 - - [18/Mar/2026:04:39:34 +0000] "GET /goods.php?detail/183040278309 HTTP/2.0" 200 85231 "https://nfsin.com/goods.php?detail/264000712875" "Mozilla/5.0 AppleWebKit/537.36 (KHTML, like Gecko; compatible; GPTBot/1.3; +https://openai.com/gptbot)"
69.197.179.242 - - [18/Mar/2026:04:38:13 +0000] "GET /wp-includes/wpf78988/edit.php?id=545071 HTTP/1.1" 200 20 "https://nfsin.com/wp-includes/wpf78988/edit.php?id=545071" "Mozilla/5.0 (Windows NT 10.0; Win64; x64) AppleWebKit/537.36 (KHTML, like Gecko) Chrome/58.0.3029.110 Safari/537.3"
74.7.243.236 - - [18/Mar/2026:04:39:51 +0000] "GET /goods.php?detail/280009956483 HTTP/2.0" 200 85759 "https://nfsin.com/goods.php?detail/280009645414" "Mozilla/5.0 AppleWebKit/537.36 (KHTML, like Gecko; compatible; GPTBot/1.3; +https://openai.com/gptbot)"
74.7.243.236 - - [18/Mar/2026:04:40:09 +0000] "GET /goods.php?detail/108021444204 HTTP/2.0" 200 85552 "https://nfsin.com/goods.php?jp/108021444.html" "Mozilla/5.0 AppleWebKit/537.36 (KHTML, like Gecko; compatible; GPTBot/1.3; +https://openai.com/gptbot)"
74.7.243.236 - - [18/Mar/2026:04:40:24 +0000] "GET /goods.php?detail/0510106259559 HTTP/2.0" 200 85843 "https://nfsin.com/goods.php?jp/108021444.html" "Mozilla/5.0 AppleWebKit/537.36 (KHTML, like Gecko; compatible; GPTBot/1.3; +https://openai.com/gptbot)"
74.7.243.236 - - [18/Mar/2026:04:40:40 +0000] "GET /goods.php?detail/271046662045 HTTP/2.0" 200 87196 "https://nfsin.com/goods.php?jp/108021444.html" "Mozilla/5.0 AppleWebKit/537.36 (KHTML, like Gecko; compatible; GPTBot/1.3; +https://openai.com/gptbot)"
74.7.243.236 - - [18/Mar/2026:04:40:57 +0000] "GET /goods.php?detail/0080047626531 HTTP/2.0" 200 85568 "https://nfsin.com/goods.php?detail/008028114283" "Mozilla/5.0 AppleWebKit/537.36 (KHTML, like Gecko; compatible; GPTBot/1.3; +https://openai.com/gptbot)"
69.197.179.242 - - [18/Mar/2026:04:39:45 +0000] "GET /wp-includes/wpf78988/edit.php?id=545071 HTTP/1.1" 200 20 "https://nfsin.com/wp-includes/wpf78988/edit.php?id=545071" "Mozilla/5.0 (Windows NT 10.0; Win64; x64) AppleWebKit/537.36 (KHTML, like Gecko) Chrome/58.0.3029.110 Safari/537.3"
74.7.243.236 - - [18/Mar/2026:04:41:14 +0000] "GET /goods.php?detail/264002107717 HTTP/2.0" 200 86061 "https://nfsin.com/goods.php?detail/264000712875" "Mozilla/5.0 AppleWebKit/537.36 (KHTML, like Gecko; compatible; GPTBot/1.3; +https://openai.com/gptbot)"
74.7.243.236 - - [18/Mar/2026:04:41:28 +0000] "GET /goods.php?detail/262023414766 HTTP/2.0" 200 86473 "https://nfsin.com/goods.php?detail/171026302416" "Mozilla/5.0 AppleWebKit/537.36 (KHTML, like Gecko; compatible; GPTBot/1.3; +https://openai.com/gptbot)"
74.7.243.236 - - [18/Mar/2026:04:41:41 +0000] "GET /goods.php??p=wzya47cpxl602gnmcfi HTTP/2.0" 200 85610 "https://nfsin.com/goods.php?pcmypage?callback=product/review/m55602087877" "Mozilla/5.0 AppleWebKit/537.36 (KHTML, like Gecko; compatible; GPTBot/1.3; +https://openai.com/gptbot)"
74.7.243.236 - - [18/Mar/2026:04:41:55 +0000] "GET /goods.php?detail/064001221429 HTTP/2.0" 200 84870 "https://nfsin.com/goods.php?detail/202043115567" "Mozilla/5.0 AppleWebKit/537.36 (KHTML, like Gecko; compatible; GPTBot/1.3; +https://openai.com/gptbot)"
74.7.243.236 - - [18/Mar/2026:04:42:09 +0000] "GET /goods.php??i=thj70p7687pgexjhe HTTP/2.0" 200 86206 "https://nfsin.com/goods.php??h=tqwec70ex4907czvnte" "Mozilla/5.0 AppleWebKit/537.36 (KHTML, like Gecko; compatible; GPTBot/1.3; +https://openai.com/gptbot)"
74.7.243.236 - - [18/Mar/2026:04:42:23 +0000] "GET /goods.php?detail/054029766765 HTTP/2.0" 200 85145 "https://nfsin.com/goods.php?detail/183040278309" "Mozilla/5.0 AppleWebKit/537.36 (KHTML, like Gecko; compatible; GPTBot/1.3; +https://openai.com/gptbot)"
74.7.243.236 - - [18/Mar/2026:04:42:35 +0000] "GET /goods.php??r=pea70klry7645hruxvda HTTP/2.0" 200 85762 "https://nfsin.com/goods.php??h=tqwec70ex4907czvnte" "Mozilla/5.0 AppleWebKit/537.36 (KHTML, like Gecko; compatible; GPTBot/1.3; +https://openai.com/gptbot)"
69.197.179.242 - - [18/Mar/2026:04:41:17 +0000] "GET /wp-includes/wpf78988/edit.php?id=545071 HTTP/1.1" 200 20 "https://nfsin.com/wp-includes/wpf78988/edit.php?id=545071" "Mozilla/5.0 (Windows NT 10.0; Win64; x64) AppleWebKit/537.36 (KHTML, like Gecko) Chrome/58.0.3029.110 Safari/537.3"
74.7.243.236 - - [18/Mar/2026:04:42:47 +0000] "GET /goods.php?detail/105046606996 HTTP/2.0" 200 85755 "https://nfsin.com/goods.php?detail/108021444204" "Mozilla/5.0 AppleWebKit/537.36 (KHTML, like Gecko; compatible; GPTBot/1.3; +https://openai.com/gptbot)"
74.7.243.236 - - [18/Mar/2026:04:42:59 +0000] "GET /goods.php?detail/051014998342 HTTP/2.0" 200 86416 "https://nfsin.com/goods.php?detail/0510106259559" "Mozilla/5.0 AppleWebKit/537.36 (KHTML, like Gecko; compatible; GPTBot/1.3; +https://openai.com/gptbot)"
43.173.174.27 - - [18/Mar/2026:04:42:58 +0000] "GET / HTTP/1.1" 200 17796 "-" "Mozilla/5.0 (Windows NT 10.0; Win64; x64) AppleWebKit/537.36 (KHTML, like Gecko) Chrome/111.0.0.0 Safari/537.36"
74.7.243.236 - - [18/Mar/2026:04:43:12 +0000] "GET /goods.php?detail/298021067727 HTTP/2.0" 200 85566 "https://nfsin.com/goods.php?detail/298036707019" "Mozilla/5.0 AppleWebKit/537.36 (KHTML, like Gecko; compatible; GPTBot/1.3; +https://openai.com/gptbot)"
74.7.243.236 - - [18/Mar/2026:04:43:25 +0000] "GET /goods.php?detail/008008129468 HTTP/2.0" 200 86343 "https://nfsin.com/goods.php?detail/0080047626531" "Mozilla/5.0 AppleWebKit/537.36 (KHTML, like Gecko; compatible; GPTBot/1.3; +https://openai.com/gptbot)"
74.7.243.236 - - [18/Mar/2026:04:43:38 +0000] "GET /goods.php?detail/264005809643 HTTP/2.0" 200 86899 "https://nfsin.com/goods.php?detail/264002107717" "Mozilla/5.0 AppleWebKit/537.36 (KHTML, like Gecko; compatible; GPTBot/1.3; +https://openai.com/gptbot)"
74.7.243.236 - - [18/Mar/2026:04:43:51 +0000] "GET /goods.php?detail/088010586731 HTTP/2.0" 200 85615 "https://nfsin.com/goods.php?detail/088010583252" "Mozilla/5.0 AppleWebKit/537.36 (KHTML, like Gecko; compatible; GPTBot/1.3; +https://openai.com/gptbot)"
74.7.243.236 - - [18/Mar/2026:04:44:08 +0000] "GET /goods.php?detail/253022680508 HTTP/2.0" 200 87063 "https://nfsin.com/goods.php?detail/253006472888" "Mozilla/5.0 AppleWebKit/537.36 (KHTML, like Gecko; compatible; GPTBot/1.3; +https://openai.com/gptbot)"
69.197.179.242 - - [18/Mar/2026:04:42:51 +0000] "GET /wp-includes/wpf78988/edit.php?id=545071 HTTP/1.1" 200 20 "https://nfsin.com/wp-includes/wpf78988/edit.php?id=545071" "Mozilla/5.0 (Windows NT 10.0; Win64; x64) AppleWebKit/537.36 (KHTML, like Gecko) Chrome/58.0.3029.110 Safari/537.3"
74.7.243.236 - - [18/Mar/2026:04:44:24 +0000] "GET /goods.php?detail/024044749637 HTTP/2.0" 200 85757 "https://nfsin.com/goods.php?detail/202025511154" "Mozilla/5.0 AppleWebKit/537.36 (KHTML, like Gecko; compatible; GPTBot/1.3; +https://openai.com/gptbot)"
74.7.243.236 - - [18/Mar/2026:04:44:42 +0000] "GET /goods.php??a=egw70frm6257natzrtt HTTP/2.0" 200 86795 "https://nfsin.com/goods.php??i=thj70p7687pgexjhe" "Mozilla/5.0 AppleWebKit/537.36 (KHTML, like Gecko; compatible; GPTBot/1.3; +https://openai.com/gptbot)"
74.7.243.236 - - [18/Mar/2026:04:44:57 +0000] "GET /goods.php?detail/272033880538 HTTP/2.0" 200 85426 "https://nfsin.com/goods.php?detail/054029766765" "Mozilla/5.0 AppleWebKit/537.36 (KHTML, like Gecko; compatible; GPTBot/1.3; +https://openai.com/gptbot)"
74.7.243.236 - - [18/Mar/2026:04:45:10 +0000] "GET /goods.php??w=tye126wr3529idtvui HTTP/2.0" 200 86279 "https://nfsin.com/goods.php??r=pea70klry7645hruxvda" "Mozilla/5.0 AppleWebKit/537.36 (KHTML, like Gecko; compatible; GPTBot/1.3; +https://openai.com/gptbot)"
74.7.243.236 - - [18/Mar/2026:04:45:25 +0000] "GET /goods.php??p=qwba70j12525nvhsvb HTTP/2.0" 200 85989 "https://nfsin.com/goods.php??r=pea70klry7645hruxvda" "Mozilla/5.0 AppleWebKit/537.36 (KHTML, like Gecko; compatible; GPTBot/1.3; +https://openai.com/gptbot)"
74.7.243.236 - - [18/Mar/2026:04:45:41 +0000] "GET /goods.php?goods/051009259 HTTP/2.0" 200 87400 "https://nfsin.com/goods.php?detail/051014998342" "Mozilla/5.0 AppleWebKit/537.36 (KHTML, like Gecko; compatible; GPTBot/1.3; +https://openai.com/gptbot)"
51.195.183.45 - - [18/Mar/2026:04:45:49 +0000] "GET /wp-includes/?C=N;O=D HTTP/2.0" 200 877 "-" "Mozilla/5.0 (compatible; AhrefsBot/7.0; +http://ahrefs.com/robot/)"
69.197.179.242 - - [18/Mar/2026:04:44:25 +0000] "GET /wp-includes/wpf78988/edit.php?id=545071 HTTP/1.1" 200 20 "https://nfsin.com/wp-includes/wpf78988/edit.php?id=545071" "Mozilla/5.0 (Windows NT 10.0; Win64; x64) AppleWebKit/537.36 (KHTML, like Gecko) Chrome/58.0.3029.110 Safari/537.3"
74.7.243.236 - - [18/Mar/2026:04:45:54 +0000] "GET /goods.php?detail/1050033034950 HTTP/2.0" 200 85598 "https://nfsin.com/goods.php?detail/105046606996" "Mozilla/5.0 AppleWebKit/537.36 (KHTML, like Gecko; compatible; GPTBot/1.3; +https://openai.com/gptbot)"
74.7.243.236 - - [18/Mar/2026:04:46:08 +0000] "GET /goods.php?detail/008003567079 HTTP/2.0" 200 87496 "https://nfsin.com/goods.php?detail/008008129468" "Mozilla/5.0 AppleWebKit/537.36 (KHTML, like Gecko; compatible; GPTBot/1.3; +https://openai.com/gptbot)"
74.7.243.236 - - [18/Mar/2026:04:46:25 +0000] "GET /goods.php?detail/298000740516 HTTP/2.0" 200 85770 "https://nfsin.com/goods.php?detail/298021067727" "Mozilla/5.0 AppleWebKit/537.36 (KHTML, like Gecko; compatible; GPTBot/1.3; +https://openai.com/gptbot)"
74.7.243.236 - - [18/Mar/2026:04:46:46 +0000] "GET /goods.php?detail/2050301500352 HTTP/2.0" 200 85036 "https://nfsin.com/goods.php?detail/088010586731" "Mozilla/5.0 AppleWebKit/537.36 (KHTML, like Gecko; compatible; GPTBot/1.3; +https://openai.com/gptbot)"
74.7.243.236 - - [18/Mar/2026:04:47:02 +0000] "GET /goods.php?detail/173000710524 HTTP/2.0" 200 85997 "https://nfsin.com/goods.php?detail/051014998342" "Mozilla/5.0 AppleWebKit/537.36 (KHTML, like Gecko; compatible; GPTBot/1.3; +https://openai.com/gptbot)"
74.7.243.236 - - [18/Mar/2026:04:47:21 +0000] "GET /goods.php?detail/031038004533 HTTP/2.0" 200 86460 "https://nfsin.com/goods.php?detail/024044749637" "Mozilla/5.0 AppleWebKit/537.36 (KHTML, like Gecko; compatible; GPTBot/1.3; +https://openai.com/gptbot)"
69.197.179.242 - - [18/Mar/2026:04:45:55 +0000] "GET /wp-includes/wpf78988/edit.php?id=545071 HTTP/1.1" 200 20 "https://nfsin.com/wp-includes/wpf78988/edit.php?id=545071" "Mozilla/5.0 (Windows NT 10.0; Win64; x64) AppleWebKit/537.36 (KHTML, like Gecko) Chrome/58.0.3029.110 Safari/537.3"
74.7.243.236 - - [18/Mar/2026:04:47:38 +0000] "GET /goods.php?products/sensitivity/k070007830 HTTP/2.0" 200 85795 "https://nfsin.com/goods.php??a=egw70frm6257natzrtt" "Mozilla/5.0 AppleWebKit/537.36 (KHTML, like Gecko; compatible; GPTBot/1.3; +https://openai.com/gptbot)"
74.7.243.236 - - [18/Mar/2026:04:47:59 +0000] "GET /goods.php?detail/272009552082 HTTP/2.0" 200 85656 "https://nfsin.com/goods.php?detail/272033880538" "Mozilla/5.0 AppleWebKit/537.36 (KHTML, like Gecko; compatible; GPTBot/1.3; +https://openai.com/gptbot)"
74.7.243.236 - - [18/Mar/2026:04:48:16 +0000] "GET /goods.php?detail/272007253297 HTTP/2.0" 200 85359 "https://nfsin.com/goods.php?detail/272033880538" "Mozilla/5.0 AppleWebKit/537.36 (KHTML, like Gecko; compatible; GPTBot/1.3; +https://openai.com/gptbot)"
74.7.243.236 - - [18/Mar/2026:04:48:30 +0000] "GET /goods.php?detail/176032803100 HTTP/2.0" 200 85837 "https://nfsin.com/goods.php?detail/272033880538" "Mozilla/5.0 AppleWebKit/537.36 (KHTML, like Gecko; compatible; GPTBot/1.3; +https://openai.com/gptbot)"
74.7.243.236 - - [18/Mar/2026:04:48:46 +0000] "GET /goods.php?detail/070007907724 HTTP/2.0" 200 85828 "https://nfsin.com/goods.php??a=egw70frm6257natzrtt" "Mozilla/5.0 AppleWebKit/537.36 (KHTML, like Gecko; compatible; GPTBot/1.3; +https://openai.com/gptbot)"
69.197.179.242 - - [18/Mar/2026:04:47:27 +0000] "GET /wp-includes/wpf78988/edit.php?id=545071 HTTP/1.1" 200 20 "https://nfsin.com/wp-includes/wpf78988/edit.php?id=545071" "Mozilla/5.0 (Windows NT 10.0; Win64; x64) AppleWebKit/537.36 (KHTML, like Gecko) Chrome/58.0.3029.110 Safari/537.3"
74.7.243.236 - - [18/Mar/2026:04:49:06 +0000] "GET /goods.php?detail/0510092590957 HTTP/2.0" 200 87520 "https://nfsin.com/goods.php?goods/051009259" "Mozilla/5.0 AppleWebKit/537.36 (KHTML, like Gecko; compatible; GPTBot/1.3; +https://openai.com/gptbot)"
74.7.243.236 - - [18/Mar/2026:04:49:24 +0000] "GET /goods.php?goods/065043164 HTTP/2.0" 200 85859 "https://nfsin.com/goods.php?detail/008003567079" "Mozilla/5.0 AppleWebKit/537.36 (KHTML, like Gecko; compatible; GPTBot/1.3; +https://openai.com/gptbot)"
74.7.243.236 - - [18/Mar/2026:04:49:41 +0000] "GET /goods.php?detail/089047311135 HTTP/2.0" 200 84626 "https://nfsin.com/goods.php?detail/272033880538" "Mozilla/5.0 AppleWebKit/537.36 (KHTML, like Gecko; compatible; GPTBot/1.3; +https://openai.com/gptbot)"
74.7.243.236 - - [18/Mar/2026:04:50:00 +0000] "GET /goods.php?detail/206023422292 HTTP/2.0" 200 85838 "https://nfsin.com/goods.php?detail/2050301500352" "Mozilla/5.0 AppleWebKit/537.36 (KHTML, like Gecko; compatible; GPTBot/1.3; +https://openai.com/gptbot)"
74.7.243.236 - - [18/Mar/2026:04:50:17 +0000] "GET /goods.php?detail/1730022532461 HTTP/2.0" 200 85699 "https://nfsin.com/goods.php?detail/173000710524" "Mozilla/5.0 AppleWebKit/537.36 (KHTML, like Gecko; compatible; GPTBot/1.3; +https://openai.com/gptbot)"
69.197.179.242 - - [18/Mar/2026:04:48:58 +0000] "GET /wp-includes/wpf78988/edit.php?id=545071 HTTP/1.1" 200 20 "https://nfsin.com/wp-includes/wpf78988/edit.php?id=545071" "Mozilla/5.0 (Windows NT 10.0; Win64; x64) AppleWebKit/537.36 (KHTML, like Gecko) Chrome/58.0.3029.110 Safari/537.3"
74.7.243.236 - - [18/Mar/2026:04:50:36 +0000] "GET /goods.php?detail/031000370519 HTTP/2.0" 200 86365 "https://nfsin.com/goods.php?detail/031038004533" "Mozilla/5.0 AppleWebKit/537.36 (KHTML, like Gecko; compatible; GPTBot/1.3; +https://openai.com/gptbot)"
74.7.243.236 - - [18/Mar/2026:04:50:53 +0000] "GET /goods.php??u=qyjzo70ilv813gltxpmv HTTP/2.0" 200 85694 "https://nfsin.com/goods.php?products/sensitivity/k070007830" "Mozilla/5.0 AppleWebKit/537.36 (KHTML, like Gecko; compatible; GPTBot/1.3; +https://openai.com/gptbot)"
74.7.243.236 - - [18/Mar/2026:04:51:08 +0000] "GET /goods.php?detail/035038250998 HTTP/2.0" 200 85564 "https://nfsin.com/goods.php?detail/272009552082" "Mozilla/5.0 AppleWebKit/537.36 (KHTML, like Gecko; compatible; GPTBot/1.3; +https://openai.com/gptbot)"
74.7.243.236 - - [18/Mar/2026:04:51:24 +0000] "GET /goods.php?detail/1670164576615 HTTP/2.0" 200 85648 "https://nfsin.com/goods.php?detail/031038004533" "Mozilla/5.0 AppleWebKit/537.36 (KHTML, like Gecko; compatible; GPTBot/1.3; +https://openai.com/gptbot)"
74.7.243.236 - - [18/Mar/2026:04:51:42 +0000] "GET /goods.php?detail/146046038169 HTTP/2.0" 200 85521 "https://nfsin.com/goods.php?detail/1050033034950" "Mozilla/5.0 AppleWebKit/537.36 (KHTML, like Gecko; compatible; GPTBot/1.3; +https://openai.com/gptbot)"
69.197.179.242 - - [18/Mar/2026:04:50:31 +0000] "GET /wp-includes/wpf78988/edit.php?id=545071 HTTP/1.1" 200 20 "https://nfsin.com/wp-includes/wpf78988/edit.php?id=545071" "Mozilla/5.0 (Windows NT 10.0; Win64; x64) AppleWebKit/537.36 (KHTML, like Gecko) Chrome/58.0.3029.110 Safari/537.3"
74.7.243.236 - - [18/Mar/2026:04:51:59 +0000] "GET /goods.php?detail/1470434304773 HTTP/2.0" 200 86004 "https://nfsin.com/goods.php?detail/070007907724" "Mozilla/5.0 AppleWebKit/537.36 (KHTML, like Gecko; compatible; GPTBot/1.3; +https://openai.com/gptbot)"
74.7.243.236 - - [18/Mar/2026:04:52:14 +0000] "GET /goods.php?detail/074027456008 HTTP/2.0" 200 85892 "https://nfsin.com/goods.php?detail/0510092590957" "Mozilla/5.0 AppleWebKit/537.36 (KHTML, like Gecko; compatible; GPTBot/1.3; +https://openai.com/gptbot)"
74.7.243.236 - - [18/Mar/2026:04:52:30 +0000] "GET /goods.php?detail/051013942905 HTTP/2.0" 200 86296 "https://nfsin.com/goods.php?detail/0510092590957" "Mozilla/5.0 AppleWebKit/537.36 (KHTML, like Gecko; compatible; GPTBot/1.3; +https://openai.com/gptbot)"
74.7.243.236 - - [18/Mar/2026:04:52:50 +0000] "GET /goods.php?detail/065003334098 HTTP/2.0" 200 86454 "https://nfsin.com/goods.php?goods/065043164" "Mozilla/5.0 AppleWebKit/537.36 (KHTML, like Gecko; compatible; GPTBot/1.3; +https://openai.com/gptbot)"
74.7.243.236 - - [18/Mar/2026:04:53:06 +0000] "GET /goods.php?product/edit/m75413795789 HTTP/2.0" 200 86049 "https://nfsin.com/goods.php?detail/206023422292" "Mozilla/5.0 AppleWebKit/537.36 (KHTML, like Gecko; compatible; GPTBot/1.3; +https://openai.com/gptbot)"
74.7.243.236 - - [18/Mar/2026:04:53:24 +0000] "GET /goods.php?detail/172046079689 HTTP/2.0" 200 86428 "https://nfsin.com/goods.php?detail/272009552082" "Mozilla/5.0 AppleWebKit/537.36 (KHTML, like Gecko; compatible; GPTBot/1.3; +https://openai.com/gptbot)"
69.197.179.242 - - [18/Mar/2026:04:52:02 +0000] "GET /wp-includes/wpf78988/edit.php?id=545071 HTTP/1.1" 200 20 "https://nfsin.com/wp-includes/wpf78988/edit.php?id=545071" "Mozilla/5.0 (Windows NT 10.0; Win64; x64) AppleWebKit/537.36 (KHTML, like Gecko) Chrome/58.0.3029.110 Safari/537.3"
74.7.243.236 - - [18/Mar/2026:04:53:40 +0000] "GET /goods.php?detail/031000133440 HTTP/2.0" 200 85720 "https://nfsin.com/goods.php?detail/031000370519" "Mozilla/5.0 AppleWebKit/537.36 (KHTML, like Gecko; compatible; GPTBot/1.3; +https://openai.com/gptbot)"
74.7.243.236 - - [18/Mar/2026:04:53:58 +0000] "GET /goods.php??z=qww70yy8717ouigejmw HTTP/2.0" 200 86088 "https://nfsin.com/goods.php??u=qyjzo70ilv813gltxpmv" "Mozilla/5.0 AppleWebKit/537.36 (KHTML, like Gecko; compatible; GPTBot/1.3; +https://openai.com/gptbot)"
74.7.243.236 - - [18/Mar/2026:04:54:16 +0000] "GET /goods.php?pcmypage?callback=/product%2Fdetail%2m32647543766 HTTP/2.0" 200 85363 "https://nfsin.com/goods.php?detail/035038250998" "Mozilla/5.0 AppleWebKit/537.36 (KHTML, like Gecko; compatible; GPTBot/1.3; +https://openai.com/gptbot)"
74.7.243.236 - - [18/Mar/2026:04:54:34 +0000] "GET /goods.php?detail/034000399081 HTTP/2.0" 200 85594 "https://nfsin.com/goods.php?detail/1670164576615" "Mozilla/5.0 AppleWebKit/537.36 (KHTML, like Gecko; compatible; GPTBot/1.3; +https://openai.com/gptbot)"
74.7.243.236 - - [18/Mar/2026:04:54:49 +0000] "GET /goods.php?detail/167006733022 HTTP/2.0" 200 85867 "https://nfsin.com/goods.php?detail/1670164576615" "Mozilla/5.0 AppleWebKit/537.36 (KHTML, like Gecko; compatible; GPTBot/1.3; +https://openai.com/gptbot)"
69.197.179.242 - - [18/Mar/2026:04:53:35 +0000] "GET /wp-includes/wpf78988/edit.php?id=545071 HTTP/1.1" 200 20 "https://nfsin.com/wp-includes/wpf78988/edit.php?id=545071" "Mozilla/5.0 (Windows NT 10.0; Win64; x64) AppleWebKit/537.36 (KHTML, like Gecko) Chrome/58.0.3029.110 Safari/537.3"
74.7.243.236 - - [18/Mar/2026:04:55:04 +0000] "GET /goods.php?detail/0350020323882 HTTP/2.0" 200 85716 "https://nfsin.com/goods.php?detail/035038250998" "Mozilla/5.0 AppleWebKit/537.36 (KHTML, like Gecko; compatible; GPTBot/1.3; +https://openai.com/gptbot)"
74.7.243.236 - - [18/Mar/2026:04:55:21 +0000] "GET /goods.php?detail/065003217556 HTTP/2.0" 200 86160 "https://nfsin.com/goods.php?goods/065043164" "Mozilla/5.0 AppleWebKit/537.36 (KHTML, like Gecko; compatible; GPTBot/1.3; +https://openai.com/gptbot)"
74.7.243.236 - - [18/Mar/2026:04:55:37 +0000] "GET /goods.php?detail/086014632880 HTTP/2.0" 200 85914 "https://nfsin.com/goods.php?detail/272007253297" "Mozilla/5.0 AppleWebKit/537.36 (KHTML, like Gecko; compatible; GPTBot/1.3; +https://openai.com/gptbot)"
74.7.243.236 - - [18/Mar/2026:04:55:56 +0000] "GET /goods.php?detail/180031017497 HTTP/2.0" 200 85490 "https://nfsin.com/goods.php?detail/1070435503796" "Mozilla/5.0 AppleWebKit/537.36 (KHTML, like Gecko; compatible; GPTBot/1.3; +https://openai.com/gptbot)"
198.244.183.162 - - [18/Mar/2026:04:56:09 +0000] "GET /wp-includes/?C=M;O=A HTTP/2.0" 200 881 "-" "Mozilla/5.0 (compatible; AhrefsBot/7.0; +http://ahrefs.com/robot/)"
74.7.243.236 - - [18/Mar/2026:04:56:16 +0000] "GET /goods.php??z=tysn11gof4768dbidwu HTTP/2.0" 200 85815 "https://nfsin.com/goods.php?product/edit/m75413795789" "Mozilla/5.0 AppleWebKit/537.36 (KHTML, like Gecko; compatible; GPTBot/1.3; +https://openai.com/gptbot)"
74.7.243.236 - - [18/Mar/2026:04:56:33 +0000] "GET /goods.php??s=uyv11sd4350mpvpub HTTP/2.0" 200 86024 "https://nfsin.com/goods.php?product/edit/m75413795789" "Mozilla/5.0 AppleWebKit/537.36 (KHTML, like Gecko; compatible; GPTBot/1.3; +https://openai.com/gptbot)"
69.197.179.242 - - [18/Mar/2026:04:55:07 +0000] "GET /wp-includes/wpf78988/edit.php?id=545071 HTTP/1.1" 200 20 "https://nfsin.com/wp-includes/wpf78988/edit.php?id=545071" "Mozilla/5.0 (Windows NT 10.0; Win64; x64) AppleWebKit/537.36 (KHTML, like Gecko) Chrome/58.0.3029.110 Safari/537.3"
74.7.243.236 - - [18/Mar/2026:04:56:48 +0000] "GET /goods.php?detail/221036824598 HTTP/2.0" 200 85472 "https://nfsin.com/goods.php?detail/031000133440" "Mozilla/5.0 AppleWebKit/537.36 (KHTML, like Gecko; compatible; GPTBot/1.3; +https://openai.com/gptbot)"
74.7.243.236 - - [18/Mar/2026:04:57:05 +0000] "GET /goods.php?detail/031000340236 HTTP/2.0" 200 85865 "https://nfsin.com/goods.php?detail/031000133440" "Mozilla/5.0 AppleWebKit/537.36 (KHTML, like Gecko; compatible; GPTBot/1.3; +https://openai.com/gptbot)"
74.7.243.236 - - [18/Mar/2026:04:57:24 +0000] "GET /goods.php?detail/298000646638 HTTP/2.0" 200 85967 "https://nfsin.com/goods.php?detail/172046079689" "Mozilla/5.0 AppleWebKit/537.36 (KHTML, like Gecko; compatible; GPTBot/1.3; +https://openai.com/gptbot)"
74.7.243.236 - - [18/Mar/2026:04:57:44 +0000] "GET /goods.php?detail/270004865744 HTTP/2.0" 200 86038 "https://nfsin.com/goods.php?detail/031000133440" "Mozilla/5.0 AppleWebKit/537.36 (KHTML, like Gecko; compatible; GPTBot/1.3; +https://openai.com/gptbot)"
74.7.243.236 - - [18/Mar/2026:04:58:00 +0000] "GET /goods.php?safe_search/config?return_url=%2Fproduct%2Fdetail%2Fm20261391059 HTTP/2.0" 200 85889 "https://nfsin.com/goods.php?detail/167006733022" "Mozilla/5.0 AppleWebKit/537.36 (KHTML, like Gecko; compatible; GPTBot/1.3; +https://openai.com/gptbot)"
69.197.179.242 - - [18/Mar/2026:04:56:42 +0000] "GET /wp-includes/wpf78988/edit.php?id=545071 HTTP/1.1" 200 20 "https://nfsin.com/wp-includes/wpf78988/edit.php?id=545071" "Mozilla/5.0 (Windows NT 10.0; Win64; x64) AppleWebKit/537.36 (KHTML, like Gecko) Chrome/58.0.3029.110 Safari/537.3"
74.7.243.236 - - [18/Mar/2026:04:58:14 +0000] "GET /goods.php??i=dihic23alau444wsvwlf HTTP/2.0" 200 85457 "https://nfsin.com/goods.php?pcmypage?callback=/product%2Fdetail%2m32647543766" "Mozilla/5.0 AppleWebKit/537.36 (KHTML, like Gecko; compatible; GPTBot/1.3; +https://openai.com/gptbot)"
74.7.243.236 - - [18/Mar/2026:04:58:32 +0000] "GET /goods.php?detail/083028294719 HTTP/2.0" 200 85572 "https://nfsin.com/goods.php?detail/065003217556" "Mozilla/5.0 AppleWebKit/537.36 (KHTML, like Gecko; compatible; GPTBot/1.3; +https://openai.com/gptbot)"
74.7.243.236 - - [18/Mar/2026:04:58:50 +0000] "GET /goods.php?detail/092009805911 HTTP/2.0" 200 86196 "https://nfsin.com/goods.php?detail/086014632880" "Mozilla/5.0 AppleWebKit/537.36 (KHTML, like Gecko; compatible; GPTBot/1.3; +https://openai.com/gptbot)"
74.7.243.236 - - [18/Mar/2026:04:59:11 +0000] "GET /goods.php?detail/115010420928 HTTP/2.0" 200 85435 "https://nfsin.com/goods.php?detail/115007258988" "Mozilla/5.0 AppleWebKit/537.36 (KHTML, like Gecko; compatible; GPTBot/1.3; +https://openai.com/gptbot)"
74.7.243.236 - - [18/Mar/2026:04:59:27 +0000] "GET /goods.php?detail/031004670806 HTTP/2.0" 200 85024 "https://nfsin.com/goods.php?detail/010017296099" "Mozilla/5.0 AppleWebKit/537.36 (KHTML, like Gecko; compatible; GPTBot/1.3; +https://openai.com/gptbot)"
69.197.179.242 - - [18/Mar/2026:04:58:14 +0000] "GET /wp-includes/wpf78988/edit.php?id=545071 HTTP/1.1" 200 20 "https://nfsin.com/wp-includes/wpf78988/edit.php?id=545071" "Mozilla/5.0 (Windows NT 10.0; Win64; x64) AppleWebKit/537.36 (KHTML, like Gecko) Chrome/58.0.3029.110 Safari/537.3"
74.7.243.236 - - [18/Mar/2026:04:59:46 +0000] "GET /goods.php??d=zirt76zn44285fytypr HTTP/2.0" 200 85824 "https://nfsin.com/goods.php??s=uyv11sd4350mpvpub" "Mozilla/5.0 AppleWebKit/537.36 (KHTML, like Gecko; compatible; GPTBot/1.3; +https://openai.com/gptbot)"
74.7.243.236 - - [18/Mar/2026:05:00:08 +0000] "GET /goods.php?detail/193024479943 HTTP/2.0" 200 86195 "https://nfsin.com/goods.php?detail/193003330084" "Mozilla/5.0 AppleWebKit/537.36 (KHTML, like Gecko; compatible; GPTBot/1.3; +https://openai.com/gptbot)"
74.7.243.236 - - [18/Mar/2026:05:00:22 +0000] "GET /goods.php?detail/147002530407 HTTP/2.0" 200 86241 "https://nfsin.com/goods.php?detail/1470434304773" "Mozilla/5.0 AppleWebKit/537.36 (KHTML, like Gecko; compatible; GPTBot/1.3; +https://openai.com/gptbot)"
74.7.243.236 - - [18/Mar/2026:05:00:39 +0000] "GET /goods.php?detail/067044228772 HTTP/2.0" 200 85727 "https://nfsin.com/goods.php?detail/0510106259559" "Mozilla/5.0 AppleWebKit/537.36 (KHTML, like Gecko; compatible; GPTBot/1.3; +https://openai.com/gptbot)"
74.7.243.236 - - [18/Mar/2026:05:00:59 +0000] "GET /goods.php?detail/270000494042 HTTP/2.0" 200 85730 "https://nfsin.com/goods.php?detail/270004865744" "Mozilla/5.0 AppleWebKit/537.36 (KHTML, like Gecko; compatible; GPTBot/1.3; +https://openai.com/gptbot)"
69.197.179.242 - - [18/Mar/2026:04:59:46 +0000] "GET /wp-includes/wpf78988/edit.php?id=545071 HTTP/1.1" 200 20 "https://nfsin.com/wp-includes/wpf78988/edit.php?id=545071" "Mozilla/5.0 (Windows NT 10.0; Win64; x64) AppleWebKit/537.36 (KHTML, like Gecko) Chrome/58.0.3029.110 Safari/537.3"
74.7.243.236 - - [18/Mar/2026:05:01:18 +0000] "GET /goods.php??c=wgri22fu34507hppucn HTTP/2.0" 200 85872 "https://nfsin.com/goods.php?safe_search/config?return_url=%2Fproduct%2Fdetail%2Fm20261391059" "Mozilla/5.0 AppleWebKit/537.36 (KHTML, like Gecko; compatible; GPTBot/1.3; +https://openai.com/gptbot)"
74.7.243.236 - - [18/Mar/2026:05:01:36 +0000] "GET /goods.php??n=rpn181nms4976mzsrnuv HTTP/2.0" 200 86353 "https://nfsin.com/goods.php?safe_search/config?return_url=%2Fproduct%2Fdetail%2Fm20261391059" "Mozilla/5.0 AppleWebKit/537.36 (KHTML, like Gecko; compatible; GPTBot/1.3; +https://openai.com/gptbot)"
74.7.243.236 - - [18/Mar/2026:05:01:49 +0000] "GET /goods.php?detail/015019333842 HTTP/2.0" 200 85586 "https://nfsin.com/goods.php?detail/083028294719" "Mozilla/5.0 AppleWebKit/537.36 (KHTML, like Gecko; compatible; GPTBot/1.3; +https://openai.com/gptbot)"
74.7.243.236 - - [18/Mar/2026:05:02:03 +0000] "GET /goods.php?pcmypage?callback=product/review/m65545366082 HTTP/2.0" 200 86679 "https://nfsin.com/goods.php?detail/092009805911" "Mozilla/5.0 AppleWebKit/537.36 (KHTML, like Gecko; compatible; GPTBot/1.3; +https://openai.com/gptbot)"
74.7.243.236 - - [18/Mar/2026:05:02:14 +0000] "GET /goods.php?detail/178004030123 HTTP/2.0" 200 85431 "https://nfsin.com/goods.php?detail/201005721560" "Mozilla/5.0 AppleWebKit/537.36 (KHTML, like Gecko; compatible; GPTBot/1.3; +https://openai.com/gptbot)"
74.7.243.236 - - [18/Mar/2026:05:02:31 +0000] "GET /goods.php?detail/116018464321 HTTP/2.0" 200 85613 "https://nfsin.com/goods.php?detail/206023422292" "Mozilla/5.0 AppleWebKit/537.36 (KHTML, like Gecko; compatible; GPTBot/1.3; +https://openai.com/gptbot)"
69.197.179.242 - - [18/Mar/2026:05:01:18 +0000] "GET /wp-includes/wpf78988/edit.php?id=545071 HTTP/1.1" 200 20 "https://nfsin.com/wp-includes/wpf78988/edit.php?id=545071" "Mozilla/5.0 (Windows NT 10.0; Win64; x64) AppleWebKit/537.36 (KHTML, like Gecko) Chrome/58.0.3029.110 Safari/537.3"
74.7.243.236 - - [18/Mar/2026:05:02:52 +0000] "GET /goods.php??x=lbth76k109grgujlrh HTTP/2.0" 200 85914 "https://nfsin.com/goods.php??d=zirt76zn44285fytypr" "Mozilla/5.0 AppleWebKit/537.36 (KHTML, like Gecko; compatible; GPTBot/1.3; +https://openai.com/gptbot)"
74.7.243.236 - - [18/Mar/2026:05:03:11 +0000] "GET /goods.php?detail/087037939220 HTTP/2.0" 200 86162 "https://nfsin.com/goods.php?detail/298033995300" "Mozilla/5.0 AppleWebKit/537.36 (KHTML, like Gecko; compatible; GPTBot/1.3; +https://openai.com/gptbot)"
74.7.243.236 - - [18/Mar/2026:05:03:32 +0000] "GET /goods.php?detail/155001094028 HTTP/2.0" 200 87049 "https://nfsin.com/goods.php?detail/155039806128" "Mozilla/5.0 AppleWebKit/537.36 (KHTML, like Gecko; compatible; GPTBot/1.3; +https://openai.com/gptbot)"
74.7.243.236 - - [18/Mar/2026:05:03:59 +0000] "GET /goods.php?detail/067003061236 HTTP/2.0" 200 85729 "https://nfsin.com/goods.php?detail/067044228772" "Mozilla/5.0 AppleWebKit/537.36 (KHTML, like Gecko; compatible; GPTBot/1.3; +https://openai.com/gptbot)"
69.197.179.242 - - [18/Mar/2026:05:02:49 +0000] "GET /wp-includes/wpf78988/edit.php?id=545071 HTTP/1.1" 200 20 "https://nfsin.com/wp-includes/wpf78988/edit.php?id=545071" "Mozilla/5.0 (Windows NT 10.0; Win64; x64) AppleWebKit/537.36 (KHTML, like Gecko) Chrome/58.0.3029.110 Safari/537.3"
74.7.243.236 - - [18/Mar/2026:05:04:17 +0000] "GET /goods.php?detail/278000322977 HTTP/2.0" 200 85847 "https://nfsin.com/goods.php?detail/270000494042" "Mozilla/5.0 AppleWebKit/537.36 (KHTML, like Gecko; compatible; GPTBot/1.3; +https://openai.com/gptbot)"
74.7.243.236 - - [18/Mar/2026:05:04:34 +0000] "GET /goods.php?detail/0220030717712 HTTP/2.0" 200 85867 "https://nfsin.com/goods.php??c=wgri22fu34507hppucn" "Mozilla/5.0 AppleWebKit/537.36 (KHTML, like Gecko; compatible; GPTBot/1.3; +https://openai.com/gptbot)"
74.7.243.236 - - [18/Mar/2026:05:04:52 +0000] "GET /goods.php?detail/0850366768565 HTTP/2.0" 200 85819 "https://nfsin.com/goods.php?detail/270000494042" "Mozilla/5.0 AppleWebKit/537.36 (KHTML, like Gecko; compatible; GPTBot/1.3; +https://openai.com/gptbot)"
74.7.243.236 - - [18/Mar/2026:05:05:11 +0000] "GET /goods.php?detail/068034308397 HTTP/2.0" 200 85932 "https://nfsin.com/goods.php?detail/201017951371" "Mozilla/5.0 AppleWebKit/537.36 (KHTML, like Gecko; compatible; GPTBot/1.3; +https://openai.com/gptbot)"
1.15.52.154 - - [18/Mar/2026:05:05:14 +0000] "GET / HTTP/1.1" 200 17796 "http://www.nfsin.com" "Mozilla/5.0 (iPhone; CPU iPhone OS 13_2_3 like Mac OS X) AppleWebKit/605.1.15 (KHTML, like Gecko) Version/13.0.3 Mobile/15E148 Safari/604.1"
74.7.243.236 - - [18/Mar/2026:05:05:31 +0000] "GET /goods.php?detail/285049206002 HTTP/2.0" 200 85725 "https://nfsin.com/goods.php?detail/065003217556" "Mozilla/5.0 AppleWebKit/537.36 (KHTML, like Gecko; compatible; GPTBot/1.3; +https://openai.com/gptbot)"
69.197.179.242 - - [18/Mar/2026:05:04:20 +0000] "GET /wp-includes/wpf78988/edit.php?id=545071 HTTP/1.1" 200 20 "https://nfsin.com/wp-includes/wpf78988/edit.php?id=545071" "Mozilla/5.0 (Windows NT 10.0; Win64; x64) AppleWebKit/537.36 (KHTML, like Gecko) Chrome/58.0.3029.110 Safari/537.3"
74.7.243.236 - - [18/Mar/2026:05:05:49 +0000] "GET /goods.php?detail/178003706203 HTTP/2.0" 200 87138 "https://nfsin.com/goods.php?detail/178004030123" "Mozilla/5.0 AppleWebKit/537.36 (KHTML, like Gecko; compatible; GPTBot/1.3; +https://openai.com/gptbot)"
198.244.168.130 - - [18/Mar/2026:05:06:07 +0000] "GET /wp-includes/?C=D;O=A HTTP/2.0" 200 869 "-" "Mozilla/5.0 (compatible; AhrefsBot/7.0; +http://ahrefs.com/robot/)"
74.7.243.236 - - [18/Mar/2026:05:06:10 +0000] "GET /goods.php?detail/281021199369 HTTP/2.0" 200 86024 "https://nfsin.com/goods.php?detail/281027000334" "Mozilla/5.0 AppleWebKit/537.36 (KHTML, like Gecko; compatible; GPTBot/1.3; +https://openai.com/gptbot)"
