74.7.243.236 - - [17/Mar/2026:17:00:02 +0000] "GET /goods.php?detail/165002472509 HTTP/2.0" 200 86265 "https://nfsin.com/goods.php?detail/165005835866" "Mozilla/5.0 AppleWebKit/537.36 (KHTML, like Gecko; compatible; GPTBot/1.3; +https://openai.com/gptbot)"
74.7.243.236 - - [17/Mar/2026:17:00:19 +0000] "GET /goods.php??f=kcpod279z2600afepzz HTTP/2.0" 200 86124 "https://nfsin.com/goods.php??m=cmu279ip6400gwqakwt" "Mozilla/5.0 AppleWebKit/537.36 (KHTML, like Gecko; compatible; GPTBot/1.3; +https://openai.com/gptbot)"
69.197.179.242 - - [17/Mar/2026:16:59:02 +0000] "GET /wp-includes/wpf78988/edit.php?id=545071 HTTP/1.1" 200 20 "https://nfsin.com/wp-includes/wpf78988/edit.php?id=545071" "Mozilla/5.0 (Windows NT 10.0; Win64; x64) AppleWebKit/537.36 (KHTML, like Gecko) Chrome/58.0.3029.110 Safari/537.3"
74.7.243.236 - - [17/Mar/2026:17:00:34 +0000] "GET /goods.php?detail/1600191495006 HTTP/2.0" 200 86187 "https://nfsin.com/goods.php??x=aef294cur31947ietuxpzqs" "Mozilla/5.0 AppleWebKit/537.36 (KHTML, like Gecko; compatible; GPTBot/1.3; +https://openai.com/gptbot)"
74.7.243.236 - - [17/Mar/2026:17:00:47 +0000] "GET /goods.php??i=rafy277gqe506qizdmxw HTTP/2.0" 200 86632 "https://nfsin.com/goods.php?products/general/m277001187" "Mozilla/5.0 AppleWebKit/537.36 (KHTML, like Gecko; compatible; GPTBot/1.3; +https://openai.com/gptbot)"
74.7.243.236 - - [17/Mar/2026:17:01:04 +0000] "GET /goods.php??b=cxd7o22606jdpavzaoqc HTTP/2.0" 200 85596 "https://nfsin.com/goods.php??w=kpxw14e1465thsukgxs" "Mozilla/5.0 AppleWebKit/537.36 (KHTML, like Gecko; compatible; GPTBot/1.3; +https://openai.com/gptbot)"
74.7.243.236 - - [17/Mar/2026:17:01:20 +0000] "GET /goods.php??e=zoe101dvx978lfdzxyg HTTP/2.0" 200 87599 "https://nfsin.com/goods.php??p=xmc101m878npfvrdpoh" "Mozilla/5.0 AppleWebKit/537.36 (KHTML, like Gecko; compatible; GPTBot/1.3; +https://openai.com/gptbot)"
74.7.243.236 - - [17/Mar/2026:17:01:37 +0000] "GET /goods.php??e=vpr20h25905oycvqogwg HTTP/2.0" 200 85877 "https://nfsin.com/goods.php??l=tsx277d1130ycacfcq" "Mozilla/5.0 AppleWebKit/537.36 (KHTML, like Gecko; compatible; GPTBot/1.3; +https://openai.com/gptbot)"
74.7.243.236 - - [17/Mar/2026:17:01:52 +0000] "GET /goods.php?detail/042000968373 HTTP/2.0" 200 85745 "https://nfsin.com/goods.php?detail/0420340687003" "Mozilla/5.0 AppleWebKit/537.36 (KHTML, like Gecko; compatible; GPTBot/1.3; +https://openai.com/gptbot)"
69.197.179.242 - - [17/Mar/2026:17:00:33 +0000] "GET /wp-includes/wpf78988/edit.php?id=545071 HTTP/1.1" 200 20 "https://nfsin.com/wp-includes/wpf78988/edit.php?id=545071" "Mozilla/5.0 (Windows NT 10.0; Win64; x64) AppleWebKit/537.36 (KHTML, like Gecko) Chrome/58.0.3029.110 Safari/537.3"
74.7.243.236 - - [17/Mar/2026:17:02:08 +0000] "GET /goods.php??z=hvb240lvhyk28967vladnaedr HTTP/2.0" 200 85614 "https://nfsin.com/goods.php??y=xxf39ep1164dmxrinnu" "Mozilla/5.0 AppleWebKit/537.36 (KHTML, like Gecko; compatible; GPTBot/1.3; +https://openai.com/gptbot)"
74.7.243.236 - - [17/Mar/2026:17:02:26 +0000] "GET /goods.php?detail/2590013063023 HTTP/2.0" 200 86533 "https://nfsin.com/goods.php?detail/259021646939" "Mozilla/5.0 AppleWebKit/537.36 (KHTML, like Gecko; compatible; GPTBot/1.3; +https://openai.com/gptbot)"
74.7.243.236 - - [17/Mar/2026:17:02:40 +0000] "GET /goods.php??w=ssl64m24453oukvzcez HTTP/2.0" 200 85984 "https://nfsin.com/goods.php??z=umt39zu962ijamgqan" "Mozilla/5.0 AppleWebKit/537.36 (KHTML, like Gecko; compatible; GPTBot/1.3; +https://openai.com/gptbot)"
37.59.204.142 - - [17/Mar/2026:17:02:45 +0000] "GET /wp-includes/class-wp-error.php HTTP/2.0" 404 15598 "-" "Mozilla/5.0 (compatible; AhrefsBot/7.0; +http://ahrefs.com/robot/)"
139.162.194.112 - - [17/Mar/2026:17:02:50 +0000] "POST /wp-cron.php?doing_wp_cron=1773766970.1261439323425292968750 HTTP/1.1" 404 15598 "-" "WordPress/6.9.1; https://nfsin.com"
74.7.243.236 - - [17/Mar/2026:17:02:56 +0000] "GET /goods.php?detail/066049190091 HTTP/2.0" 200 85315 "https://nfsin.com/goods.php?detail/165002472509" "Mozilla/5.0 AppleWebKit/537.36 (KHTML, like Gecko; compatible; GPTBot/1.3; +https://openai.com/gptbot)"
74.7.243.236 - - [17/Mar/2026:17:03:09 +0000] "GET /goods.php?detail/165007373295 HTTP/2.0" 200 86655 "https://nfsin.com/goods.php?detail/165002472509" "Mozilla/5.0 AppleWebKit/537.36 (KHTML, like Gecko; compatible; GPTBot/1.3; +https://openai.com/gptbot)"
74.7.243.236 - - [17/Mar/2026:17:03:23 +0000] "GET /goods.php?detail/165007936069 HTTP/2.0" 200 85959 "https://nfsin.com/goods.php?detail/165002472509" "Mozilla/5.0 AppleWebKit/537.36 (KHTML, like Gecko; compatible; GPTBot/1.3; +https://openai.com/gptbot)"
69.197.179.242 - - [17/Mar/2026:17:02:09 +0000] "GET /wp-includes/wpf78988/edit.php?id=545071 HTTP/1.1" 200 20 "https://nfsin.com/wp-includes/wpf78988/edit.php?id=545071" "Mozilla/5.0 (Windows NT 10.0; Win64; x64) AppleWebKit/537.36 (KHTML, like Gecko) Chrome/58.0.3029.110 Safari/537.3"
74.7.243.236 - - [17/Mar/2026:17:03:39 +0000] "GET /goods.php?detail/0930393268559 HTTP/2.0" 200 86345 "https://nfsin.com/goods.php?detail/1600191495006" "Mozilla/5.0 AppleWebKit/537.36 (KHTML, like Gecko; compatible; GPTBot/1.3; +https://openai.com/gptbot)"
74.7.243.236 - - [17/Mar/2026:17:03:52 +0000] "GET /goods.php??n=exbj7e3424kgrhmlsp HTTP/2.0" 200 85632 "https://nfsin.com/goods.php??b=cxd7o22606jdpavzaoqc" "Mozilla/5.0 AppleWebKit/537.36 (KHTML, like Gecko; compatible; GPTBot/1.3; +https://openai.com/gptbot)"
74.7.243.236 - - [17/Mar/2026:17:04:08 +0000] "GET /goods.php??h=ngmj101jc2160itfyqibnk HTTP/2.0" 200 85750 "https://nfsin.com/goods.php??e=zoe101dvx978lfdzxyg" "Mozilla/5.0 AppleWebKit/537.36 (KHTML, like Gecko; compatible; GPTBot/1.3; +https://openai.com/gptbot)"
74.7.243.236 - - [17/Mar/2026:17:04:24 +0000] "GET /goods.php??o=loqo7c2740shxtluhtph HTTP/2.0" 200 85637 "https://nfsin.com/goods.php??b=cxd7o22606jdpavzaoqc" "Mozilla/5.0 AppleWebKit/537.36 (KHTML, like Gecko; compatible; GPTBot/1.3; +https://openai.com/gptbot)"
74.7.243.236 - - [17/Mar/2026:17:04:38 +0000] "GET /goods.php?detail/155046202044 HTTP/2.0" 200 85833 "https://nfsin.com/goods.php?detail/042000968373" "Mozilla/5.0 AppleWebKit/537.36 (KHTML, like Gecko; compatible; GPTBot/1.3; +https://openai.com/gptbot)"
74.7.243.236 - - [17/Mar/2026:17:04:51 +0000] "GET /goods.php??m=bluj20bzc20625nrpxzg HTTP/2.0" 200 85931 "https://nfsin.com/goods.php??e=vpr20h25905oycvqogwg" "Mozilla/5.0 AppleWebKit/537.36 (KHTML, like Gecko; compatible; GPTBot/1.3; +https://openai.com/gptbot)"
74.7.243.236 - - [17/Mar/2026:17:05:05 +0000] "GET /goods.php?detail/259000754737 HTTP/2.0" 200 85868 "https://nfsin.com/goods.php?detail/2590013063023" "Mozilla/5.0 AppleWebKit/537.36 (KHTML, like Gecko; compatible; GPTBot/1.3; +https://openai.com/gptbot)"
69.197.179.242 - - [17/Mar/2026:17:03:41 +0000] "GET /wp-includes/wpf78988/edit.php?id=545071 HTTP/1.1" 200 20 "https://nfsin.com/wp-includes/wpf78988/edit.php?id=545071" "Mozilla/5.0 (Windows NT 10.0; Win64; x64) AppleWebKit/537.36 (KHTML, like Gecko) Chrome/58.0.3029.110 Safari/537.3"
74.7.243.236 - - [17/Mar/2026:17:05:20 +0000] "GET /goods.php??k=gtkhc64pv165abphuaavf HTTP/2.0" 200 85786 "https://nfsin.com/goods.php??w=ssl64m24453oukvzcez" "Mozilla/5.0 AppleWebKit/537.36 (KHTML, like Gecko; compatible; GPTBot/1.3; +https://openai.com/gptbot)"
74.7.243.236 - - [17/Mar/2026:17:05:35 +0000] "GET /goods.php?detail/178039963058 HTTP/2.0" 200 85887 "https://nfsin.com/goods.php?detail/2590013063023" "Mozilla/5.0 AppleWebKit/537.36 (KHTML, like Gecko; compatible; GPTBot/1.3; +https://openai.com/gptbot)"
74.7.243.236 - - [17/Mar/2026:17:05:48 +0000] "GET /goods.php?detail/165002982636 HTTP/2.0" 200 87261 "https://nfsin.com/goods.php?detail/165007373295" "Mozilla/5.0 AppleWebKit/537.36 (KHTML, like Gecko; compatible; GPTBot/1.3; +https://openai.com/gptbot)"
74.7.243.236 - - [17/Mar/2026:17:06:02 +0000] "GET /goods.php?detail/030039589737 HTTP/2.0" 200 86257 "https://nfsin.com/goods.php?detail/165007936069" "Mozilla/5.0 AppleWebKit/537.36 (KHTML, like Gecko; compatible; GPTBot/1.3; +https://openai.com/gptbot)"
74.7.243.236 - - [17/Mar/2026:17:06:23 +0000] "GET /goods.php?detail/135024686268 HTTP/2.0" 200 85722 "https://nfsin.com/goods.php?detail/165007936069" "Mozilla/5.0 AppleWebKit/537.36 (KHTML, like Gecko; compatible; GPTBot/1.3; +https://openai.com/gptbot)"
74.7.243.236 - - [17/Mar/2026:17:06:37 +0000] "GET /goods.php??z=ziaj7lpzg2576gevpjor HTTP/2.0" 200 85613 "https://nfsin.com/goods.php??n=exbj7e3424kgrhmlsp" "Mozilla/5.0 AppleWebKit/537.36 (KHTML, like Gecko; compatible; GPTBot/1.3; +https://openai.com/gptbot)"
51.75.236.148 - - [17/Mar/2026:17:06:40 +0000] "GET /wp-includes/class-wp-embed.php HTTP/2.0" 404 15598 "-" "Mozilla/5.0 (compatible; AhrefsBot/7.0; +http://ahrefs.com/robot/)"
69.197.179.242 - - [17/Mar/2026:17:05:15 +0000] "GET /wp-includes/wpf78988/edit.php?id=545071 HTTP/1.1" 200 20 "https://nfsin.com/wp-includes/wpf78988/edit.php?id=545071" "Mozilla/5.0 (Windows NT 10.0; Win64; x64) AppleWebKit/537.36 (KHTML, like Gecko) Chrome/58.0.3029.110 Safari/537.3"
139.162.194.112 - - [17/Mar/2026:17:06:44 +0000] "POST /wp-cron.php?doing_wp_cron=1773767204.2542309761047363281250 HTTP/1.1" 404 15598 "-" "WordPress/6.9.1; https://nfsin.com"
74.7.243.236 - - [17/Mar/2026:17:06:51 +0000] "GET /goods.php??v=eggw34r23547yoxnjula HTTP/2.0" 200 85982 "https://nfsin.com/goods.php??n=exbj7e3424kgrhmlsp" "Mozilla/5.0 AppleWebKit/537.36 (KHTML, like Gecko; compatible; GPTBot/1.3; +https://openai.com/gptbot)"
74.7.243.236 - - [17/Mar/2026:17:07:05 +0000] "GET /goods.php??q=cco11f16996spucspb HTTP/2.0" 200 86405 "https://nfsin.com/goods.php??o=loqo7c2740shxtluhtph" "Mozilla/5.0 AppleWebKit/537.36 (KHTML, like Gecko; compatible; GPTBot/1.3; +https://openai.com/gptbot)"
74.7.243.236 - - [17/Mar/2026:17:07:20 +0000] "GET /goods.php?detail/214000307533 HTTP/2.0" 200 86004 "https://nfsin.com/goods.php?detail/0930393268559" "Mozilla/5.0 AppleWebKit/537.36 (KHTML, like Gecko; compatible; GPTBot/1.3; +https://openai.com/gptbot)"
74.7.243.236 - - [17/Mar/2026:17:07:34 +0000] "GET /goods.php??r=cwv6fln6847rgukpsy HTTP/2.0" 200 87359 "https://nfsin.com/goods.php??m=bluj20bzc20625nrpxzg" "Mozilla/5.0 AppleWebKit/537.36 (KHTML, like Gecko; compatible; GPTBot/1.3; +https://openai.com/gptbot)"
74.7.243.236 - - [17/Mar/2026:17:07:51 +0000] "GET /goods.php?detail/259001374354 HTTP/2.0" 200 86548 "https://nfsin.com/goods.php?detail/259000754737" "Mozilla/5.0 AppleWebKit/537.36 (KHTML, like Gecko; compatible; GPTBot/1.3; +https://openai.com/gptbot)"
74.7.243.236 - - [17/Mar/2026:17:08:07 +0000] "GET /goods.php??h=xhq60wo44681qyshqdxr HTTP/2.0" 200 87092 "https://nfsin.com/goods.php??k=gtkhc64pv165abphuaavf" "Mozilla/5.0 AppleWebKit/537.36 (KHTML, like Gecko; compatible; GPTBot/1.3; +https://openai.com/gptbot)"
69.197.179.242 - - [17/Mar/2026:17:06:49 +0000] "GET /wp-includes/wpf78988/edit.php?id=545071 HTTP/1.1" 200 20 "https://nfsin.com/wp-includes/wpf78988/edit.php?id=545071" "Mozilla/5.0 (Windows NT 10.0; Win64; x64) AppleWebKit/537.36 (KHTML, like Gecko) Chrome/58.0.3029.110 Safari/537.3"
74.7.243.236 - - [17/Mar/2026:17:08:25 +0000] "GET /goods.php?detail/047020450344 HTTP/2.0" 200 85592 "https://nfsin.com/goods.php?detail/178039963058" "Mozilla/5.0 AppleWebKit/537.36 (KHTML, like Gecko; compatible; GPTBot/1.3; +https://openai.com/gptbot)"
74.7.243.236 - - [17/Mar/2026:17:08:41 +0000] "GET /goods.php?detail/178004093423 HTTP/2.0" 200 86392 "https://nfsin.com/goods.php?detail/178039963058" "Mozilla/5.0 AppleWebKit/537.36 (KHTML, like Gecko; compatible; GPTBot/1.3; +https://openai.com/gptbot)"
74.7.243.236 - - [17/Mar/2026:17:08:55 +0000] "GET /goods.php?detail/209041931890 HTTP/2.0" 200 85867 "https://nfsin.com/goods.php?detail/030039589737" "Mozilla/5.0 AppleWebKit/537.36 (KHTML, like Gecko; compatible; GPTBot/1.3; +https://openai.com/gptbot)"
74.7.243.236 - - [17/Mar/2026:17:09:12 +0000] "GET /goods.php?detail/2150242660626 HTTP/2.0" 200 85807 "https://nfsin.com/goods.php?detail/135024686268" "Mozilla/5.0 AppleWebKit/537.36 (KHTML, like Gecko; compatible; GPTBot/1.3; +https://openai.com/gptbot)"
74.7.243.236 - - [17/Mar/2026:17:09:32 +0000] "GET /goods.php?detail/030000936981 HTTP/2.0" 200 86272 "https://nfsin.com/goods.php?detail/030039589737" "Mozilla/5.0 AppleWebKit/537.36 (KHTML, like Gecko; compatible; GPTBot/1.3; +https://openai.com/gptbot)"
74.7.243.236 - - [17/Mar/2026:17:09:45 +0000] "GET /goods.php?pcmypage?callback=product%2Fdetail%2Fm99795732645 HTTP/2.0" 200 86565 "https://nfsin.com/goods.php??v=eggw34r23547yoxnjula" "Mozilla/5.0 AppleWebKit/537.36 (KHTML, like Gecko; compatible; GPTBot/1.3; +https://openai.com/gptbot)"
69.197.179.242 - - [17/Mar/2026:17:08:22 +0000] "GET /wp-includes/wpf78988/edit.php?id=545071 HTTP/1.1" 200 20 "https://nfsin.com/wp-includes/wpf78988/edit.php?id=545071" "Mozilla/5.0 (Windows NT 10.0; Win64; x64) AppleWebKit/537.36 (KHTML, like Gecko) Chrome/58.0.3029.110 Safari/537.3"
74.7.243.236 - - [17/Mar/2026:17:10:00 +0000] "GET /goods.php??e=npfvr11vz970wtyxvd HTTP/2.0" 200 86716 "https://nfsin.com/goods.php??q=cco11f16996spucspb" "Mozilla/5.0 AppleWebKit/537.36 (KHTML, like Gecko; compatible; GPTBot/1.3; +https://openai.com/gptbot)"
74.7.243.236 - - [17/Mar/2026:17:10:15 +0000] "GET /goods.php?detail/214011442662 HTTP/2.0" 200 85642 "https://nfsin.com/goods.php?detail/214000307533" "Mozilla/5.0 AppleWebKit/537.36 (KHTML, like Gecko; compatible; GPTBot/1.3; +https://openai.com/gptbot)"
37.59.204.135 - - [17/Mar/2026:17:10:25 +0000] "GET /wp-includes/class-wp-duotone.php HTTP/2.0" 404 15598 "-" "Mozilla/5.0 (compatible; AhrefsBot/7.0; +http://ahrefs.com/robot/)"
139.162.194.112 - - [17/Mar/2026:17:10:30 +0000] "POST /wp-cron.php?doing_wp_cron=1773767429.9516100883483886718750 HTTP/1.1" 404 15588 "-" "WordPress/6.9.1; https://nfsin.com"
74.7.243.236 - - [17/Mar/2026:17:10:31 +0000] "GET /goods.php??m=xqaru6j1643evyuakq HTTP/2.0" 200 85943 "https://nfsin.com/goods.php??r=cwv6fln6847rgukpsy" "Mozilla/5.0 AppleWebKit/537.36 (KHTML, like Gecko; compatible; GPTBot/1.3; +https://openai.com/gptbot)"
74.7.243.236 - - [17/Mar/2026:17:10:45 +0000] "GET /goods.php?detail/214011480440 HTTP/2.0" 200 86072 "https://nfsin.com/goods.php?detail/214000307533" "Mozilla/5.0 AppleWebKit/537.36 (KHTML, like Gecko; compatible; GPTBot/1.3; +https://openai.com/gptbot)"
74.7.243.236 - - [17/Mar/2026:17:11:00 +0000] "GET /goods.php?detail/270040232870 HTTP/2.0" 200 84967 "https://nfsin.com/goods.php?detail/259001374354" "Mozilla/5.0 AppleWebKit/537.36 (KHTML, like Gecko; compatible; GPTBot/1.3; +https://openai.com/gptbot)"
74.7.243.236 - - [17/Mar/2026:17:11:17 +0000] "GET /goods.php??k=wxn30a1323fyvtpacab HTTP/2.0" 200 84904 "https://nfsin.com/goods.php??q=cco11f16996spucspb" "Mozilla/5.0 AppleWebKit/537.36 (KHTML, like Gecko; compatible; GPTBot/1.3; +https://openai.com/gptbot)"
69.197.179.242 - - [17/Mar/2026:17:09:54 +0000] "GET /wp-includes/wpf78988/edit.php?id=545071 HTTP/1.1" 200 20 "https://nfsin.com/wp-includes/wpf78988/edit.php?id=545071" "Mozilla/5.0 (Windows NT 10.0; Win64; x64) AppleWebKit/537.36 (KHTML, like Gecko) Chrome/58.0.3029.110 Safari/537.3"
74.7.243.236 - - [17/Mar/2026:17:11:32 +0000] "GET /goods.php??d=osi11gnlf864kxssiin HTTP/2.0" 200 86002 "https://nfsin.com/goods.php??q=cco11f16996spucspb" "Mozilla/5.0 AppleWebKit/537.36 (KHTML, like Gecko; compatible; GPTBot/1.3; +https://openai.com/gptbot)"
74.7.243.236 - - [17/Mar/2026:17:11:45 +0000] "GET /goods.php?detail/009006027035 HTTP/2.0" 200 86249 "https://nfsin.com/goods.php?detail/209041931890" "Mozilla/5.0 AppleWebKit/537.36 (KHTML, like Gecko; compatible; GPTBot/1.3; +https://openai.com/gptbot)"
74.7.243.236 - - [17/Mar/2026:17:11:58 +0000] "GET /goods.php??c=nawb11ol254rpmfqib HTTP/2.0" 200 86717 "https://nfsin.com/goods.php??q=cco11f16996spucspb" "Mozilla/5.0 AppleWebKit/537.36 (KHTML, like Gecko; compatible; GPTBot/1.3; +https://openai.com/gptbot)"
74.7.243.236 - - [17/Mar/2026:17:12:14 +0000] "GET /goods.php?detail/225002026567 HTTP/2.0" 200 86281 "https://nfsin.com/goods.php?detail/030000936981" "Mozilla/5.0 AppleWebKit/537.36 (KHTML, like Gecko; compatible; GPTBot/1.3; +https://openai.com/gptbot)"
74.7.243.236 - - [17/Mar/2026:17:12:29 +0000] "GET /goods.php?products/chaos/z069011615 HTTP/2.0" 200 86187 "https://nfsin.com/goods.php?pcmypage?callback=product%2Fdetail%2Fm99795732645" "Mozilla/5.0 AppleWebKit/537.36 (KHTML, like Gecko; compatible; GPTBot/1.3; +https://openai.com/gptbot)"
74.7.243.236 - - [17/Mar/2026:17:12:42 +0000] "GET /goods.php?products/evaluation/u069011275 HTTP/2.0" 200 86905 "https://nfsin.com/goods.php?pcmypage?callback=product%2Fdetail%2Fm99795732645" "Mozilla/5.0 AppleWebKit/537.36 (KHTML, like Gecko; compatible; GPTBot/1.3; +https://openai.com/gptbot)"
69.197.179.242 - - [17/Mar/2026:17:11:26 +0000] "GET /wp-includes/wpf78988/edit.php?id=545071 HTTP/1.1" 200 20 "https://nfsin.com/wp-includes/wpf78988/edit.php?id=545071" "Mozilla/5.0 (Windows NT 10.0; Win64; x64) AppleWebKit/537.36 (KHTML, like Gecko) Chrome/58.0.3029.110 Safari/537.3"
74.7.243.236 - - [17/Mar/2026:17:12:59 +0000] "GET /goods.php??i=tzjt23y5662ydniatx HTTP/2.0" 200 86099 "https://nfsin.com/goods.php?pcmypage?callback=product%2Fdetail%2Fm99795732645" "Mozilla/5.0 AppleWebKit/537.36 (KHTML, like Gecko; compatible; GPTBot/1.3; +https://openai.com/gptbot)"
74.7.243.236 - - [17/Mar/2026:17:13:16 +0000] "GET /goods.php?detail/038030209544 HTTP/2.0" 200 86947 "https://nfsin.com/goods.php?detail/209041931890" "Mozilla/5.0 AppleWebKit/537.36 (KHTML, like Gecko; compatible; GPTBot/1.3; +https://openai.com/gptbot)"
74.7.243.236 - - [17/Mar/2026:17:13:34 +0000] "GET /goods.php?detail/178005388280 HTTP/2.0" 200 86304 "https://nfsin.com/goods.php?detail/178004093423" "Mozilla/5.0 AppleWebKit/537.36 (KHTML, like Gecko; compatible; GPTBot/1.3; +https://openai.com/gptbot)"
74.7.243.236 - - [17/Mar/2026:17:13:53 +0000] "GET /goods.php??k=kumah6v1429duvqxnq HTTP/2.0" 200 86506 "https://nfsin.com/goods.php??m=xqaru6j1643evyuakq" "Mozilla/5.0 AppleWebKit/537.36 (KHTML, like Gecko; compatible; GPTBot/1.3; +https://openai.com/gptbot)"
74.7.243.236 - - [17/Mar/2026:17:14:08 +0000] "GET /goods.php??k=mkh11k292zgvmofyyza HTTP/2.0" 200 86254 "https://nfsin.com/goods.php??e=npfvr11vz970wtyxvd" "Mozilla/5.0 AppleWebKit/537.36 (KHTML, like Gecko; compatible; GPTBot/1.3; +https://openai.com/gptbot)"
74.7.243.236 - - [17/Mar/2026:17:14:23 +0000] "GET /goods.php?detail/233035863380 HTTP/2.0" 200 86971 "https://nfsin.com/goods.php??d=osi11gnlf864kxssiin" "Mozilla/5.0 AppleWebKit/537.36 (KHTML, like Gecko; compatible; GPTBot/1.3; +https://openai.com/gptbot)"
69.197.179.242 - - [17/Mar/2026:17:13:00 +0000] "GET /wp-includes/wpf78988/edit.php?id=545071 HTTP/1.1" 200 20 "https://nfsin.com/wp-includes/wpf78988/edit.php?id=545071" "Mozilla/5.0 (Windows NT 10.0; Win64; x64) AppleWebKit/537.36 (KHTML, like Gecko) Chrome/58.0.3029.110 Safari/537.3"
5.39.1.236 - - [17/Mar/2026:17:14:27 +0000] "GET /wp-includes/class-wp-dependency.php HTTP/2.0" 404 15598 "-" "Mozilla/5.0 (compatible; AhrefsBot/7.0; +http://ahrefs.com/robot/)"
139.162.194.112 - - [17/Mar/2026:17:14:34 +0000] "POST /wp-cron.php?doing_wp_cron=1773767674.5134301185607910156250 HTTP/1.1" 404 15588 "-" "WordPress/6.9.1; https://nfsin.com"
74.7.243.236 - - [17/Mar/2026:17:14:39 +0000] "GET /goods.php?detail/2090099767005 HTTP/2.0" 200 85893 "https://nfsin.com/goods.php?detail/209041931890" "Mozilla/5.0 AppleWebKit/537.36 (KHTML, like Gecko; compatible; GPTBot/1.3; +https://openai.com/gptbot)"
74.7.243.236 - - [17/Mar/2026:17:14:53 +0000] "GET /goods.php?detail/1040190890020 HTTP/2.0" 200 85963 "https://nfsin.com/goods.php?detail/259001374354" "Mozilla/5.0 AppleWebKit/537.36 (KHTML, like Gecko; compatible; GPTBot/1.3; +https://openai.com/gptbot)"
74.7.243.236 - - [17/Mar/2026:17:15:07 +0000] "GET /goods.php?goods/211018833 HTTP/2.0" 200 86417 "https://nfsin.com/goods.php?detail/225002026567" "Mozilla/5.0 AppleWebKit/537.36 (KHTML, like Gecko; compatible; GPTBot/1.3; +https://openai.com/gptbot)"
74.7.243.236 - - [17/Mar/2026:17:15:26 +0000] "GET /goods.php?detail/069006317876 HTTP/2.0" 200 85519 "https://nfsin.com/goods.php?products/chaos/z069011615" "Mozilla/5.0 AppleWebKit/537.36 (KHTML, like Gecko; compatible; GPTBot/1.3; +https://openai.com/gptbot)"
74.7.243.236 - - [17/Mar/2026:17:15:41 +0000] "GET /goods.php??h=ksp227c3710jbaupbqm HTTP/2.0" 200 86116 "https://nfsin.com/goods.php??d=osi11gnlf864kxssiin" "Mozilla/5.0 AppleWebKit/537.36 (KHTML, like Gecko; compatible; GPTBot/1.3; +https://openai.com/gptbot)"
74.7.243.236 - - [17/Mar/2026:17:15:55 +0000] "GET /goods.php??q=cmen42sa31065lvloeza HTTP/2.0" 200 85942 "https://nfsin.com/goods.php??c=nawb11ol254rpmfqib" "Mozilla/5.0 AppleWebKit/537.36 (KHTML, like Gecko; compatible; GPTBot/1.3; +https://openai.com/gptbot)"
69.197.179.242 - - [17/Mar/2026:17:14:33 +0000] "GET /wp-includes/wpf78988/edit.php?id=545071 HTTP/1.1" 200 20 "https://nfsin.com/wp-includes/wpf78988/edit.php?id=545071" "Mozilla/5.0 (Windows NT 10.0; Win64; x64) AppleWebKit/537.36 (KHTML, like Gecko) Chrome/58.0.3029.110 Safari/537.3"
74.7.243.236 - - [17/Mar/2026:17:16:09 +0000] "GET /goods.php?detail/282017171034 HTTP/2.0" 200 85240 "https://nfsin.com/goods.php?detail/259001374354" "Mozilla/5.0 AppleWebKit/537.36 (KHTML, like Gecko; compatible; GPTBot/1.3; +https://openai.com/gptbot)"
74.7.243.236 - - [17/Mar/2026:17:16:24 +0000] "GET /goods.php?detail/023022569541 HTTP/2.0" 200 85585 "https://nfsin.com/goods.php?detail/178005388280" "Mozilla/5.0 AppleWebKit/537.36 (KHTML, like Gecko; compatible; GPTBot/1.3; +https://openai.com/gptbot)"
74.7.243.236 - - [17/Mar/2026:17:16:38 +0000] "GET /goods.php??m=bkl6lie10351uyrtjzp HTTP/2.0" 200 87060 "https://nfsin.com/goods.php??k=kumah6v1429duvqxnq" "Mozilla/5.0 AppleWebKit/537.36 (KHTML, like Gecko; compatible; GPTBot/1.3; +https://openai.com/gptbot)"
74.7.243.236 - - [17/Mar/2026:17:16:56 +0000] "GET /goods.php?detail/236041193055 HTTP/2.0" 200 86516 "https://nfsin.com/goods.php?detail/2150242660626" "Mozilla/5.0 AppleWebKit/537.36 (KHTML, like Gecko; compatible; GPTBot/1.3; +https://openai.com/gptbot)"
74.7.243.236 - - [17/Mar/2026:17:17:10 +0000] "GET /goods.php?detail/221014327417 HTTP/2.0" 200 86029 "https://nfsin.com/goods.php?detail/214011442662" "Mozilla/5.0 AppleWebKit/537.36 (KHTML, like Gecko; compatible; GPTBot/1.3; +https://openai.com/gptbot)"
74.7.243.236 - - [17/Mar/2026:17:17:27 +0000] "GET /goods.php?jp/082039536.html HTTP/2.0" 200 86224 "https://nfsin.com/goods.php?detail/2090099767005" "Mozilla/5.0 AppleWebKit/537.36 (KHTML, like Gecko; compatible; GPTBot/1.3; +https://openai.com/gptbot)"
69.197.179.242 - - [17/Mar/2026:17:16:06 +0000] "GET /wp-includes/wpf78988/edit.php?id=545071 HTTP/1.1" 200 20 "https://nfsin.com/wp-includes/wpf78988/edit.php?id=545071" "Mozilla/5.0 (Windows NT 10.0; Win64; x64) AppleWebKit/537.36 (KHTML, like Gecko) Chrome/58.0.3029.110 Safari/537.3"
74.7.243.236 - - [17/Mar/2026:17:17:43 +0000] "GET /goods.php?detail/219022671274 HTTP/2.0" 200 85006 "https://nfsin.com/goods.php?detail/2150242660626" "Mozilla/5.0 AppleWebKit/537.36 (KHTML, like Gecko; compatible; GPTBot/1.3; +https://openai.com/gptbot)"
74.7.243.236 - - [17/Mar/2026:17:17:58 +0000] "GET /goods.php?detail/215035187101 HTTP/2.0" 200 85492 "https://nfsin.com/goods.php?detail/2150242660626" "Mozilla/5.0 AppleWebKit/537.36 (KHTML, like Gecko; compatible; GPTBot/1.3; +https://openai.com/gptbot)"
74.7.243.236 - - [17/Mar/2026:17:18:17 +0000] "GET /goods.php?detail/0690047110014 HTTP/2.0" 200 85762 "https://nfsin.com/goods.php?detail/069006317876" "Mozilla/5.0 AppleWebKit/537.36 (KHTML, like Gecko; compatible; GPTBot/1.3; +https://openai.com/gptbot)"
37.59.204.137 - - [17/Mar/2026:17:18:18 +0000] "GET /wp-includes/class-wp-dependencies.php HTTP/2.0" 404 15598 "-" "Mozilla/5.0 (compatible; AhrefsBot/7.0; +http://ahrefs.com/robot/)"
139.162.194.112 - - [17/Mar/2026:17:18:25 +0000] "POST /wp-cron.php?doing_wp_cron=1773767905.0240480899810791015625 HTTP/1.1" 404 15588 "-" "WordPress/6.9.1; https://nfsin.com"
74.7.243.236 - - [17/Mar/2026:17:18:34 +0000] "GET /goods.php?detail/225029305782 HTTP/2.0" 200 86167 "https://nfsin.com/goods.php?detail/225002026567" "Mozilla/5.0 AppleWebKit/537.36 (KHTML, like Gecko; compatible; GPTBot/1.3; +https://openai.com/gptbot)"
74.7.243.236 - - [17/Mar/2026:17:18:47 +0000] "GET /goods.php?pcmypage?callback=product%2Fdetail%2Fm31252124708 HTTP/2.0" 200 85093 "https://nfsin.com/goods.php??q=cmen42sa31065lvloeza" "Mozilla/5.0 AppleWebKit/537.36 (KHTML, like Gecko; compatible; GPTBot/1.3; +https://openai.com/gptbot)"
74.7.243.236 - - [17/Mar/2026:17:19:02 +0000] "GET /goods.php?detail/001024395243 HTTP/2.0" 200 85000 "https://nfsin.com/goods.php?detail/282017171034" "Mozilla/5.0 AppleWebKit/537.36 (KHTML, like Gecko; compatible; GPTBot/1.3; +https://openai.com/gptbot)"
69.197.179.242 - - [17/Mar/2026:17:17:38 +0000] "GET /wp-includes/wpf78988/edit.php?id=545071 HTTP/1.1" 200 20 "https://nfsin.com/wp-includes/wpf78988/edit.php?id=545071" "Mozilla/5.0 (Windows NT 10.0; Win64; x64) AppleWebKit/537.36 (KHTML, like Gecko) Chrome/58.0.3029.110 Safari/537.3"
74.7.243.236 - - [17/Mar/2026:17:19:22 +0000] "GET /goods.php?detail/0230032238834 HTTP/2.0" 200 85551 "https://nfsin.com/goods.php?detail/023022569541" "Mozilla/5.0 AppleWebKit/537.36 (KHTML, like Gecko; compatible; GPTBot/1.3; +https://openai.com/gptbot)"
74.7.243.236 - - [17/Mar/2026:17:19:39 +0000] "GET /goods.php?detail/021035838627 HTTP/2.0" 200 85238 "https://nfsin.com/goods.php?detail/282017171034" "Mozilla/5.0 AppleWebKit/537.36 (KHTML, like Gecko; compatible; GPTBot/1.3; +https://openai.com/gptbot)"
74.7.243.236 - - [17/Mar/2026:17:19:55 +0000] "GET /goods.php?detail/097037814715 HTTP/2.0" 200 85786 "https://nfsin.com/goods.php??v=eggw34r23547yoxnjula" "Mozilla/5.0 AppleWebKit/537.36 (KHTML, like Gecko; compatible; GPTBot/1.3; +https://openai.com/gptbot)"
74.7.243.236 - - [17/Mar/2026:17:20:12 +0000] "GET /goods.php?detail/138048773137 HTTP/2.0" 200 85075 "https://nfsin.com/goods.php?detail/221014327417" "Mozilla/5.0 AppleWebKit/537.36 (KHTML, like Gecko; compatible; GPTBot/1.3; +https://openai.com/gptbot)"
74.7.243.236 - - [17/Mar/2026:17:20:33 +0000] "GET /goods.php?detail/293015332103 HTTP/2.0" 200 85224 "https://nfsin.com/goods.php?jp/082039536.html" "Mozilla/5.0 AppleWebKit/537.36 (KHTML, like Gecko; compatible; GPTBot/1.3; +https://openai.com/gptbot)"
69.197.179.242 - - [17/Mar/2026:17:19:11 +0000] "GET /wp-includes/wpf78988/edit.php?id=545071 HTTP/1.1" 200 20 "https://nfsin.com/wp-includes/wpf78988/edit.php?id=545071" "Mozilla/5.0 (Windows NT 10.0; Win64; x64) AppleWebKit/537.36 (KHTML, like Gecko) Chrome/58.0.3029.110 Safari/537.3"
74.7.243.236 - - [17/Mar/2026:17:20:50 +0000] "GET /goods.php?detail/012048381178 HTTP/2.0" 200 86250 "https://nfsin.com/goods.php?jp/082039536.html" "Mozilla/5.0 AppleWebKit/537.36 (KHTML, like Gecko; compatible; GPTBot/1.3; +https://openai.com/gptbot)"
74.7.243.236 - - [17/Mar/2026:17:21:08 +0000] "GET /goods.php?detail/215023057068 HTTP/2.0" 200 85794 "https://nfsin.com/goods.php?detail/215035187101" "Mozilla/5.0 AppleWebKit/537.36 (KHTML, like Gecko; compatible; GPTBot/1.3; +https://openai.com/gptbot)"
74.7.243.236 - - [17/Mar/2026:17:21:26 +0000] "GET /goods.php?detail/069002330030 HTTP/2.0" 200 86583 "https://nfsin.com/goods.php?detail/0690047110014" "Mozilla/5.0 AppleWebKit/537.36 (KHTML, like Gecko; compatible; GPTBot/1.3; +https://openai.com/gptbot)"
74.7.243.236 - - [17/Mar/2026:17:21:43 +0000] "GET /goods.php?detail/062046442245 HTTP/2.0" 200 85776 "https://nfsin.com/goods.php?detail/225029305782" "Mozilla/5.0 AppleWebKit/537.36 (KHTML, like Gecko; compatible; GPTBot/1.3; +https://openai.com/gptbot)"
51.38.104.193 - - [17/Mar/2026:17:21:51 +0000] "GET /wp-includes/js/quicktags.js HTTP/2.0" 401 35 "-" "Mozilla/5.0 (Windows NT 10.0; Win64; x64) AppleWebKit/537.36 (KHTML, like Gecko) Chrome/127.0.0.0 Safari/537.36"
74.7.243.236 - - [17/Mar/2026:17:22:01 +0000] "GET /goods.php?detail/006022842416 HTTP/2.0" 200 86540 "https://nfsin.com/goods.php?detail/225029305782" "Mozilla/5.0 AppleWebKit/537.36 (KHTML, like Gecko; compatible; GPTBot/1.3; +https://openai.com/gptbot)"
69.197.179.242 - - [17/Mar/2026:17:20:42 +0000] "GET /wp-includes/wpf78988/edit.php?id=545071 HTTP/1.1" 200 20 "https://nfsin.com/wp-includes/wpf78988/edit.php?id=545071" "Mozilla/5.0 (Windows NT 10.0; Win64; x64) AppleWebKit/537.36 (KHTML, like Gecko) Chrome/58.0.3029.110 Safari/537.3"
176.31.139.26 - - [17/Mar/2026:17:22:13 +0000] "GET /wp-includes/class-wp-date-query.php HTTP/2.0" 404 15598 "-" "Mozilla/5.0 (compatible; AhrefsBot/7.0; +http://ahrefs.com/robot/)"
74.7.243.236 - - [17/Mar/2026:17:22:18 +0000] "GET /goods.php?detail/014037651718 HTTP/2.0" 200 85621 "https://nfsin.com/goods.php?detail/038030209544" "Mozilla/5.0 AppleWebKit/537.36 (KHTML, like Gecko; compatible; GPTBot/1.3; +https://openai.com/gptbot)"
74.7.243.236 - - [17/Mar/2026:17:22:35 +0000] "GET /goods.php?detail/259001429286 HTTP/2.0" 200 85562 "https://nfsin.com/goods.php?detail/259000754737" "Mozilla/5.0 AppleWebKit/537.36 (KHTML, like Gecko; compatible; GPTBot/1.3; +https://openai.com/gptbot)"
74.7.243.236 - - [17/Mar/2026:17:22:55 +0000] "GET /goods.php?detail/297036607170 HTTP/2.0" 200 86090 "https://nfsin.com/goods.php?detail/021035838627" "Mozilla/5.0 AppleWebKit/537.36 (KHTML, like Gecko; compatible; GPTBot/1.3; +https://openai.com/gptbot)"
74.7.243.236 - - [17/Mar/2026:17:23:18 +0000] "GET /goods.php?detail/0550145529005 HTTP/2.0" 200 86328 "https://nfsin.com/goods.php?detail/097037814715" "Mozilla/5.0 AppleWebKit/537.36 (KHTML, like Gecko; compatible; GPTBot/1.3; +https://openai.com/gptbot)"
74.7.243.236 - - [17/Mar/2026:17:23:38 +0000] "GET /goods.php?detail/236040778761 HTTP/2.0" 200 87189 "https://nfsin.com/goods.php?detail/236041193055" "Mozilla/5.0 AppleWebKit/537.36 (KHTML, like Gecko; compatible; GPTBot/1.3; +https://openai.com/gptbot)"
69.197.179.242 - - [17/Mar/2026:17:22:14 +0000] "GET /wp-includes/wpf78988/edit.php?id=545071 HTTP/1.1" 200 20 "https://nfsin.com/wp-includes/wpf78988/edit.php?id=545071" "Mozilla/5.0 (Windows NT 10.0; Win64; x64) AppleWebKit/537.36 (KHTML, like Gecko) Chrome/58.0.3029.110 Safari/537.3"
74.7.243.236 - - [17/Mar/2026:17:23:59 +0000] "GET /goods.php?detail/2140066054004 HTTP/2.0" 200 85609 "https://nfsin.com/goods.php?detail/214011442662" "Mozilla/5.0 AppleWebKit/537.36 (KHTML, like Gecko; compatible; GPTBot/1.3; +https://openai.com/gptbot)"
74.7.243.236 - - [17/Mar/2026:17:24:18 +0000] "GET /goods.php?detail/01201018676363 HTTP/2.0" 200 86031 "https://nfsin.com/goods.php?detail/012048381178" "Mozilla/5.0 AppleWebKit/537.36 (KHTML, like Gecko; compatible; GPTBot/1.3; +https://openai.com/gptbot)"
74.7.243.236 - - [17/Mar/2026:17:24:39 +0000] "GET /goods.php?detail/13900703628805 HTTP/2.0" 200 86478 "https://nfsin.com/goods.php?detail/215023057068" "Mozilla/5.0 AppleWebKit/537.36 (KHTML, like Gecko; compatible; GPTBot/1.3; +https://openai.com/gptbot)"
74.7.243.236 - - [17/Mar/2026:17:24:55 +0000] "GET /goods.php?detail/215033403469 HTTP/2.0" 200 85504 "https://nfsin.com/goods.php?detail/215023057068" "Mozilla/5.0 AppleWebKit/537.36 (KHTML, like Gecko; compatible; GPTBot/1.3; +https://openai.com/gptbot)"
74.7.243.236 - - [17/Mar/2026:17:25:11 +0000] "GET /goods.php?detail/017026892650 HTTP/2.0" 200 85345 "https://nfsin.com/goods.php?detail/012048381178" "Mozilla/5.0 AppleWebKit/537.36 (KHTML, like Gecko; compatible; GPTBot/1.3; +https://openai.com/gptbot)"
69.197.179.242 - - [17/Mar/2026:17:23:47 +0000] "GET /wp-includes/wpf78988/edit.php?id=545071 HTTP/1.1" 200 20 "https://nfsin.com/wp-includes/wpf78988/edit.php?id=545071" "Mozilla/5.0 (Windows NT 10.0; Win64; x64) AppleWebKit/537.36 (KHTML, like Gecko) Chrome/58.0.3029.110 Safari/537.3"
74.7.243.236 - - [17/Mar/2026:17:25:28 +0000] "GET /goods.php?detail/006009509276 HTTP/2.0" 200 86515 "https://nfsin.com/goods.php?detail/006022842416" "Mozilla/5.0 AppleWebKit/537.36 (KHTML, like Gecko; compatible; GPTBot/1.3; +https://openai.com/gptbot)"
74.7.243.236 - - [17/Mar/2026:17:25:43 +0000] "GET /goods.php?detail/006043900995 HTTP/2.0" 200 86958 "https://nfsin.com/goods.php?detail/006022842416" "Mozilla/5.0 AppleWebKit/537.36 (KHTML, like Gecko; compatible; GPTBot/1.3; +https://openai.com/gptbot)"
74.7.243.236 - - [17/Mar/2026:17:25:56 +0000] "GET /goods.php?detail/256049057904 HTTP/2.0" 200 86106 "https://nfsin.com/goods.php?detail/215023057068" "Mozilla/5.0 AppleWebKit/537.36 (KHTML, like Gecko; compatible; GPTBot/1.3; +https://openai.com/gptbot)"
94.23.188.208 - - [17/Mar/2026:17:26:08 +0000] "GET /wp-includes/class-wp-customize-setting.php HTTP/2.0" 404 15598 "-" "Mozilla/5.0 (compatible; AhrefsBot/7.0; +http://ahrefs.com/robot/)"
74.7.243.236 - - [17/Mar/2026:17:26:13 +0000] "GET /goods.php?detail/237027235084 HTTP/2.0" 200 86971 "https://nfsin.com/goods.php?detail/014037651718" "Mozilla/5.0 AppleWebKit/537.36 (KHTML, like Gecko; compatible; GPTBot/1.3; +https://openai.com/gptbot)"
74.7.243.236 - - [17/Mar/2026:17:26:32 +0000] "GET /goods.php?detail/0550022029352 HTTP/2.0" 200 85290 "https://nfsin.com/goods.php?detail/0550145529005" "Mozilla/5.0 AppleWebKit/537.36 (KHTML, like Gecko; compatible; GPTBot/1.3; +https://openai.com/gptbot)"
69.197.179.242 - - [17/Mar/2026:17:25:20 +0000] "GET /wp-includes/wpf78988/edit.php?id=545071 HTTP/1.1" 200 20 "https://nfsin.com/wp-includes/wpf78988/edit.php?id=545071" "Mozilla/5.0 (Windows NT 10.0; Win64; x64) AppleWebKit/537.36 (KHTML, like Gecko) Chrome/58.0.3029.110 Safari/537.3"
74.7.243.236 - - [17/Mar/2026:17:26:52 +0000] "GET /goods.php?detail/0060095031545 HTTP/2.0" 200 85630 "https://nfsin.com/goods.php?detail/006022842416" "Mozilla/5.0 AppleWebKit/537.36 (KHTML, like Gecko; compatible; GPTBot/1.3; +https://openai.com/gptbot)"
74.7.243.236 - - [17/Mar/2026:17:27:10 +0000] "GET /goods.php?detail/259042880734 HTTP/2.0" 200 85169 "https://nfsin.com/goods.php?detail/069002330030" "Mozilla/5.0 AppleWebKit/537.36 (KHTML, like Gecko; compatible; GPTBot/1.3; +https://openai.com/gptbot)"
74.7.243.236 - - [17/Mar/2026:17:27:28 +0000] "GET /goods.php?detail/1280065340807 HTTP/2.0" 200 85479 "https://nfsin.com/goods.php?detail/012048381178" "Mozilla/5.0 AppleWebKit/537.36 (KHTML, like Gecko; compatible; GPTBot/1.3; +https://openai.com/gptbot)"
74.7.243.236 - - [17/Mar/2026:17:27:54 +0000] "GET /goods.php?detail/097020112559 HTTP/2.0" 200 85522 "https://nfsin.com/goods.php?detail/13900703628805" "Mozilla/5.0 AppleWebKit/537.36 (KHTML, like Gecko; compatible; GPTBot/1.3; +https://openai.com/gptbot)"
74.7.243.236 - - [17/Mar/2026:17:28:10 +0000] "GET /goods.php?detail/215021716440 HTTP/2.0" 200 85673 "https://nfsin.com/goods.php?detail/215033403469" "Mozilla/5.0 AppleWebKit/537.36 (KHTML, like Gecko; compatible; GPTBot/1.3; +https://openai.com/gptbot)"
69.197.179.242 - - [17/Mar/2026:17:26:52 +0000] "GET /wp-includes/wpf78988/edit.php?id=545071 HTTP/1.1" 200 20 "https://nfsin.com/wp-includes/wpf78988/edit.php?id=545071" "Mozilla/5.0 (Windows NT 10.0; Win64; x64) AppleWebKit/537.36 (KHTML, like Gecko) Chrome/58.0.3029.110 Safari/537.3"
74.7.243.236 - - [17/Mar/2026:17:28:27 +0000] "GET /goods.php?goods/021020921 HTTP/2.0" 200 86459 "https://nfsin.com/goods.php?detail/017026892650" "Mozilla/5.0 AppleWebKit/537.36 (KHTML, like Gecko; compatible; GPTBot/1.3; +https://openai.com/gptbot)"
74.7.243.236 - - [17/Mar/2026:17:28:48 +0000] "GET /goods.php?detail/006008714020 HTTP/2.0" 200 85994 "https://nfsin.com/goods.php?detail/006009509276" "Mozilla/5.0 AppleWebKit/537.36 (KHTML, like Gecko; compatible; GPTBot/1.3; +https://openai.com/gptbot)"
74.7.243.236 - - [17/Mar/2026:17:29:06 +0000] "GET /goods.php?detail/006010154858 HTTP/2.0" 200 85978 "https://nfsin.com/goods.php?detail/006043900995" "Mozilla/5.0 AppleWebKit/537.36 (KHTML, like Gecko; compatible; GPTBot/1.3; +https://openai.com/gptbot)"
74.7.243.236 - - [17/Mar/2026:17:29:23 +0000] "GET /goods.php?detail/088048163748 HTTP/2.0" 200 85252 "https://nfsin.com/goods.php?detail/215033403469" "Mozilla/5.0 AppleWebKit/537.36 (KHTML, like Gecko; compatible; GPTBot/1.3; +https://openai.com/gptbot)"
74.7.243.236 - - [17/Mar/2026:17:29:41 +0000] "GET /goods.php?detail/208039858066 HTTP/2.0" 200 85615 "https://nfsin.com/goods.php?detail/237027235084" "Mozilla/5.0 AppleWebKit/537.36 (KHTML, like Gecko; compatible; GPTBot/1.3; +https://openai.com/gptbot)"
94.23.188.209 - - [17/Mar/2026:17:29:42 +0000] "GET /wp-includes/class-wp-customize-section.php HTTP/2.0" 404 15598 "-" "Mozilla/5.0 (compatible; AhrefsBot/7.0; +http://ahrefs.com/robot/)"
69.197.179.242 - - [17/Mar/2026:17:28:27 +0000] "GET /wp-includes/wpf78988/edit.php?id=545071 HTTP/1.1" 200 20 "https://nfsin.com/wp-includes/wpf78988/edit.php?id=545071" "Mozilla/5.0 (Windows NT 10.0; Win64; x64) AppleWebKit/537.36 (KHTML, like Gecko) Chrome/58.0.3029.110 Safari/537.3"
74.7.243.236 - - [17/Mar/2026:17:30:00 +0000] "GET /goods.php?detail/006010125431 HTTP/2.0" 200 85854 "https://nfsin.com/goods.php?detail/006043900995" "Mozilla/5.0 AppleWebKit/537.36 (KHTML, like Gecko; compatible; GPTBot/1.3; +https://openai.com/gptbot)"
74.7.243.236 - - [17/Mar/2026:17:30:17 +0000] "GET /goods.php?goods/008022333 HTTP/2.0" 200 85677 "https://nfsin.com/goods.php?detail/0060095031545" "Mozilla/5.0 AppleWebKit/537.36 (KHTML, like Gecko; compatible; GPTBot/1.3; +https://openai.com/gptbot)"
74.7.243.236 - - [17/Mar/2026:17:30:35 +0000] "GET /goods.php?goods/153020892 HTTP/2.0" 200 85388 "https://nfsin.com/goods.php?detail/259042880734" "Mozilla/5.0 AppleWebKit/537.36 (KHTML, like Gecko; compatible; GPTBot/1.3; +https://openai.com/gptbot)"
74.7.243.236 - - [17/Mar/2026:17:31:00 +0000] "GET /goods.php?detail/006008713996 HTTP/2.0" 200 85926 "https://nfsin.com/goods.php?detail/006009509276" "Mozilla/5.0 AppleWebKit/537.36 (KHTML, like Gecko; compatible; GPTBot/1.3; +https://openai.com/gptbot)"
74.7.243.236 - - [17/Mar/2026:17:31:20 +0000] "GET /goods.php?detail/004047197347 HTTP/2.0" 200 85070 "https://nfsin.com/goods.php?detail/097020112559" "Mozilla/5.0 AppleWebKit/537.36 (KHTML, like Gecko; compatible; GPTBot/1.3; +https://openai.com/gptbot)"
69.197.179.242 - - [17/Mar/2026:17:29:58 +0000] "GET /wp-includes/wpf78988/edit.php?id=545071 HTTP/1.1" 200 20 "https://nfsin.com/wp-includes/wpf78988/edit.php?id=545071" "Mozilla/5.0 (Windows NT 10.0; Win64; x64) AppleWebKit/537.36 (KHTML, like Gecko) Chrome/58.0.3029.110 Safari/537.3"
74.7.243.236 - - [17/Mar/2026:17:31:38 +0000] "GET /goods.php?detail/215013197715 HTTP/2.0" 200 85776 "https://nfsin.com/goods.php?detail/215021716440" "Mozilla/5.0 AppleWebKit/537.36 (KHTML, like Gecko; compatible; GPTBot/1.3; +https://openai.com/gptbot)"
74.7.243.236 - - [17/Mar/2026:17:31:57 +0000] "GET /goods.php?pcmypage?callback=product/review/m33327378877 HTTP/2.0" 200 86886 "https://nfsin.com/goods.php?goods/021020921" "Mozilla/5.0 AppleWebKit/537.36 (KHTML, like Gecko; compatible; GPTBot/1.3; +https://openai.com/gptbot)"
74.7.243.236 - - [17/Mar/2026:17:32:18 +0000] "GET /goods.php?goods/006012515 HTTP/2.0" 200 85922 "https://nfsin.com/goods.php?detail/006008714020" "Mozilla/5.0 AppleWebKit/537.36 (KHTML, like Gecko; compatible; GPTBot/1.3; +https://openai.com/gptbot)"
74.7.241.165 - - [17/Mar/2026:17:32:30 +0000] "GET /robots.txt HTTP/2.0" 503 - "-" "Mozilla/5.0 (Macintosh; Intel Mac OS X 10_15_7) AppleWebKit/537.36 (KHTML, like Gecko) Chrome/131.0.0.0 Safari/537.36; compatible; OAI-SearchBot/1.3; robots.txt; +https://openai.com/searchbot"
74.7.243.236 - - [17/Mar/2026:17:32:33 +0000] "GET /goods.php?detail/044037059244 HTTP/2.0" 200 85665 "https://nfsin.com/goods.php?detail/256049057904" "Mozilla/5.0 AppleWebKit/537.36 (KHTML, like Gecko; compatible; GPTBot/1.3; +https://openai.com/gptbot)"
69.197.179.242 - - [17/Mar/2026:17:31:31 +0000] "GET /wp-includes/wpf78988/edit.php?id=545071 HTTP/1.1" 200 20 "https://nfsin.com/wp-includes/wpf78988/edit.php?id=545071" "Mozilla/5.0 (Windows NT 10.0; Win64; x64) AppleWebKit/537.36 (KHTML, like Gecko) Chrome/58.0.3029.110 Safari/537.3"
74.7.243.236 - - [17/Mar/2026:17:33:01 +0000] "GET /goods.php?detail/271035696695 HTTP/2.0" 200 86194 "https://nfsin.com/goods.php?detail/017026892650" "Mozilla/5.0 AppleWebKit/537.36 (KHTML, like Gecko; compatible; GPTBot/1.3; +https://openai.com/gptbot)"
74.7.243.236 - - [17/Mar/2026:17:33:22 +0000] "GET /goods.php?detail/192025252172 HTTP/2.0" 200 86058 "https://nfsin.com/goods.php?detail/208039858066" "Mozilla/5.0 AppleWebKit/537.36 (KHTML, like Gecko; compatible; GPTBot/1.3; +https://openai.com/gptbot)"
54.37.118.76 - - [17/Mar/2026:17:33:32 +0000] "GET /wp-includes/class-wp-customize-panel.php HTTP/2.0" 404 15598 "-" "Mozilla/5.0 (compatible; AhrefsBot/7.0; +http://ahrefs.com/robot/)"
74.7.243.236 - - [17/Mar/2026:17:33:37 +0000] "GET /goods.php?detail/006009737050 HTTP/2.0" 200 86378 "https://nfsin.com/goods.php?detail/006010125431" "Mozilla/5.0 AppleWebKit/537.36 (KHTML, like Gecko; compatible; GPTBot/1.3; +https://openai.com/gptbot)"
74.7.243.236 - - [17/Mar/2026:17:33:51 +0000] "GET /goods.php?detail/006009721641 HTTP/2.0" 200 87609 "https://nfsin.com/goods.php?detail/006010125431" "Mozilla/5.0 AppleWebKit/537.36 (KHTML, like Gecko; compatible; GPTBot/1.3; +https://openai.com/gptbot)"
74.7.243.236 - - [17/Mar/2026:17:34:06 +0000] "GET /goods.php?detail/138038879549 HTTP/2.0" 200 86685 "https://nfsin.com/goods.php?detail/006010125431" "Mozilla/5.0 AppleWebKit/537.36 (KHTML, like Gecko; compatible; GPTBot/1.3; +https://openai.com/gptbot)"
74.7.243.236 - - [17/Mar/2026:17:34:19 +0000] "GET /goods.php?detail/006014146272 HTTP/2.0" 200 85751 "https://nfsin.com/goods.php?detail/006008713996" "Mozilla/5.0 AppleWebKit/537.36 (KHTML, like Gecko; compatible; GPTBot/1.3; +https://openai.com/gptbot)"
204.12.208.18 - - [17/Mar/2026:17:34:25 +0000] "GET /wp-includes/wpf78988/edit.php HTTP/1.1" 200 26 "https://nfsin.com/wp-includes/wpf78988/edit.php" "Mozilla/5.0 (Macintosh; Intel Mac OS X 10_6_8) AppleWebKit/534.57.2 (KHTML, like Gecko) Version/5.1.7 Safari/534.57.2"
191.96.150.44 - - [17/Mar/2026:17:34:29 +0000] "GET / HTTP/1.1" 200 17796 "-" "Mozilla/5.0 (X11; Linux x86_64; rv:103.0) Gecko/20100101 Firefox/103.0"
74.7.243.236 - - [17/Mar/2026:17:34:32 +0000] "GET /goods.php?detail/215021680590 HTTP/2.0" 200 85663 "https://nfsin.com/goods.php?detail/215033403469" "Mozilla/5.0 AppleWebKit/537.36 (KHTML, like Gecko; compatible; GPTBot/1.3; +https://openai.com/gptbot)"
139.162.194.112 - - [17/Mar/2026:17:34:33 +0000] "POST /wp-cron.php?doing_wp_cron=1773768873.0341100692749023437500 HTTP/1.1" 404 15588 "-" "WordPress/6.9.1; https://nfsin.com"
69.197.179.242 - - [17/Mar/2026:17:33:03 +0000] "GET /wp-includes/wpf78988/edit.php?id=545071 HTTP/1.1" 200 20 "https://nfsin.com/wp-includes/wpf78988/edit.php?id=545071" "Mozilla/5.0 (Windows NT 10.0; Win64; x64) AppleWebKit/537.36 (KHTML, like Gecko) Chrome/58.0.3029.110 Safari/537.3"
43.155.129.131 - - [17/Mar/2026:17:34:38 +0000] "GET / HTTP/1.1" 200 17796 "http://nfsin.com" "Mozilla/5.0 (iPhone; CPU iPhone OS 13_2_3 like Mac OS X) AppleWebKit/605.1.15 (KHTML, like Gecko) Version/13.0.3 Mobile/15E148 Safari/604.1"
74.7.243.236 - - [17/Mar/2026:17:34:48 +0000] "GET /goods.php?detail/156047701581 HTTP/2.0" 200 86269 "https://nfsin.com/goods.php?detail/006010154858" "Mozilla/5.0 AppleWebKit/537.36 (KHTML, like Gecko; compatible; GPTBot/1.3; +https://openai.com/gptbot)"
74.7.243.236 - - [17/Mar/2026:17:35:07 +0000] "GET /goods.php??z=umt90zu911ijamgqan HTTP/2.0" 200 86980 "https://nfsin.com/goods.php?pcmypage?callback=product/review/m33327378877" "Mozilla/5.0 AppleWebKit/537.36 (KHTML, like Gecko; compatible; GPTBot/1.3; +https://openai.com/gptbot)"
74.7.243.236 - - [17/Mar/2026:17:35:21 +0000] "GET /goods.php?detail/0930101737907 HTTP/2.0" 200 85700 "https://nfsin.com/goods.php?detail/208039858066" "Mozilla/5.0 AppleWebKit/537.36 (KHTML, like Gecko; compatible; GPTBot/1.3; +https://openai.com/gptbot)"
74.7.243.236 - - [17/Mar/2026:17:35:36 +0000] "GET /goods.php?detail/0240480460611 HTTP/2.0" 200 85624 "https://nfsin.com/goods.php?goods/008022333" "Mozilla/5.0 AppleWebKit/537.36 (KHTML, like Gecko; compatible; GPTBot/1.3; +https://openai.com/gptbot)"
74.7.243.236 - - [17/Mar/2026:17:35:54 +0000] "GET /goods.php?detail/249003463703 HTTP/2.0" 200 86089 "https://nfsin.com/goods.php?detail/271035696695" "Mozilla/5.0 AppleWebKit/537.36 (KHTML, like Gecko; compatible; GPTBot/1.3; +https://openai.com/gptbot)"
69.197.179.242 - - [17/Mar/2026:17:34:39 +0000] "GET /wp-includes/wpf78988/edit.php?id=545071 HTTP/1.1" 200 20 "https://nfsin.com/wp-includes/wpf78988/edit.php?id=545071" "Mozilla/5.0 (Windows NT 10.0; Win64; x64) AppleWebKit/537.36 (KHTML, like Gecko) Chrome/58.0.3029.110 Safari/537.3"
74.7.243.236 - - [17/Mar/2026:17:36:10 +0000] "GET /goods.php?detail/271002088037 HTTP/2.0" 200 85905 "https://nfsin.com/goods.php?detail/271035696695" "Mozilla/5.0 AppleWebKit/537.36 (KHTML, like Gecko; compatible; GPTBot/1.3; +https://openai.com/gptbot)"
74.7.243.236 - - [17/Mar/2026:17:36:23 +0000] "GET /goods.php?detail/300049425615 HTTP/2.0" 200 86042 "https://nfsin.com/goods.php?detail/006010125431" "Mozilla/5.0 AppleWebKit/537.36 (KHTML, like Gecko; compatible; GPTBot/1.3; +https://openai.com/gptbot)"
74.7.243.236 - - [17/Mar/2026:17:36:36 +0000] "GET /goods.php?detail/006007186197 HTTP/2.0" 200 86666 "https://nfsin.com/goods.php?detail/006009721641" "Mozilla/5.0 AppleWebKit/537.36 (KHTML, like Gecko; compatible; GPTBot/1.3; +https://openai.com/gptbot)"
74.7.243.236 - - [17/Mar/2026:17:36:50 +0000] "GET /goods.php?detail/271027122393 HTTP/2.0" 200 85186 "https://nfsin.com/goods.php?detail/138038879549" "Mozilla/5.0 AppleWebKit/537.36 (KHTML, like Gecko; compatible; GPTBot/1.3; +https://openai.com/gptbot)"
74.7.243.236 - - [17/Mar/2026:17:37:15 +0000] "GET /goods.php?detail/006009480970 HTTP/2.0" 200 85247 "https://nfsin.com/goods.php?detail/006014146272" "Mozilla/5.0 AppleWebKit/537.36 (KHTML, like Gecko; compatible; GPTBot/1.3; +https://openai.com/gptbot)"
103.87.212.36 - - [17/Mar/2026:17:37:22 +0000] "GET /wp-login.php HTTP/2.0" 200 20 "http://nfsin.com/login.php" "Go-http-client/2.0"
74.7.243.236 - - [17/Mar/2026:17:37:35 +0000] "GET /goods.php?detail/006009400452 HTTP/2.0" 200 85587 "https://nfsin.com/goods.php?detail/006014146272" "Mozilla/5.0 AppleWebKit/537.36 (KHTML, like Gecko; compatible; GPTBot/1.3; +https://openai.com/gptbot)"
69.197.179.242 - - [17/Mar/2026:17:36:10 +0000] "GET /wp-includes/wpf78988/edit.php?id=545071 HTTP/1.1" 200 20 "https://nfsin.com/wp-includes/wpf78988/edit.php?id=545071" "Mozilla/5.0 (Windows NT 10.0; Win64; x64) AppleWebKit/537.36 (KHTML, like Gecko) Chrome/58.0.3029.110 Safari/537.3"
74.7.243.236 - - [17/Mar/2026:17:37:51 +0000] "GET /goods.php?detail/156015459526 HTTP/2.0" 200 86183 "https://nfsin.com/goods.php?detail/156047701581" "Mozilla/5.0 AppleWebKit/537.36 (KHTML, like Gecko; compatible; GPTBot/1.3; +https://openai.com/gptbot)"
74.7.243.236 - - [17/Mar/2026:17:38:09 +0000] "GET /goods.php??e=tnp9lu24124jwkqzjt HTTP/2.0" 200 86019 "https://nfsin.com/goods.php??z=umt90zu911ijamgqan" "Mozilla/5.0 AppleWebKit/537.36 (KHTML, like Gecko; compatible; GPTBot/1.3; +https://openai.com/gptbot)"
74.7.243.236 - - [17/Mar/2026:17:38:26 +0000] "GET /goods.php?detail/153002053572 HTTP/2.0" 200 87237 "https://nfsin.com/goods.php??z=umt90zu911ijamgqan" "Mozilla/5.0 AppleWebKit/537.36 (KHTML, like Gecko; compatible; GPTBot/1.3; +https://openai.com/gptbot)"
92.222.108.111 - - [17/Mar/2026:17:38:46 +0000] "GET /?sitemap900.xml HTTP/2.0" 200 33 "-" "Mozilla/5.0 (compatible; AhrefsBot/7.0; +http://ahrefs.com/robot/)"
74.7.243.236 - - [17/Mar/2026:17:38:45 +0000] "GET /goods.php?detail/024012798248 HTTP/2.0" 200 86065 "https://nfsin.com/goods.php?detail/0240480460611" "Mozilla/5.0 AppleWebKit/537.36 (KHTML, like Gecko; compatible; GPTBot/1.3; +https://openai.com/gptbot)"
74.7.243.236 - - [17/Mar/2026:17:39:03 +0000] "GET /goods.php?detail/249049220095 HTTP/2.0" 200 85897 "https://nfsin.com/goods.php?detail/249003463703" "Mozilla/5.0 AppleWebKit/537.36 (KHTML, like Gecko; compatible; GPTBot/1.3; +https://openai.com/gptbot)"
69.197.179.242 - - [17/Mar/2026:17:37:44 +0000] "GET /wp-includes/wpf78988/edit.php?id=545071 HTTP/1.1" 200 20 "https://nfsin.com/wp-includes/wpf78988/edit.php?id=545071" "Mozilla/5.0 (Windows NT 10.0; Win64; x64) AppleWebKit/537.36 (KHTML, like Gecko) Chrome/58.0.3029.110 Safari/537.3"
74.7.243.236 - - [17/Mar/2026:17:39:20 +0000] "GET /goods.php?detail/066049316688 HTTP/2.0" 200 86032 "https://nfsin.com/goods.php?detail/249003463703" "Mozilla/5.0 AppleWebKit/537.36 (KHTML, like Gecko; compatible; GPTBot/1.3; +https://openai.com/gptbot)"
74.7.243.236 - - [17/Mar/2026:17:39:36 +0000] "GET /goods.php?detail/271001152061 HTTP/2.0" 200 85240 "https://nfsin.com/goods.php?detail/271002088037" "Mozilla/5.0 AppleWebKit/537.36 (KHTML, like Gecko; compatible; GPTBot/1.3; +https://openai.com/gptbot)"
74.7.243.236 - - [17/Mar/2026:17:39:53 +0000] "GET /goods.php?detail/006000185122 HTTP/2.0" 200 85847 "https://nfsin.com/goods.php?detail/006007186197" "Mozilla/5.0 AppleWebKit/537.36 (KHTML, like Gecko; compatible; GPTBot/1.3; +https://openai.com/gptbot)"
74.7.243.236 - - [17/Mar/2026:17:40:11 +0000] "GET /goods.php?goods/280038431 HTTP/2.0" 200 85752 "https://nfsin.com/goods.php?detail/271027122393" "Mozilla/5.0 AppleWebKit/537.36 (KHTML, like Gecko; compatible; GPTBot/1.3; +https://openai.com/gptbot)"
74.7.243.236 - - [17/Mar/2026:17:40:28 +0000] "GET /goods.php?goods/066045152 HTTP/2.0" 200 86331 "https://nfsin.com/goods.php?detail/006009480970" "Mozilla/5.0 AppleWebKit/537.36 (KHTML, like Gecko; compatible; GPTBot/1.3; +https://openai.com/gptbot)"
