74.7.243.236 - - [17/Mar/2026:21:41:34 +0000] "GET /goods.php??z=ctt82llj2687bwxszv HTTP/2.0" 200 85774 "https://nfsin.com/goods.php??l=uqwj82nsg4079fuqgvri" "Mozilla/5.0 AppleWebKit/537.36 (KHTML, like Gecko; compatible; GPTBot/1.3; +https://openai.com/gptbot)"
74.7.243.236 - - [17/Mar/2026:21:41:47 +0000] "GET /goods.php?detail/002000979612 HTTP/2.0" 200 87074 "https://nfsin.com/goods.php?detail/002023849326" "Mozilla/5.0 AppleWebKit/537.36 (KHTML, like Gecko; compatible; GPTBot/1.3; +https://openai.com/gptbot)"
74.7.243.236 - - [17/Mar/2026:21:42:11 +0000] "GET /goods.php?detail/2030178373078 HTTP/2.0" 200 86150 "https://nfsin.com/goods.php?detail/113013182665" "Mozilla/5.0 AppleWebKit/537.36 (KHTML, like Gecko; compatible; GPTBot/1.3; +https://openai.com/gptbot)"
74.7.243.236 - - [17/Mar/2026:21:42:31 +0000] "GET /goods.php?detail/262000862138 HTTP/2.0" 200 85493 "https://nfsin.com/goods.php?detail/262006265857" "Mozilla/5.0 AppleWebKit/537.36 (KHTML, like Gecko; compatible; GPTBot/1.3; +https://openai.com/gptbot)"
69.197.179.242 - - [17/Mar/2026:21:41:09 +0000] "GET /wp-includes/wpf78988/edit.php?id=545071 HTTP/1.1" 200 20 "https://nfsin.com/wp-includes/wpf78988/edit.php?id=545071" "Mozilla/5.0 (Windows NT 10.0; Win64; x64) AppleWebKit/537.36 (KHTML, like Gecko) Chrome/58.0.3029.110 Safari/537.3"
74.7.243.236 - - [17/Mar/2026:21:42:46 +0000] "GET /goods.php?detail/091044242544 HTTP/2.0" 200 86022 "https://nfsin.com/goods.php?detail/035019353536" "Mozilla/5.0 AppleWebKit/537.36 (KHTML, like Gecko; compatible; GPTBot/1.3; +https://openai.com/gptbot)"
74.7.243.236 - - [17/Mar/2026:21:43:01 +0000] "GET /goods.php?detail/169009569607 HTTP/2.0" 200 85892 "https://nfsin.com/goods.php?detail/035019353536" "Mozilla/5.0 AppleWebKit/537.36 (KHTML, like Gecko; compatible; GPTBot/1.3; +https://openai.com/gptbot)"
74.7.243.236 - - [17/Mar/2026:21:43:18 +0000] "GET /goods.php?detail/0910263858593 HTTP/2.0" 200 85304 "https://nfsin.com/goods.php?detail/035019353536" "Mozilla/5.0 AppleWebKit/537.36 (KHTML, like Gecko; compatible; GPTBot/1.3; +https://openai.com/gptbot)"
74.7.243.236 - - [17/Mar/2026:21:43:36 +0000] "GET /goods.php?detail/138030191828 HTTP/2.0" 200 85641 "https://nfsin.com/goods.php?detail/244007922254" "Mozilla/5.0 AppleWebKit/537.36 (KHTML, like Gecko; compatible; GPTBot/1.3; +https://openai.com/gptbot)"
74.7.243.236 - - [17/Mar/2026:21:43:51 +0000] "GET /goods.php?goods/220020042 HTTP/2.0" 200 85621 "https://nfsin.com/goods.php?detail/246031463844" "Mozilla/5.0 AppleWebKit/537.36 (KHTML, like Gecko; compatible; GPTBot/1.3; +https://openai.com/gptbot)"
92.222.108.127 - - [17/Mar/2026:21:43:55 +0000] "GET / HTTP/2.0" 200 17796 "-" "Mozilla/5.0 (compatible; AhrefsBot/7.0; +http://ahrefs.com/robot/)"
139.162.194.112 - - [17/Mar/2026:21:44:03 +0000] "POST /wp-cron.php?doing_wp_cron=1773783843.4635150432586669921875 HTTP/1.1" 404 15598 "-" "WordPress/6.9.1; https://nfsin.com"
74.7.243.236 - - [17/Mar/2026:21:44:08 +0000] "GET /goods.php?detail/183033822349 HTTP/2.0" 200 85836 "https://nfsin.com/goods.php?goods/104015438" "Mozilla/5.0 AppleWebKit/537.36 (KHTML, like Gecko; compatible; GPTBot/1.3; +https://openai.com/gptbot)"
69.197.179.242 - - [17/Mar/2026:21:42:45 +0000] "GET /wp-includes/wpf78988/edit.php?id=545071 HTTP/1.1" 200 20 "https://nfsin.com/wp-includes/wpf78988/edit.php?id=545071" "Mozilla/5.0 (Windows NT 10.0; Win64; x64) AppleWebKit/537.36 (KHTML, like Gecko) Chrome/58.0.3029.110 Safari/537.3"
74.7.243.236 - - [17/Mar/2026:21:44:24 +0000] "GET /goods.php?detail/225028175823 HTTP/2.0" 200 86099 "https://nfsin.com/goods.php?detail/2250116003502" "Mozilla/5.0 AppleWebKit/537.36 (KHTML, like Gecko; compatible; GPTBot/1.3; +https://openai.com/gptbot)"
74.7.243.236 - - [17/Mar/2026:21:44:40 +0000] "GET /goods.php?detail/160021088665 HTTP/2.0" 200 85910 "https://nfsin.com/goods.php?detail/194029710366" "Mozilla/5.0 AppleWebKit/537.36 (KHTML, like Gecko; compatible; GPTBot/1.3; +https://openai.com/gptbot)"
74.7.243.236 - - [17/Mar/2026:21:44:57 +0000] "GET /goods.php?detail/002003966430 HTTP/2.0" 200 86665 "https://nfsin.com/goods.php?detail/002000979612" "Mozilla/5.0 AppleWebKit/537.36 (KHTML, like Gecko; compatible; GPTBot/1.3; +https://openai.com/gptbot)"
74.7.243.236 - - [17/Mar/2026:21:45:14 +0000] "GET /goods.php?detail/003011540704 HTTP/2.0" 200 85990 "https://nfsin.com/goods.php?detail/2030178373078" "Mozilla/5.0 AppleWebKit/537.36 (KHTML, like Gecko; compatible; GPTBot/1.3; +https://openai.com/gptbot)"
74.7.243.236 - - [17/Mar/2026:21:45:30 +0000] "GET /goods.php?detail/002004007226 HTTP/2.0" 200 86926 "https://nfsin.com/goods.php?detail/002000979612" "Mozilla/5.0 AppleWebKit/537.36 (KHTML, like Gecko; compatible; GPTBot/1.3; +https://openai.com/gptbot)"
69.197.179.242 - - [17/Mar/2026:21:44:16 +0000] "GET /wp-includes/wpf78988/edit.php?id=545071 HTTP/1.1" 200 20 "https://nfsin.com/wp-includes/wpf78988/edit.php?id=545071" "Mozilla/5.0 (Windows NT 10.0; Win64; x64) AppleWebKit/537.36 (KHTML, like Gecko) Chrome/58.0.3029.110 Safari/537.3"
74.7.243.236 - - [17/Mar/2026:21:45:44 +0000] "GET /goods.php?detail/006031126353 HTTP/2.0" 200 85679 "https://nfsin.com/goods.php?detail/037012421954" "Mozilla/5.0 AppleWebKit/537.36 (KHTML, like Gecko; compatible; GPTBot/1.3; +https://openai.com/gptbot)"
74.7.243.236 - - [17/Mar/2026:21:46:00 +0000] "GET /goods.php?detail/213001310495 HTTP/2.0" 200 85882 "https://nfsin.com/goods.php?detail/169009569607" "Mozilla/5.0 AppleWebKit/537.36 (KHTML, like Gecko; compatible; GPTBot/1.3; +https://openai.com/gptbot)"
74.7.243.236 - - [17/Mar/2026:21:46:16 +0000] "GET /goods.php?detail/082005681833 HTTP/2.0" 200 85887 "https://nfsin.com/goods.php?detail/082006423642" "Mozilla/5.0 AppleWebKit/537.36 (KHTML, like Gecko; compatible; GPTBot/1.3; +https://openai.com/gptbot)"
204.12.208.18 - - [17/Mar/2026:21:46:28 +0000] "GET /wp-includes/wpf78988/edit.php HTTP/1.1" 200 26 "https://nfsin.com/wp-includes/wpf78988/edit.php" "Mozilla/5.0 (Macintosh; U; PPC Mac OS X; ja-jp) AppleWebKit/523.12.2 (KHTML, like Gecko) Version/3.0.4 Safari/523.12.2"
74.7.243.236 - - [17/Mar/2026:21:46:35 +0000] "GET /goods.php?jp/065006375.html HTTP/2.0" 200 86910 "https://nfsin.com/goods.php?detail/138030191828" "Mozilla/5.0 AppleWebKit/537.36 (KHTML, like Gecko; compatible; GPTBot/1.3; +https://openai.com/gptbot)"
74.7.243.236 - - [17/Mar/2026:21:46:52 +0000] "GET /goods.php?detail/079028823203 HTTP/2.0" 200 85753 "https://nfsin.com/goods.php?jp/079020431.html" "Mozilla/5.0 AppleWebKit/537.36 (KHTML, like Gecko; compatible; GPTBot/1.3; +https://openai.com/gptbot)"
74.7.243.236 - - [17/Mar/2026:21:47:11 +0000] "GET /goods.php?detail/028022306742 HTTP/2.0" 200 87038 "https://nfsin.com/goods.php?detail/183033822349" "Mozilla/5.0 AppleWebKit/537.36 (KHTML, like Gecko; compatible; GPTBot/1.3; +https://openai.com/gptbot)"
69.197.179.242 - - [17/Mar/2026:21:45:50 +0000] "GET /wp-includes/wpf78988/edit.php?id=545071 HTTP/1.1" 200 20 "https://nfsin.com/wp-includes/wpf78988/edit.php?id=545071" "Mozilla/5.0 (Windows NT 10.0; Win64; x64) AppleWebKit/537.36 (KHTML, like Gecko) Chrome/58.0.3029.110 Safari/537.3"
74.7.243.236 - - [17/Mar/2026:21:47:27 +0000] "GET /goods.php?detail/083007684050 HTTP/2.0" 200 85195 "https://nfsin.com/goods.php?detail/083011234798" "Mozilla/5.0 AppleWebKit/537.36 (KHTML, like Gecko; compatible; GPTBot/1.3; +https://openai.com/gptbot)"
74.7.243.236 - - [17/Mar/2026:21:47:42 +0000] "GET /goods.php?detail/177040356107 HTTP/2.0" 200 85307 "https://nfsin.com/goods.php?detail/179004111423" "Mozilla/5.0 AppleWebKit/537.36 (KHTML, like Gecko; compatible; GPTBot/1.3; +https://openai.com/gptbot)"
74.7.243.236 - - [17/Mar/2026:21:47:57 +0000] "GET /goods.php?detail/044015248858 HTTP/2.0" 200 86206 "https://nfsin.com/goods.php?detail/044020870402" "Mozilla/5.0 AppleWebKit/537.36 (KHTML, like Gecko; compatible; GPTBot/1.3; +https://openai.com/gptbot)"
74.7.243.236 - - [17/Mar/2026:21:48:17 +0000] "GET /goods.php?detail/003001865622 HTTP/2.0" 200 86029 "https://nfsin.com/goods.php?detail/003011540704" "Mozilla/5.0 AppleWebKit/537.36 (KHTML, like Gecko; compatible; GPTBot/1.3; +https://openai.com/gptbot)"
74.7.243.236 - - [17/Mar/2026:21:48:39 +0000] "GET /goods.php?detail/002003542388 HTTP/2.0" 200 87330 "https://nfsin.com/goods.php?detail/002004007226" "Mozilla/5.0 AppleWebKit/537.36 (KHTML, like Gecko; compatible; GPTBot/1.3; +https://openai.com/gptbot)"
69.197.179.242 - - [17/Mar/2026:21:47:21 +0000] "GET /wp-includes/wpf78988/edit.php?id=545071 HTTP/1.1" 200 20 "https://nfsin.com/wp-includes/wpf78988/edit.php?id=545071" "Mozilla/5.0 (Windows NT 10.0; Win64; x64) AppleWebKit/537.36 (KHTML, like Gecko) Chrome/58.0.3029.110 Safari/537.3"
74.7.243.236 - - [17/Mar/2026:21:48:56 +0000] "GET /goods.php?goods/195044662 HTTP/2.0" 200 84967 "https://nfsin.com/goods.php?detail/006031126353" "Mozilla/5.0 AppleWebKit/537.36 (KHTML, like Gecko; compatible; GPTBot/1.3; +https://openai.com/gptbot)"
74.7.243.236 - - [17/Mar/2026:21:49:15 +0000] "GET /goods.php?pcmypage?callback=product%2Fdetail%2Fm28025377739 HTTP/2.0" 200 86324 "https://nfsin.com/goods.php?detail/213001310495" "Mozilla/5.0 AppleWebKit/537.36 (KHTML, like Gecko; compatible; GPTBot/1.3; +https://openai.com/gptbot)"
74.7.243.236 - - [17/Mar/2026:21:49:34 +0000] "GET /goods.php?detail/002003574472 HTTP/2.0" 200 86060 "https://nfsin.com/goods.php?detail/002004007226" "Mozilla/5.0 AppleWebKit/537.36 (KHTML, like Gecko; compatible; GPTBot/1.3; +https://openai.com/gptbot)"
74.7.243.236 - - [17/Mar/2026:21:49:52 +0000] "GET /goods.php?detail/0030012898023 HTTP/2.0" 200 85719 "https://nfsin.com/goods.php?detail/003011540704" "Mozilla/5.0 AppleWebKit/537.36 (KHTML, like Gecko; compatible; GPTBot/1.3; +https://openai.com/gptbot)"
74.7.243.236 - - [17/Mar/2026:21:50:07 +0000] "GET /goods.php?goods/079005325 HTTP/2.0" 200 86855 "https://nfsin.com/goods.php?detail/079028823203" "Mozilla/5.0 AppleWebKit/537.36 (KHTML, like Gecko; compatible; GPTBot/1.3; +https://openai.com/gptbot)"
69.197.179.242 - - [17/Mar/2026:21:48:53 +0000] "GET /wp-includes/wpf78988/edit.php?id=545071 HTTP/1.1" 200 20 "https://nfsin.com/wp-includes/wpf78988/edit.php?id=545071" "Mozilla/5.0 (Windows NT 10.0; Win64; x64) AppleWebKit/537.36 (KHTML, like Gecko) Chrome/58.0.3029.110 Safari/537.3"
74.7.243.236 - - [17/Mar/2026:21:50:23 +0000] "GET /goods.php?detail/079001872091 HTTP/2.0" 200 85708 "https://nfsin.com/goods.php?detail/079028823203" "Mozilla/5.0 AppleWebKit/537.36 (KHTML, like Gecko; compatible; GPTBot/1.3; +https://openai.com/gptbot)"
74.7.243.236 - - [17/Mar/2026:21:50:45 +0000] "GET /goods.php?detail/083007820016 HTTP/2.0" 200 87116 "https://nfsin.com/goods.php?detail/083007684050" "Mozilla/5.0 AppleWebKit/537.36 (KHTML, like Gecko; compatible; GPTBot/1.3; +https://openai.com/gptbot)"
74.7.243.236 - - [17/Mar/2026:21:51:04 +0000] "GET /goods.php?detail/227012175187 HTTP/2.0" 200 85567 "https://nfsin.com/goods.php?detail/079028823203" "Mozilla/5.0 AppleWebKit/537.36 (KHTML, like Gecko; compatible; GPTBot/1.3; +https://openai.com/gptbot)"
74.7.243.236 - - [17/Mar/2026:21:51:19 +0000] "GET /goods.php?detail/064012171268 HTTP/2.0" 200 86576 "https://nfsin.com/goods.php?detail/044015248858" "Mozilla/5.0 AppleWebKit/537.36 (KHTML, like Gecko; compatible; GPTBot/1.3; +https://openai.com/gptbot)"
74.7.243.236 - - [17/Mar/2026:21:51:32 +0000] "GET /goods.php?detail/003009037033 HTTP/2.0" 200 85973 "https://nfsin.com/goods.php?detail/003001865622" "Mozilla/5.0 AppleWebKit/537.36 (KHTML, like Gecko; compatible; GPTBot/1.3; +https://openai.com/gptbot)"
74.7.243.236 - - [17/Mar/2026:21:51:48 +0000] "GET /goods.php?detail/0280359923302 HTTP/2.0" 200 87240 "https://nfsin.com/goods.php?detail/028022306742" "Mozilla/5.0 AppleWebKit/537.36 (KHTML, like Gecko; compatible; GPTBot/1.3; +https://openai.com/gptbot)"
69.197.179.242 - - [17/Mar/2026:21:50:25 +0000] "GET /wp-includes/wpf78988/edit.php?id=545071 HTTP/1.1" 200 20 "https://nfsin.com/wp-includes/wpf78988/edit.php?id=545071" "Mozilla/5.0 (Windows NT 10.0; Win64; x64) AppleWebKit/537.36 (KHTML, like Gecko) Chrome/58.0.3029.110 Safari/537.3"
74.7.243.236 - - [17/Mar/2026:21:52:04 +0000] "GET /goods.php?detail/029000135440 HTTP/2.0" 200 85173 "https://nfsin.com/goods.php?detail/003011540704" "Mozilla/5.0 AppleWebKit/537.36 (KHTML, like Gecko; compatible; GPTBot/1.3; +https://openai.com/gptbot)"
74.7.243.236 - - [17/Mar/2026:21:52:25 +0000] "GET /goods.php?detail/022018091025 HTTP/2.0" 200 86335 "https://nfsin.com/goods.php?pcmypage?callback=product%2Fdetail%2Fm28025377739" "Mozilla/5.0 AppleWebKit/537.36 (KHTML, like Gecko; compatible; GPTBot/1.3; +https://openai.com/gptbot)"
74.7.243.236 - - [17/Mar/2026:21:52:45 +0000] "GET /goods.php?detail/037017229372 HTTP/2.0" 200 85950 "https://nfsin.com/goods.php?pcmypage?callback=product%2Fdetail%2Fm28025377739" "Mozilla/5.0 AppleWebKit/537.36 (KHTML, like Gecko; compatible; GPTBot/1.3; +https://openai.com/gptbot)"
74.7.243.236 - - [17/Mar/2026:21:53:02 +0000] "GET /goods.php?detail/2280303478791 HTTP/2.0" 200 86130 "https://nfsin.com/goods.php?detail/002004007226" "Mozilla/5.0 AppleWebKit/537.36 (KHTML, like Gecko; compatible; GPTBot/1.3; +https://openai.com/gptbot)"
74.7.243.236 - - [17/Mar/2026:21:53:22 +0000] "GET /goods.php?detail/123031187179 HTTP/2.0" 200 85786 "https://nfsin.com/goods.php?detail/0030012898023" "Mozilla/5.0 AppleWebKit/537.36 (KHTML, like Gecko; compatible; GPTBot/1.3; +https://openai.com/gptbot)"
69.197.179.242 - - [17/Mar/2026:21:51:58 +0000] "GET /wp-includes/wpf78988/edit.php?id=545071 HTTP/1.1" 200 20 "https://nfsin.com/wp-includes/wpf78988/edit.php?id=545071" "Mozilla/5.0 (Windows NT 10.0; Win64; x64) AppleWebKit/537.36 (KHTML, like Gecko) Chrome/58.0.3029.110 Safari/537.3"
176.31.139.28 - - [17/Mar/2026:21:53:31 +0000] "GET /?sitemap900.xml HTTP/2.0" 200 33 "-" "Mozilla/5.0 (compatible; AhrefsBot/7.0; +http://ahrefs.com/robot/)"
74.7.243.236 - - [17/Mar/2026:21:53:40 +0000] "GET /goods.php?detail/079012199739 HTTP/2.0" 200 85933 "https://nfsin.com/goods.php?detail/079001872091" "Mozilla/5.0 AppleWebKit/537.36 (KHTML, like Gecko; compatible; GPTBot/1.3; +https://openai.com/gptbot)"
74.7.243.236 - - [17/Mar/2026:21:54:01 +0000] "GET /goods.php?detail/055012126909 HTTP/2.0" 200 86179 "https://nfsin.com/goods.php?detail/083007820016" "Mozilla/5.0 AppleWebKit/537.36 (KHTML, like Gecko; compatible; GPTBot/1.3; +https://openai.com/gptbot)"
74.7.243.236 - - [17/Mar/2026:21:54:21 +0000] "GET /goods.php?jp/227015094.html HTTP/2.0" 200 85561 "https://nfsin.com/goods.php?detail/227012175187" "Mozilla/5.0 AppleWebKit/537.36 (KHTML, like Gecko; compatible; GPTBot/1.3; +https://openai.com/gptbot)"
74.7.243.236 - - [17/Mar/2026:21:54:39 +0000] "GET /goods.php?jp/170020295.html HTTP/2.0" 200 85428 "https://nfsin.com/goods.php?detail/064012171268" "Mozilla/5.0 AppleWebKit/537.36 (KHTML, like Gecko; compatible; GPTBot/1.3; +https://openai.com/gptbot)"
69.197.179.242 - - [17/Mar/2026:21:53:28 +0000] "GET /wp-includes/wpf78988/edit.php?id=545071 HTTP/1.1" 200 20 "https://nfsin.com/wp-includes/wpf78988/edit.php?id=545071" "Mozilla/5.0 (Windows NT 10.0; Win64; x64) AppleWebKit/537.36 (KHTML, like Gecko) Chrome/58.0.3029.110 Safari/537.3"
74.7.243.236 - - [17/Mar/2026:21:55:01 +0000] "GET /goods.php?jp/056027185.html HTTP/2.0" 200 85469 "https://nfsin.com/goods.php?detail/064012171268" "Mozilla/5.0 AppleWebKit/537.36 (KHTML, like Gecko; compatible; GPTBot/1.3; +https://openai.com/gptbot)"
74.7.243.236 - - [17/Mar/2026:21:55:24 +0000] "GET /goods.php?detail/076044944607 HTTP/2.0" 200 85705 "https://nfsin.com/goods.php?detail/064012171268" "Mozilla/5.0 AppleWebKit/537.36 (KHTML, like Gecko; compatible; GPTBot/1.3; +https://openai.com/gptbot)"
74.7.243.236 - - [17/Mar/2026:21:55:41 +0000] "GET /goods.php?detail/102007024402 HTTP/2.0" 200 86638 "https://nfsin.com/goods.php?detail/227012175187" "Mozilla/5.0 AppleWebKit/537.36 (KHTML, like Gecko; compatible; GPTBot/1.3; +https://openai.com/gptbot)"
74.7.243.236 - - [17/Mar/2026:21:56:11 +0000] "GET /goods.php?detail/227012504612 HTTP/2.0" 200 86524 "https://nfsin.com/goods.php?detail/227012175187" "Mozilla/5.0 AppleWebKit/537.36 (KHTML, like Gecko; compatible; GPTBot/1.3; +https://openai.com/gptbot)"
74.7.243.236 - - [17/Mar/2026:21:56:30 +0000] "GET /goods.php?detail/060023411009 HTTP/2.0" 200 85955 "https://nfsin.com/goods.php?detail/022018091025" "Mozilla/5.0 AppleWebKit/537.36 (KHTML, like Gecko; compatible; GPTBot/1.3; +https://openai.com/gptbot)"
69.197.179.242 - - [17/Mar/2026:21:55:00 +0000] "GET /wp-includes/wpf78988/edit.php?id=545071 HTTP/1.1" 200 20 "https://nfsin.com/wp-includes/wpf78988/edit.php?id=545071" "Mozilla/5.0 (Windows NT 10.0; Win64; x64) AppleWebKit/537.36 (KHTML, like Gecko) Chrome/58.0.3029.110 Safari/537.3"
74.7.243.236 - - [17/Mar/2026:21:56:55 +0000] "GET /goods.php?detail/028022347576 HTTP/2.0" 200 86457 "https://nfsin.com/goods.php?detail/0280359923302" "Mozilla/5.0 AppleWebKit/537.36 (KHTML, like Gecko; compatible; GPTBot/1.3; +https://openai.com/gptbot)"
74.7.243.236 - - [17/Mar/2026:21:57:14 +0000] "GET /goods.php?detail/034045005254 HTTP/2.0" 200 86193 "https://nfsin.com/goods.php?detail/123031187179" "Mozilla/5.0 AppleWebKit/537.36 (KHTML, like Gecko; compatible; GPTBot/1.3; +https://openai.com/gptbot)"
74.7.243.236 - - [17/Mar/2026:21:57:40 +0000] "GET /goods.php?detail/221042123042 HTTP/2.0" 200 85422 "https://nfsin.com/goods.php?detail/079012199739" "Mozilla/5.0 AppleWebKit/537.36 (KHTML, like Gecko; compatible; GPTBot/1.3; +https://openai.com/gptbot)"
74.7.243.236 - - [17/Mar/2026:21:58:01 +0000] "GET /goods.php?detail/055002499259 HTTP/2.0" 200 85683 "https://nfsin.com/goods.php?detail/055012126909" "Mozilla/5.0 AppleWebKit/537.36 (KHTML, like Gecko; compatible; GPTBot/1.3; +https://openai.com/gptbot)"
69.197.179.242 - - [17/Mar/2026:21:56:40 +0000] "GET /wp-includes/wpf78988/edit.php?id=545071 HTTP/1.1" 200 20 "https://nfsin.com/wp-includes/wpf78988/edit.php?id=545071" "Mozilla/5.0 (Windows NT 10.0; Win64; x64) AppleWebKit/537.36 (KHTML, like Gecko) Chrome/58.0.3029.110 Safari/537.3"
51.75.236.145 - - [17/Mar/2026:21:58:29 +0000] "GET /?sitemap69.xml HTTP/2.0" 200 33 "-" "Mozilla/5.0 (compatible; AhrefsBot/7.0; +http://ahrefs.com/robot/)"
74.7.243.236 - - [17/Mar/2026:21:58:32 +0000] "GET /goods.php?detail/1610426606126 HTTP/2.0" 200 85977 "https://nfsin.com/goods.php?detail/064012171268" "Mozilla/5.0 AppleWebKit/537.36 (KHTML, like Gecko; compatible; GPTBot/1.3; +https://openai.com/gptbot)"
74.7.243.236 - - [17/Mar/2026:21:58:55 +0000] "GET /goods.php?detail/0550011343139 HTTP/2.0" 200 85599 "https://nfsin.com/goods.php?detail/055012126909" "Mozilla/5.0 AppleWebKit/537.36 (KHTML, like Gecko; compatible; GPTBot/1.3; +https://openai.com/gptbot)"
74.7.243.236 - - [17/Mar/2026:21:59:18 +0000] "GET /goods.php?detail/108045475613 HTTP/2.0" 200 86025 "https://nfsin.com/goods.php?detail/083007820016" "Mozilla/5.0 AppleWebKit/537.36 (KHTML, like Gecko; compatible; GPTBot/1.3; +https://openai.com/gptbot)"
69.197.179.242 - - [17/Mar/2026:21:58:11 +0000] "GET /wp-includes/wpf78988/edit.php?id=545071 HTTP/1.1" 200 20 "https://nfsin.com/wp-includes/wpf78988/edit.php?id=545071" "Mozilla/5.0 (Windows NT 10.0; Win64; x64) AppleWebKit/537.36 (KHTML, like Gecko) Chrome/58.0.3029.110 Safari/537.3"
74.7.243.236 - - [17/Mar/2026:21:59:39 +0000] "GET /goods.php?detail/037001273151 HTTP/2.0" 200 86431 "https://nfsin.com/goods.php?detail/037017229372" "Mozilla/5.0 AppleWebKit/537.36 (KHTML, like Gecko; compatible; GPTBot/1.3; +https://openai.com/gptbot)"
74.7.243.236 - - [17/Mar/2026:22:00:08 +0000] "GET /goods.php?detail/055022816106 HTTP/2.0" 200 86117 "https://nfsin.com/goods.php?detail/033034472578" "Mozilla/5.0 AppleWebKit/537.36 (KHTML, like Gecko; compatible; GPTBot/1.3; +https://openai.com/gptbot)"
74.7.243.236 - - [17/Mar/2026:22:00:23 +0000] "GET /goods.php?detail/028008781263 HTTP/2.0" 200 85846 "https://nfsin.com/goods.php?goods/028041770" "Mozilla/5.0 AppleWebKit/537.36 (KHTML, like Gecko; compatible; GPTBot/1.3; +https://openai.com/gptbot)"
74.7.243.236 - - [17/Mar/2026:22:00:45 +0000] "GET /goods.php?detail/0600147277604 HTTP/2.0" 200 85961 "https://nfsin.com/goods.php?detail/060023411009" "Mozilla/5.0 AppleWebKit/537.36 (KHTML, like Gecko; compatible; GPTBot/1.3; +https://openai.com/gptbot)"
74.7.243.236 - - [17/Mar/2026:22:01:09 +0000] "GET /goods.php?detail/034006538328 HTTP/2.0" 200 85879 "https://nfsin.com/goods.php?detail/034012104069" "Mozilla/5.0 AppleWebKit/537.36 (KHTML, like Gecko; compatible; GPTBot/1.3; +https://openai.com/gptbot)"
69.197.179.242 - - [17/Mar/2026:21:59:44 +0000] "GET /wp-includes/wpf78988/edit.php?id=545071 HTTP/1.1" 200 20 "https://nfsin.com/wp-includes/wpf78988/edit.php?id=545071" "Mozilla/5.0 (Windows NT 10.0; Win64; x64) AppleWebKit/537.36 (KHTML, like Gecko) Chrome/58.0.3029.110 Safari/537.3"
74.7.243.236 - - [17/Mar/2026:22:01:27 +0000] "GET /goods.php?detail/038040828365 HTTP/2.0" 200 85783 "https://nfsin.com/goods.php?detail/194041924597" "Mozilla/5.0 AppleWebKit/537.36 (KHTML, like Gecko; compatible; GPTBot/1.3; +https://openai.com/gptbot)"
74.7.243.236 - - [17/Mar/2026:22:01:48 +0000] "GET /goods.php?category/1911/1/listing HTTP/2.0" 200 85710 "https://nfsin.com/goods.php?detail/221042123042" "Mozilla/5.0 AppleWebKit/537.36 (KHTML, like Gecko; compatible; GPTBot/1.3; +https://openai.com/gptbot)"
74.7.243.236 - - [17/Mar/2026:22:02:20 +0000] "GET /goods.php?detail/149006025049 HTTP/2.0" 200 86004 "https://nfsin.com/goods.php?detail/055002499259" "Mozilla/5.0 AppleWebKit/537.36 (KHTML, like Gecko; compatible; GPTBot/1.3; +https://openai.com/gptbot)"
74.7.243.236 - - [17/Mar/2026:22:02:39 +0000] "GET /goods.php?detail/0460450400563 HTTP/2.0" 200 85819 "https://nfsin.com/goods.php?detail/221042123042" "Mozilla/5.0 AppleWebKit/537.36 (KHTML, like Gecko; compatible; GPTBot/1.3; +https://openai.com/gptbot)"
69.197.179.242 - - [17/Mar/2026:22:01:19 +0000] "GET /wp-includes/wpf78988/edit.php?id=545071 HTTP/1.1" 200 20 "https://nfsin.com/wp-includes/wpf78988/edit.php?id=545071" "Mozilla/5.0 (Windows NT 10.0; Win64; x64) AppleWebKit/537.36 (KHTML, like Gecko) Chrome/58.0.3029.110 Safari/537.3"
74.7.243.236 - - [17/Mar/2026:22:03:02 +0000] "GET /goods.php?detail/055001199923 HTTP/2.0" 200 86319 "https://nfsin.com/goods.php?detail/0550011343139" "Mozilla/5.0 AppleWebKit/537.36 (KHTML, like Gecko; compatible; GPTBot/1.3; +https://openai.com/gptbot)"
92.222.104.197 - - [17/Mar/2026:22:03:15 +0000] "GET /wp-includes/class-wp-term.php HTTP/2.0" 404 15598 "-" "Mozilla/5.0 (compatible; AhrefsBot/7.0; +http://ahrefs.com/robot/)"
74.7.243.236 - - [17/Mar/2026:22:03:23 +0000] "GET /goods.php?detail/267030070296 HTTP/2.0" 200 87106 "https://nfsin.com/goods.php?detail/108045475613" "Mozilla/5.0 AppleWebKit/537.36 (KHTML, like Gecko; compatible; GPTBot/1.3; +https://openai.com/gptbot)"
139.162.194.112 - - [17/Mar/2026:22:03:23 +0000] "POST /wp-cron.php?doing_wp_cron=1773785003.9145960807800292968750 HTTP/1.1" 404 15598 "-" "WordPress/6.9.1; https://nfsin.com"
74.7.243.236 - - [17/Mar/2026:22:03:39 +0000] "GET /goods.php?detail/221000397171 HTTP/2.0" 200 85204 "https://nfsin.com/goods.php?detail/221042123042" "Mozilla/5.0 AppleWebKit/537.36 (KHTML, like Gecko; compatible; GPTBot/1.3; +https://openai.com/gptbot)"
74.7.243.236 - - [17/Mar/2026:22:03:58 +0000] "GET /goods.php?goods/075006544 HTTP/2.0" 200 85412 "https://nfsin.com/goods.php?detail/055022816106" "Mozilla/5.0 AppleWebKit/537.36 (KHTML, like Gecko; compatible; GPTBot/1.3; +https://openai.com/gptbot)"
81.22.137.183 - - [17/Mar/2026:22:04:10 +0000] "GET / HTTP/1.1" 301 20 "-" "Mozilla/5.0 (Windows NT 10.0; Win64; x64) AppleWebKit/537.36 (KHTML, like Gecko) Chrome/131.0.0.0 Safari/537.36"
74.7.243.236 - - [17/Mar/2026:22:04:18 +0000] "GET /goods.php?detail/187042386872 HTTP/2.0" 200 85273 "https://nfsin.com/goods.php?detail/055022816106" "Mozilla/5.0 AppleWebKit/537.36 (KHTML, like Gecko; compatible; GPTBot/1.3; +https://openai.com/gptbot)"
69.197.179.242 - - [17/Mar/2026:22:02:52 +0000] "GET /wp-includes/wpf78988/edit.php?id=545071 HTTP/1.1" 200 20 "https://nfsin.com/wp-includes/wpf78988/edit.php?id=545071" "Mozilla/5.0 (Windows NT 10.0; Win64; x64) AppleWebKit/537.36 (KHTML, like Gecko) Chrome/58.0.3029.110 Safari/537.3"
185.244.94.226 - - [17/Mar/2026:22:04:24 +0000] "GET / HTTP/1.1" 200 17796 "-" "Mozilla/5.0 (Windows NT 10.0; Win64; x64) AppleWebKit/537.36 (KHTML, like Gecko) Chrome/131.0.0.0 Safari/537.36"
81.22.137.162 - - [17/Mar/2026:22:04:25 +0000] "GET / HTTP/1.1" 301 20 "-" "Mozilla/5.0 (Windows NT 10.0; Win64; x64) AppleWebKit/537.36 (KHTML, like Gecko) Chrome/131.0.0.0 Safari/537.36"
139.162.194.112 - - [17/Mar/2026:22:04:32 +0000] "POST /wp-cron.php?doing_wp_cron=1773785072.2685949802398681640625 HTTP/1.1" 404 15598 "-" "WordPress/6.9.1; https://nfsin.com"
139.162.194.112 - - [17/Mar/2026:22:04:32 +0000] "POST /wp-cron.php?doing_wp_cron=1773785072.7319428920745849609375 HTTP/1.1" 404 15598 "-" "WordPress/6.9.1; https://nfsin.com"
74.7.243.236 - - [17/Mar/2026:22:04:38 +0000] "GET /goods.php?detail/272045435545 HTTP/2.0" 200 85694 "https://nfsin.com/goods.php?detail/0600147277604" "Mozilla/5.0 AppleWebKit/537.36 (KHTML, like Gecko; compatible; GPTBot/1.3; +https://openai.com/gptbot)"
45.157.210.228 - - [17/Mar/2026:22:04:34 +0000] "GET / HTTP/1.1" 200 17796 "-" "Mozilla/5.0 (Windows NT 10.0; Win64; x64) AppleWebKit/537.36 (KHTML, like Gecko) Chrome/131.0.0.0 Safari/537.36"
74.7.243.236 - - [17/Mar/2026:22:04:55 +0000] "GET /goods.php?detail/020001843433 HTTP/2.0" 200 85728 "https://nfsin.com/goods.php?detail/0600147277604" "Mozilla/5.0 AppleWebKit/537.36 (KHTML, like Gecko; compatible; GPTBot/1.3; +https://openai.com/gptbot)"
74.7.243.236 - - [17/Mar/2026:22:05:20 +0000] "GET /goods.php?detail/0340037745970 HTTP/2.0" 200 85800 "https://nfsin.com/goods.php?detail/034006538328" "Mozilla/5.0 AppleWebKit/537.36 (KHTML, like Gecko; compatible; GPTBot/1.3; +https://openai.com/gptbot)"
74.7.243.236 - - [17/Mar/2026:22:05:35 +0000] "GET /goods.php??h=mye71zda984znbvpzt HTTP/2.0" 200 85666 "https://nfsin.com/goods.php?category/1911/1/listing" "Mozilla/5.0 AppleWebKit/537.36 (KHTML, like Gecko; compatible; GPTBot/1.3; +https://openai.com/gptbot)"
69.197.179.242 - - [17/Mar/2026:22:04:25 +0000] "GET /wp-includes/wpf78988/edit.php?id=545071 HTTP/1.1" 200 20 "https://nfsin.com/wp-includes/wpf78988/edit.php?id=545071" "Mozilla/5.0 (Windows NT 10.0; Win64; x64) AppleWebKit/537.36 (KHTML, like Gecko) Chrome/58.0.3029.110 Safari/537.3"
74.7.243.236 - - [17/Mar/2026:22:05:54 +0000] "GET /goods.php?safe_search/config?return_url=%2Fproduct%2Fdetail%2Fm96497109624 HTTP/2.0" 200 86445 "https://nfsin.com/goods.php?detail/149006025049" "Mozilla/5.0 AppleWebKit/537.36 (KHTML, like Gecko; compatible; GPTBot/1.3; +https://openai.com/gptbot)"
74.7.243.236 - - [17/Mar/2026:22:06:15 +0000] "GET /goods.php?products/finance/l071007531 HTTP/2.0" 200 85444 "https://nfsin.com/goods.php?category/1911/1/listing" "Mozilla/5.0 AppleWebKit/537.36 (KHTML, like Gecko; compatible; GPTBot/1.3; +https://openai.com/gptbot)"
74.7.243.236 - - [17/Mar/2026:22:06:31 +0000] "GET /goods.php?detail/248029169761 HTTP/2.0" 200 85595 "https://nfsin.com/goods.php?detail/055002499259" "Mozilla/5.0 AppleWebKit/537.36 (KHTML, like Gecko; compatible; GPTBot/1.3; +https://openai.com/gptbot)"
74.7.243.236 - - [17/Mar/2026:22:06:45 +0000] "GET /goods.php?detail/137041226843 HTTP/2.0" 200 85625 "https://nfsin.com/goods.php?detail/0550011343139" "Mozilla/5.0 AppleWebKit/537.36 (KHTML, like Gecko; compatible; GPTBot/1.3; +https://openai.com/gptbot)"
74.7.243.236 - - [17/Mar/2026:22:07:03 +0000] "GET /goods.php?detail/155038953354 HTTP/2.0" 200 85744 "https://nfsin.com/goods.php?goods/028041770" "Mozilla/5.0 AppleWebKit/537.36 (KHTML, like Gecko; compatible; GPTBot/1.3; +https://openai.com/gptbot)"
74.7.243.236 - - [17/Mar/2026:22:07:22 +0000] "GET /goods.php?detail/143034414238 HTTP/2.0" 200 86022 "https://nfsin.com/goods.php?goods/075006544" "Mozilla/5.0 AppleWebKit/537.36 (KHTML, like Gecko; compatible; GPTBot/1.3; +https://openai.com/gptbot)"
69.197.179.242 - - [17/Mar/2026:22:05:58 +0000] "GET /wp-includes/wpf78988/edit.php?id=545071 HTTP/1.1" 200 20 "https://nfsin.com/wp-includes/wpf78988/edit.php?id=545071" "Mozilla/5.0 (Windows NT 10.0; Win64; x64) AppleWebKit/537.36 (KHTML, like Gecko) Chrome/58.0.3029.110 Safari/537.3"
74.7.243.236 - - [17/Mar/2026:22:07:38 +0000] "GET /goods.php?detail/187002613133 HTTP/2.0" 200 85072 "https://nfsin.com/goods.php?detail/187042386872" "Mozilla/5.0 AppleWebKit/537.36 (KHTML, like Gecko; compatible; GPTBot/1.3; +https://openai.com/gptbot)"
92.222.108.120 - - [17/Mar/2026:22:07:35 +0000] "GET /wp-includes/class-wp-term-query.php HTTP/2.0" 404 15598 "-" "Mozilla/5.0 (compatible; AhrefsBot/7.0; +http://ahrefs.com/robot/)"
139.162.194.112 - - [17/Mar/2026:22:07:44 +0000] "POST /wp-cron.php?doing_wp_cron=1773785264.2798860073089599609375 HTTP/1.1" 404 15598 "-" "WordPress/6.9.1; https://nfsin.com"
74.7.243.236 - - [17/Mar/2026:22:07:55 +0000] "GET /goods.php?detail/236033033214 HTTP/2.0" 200 85518 "https://nfsin.com/goods.php?detail/272045435545" "Mozilla/5.0 AppleWebKit/537.36 (KHTML, like Gecko; compatible; GPTBot/1.3; +https://openai.com/gptbot)"
74.7.243.236 - - [17/Mar/2026:22:08:13 +0000] "GET /goods.php?detail/075006544086 HTTP/2.0" 200 85476 "https://nfsin.com/goods.php?goods/075006544" "Mozilla/5.0 AppleWebKit/537.36 (KHTML, like Gecko; compatible; GPTBot/1.3; +https://openai.com/gptbot)"
74.7.243.236 - - [17/Mar/2026:22:08:34 +0000] "GET /goods.php?detail/070029951351 HTTP/2.0" 200 86024 "https://nfsin.com/goods.php?detail/187042386872" "Mozilla/5.0 AppleWebKit/537.36 (KHTML, like Gecko; compatible; GPTBot/1.3; +https://openai.com/gptbot)"
74.7.243.236 - - [17/Mar/2026:22:08:53 +0000] "GET /goods.php?detail/174049246966 HTTP/2.0" 200 86315 "https://nfsin.com/goods.php?detail/189018259470" "Mozilla/5.0 AppleWebKit/537.36 (KHTML, like Gecko; compatible; GPTBot/1.3; +https://openai.com/gptbot)"
69.197.179.242 - - [17/Mar/2026:22:07:31 +0000] "GET /wp-includes/wpf78988/edit.php?id=545071 HTTP/1.1" 200 20 "https://nfsin.com/wp-includes/wpf78988/edit.php?id=545071" "Mozilla/5.0 (Windows NT 10.0; Win64; x64) AppleWebKit/537.36 (KHTML, like Gecko) Chrome/58.0.3029.110 Safari/537.3"
74.7.243.236 - - [17/Mar/2026:22:09:11 +0000] "GET /goods.php??k=lex37a914hdwxci HTTP/2.0" 200 86459 "https://nfsin.com/goods.php?safe_search/config?return_url=%2Fproduct%2Fdetail%2Fm96497109624" "Mozilla/5.0 AppleWebKit/537.36 (KHTML, like Gecko; compatible; GPTBot/1.3; +https://openai.com/gptbot)"
74.7.243.236 - - [17/Mar/2026:22:09:28 +0000] "GET /goods.php??z=cpok37ikw7896plwdpsj HTTP/2.0" 200 85538 "https://nfsin.com/goods.php?safe_search/config?return_url=%2Fproduct%2Fdetail%2Fm96497109624" "Mozilla/5.0 AppleWebKit/537.36 (KHTML, like Gecko; compatible; GPTBot/1.3; +https://openai.com/gptbot)"
74.7.243.236 - - [17/Mar/2026:22:09:43 +0000] "GET /goods.php?pcmypage?callback=product/review/m24344625383 HTTP/2.0" 200 86711 "https://nfsin.com/goods.php?detail/248029169761" "Mozilla/5.0 AppleWebKit/537.36 (KHTML, like Gecko; compatible; GPTBot/1.3; +https://openai.com/gptbot)"
74.7.243.236 - - [17/Mar/2026:22:09:59 +0000] "GET /goods.php?detail/248013012053 HTTP/2.0" 200 86236 "https://nfsin.com/goods.php?detail/248029169761" "Mozilla/5.0 AppleWebKit/537.36 (KHTML, like Gecko; compatible; GPTBot/1.3; +https://openai.com/gptbot)"
74.7.243.236 - - [17/Mar/2026:22:10:19 +0000] "GET /goods.php?detail/1370177083837 HTTP/2.0" 200 85885 "https://nfsin.com/goods.php?detail/137041226843" "Mozilla/5.0 AppleWebKit/537.36 (KHTML, like Gecko; compatible; GPTBot/1.3; +https://openai.com/gptbot)"
69.197.179.242 - - [17/Mar/2026:22:09:05 +0000] "GET /wp-includes/wpf78988/edit.php?id=545071 HTTP/1.1" 200 20 "https://nfsin.com/wp-includes/wpf78988/edit.php?id=545071" "Mozilla/5.0 (Windows NT 10.0; Win64; x64) AppleWebKit/537.36 (KHTML, like Gecko) Chrome/58.0.3029.110 Safari/537.3"
74.7.243.236 - - [17/Mar/2026:22:10:36 +0000] "GET /goods.php?detail/087014234232 HTTP/2.0" 200 85469 "https://nfsin.com/goods.php?detail/137041226843" "Mozilla/5.0 AppleWebKit/537.36 (KHTML, like Gecko; compatible; GPTBot/1.3; +https://openai.com/gptbot)"
74.7.243.236 - - [17/Mar/2026:22:10:53 +0000] "GET /goods.php?detail/1250412841848 HTTP/2.0" 200 86997 "https://nfsin.com/goods.php?detail/187002613133" "Mozilla/5.0 AppleWebKit/537.36 (KHTML, like Gecko; compatible; GPTBot/1.3; +https://openai.com/gptbot)"
74.7.243.236 - - [17/Mar/2026:22:11:10 +0000] "GET /goods.php?detail/206044408293 HTTP/2.0" 200 85571 "https://nfsin.com/goods.php?detail/187002613133" "Mozilla/5.0 AppleWebKit/537.36 (KHTML, like Gecko; compatible; GPTBot/1.3; +https://openai.com/gptbot)"
74.7.243.236 - - [17/Mar/2026:22:11:27 +0000] "GET /goods.php?detail/075013777044 HTTP/2.0" 200 87037 "https://nfsin.com/goods.php?detail/075006544086" "Mozilla/5.0 AppleWebKit/537.36 (KHTML, like Gecko; compatible; GPTBot/1.3; +https://openai.com/gptbot)"
74.7.243.236 - - [17/Mar/2026:22:11:43 +0000] "GET /goods.php?detail/236003984955 HTTP/2.0" 200 85461 "https://nfsin.com/goods.php?detail/236033033214" "Mozilla/5.0 AppleWebKit/537.36 (KHTML, like Gecko; compatible; GPTBot/1.3; +https://openai.com/gptbot)"
74.7.243.236 - - [17/Mar/2026:22:11:58 +0000] "GET /goods.php?detail/158033625309 HTTP/2.0" 200 85754 "https://nfsin.com/goods.php?detail/174049246966" "Mozilla/5.0 AppleWebKit/537.36 (KHTML, like Gecko; compatible; GPTBot/1.3; +https://openai.com/gptbot)"
69.197.179.242 - - [17/Mar/2026:22:10:37 +0000] "GET /wp-includes/wpf78988/edit.php?id=545071 HTTP/1.1" 200 20 "https://nfsin.com/wp-includes/wpf78988/edit.php?id=545071" "Mozilla/5.0 (Windows NT 10.0; Win64; x64) AppleWebKit/537.36 (KHTML, like Gecko) Chrome/58.0.3029.110 Safari/537.3"
74.7.243.236 - - [17/Mar/2026:22:12:14 +0000] "GET /goods.php??w=yjvyj37d7366zbnztpf HTTP/2.0" 200 85377 "https://nfsin.com/goods.php??k=lex37a914hdwxci" "Mozilla/5.0 AppleWebKit/537.36 (KHTML, like Gecko; compatible; GPTBot/1.3; +https://openai.com/gptbot)"
74.7.243.236 - - [17/Mar/2026:22:12:26 +0000] "GET /goods.php?pcmypage?callback=/product%2Fdetail%2m52617782625 HTTP/2.0" 200 86223 "https://nfsin.com/goods.php??z=cpok37ikw7896plwdpsj" "Mozilla/5.0 AppleWebKit/537.36 (KHTML, like Gecko; compatible; GPTBot/1.3; +https://openai.com/gptbot)"
51.75.236.150 - - [17/Mar/2026:22:12:28 +0000] "GET /wp-includes/class-wp-fatal-error-handler.php HTTP/2.0" 404 15598 "-" "Mozilla/5.0 (compatible; AhrefsBot/7.0; +http://ahrefs.com/robot/)"
139.162.194.112 - - [17/Mar/2026:22:12:33 +0000] "POST /wp-cron.php?doing_wp_cron=1773785553.8293468952178955078125 HTTP/1.1" 404 15598 "-" "WordPress/6.9.1; https://nfsin.com"
74.7.243.236 - - [17/Mar/2026:22:12:39 +0000] "GET /goods.php??w=qaeh59w45642bqfjthn HTTP/2.0" 200 86244 "https://nfsin.com/goods.php?pcmypage?callback=product/review/m24344625383" "Mozilla/5.0 AppleWebKit/537.36 (KHTML, like Gecko; compatible; GPTBot/1.3; +https://openai.com/gptbot)"
74.7.243.236 - - [17/Mar/2026:22:12:53 +0000] "GET /goods.php?detail/120043121332 HTTP/2.0" 200 85660 "https://nfsin.com/goods.php?detail/248013012053" "Mozilla/5.0 AppleWebKit/537.36 (KHTML, like Gecko; compatible; GPTBot/1.3; +https://openai.com/gptbot)"
74.7.243.236 - - [17/Mar/2026:22:13:06 +0000] "GET /goods.php?detail/0370073667397 HTTP/2.0" 200 85314 "https://nfsin.com/goods.php??z=cpok37ikw7896plwdpsj" "Mozilla/5.0 AppleWebKit/537.36 (KHTML, like Gecko; compatible; GPTBot/1.3; +https://openai.com/gptbot)"
74.7.243.236 - - [17/Mar/2026:22:13:20 +0000] "GET /goods.php??a=jgu130xfw2329nrhwbq HTTP/2.0" 200 85743 "https://nfsin.com/goods.php??z=cpok37ikw7896plwdpsj" "Mozilla/5.0 AppleWebKit/537.36 (KHTML, like Gecko; compatible; GPTBot/1.3; +https://openai.com/gptbot)"
74.7.243.236 - - [17/Mar/2026:22:13:35 +0000] "GET /goods.php?detail/1250202422434 HTTP/2.0" 200 86564 "https://nfsin.com/goods.php?detail/1250412841848" "Mozilla/5.0 AppleWebKit/537.36 (KHTML, like Gecko; compatible; GPTBot/1.3; +https://openai.com/gptbot)"
69.197.179.242 - - [17/Mar/2026:22:12:11 +0000] "GET /wp-includes/wpf78988/edit.php?id=545071 HTTP/1.1" 200 20 "https://nfsin.com/wp-includes/wpf78988/edit.php?id=545071" "Mozilla/5.0 (Windows NT 10.0; Win64; x64) AppleWebKit/537.36 (KHTML, like Gecko) Chrome/58.0.3029.110 Safari/537.3"
74.7.243.236 - - [17/Mar/2026:22:13:48 +0000] "GET /goods.php?detail/206028400648 HTTP/2.0" 200 86078 "https://nfsin.com/goods.php?detail/206044408293" "Mozilla/5.0 AppleWebKit/537.36 (KHTML, like Gecko; compatible; GPTBot/1.3; +https://openai.com/gptbot)"
74.7.243.236 - - [17/Mar/2026:22:14:03 +0000] "GET /goods.php?detail/206028322113 HTTP/2.0" 200 86208 "https://nfsin.com/goods.php?detail/206044408293" "Mozilla/5.0 AppleWebKit/537.36 (KHTML, like Gecko; compatible; GPTBot/1.3; +https://openai.com/gptbot)"
191.244.196.88 - - [17/Mar/2026:22:14:02 +0000] "POST /xmlrpc.php HTTP/1.1" 404 15679 "-" "Mozilla/5.0 (Windows NT 6.2; x86) AppleWebKit/537.36 (KHTML, like Gecko) Safari/12.0.0.0 Safari/537.36"
74.7.243.236 - - [17/Mar/2026:22:14:18 +0000] "GET /goods.php?detail/236047219393 HTTP/2.0" 200 86084 "https://nfsin.com/goods.php?detail/236003984955" "Mozilla/5.0 AppleWebKit/537.36 (KHTML, like Gecko; compatible; GPTBot/1.3; +https://openai.com/gptbot)"
74.7.243.236 - - [17/Mar/2026:22:14:35 +0000] "GET /goods.php??t=iefh65p28826zuneodl HTTP/2.0" 200 85530 "https://nfsin.com/goods.php??z=cpok37ikw7896plwdpsj" "Mozilla/5.0 AppleWebKit/537.36 (KHTML, like Gecko; compatible; GPTBot/1.3; +https://openai.com/gptbot)"
74.7.243.236 - - [17/Mar/2026:22:14:55 +0000] "GET /goods.php?detail/108029245831 HTTP/2.0" 200 86439 "https://nfsin.com/goods.php?detail/1250412841848" "Mozilla/5.0 AppleWebKit/537.36 (KHTML, like Gecko; compatible; GPTBot/1.3; +https://openai.com/gptbot)"
74.7.243.236 - - [17/Mar/2026:22:15:08 +0000] "GET /goods.php?detail/206028501299 HTTP/2.0" 200 85740 "https://nfsin.com/goods.php?detail/206044408293" "Mozilla/5.0 AppleWebKit/537.36 (KHTML, like Gecko; compatible; GPTBot/1.3; +https://openai.com/gptbot)"
69.197.179.242 - - [17/Mar/2026:22:13:43 +0000] "GET /wp-includes/wpf78988/edit.php?id=545071 HTTP/1.1" 200 20 "https://nfsin.com/wp-includes/wpf78988/edit.php?id=545071" "Mozilla/5.0 (Windows NT 10.0; Win64; x64) AppleWebKit/537.36 (KHTML, like Gecko) Chrome/58.0.3029.110 Safari/537.3"
74.7.243.236 - - [17/Mar/2026:22:15:22 +0000] "GET /goods.php??d=ibko59e21792udtzfjku HTTP/2.0" 200 86084 "https://nfsin.com/goods.php??w=qaeh59w45642bqfjthn" "Mozilla/5.0 AppleWebKit/537.36 (KHTML, like Gecko; compatible; GPTBot/1.3; +https://openai.com/gptbot)"
74.7.243.236 - - [17/Mar/2026:22:15:41 +0000] "GET /goods.php?detail/120007877674 HTTP/2.0" 200 86186 "https://nfsin.com/goods.php?detail/120043121332" "Mozilla/5.0 AppleWebKit/537.36 (KHTML, like Gecko; compatible; GPTBot/1.3; +https://openai.com/gptbot)"
74.7.243.236 - - [17/Mar/2026:22:15:59 +0000] "GET /goods.php?goods/037010350 HTTP/2.0" 200 85399 "https://nfsin.com/goods.php?detail/0370073667397" "Mozilla/5.0 AppleWebKit/537.36 (KHTML, like Gecko; compatible; GPTBot/1.3; +https://openai.com/gptbot)"
74.7.243.236 - - [17/Mar/2026:22:16:18 +0000] "GET /goods.php?detail/175001980518 HTTP/2.0" 200 85576 "https://nfsin.com/goods.php?detail/175005310631" "Mozilla/5.0 AppleWebKit/537.36 (KHTML, like Gecko; compatible; GPTBot/1.3; +https://openai.com/gptbot)"
43.173.180.164 - - [17/Mar/2026:22:16:17 +0000] "GET / HTTP/1.1" 200 17796 "-" "Mozilla/5.0 (Windows NT 10.0; Win64; x64) AppleWebKit/537.36 (KHTML, like Gecko) Chrome/107.0.0.0 Safari/537.36"
74.7.243.236 - - [17/Mar/2026:22:16:35 +0000] "GET /goods.php?detail/125010752512 HTTP/2.0" 200 85655 "https://nfsin.com/goods.php?detail/1250202422434" "Mozilla/5.0 AppleWebKit/537.36 (KHTML, like Gecko; compatible; GPTBot/1.3; +https://openai.com/gptbot)"
43.173.180.218 - - [17/Mar/2026:22:16:33 +0000] "GET / HTTP/1.1" 200 17796 "http://nfsin.com" "Mozilla/5.0 (Windows NT 10.0; Win64; x64) AppleWebKit/537.36 (KHTML, like Gecko) Chrome/124.0.0.0 Safari/537.36"
69.197.179.242 - - [17/Mar/2026:22:15:17 +0000] "GET /wp-includes/wpf78988/edit.php?id=545071 HTTP/1.1" 200 20 "https://nfsin.com/wp-includes/wpf78988/edit.php?id=545071" "Mozilla/5.0 (Windows NT 10.0; Win64; x64) AppleWebKit/537.36 (KHTML, like Gecko) Chrome/58.0.3029.110 Safari/537.3"
5.39.109.162 - - [17/Mar/2026:22:16:40 +0000] "GET /wp-includes/class-wp-comment-query.php HTTP/2.0" 404 15598 "-" "Mozilla/5.0 (compatible; AhrefsBot/7.0; +http://ahrefs.com/robot/)"
74.7.243.236 - - [17/Mar/2026:22:16:49 +0000] "GET /goods.php?detail/209006494057 HTTP/2.0" 200 86356 "https://nfsin.com/goods.php?detail/133007603990" "Mozilla/5.0 AppleWebKit/537.36 (KHTML, like Gecko; compatible; GPTBot/1.3; +https://openai.com/gptbot)"
74.7.243.236 - - [17/Mar/2026:22:17:07 +0000] "GET /goods.php?detail/206039382011 HTTP/2.0" 200 86027 "https://nfsin.com/goods.php?detail/206028322113" "Mozilla/5.0 AppleWebKit/537.36 (KHTML, like Gecko; compatible; GPTBot/1.3; +https://openai.com/gptbot)"
74.7.243.236 - - [17/Mar/2026:22:17:23 +0000] "GET /goods.php?detail/051003732402 HTTP/2.0" 200 85699 "https://nfsin.com/goods.php?detail/051020293927" "Mozilla/5.0 AppleWebKit/537.36 (KHTML, like Gecko; compatible; GPTBot/1.3; +https://openai.com/gptbot)"
74.7.243.236 - - [17/Mar/2026:22:17:41 +0000] "GET /goods.php??t=yclx222lh825miwwan HTTP/2.0" 200 85859 "https://nfsin.com/goods.php??t=iefh65p28826zuneodl" "Mozilla/5.0 AppleWebKit/537.36 (KHTML, like Gecko; compatible; GPTBot/1.3; +https://openai.com/gptbot)"
74.7.243.236 - - [17/Mar/2026:22:17:46 +0000] "GET /goods.php?goods/051003732 HTTP/2.0" 200 85884 "https://nfsin.com/goods.php?detail/051003732402" "Mozilla/5.0 AppleWebKit/537.36 (KHTML, like Gecko; compatible; GPTBot/1.3; +https://openai.com/gptbot)"
74.7.243.236 - - [17/Mar/2026:22:18:04 +0000] "GET /goods.php?detail/294029864319 HTTP/2.0" 200 85738 "https://nfsin.com/goods.php?detail/108029245831" "Mozilla/5.0 AppleWebKit/537.36 (KHTML, like Gecko; compatible; GPTBot/1.3; +https://openai.com/gptbot)"
69.197.179.242 - - [17/Mar/2026:22:16:49 +0000] "GET /wp-includes/wpf78988/edit.php?id=545071 HTTP/1.1" 200 20 "https://nfsin.com/wp-includes/wpf78988/edit.php?id=545071" "Mozilla/5.0 (Windows NT 10.0; Win64; x64) AppleWebKit/537.36 (KHTML, like Gecko) Chrome/58.0.3029.110 Safari/537.3"
74.7.243.236 - - [17/Mar/2026:22:18:22 +0000] "GET /goods.php?detail/127029889341 HTTP/2.0" 200 85575 "https://nfsin.com/goods.php?detail/108029245831" "Mozilla/5.0 AppleWebKit/537.36 (KHTML, like Gecko; compatible; GPTBot/1.3; +https://openai.com/gptbot)"
74.7.243.236 - - [17/Mar/2026:22:18:45 +0000] "GET /goods.php??i=wnq59v33096ddoglwhp HTTP/2.0" 200 85559 "https://nfsin.com/goods.php??d=ibko59e21792udtzfjku" "Mozilla/5.0 AppleWebKit/537.36 (KHTML, like Gecko; compatible; GPTBot/1.3; +https://openai.com/gptbot)"
74.7.243.236 - - [17/Mar/2026:22:19:02 +0000] "GET /goods.php?detail/120009995953 HTTP/2.0" 200 85968 "https://nfsin.com/goods.php?detail/120007877674" "Mozilla/5.0 AppleWebKit/537.36 (KHTML, like Gecko; compatible; GPTBot/1.3; +https://openai.com/gptbot)"
74.7.243.236 - - [17/Mar/2026:22:19:27 +0000] "GET /goods.php?detail/0370103505315 HTTP/2.0" 200 85568 "https://nfsin.com/goods.php?goods/037010350" "Mozilla/5.0 AppleWebKit/537.36 (KHTML, like Gecko; compatible; GPTBot/1.3; +https://openai.com/gptbot)"
74.7.243.236 - - [17/Mar/2026:22:19:46 +0000] "GET /goods.php?detail/1750053320033 HTTP/2.0" 200 85770 "https://nfsin.com/goods.php?detail/175001980518" "Mozilla/5.0 AppleWebKit/537.36 (KHTML, like Gecko; compatible; GPTBot/1.3; +https://openai.com/gptbot)"
69.197.179.242 - - [17/Mar/2026:22:18:23 +0000] "GET /wp-includes/wpf78988/edit.php?id=545071 HTTP/1.1" 200 20 "https://nfsin.com/wp-includes/wpf78988/edit.php?id=545071" "Mozilla/5.0 (Windows NT 10.0; Win64; x64) AppleWebKit/537.36 (KHTML, like Gecko) Chrome/58.0.3029.110 Safari/537.3"
74.7.243.236 - - [17/Mar/2026:22:20:02 +0000] "GET /goods.php?detail/200046118276 HTTP/2.0" 200 86023 "https://nfsin.com/goods.php?detail/206028501299" "Mozilla/5.0 AppleWebKit/537.36 (KHTML, like Gecko; compatible; GPTBot/1.3; +https://openai.com/gptbot)"
74.7.243.236 - - [17/Mar/2026:22:20:24 +0000] "GET /goods.php?detail/224043903692 HTTP/2.0" 200 86172 "https://nfsin.com/goods.php?detail/224040544759" "Mozilla/5.0 AppleWebKit/537.36 (KHTML, like Gecko; compatible; GPTBot/1.3; +https://openai.com/gptbot)"
94.23.188.192 - - [17/Mar/2026:22:20:25 +0000] "GET /wp-includes/class-wp-classic-to-block-menu-converter.php HTTP/2.0" 404 15598 "-" "Mozilla/5.0 (compatible; AhrefsBot/7.0; +http://ahrefs.com/robot/)"
139.162.194.112 - - [17/Mar/2026:22:20:33 +0000] "POST /wp-cron.php?doing_wp_cron=1773786033.8694930076599121093750 HTTP/1.1" 404 15598 "-" "WordPress/6.9.1; https://nfsin.com"
74.7.243.236 - - [17/Mar/2026:22:20:46 +0000] "GET /goods.php?detail/255020340067 HTTP/2.0" 200 86597 "https://nfsin.com/goods.php?detail/262003931958" "Mozilla/5.0 AppleWebKit/537.36 (KHTML, like Gecko; compatible; GPTBot/1.3; +https://openai.com/gptbot)"
74.7.243.236 - - [17/Mar/2026:22:21:15 +0000] "GET /goods.php?goods/028019449 HTTP/2.0" 200 85420 "https://nfsin.com/goods.php?detail/051003732402" "Mozilla/5.0 AppleWebKit/537.36 (KHTML, like Gecko; compatible; GPTBot/1.3; +https://openai.com/gptbot)"
69.197.179.242 - - [17/Mar/2026:22:19:57 +0000] "GET /wp-includes/wpf78988/edit.php?id=545071 HTTP/1.1" 200 20 "https://nfsin.com/wp-includes/wpf78988/edit.php?id=545071" "Mozilla/5.0 (Windows NT 10.0; Win64; x64) AppleWebKit/537.36 (KHTML, like Gecko) Chrome/58.0.3029.110 Safari/537.3"
74.7.243.236 - - [17/Mar/2026:22:21:34 +0000] "GET /goods.php??p=atx222qf831myebycj HTTP/2.0" 200 86354 "https://nfsin.com/goods.php??t=yclx222lh825miwwan" "Mozilla/5.0 AppleWebKit/537.36 (KHTML, like Gecko; compatible; GPTBot/1.3; +https://openai.com/gptbot)"
74.7.243.236 - - [17/Mar/2026:22:22:01 +0000] "GET /goods.php??g=hnr97o22486lgkorf HTTP/2.0" 200 86065 "https://nfsin.com/goods.php??t=yclx222lh825miwwan" "Mozilla/5.0 AppleWebKit/537.36 (KHTML, like Gecko; compatible; GPTBot/1.3; +https://openai.com/gptbot)"
74.7.243.236 - - [17/Mar/2026:22:22:24 +0000] "GET /goods.php?goods/185036318 HTTP/2.0" 200 85970 "https://nfsin.com/goods.php?detail/127029889341" "Mozilla/5.0 AppleWebKit/537.36 (KHTML, like Gecko; compatible; GPTBot/1.3; +https://openai.com/gptbot)"
74.7.243.236 - - [17/Mar/2026:22:22:47 +0000] "GET /goods.php?detail/168028411401 HTTP/2.0" 200 86167 "https://nfsin.com/goods.php?detail/127029889341" "Mozilla/5.0 AppleWebKit/537.36 (KHTML, like Gecko; compatible; GPTBot/1.3; +https://openai.com/gptbot)"
69.197.179.242 - - [17/Mar/2026:22:21:31 +0000] "GET /wp-includes/wpf78988/edit.php?id=545071 HTTP/1.1" 200 20 "https://nfsin.com/wp-includes/wpf78988/edit.php?id=545071" "Mozilla/5.0 (Windows NT 10.0; Win64; x64) AppleWebKit/537.36 (KHTML, like Gecko) Chrome/58.0.3029.110 Safari/537.3"
74.7.243.236 - - [17/Mar/2026:22:23:06 +0000] "GET /goods.php?detail/037032894407 HTTP/2.0" 200 85362 "https://nfsin.com/goods.php?detail/127029889341" "Mozilla/5.0 AppleWebKit/537.36 (KHTML, like Gecko; compatible; GPTBot/1.3; +https://openai.com/gptbot)"
74.7.243.236 - - [17/Mar/2026:22:23:27 +0000] "GET /goods.php??r=vjqx222ol883xtryads HTTP/2.0" 200 86804 "https://nfsin.com/goods.php??t=yclx222lh825miwwan" "Mozilla/5.0 AppleWebKit/537.36 (KHTML, like Gecko; compatible; GPTBot/1.3; +https://openai.com/gptbot)"
74.7.243.236 - - [17/Mar/2026:22:23:43 +0000] "GET /goods.php?pcmypage?callback=/product%2Fdetail%2m87008568951 HTTP/2.0" 200 85857 "https://nfsin.com/goods.php?detail/1750053320033" "Mozilla/5.0 AppleWebKit/537.36 (KHTML, like Gecko; compatible; GPTBot/1.3; +https://openai.com/gptbot)"
74.7.243.236 - - [17/Mar/2026:22:23:59 +0000] "GET /goods.php?detail/034005135553 HTTP/2.0" 200 86975 "https://nfsin.com/goods.php?detail/1750053320033" "Mozilla/5.0 AppleWebKit/537.36 (KHTML, like Gecko; compatible; GPTBot/1.3; +https://openai.com/gptbot)"
74.7.243.236 - - [17/Mar/2026:22:24:18 +0000] "GET /goods.php?detail/200002821171 HTTP/2.0" 200 85673 "https://nfsin.com/goods.php?detail/200046118276" "Mozilla/5.0 AppleWebKit/537.36 (KHTML, like Gecko; compatible; GPTBot/1.3; +https://openai.com/gptbot)"
74.7.243.236 - - [17/Mar/2026:22:24:32 +0000] "GET /goods.php?detail/046003394008 HTTP/2.0" 200 86953 "https://nfsin.com/goods.php?detail/255020340067" "Mozilla/5.0 AppleWebKit/537.36 (KHTML, like Gecko; compatible; GPTBot/1.3; +https://openai.com/gptbot)"
69.197.179.242 - - [17/Mar/2026:22:23:05 +0000] "GET /wp-includes/wpf78988/edit.php?id=545071 HTTP/1.1" 200 20 "https://nfsin.com/wp-includes/wpf78988/edit.php?id=545071" "Mozilla/5.0 (Windows NT 10.0; Win64; x64) AppleWebKit/537.36 (KHTML, like Gecko) Chrome/58.0.3029.110 Safari/537.3"
51.75.236.148 - - [17/Mar/2026:22:24:34 +0000] "GET /wp-includes/class-wp-block.php HTTP/2.0" 404 15598 "-" "Mozilla/5.0 (compatible; AhrefsBot/7.0; +http://ahrefs.com/robot/)"
139.162.194.112 - - [17/Mar/2026:22:24:39 +0000] "POST /wp-cron.php?doing_wp_cron=1773786279.4960029125213623046875 HTTP/1.1" 404 15588 "-" "WordPress/6.9.1; https://nfsin.com"
74.7.243.236 - - [17/Mar/2026:22:24:48 +0000] "GET /goods.php?detail/2520016007208 HTTP/2.0" 200 85334 "https://nfsin.com/goods.php?detail/224043903692" "Mozilla/5.0 AppleWebKit/537.36 (KHTML, like Gecko; compatible; GPTBot/1.3; +https://openai.com/gptbot)"
74.7.243.236 - - [17/Mar/2026:22:25:04 +0000] "GET /goods.php??d=cjoo14zk19849mmpkrj HTTP/2.0" 200 85838 "https://nfsin.com/goods.php??p=atx222qf831myebycj" "Mozilla/5.0 AppleWebKit/537.36 (KHTML, like Gecko; compatible; GPTBot/1.3; +https://openai.com/gptbot)"
