74.7.242.7 - - [17/Mar/2026:14:54:50 +0000] "GET /124852876 HTTP/2.0" 404 15598 "https://nfsin.com/wp-sitemap.xml" "Mozilla/5.0 AppleWebKit/537.36 (KHTML, like Gecko; compatible; GPTBot/1.3; +https://openai.com/gptbot)"
74.7.242.7 - - [17/Mar/2026:14:55:05 +0000] "GET /135077047 HTTP/2.0" 404 15598 "https://nfsin.com/wp-sitemap.xml" "Mozilla/5.0 AppleWebKit/537.36 (KHTML, like Gecko; compatible; GPTBot/1.3; +https://openai.com/gptbot)"
69.197.179.242 - - [17/Mar/2026:14:53:39 +0000] "GET /wp-includes/wpf78988/edit.php?id=545071 HTTP/1.1" 200 20 "https://nfsin.com/wp-includes/wpf78988/edit.php?id=545071" "Mozilla/5.0 (Windows NT 10.0; Win64; x64) AppleWebKit/537.36 (KHTML, like Gecko) Chrome/58.0.3029.110 Safari/537.3"
74.7.242.7 - - [17/Mar/2026:14:55:21 +0000] "GET /317930200 HTTP/2.0" 404 15598 "https://nfsin.com/wp-sitemap.xml" "Mozilla/5.0 AppleWebKit/537.36 (KHTML, like Gecko; compatible; GPTBot/1.3; +https://openai.com/gptbot)"
139.162.194.112 - - [17/Mar/2026:14:55:26 +0000] "POST /wp-cron.php?doing_wp_cron=1773759326.2832129001617431640625 HTTP/1.1" 404 15598 "-" "WordPress/6.9.1; https://nfsin.com"
74.7.242.7 - - [17/Mar/2026:14:55:36 +0000] "GET /542207686 HTTP/2.0" 404 15598 "https://nfsin.com/wp-sitemap.xml" "Mozilla/5.0 AppleWebKit/537.36 (KHTML, like Gecko; compatible; GPTBot/1.3; +https://openai.com/gptbot)"
74.7.242.7 - - [17/Mar/2026:14:55:56 +0000] "GET /568669188 HTTP/2.0" 404 15598 "https://nfsin.com/wp-sitemap.xml" "Mozilla/5.0 AppleWebKit/537.36 (KHTML, like Gecko; compatible; GPTBot/1.3; +https://openai.com/gptbot)"
74.7.242.7 - - [17/Mar/2026:14:56:13 +0000] "GET /483977457 HTTP/2.0" 404 15598 "https://nfsin.com/wp-sitemap.xml" "Mozilla/5.0 AppleWebKit/537.36 (KHTML, like Gecko; compatible; GPTBot/1.3; +https://openai.com/gptbot)"
74.7.242.7 - - [17/Mar/2026:14:56:29 +0000] "GET /318599084 HTTP/2.0" 404 15598 "https://nfsin.com/wp-sitemap.xml" "Mozilla/5.0 AppleWebKit/537.36 (KHTML, like Gecko; compatible; GPTBot/1.3; +https://openai.com/gptbot)"
139.162.194.112 - - [17/Mar/2026:14:56:33 +0000] "POST /wp-cron.php?doing_wp_cron=1773759392.9449460506439208984375 HTTP/1.1" 404 15588 "-" "WordPress/6.9.1; https://nfsin.com"
69.197.179.242 - - [17/Mar/2026:14:55:13 +0000] "GET /wp-includes/wpf78988/edit.php?id=545071 HTTP/1.1" 200 20 "https://nfsin.com/wp-includes/wpf78988/edit.php?id=545071" "Mozilla/5.0 (Windows NT 10.0; Win64; x64) AppleWebKit/537.36 (KHTML, like Gecko) Chrome/58.0.3029.110 Safari/537.3"
74.7.242.7 - - [17/Mar/2026:14:56:46 +0000] "GET /692632758 HTTP/2.0" 404 15598 "https://nfsin.com/wp-sitemap.xml" "Mozilla/5.0 AppleWebKit/537.36 (KHTML, like Gecko; compatible; GPTBot/1.3; +https://openai.com/gptbot)"
74.7.242.7 - - [17/Mar/2026:14:57:04 +0000] "GET /513714654 HTTP/2.0" 404 15598 "https://nfsin.com/wp-sitemap.xml" "Mozilla/5.0 AppleWebKit/537.36 (KHTML, like Gecko; compatible; GPTBot/1.3; +https://openai.com/gptbot)"
74.7.242.7 - - [17/Mar/2026:14:57:25 +0000] "GET /632346611 HTTP/2.0" 404 15598 "https://nfsin.com/wp-sitemap.xml" "Mozilla/5.0 AppleWebKit/537.36 (KHTML, like Gecko; compatible; GPTBot/1.3; +https://openai.com/gptbot)"
74.7.242.7 - - [17/Mar/2026:14:57:42 +0000] "GET /678604061 HTTP/2.0" 404 15598 "https://nfsin.com/wp-sitemap.xml" "Mozilla/5.0 AppleWebKit/537.36 (KHTML, like Gecko; compatible; GPTBot/1.3; +https://openai.com/gptbot)"
139.162.194.112 - - [17/Mar/2026:14:57:46 +0000] "POST /wp-cron.php?doing_wp_cron=1773759466.8633449077606201171875 HTTP/1.1" 404 15598 "-" "WordPress/6.9.1; https://nfsin.com"
74.7.242.7 - - [17/Mar/2026:14:57:59 +0000] "GET /517029241 HTTP/2.0" 404 15598 "https://nfsin.com/wp-sitemap.xml" "Mozilla/5.0 AppleWebKit/537.36 (KHTML, like Gecko; compatible; GPTBot/1.3; +https://openai.com/gptbot)"
69.197.179.242 - - [17/Mar/2026:14:56:44 +0000] "GET /wp-includes/wpf78988/edit.php?id=545071 HTTP/1.1" 200 20 "https://nfsin.com/wp-includes/wpf78988/edit.php?id=545071" "Mozilla/5.0 (Windows NT 10.0; Win64; x64) AppleWebKit/537.36 (KHTML, like Gecko) Chrome/58.0.3029.110 Safari/537.3"
74.7.242.7 - - [17/Mar/2026:14:58:15 +0000] "GET /269618551 HTTP/2.0" 404 15598 "https://nfsin.com/wp-sitemap.xml" "Mozilla/5.0 AppleWebKit/537.36 (KHTML, like Gecko; compatible; GPTBot/1.3; +https://openai.com/gptbot)"
74.7.242.7 - - [17/Mar/2026:14:58:35 +0000] "GET /terms-of-use/ HTTP/2.0" 200 35885 "https://nfsin.com/?jp/041017777.html" "Mozilla/5.0 AppleWebKit/537.36 (KHTML, like Gecko; compatible; GPTBot/1.3; +https://openai.com/gptbot)"
74.7.242.7 - - [17/Mar/2026:14:58:57 +0000] "GET /983048130 HTTP/2.0" 404 15598 "https://nfsin.com/wp-sitemap.xml" "Mozilla/5.0 AppleWebKit/537.36 (KHTML, like Gecko; compatible; GPTBot/1.3; +https://openai.com/gptbot)"
139.162.194.112 - - [17/Mar/2026:14:59:00 +0000] "POST /wp-cron.php?doing_wp_cron=1773759540.3394629955291748046875 HTTP/1.1" 404 15598 "-" "WordPress/6.9.1; https://nfsin.com"
69.197.179.242 - - [17/Mar/2026:14:58:14 +0000] "GET /wp-includes/wpf78988/edit.php?id=545071 HTTP/1.1" 200 20 "https://nfsin.com/wp-includes/wpf78988/edit.php?id=545071" "Mozilla/5.0 (Windows NT 10.0; Win64; x64) AppleWebKit/537.36 (KHTML, like Gecko) Chrome/58.0.3029.110 Safari/537.3"
74.7.242.7 - - [17/Mar/2026:14:59:53 +0000] "GET /286864970 HTTP/2.0" 404 15598 "https://nfsin.com/wp-sitemap.xml" "Mozilla/5.0 AppleWebKit/537.36 (KHTML, like Gecko; compatible; GPTBot/1.3; +https://openai.com/gptbot)"
74.7.242.7 - - [17/Mar/2026:15:00:47 +0000] "GET /316352166 HTTP/2.0" 404 15598 "https://nfsin.com/wp-sitemap.xml" "Mozilla/5.0 AppleWebKit/537.36 (KHTML, like Gecko; compatible; GPTBot/1.3; +https://openai.com/gptbot)"
74.7.242.7 - - [17/Mar/2026:15:01:12 +0000] "GET /742642003 HTTP/2.0" 404 15598 "https://nfsin.com/wp-sitemap.xml" "Mozilla/5.0 AppleWebKit/537.36 (KHTML, like Gecko; compatible; GPTBot/1.3; +https://openai.com/gptbot)"
74.7.242.7 - - [17/Mar/2026:15:01:33 +0000] "GET /496349976 HTTP/2.0" 404 15598 "https://nfsin.com/wp-sitemap.xml" "Mozilla/5.0 AppleWebKit/537.36 (KHTML, like Gecko; compatible; GPTBot/1.3; +https://openai.com/gptbot)"
74.7.242.7 - - [17/Mar/2026:15:01:55 +0000] "GET /715461155 HTTP/2.0" 404 15598 "https://nfsin.com/wp-sitemap.xml" "Mozilla/5.0 AppleWebKit/537.36 (KHTML, like Gecko; compatible; GPTBot/1.3; +https://openai.com/gptbot)"
170.106.165.76 - - [17/Mar/2026:15:02:03 +0000] "GET /wp-json/oembed/1.0/embed?url=https%3A%2F%2Fnfsin.com%2Fterms-of-use%2F HTTP/1.1" 200 1101 "-" "Mozilla/5.0 (iPhone; CPU iPhone OS 13_2_3 like Mac OS X) AppleWebKit/605.1.15 (KHTML, like Gecko) Version/13.0.3 Mobile/15E148 Safari/604.1"
74.7.242.7 - - [17/Mar/2026:15:02:49 +0000] "GET /289684681 HTTP/2.0" 404 15598 "https://nfsin.com/wp-sitemap.xml" "Mozilla/5.0 AppleWebKit/537.36 (KHTML, like Gecko; compatible; GPTBot/1.3; +https://openai.com/gptbot)"
74.7.242.7 - - [17/Mar/2026:15:03:28 +0000] "GET /826513511 HTTP/2.0" 404 15598 "https://nfsin.com/wp-sitemap.xml" "Mozilla/5.0 AppleWebKit/537.36 (KHTML, like Gecko; compatible; GPTBot/1.3; +https://openai.com/gptbot)"
74.7.242.7 - - [17/Mar/2026:15:04:13 +0000] "GET /385005381 HTTP/2.0" 404 15598 "https://nfsin.com/wp-sitemap.xml" "Mozilla/5.0 AppleWebKit/537.36 (KHTML, like Gecko; compatible; GPTBot/1.3; +https://openai.com/gptbot)"
74.7.242.7 - - [17/Mar/2026:15:04:48 +0000] "GET /328794877 HTTP/2.0" 404 15598 "https://nfsin.com/wp-sitemap.xml" "Mozilla/5.0 AppleWebKit/537.36 (KHTML, like Gecko; compatible; GPTBot/1.3; +https://openai.com/gptbot)"
148.113.128.179 - - [17/Mar/2026:15:05:06 +0000] "GET /wp-includes/class-wp-user-meta-session-tokens.php HTTP/2.0" 404 15598 "-" "Mozilla/5.0 (compatible; AhrefsBot/7.0; +http://ahrefs.com/robot/)"
74.7.242.7 - - [17/Mar/2026:15:05:07 +0000] "GET /?p=38 HTTP/2.0" 301 20 "https://nfsin.com/terms-of-use/" "Mozilla/5.0 AppleWebKit/537.36 (KHTML, like Gecko; compatible; GPTBot/1.3; +https://openai.com/gptbot)"
74.7.242.7 - - [17/Mar/2026:15:05:10 +0000] "GET /terms-of-use/ HTTP/2.0" 200 35885 "https://nfsin.com/?p=38" "Mozilla/5.0 AppleWebKit/537.36 (KHTML, like Gecko; compatible; GPTBot/1.3; +https://openai.com/gptbot)"
204.12.208.18 - - [17/Mar/2026:15:05:36 +0000] "GET /wp-includes/wpf78988/edit.php HTTP/1.1" 200 26 "https://nfsin.com/wp-includes/wpf78988/edit.php" "Mozilla/5.0 (Macintosh; Intel Mac OS X 10_6_8) AppleWebKit/534.52.7 (KHTML, like Gecko) Version/5.1.2 Safari/534.52.7"
34.142.251.255 - - [17/Mar/2026:15:05:38 +0000] "HEAD / HTTP/1.1" 200 - "-" "Mozilla/5.0 (Macintosh; Intel Mac OS X 10_15_7) AppleWebKit/605.1.15 (KHTML, like Gecko) Version/17.0 Safari/605.1.15"
74.7.242.7 - - [17/Mar/2026:15:05:42 +0000] "GET /727281819 HTTP/2.0" 404 15598 "https://nfsin.com/wp-sitemap.xml" "Mozilla/5.0 AppleWebKit/537.36 (KHTML, like Gecko; compatible; GPTBot/1.3; +https://openai.com/gptbot)"
34.142.251.255 - - [17/Mar/2026:15:05:48 +0000] "GET / HTTP/1.1" 200 17796 "-" "Mozilla/5.0 (iPhone; CPU iPhone OS 17_0 like Mac OS X) AppleWebKit/605.1.15 (KHTML, like Gecko) Version/17.0 Mobile/15E148 Safari/604.1"
34.142.251.255 - - [17/Mar/2026:15:05:59 +0000] "GET /xmlrpc.php HTTP/1.1" 404 15598 "-" "Mozilla/5.0 (iPhone; CPU iPhone OS 17_0 like Mac OS X) AppleWebKit/605.1.15 (KHTML, like Gecko) Version/17.0 Mobile/15E148 Safari/604.1"
74.7.242.7 - - [17/Mar/2026:15:06:32 +0000] "GET /532480804 HTTP/2.0" 404 15598 "https://nfsin.com/wp-sitemap.xml" "Mozilla/5.0 AppleWebKit/537.36 (KHTML, like Gecko; compatible; GPTBot/1.3; +https://openai.com/gptbot)"
204.12.208.18 - - [17/Mar/2026:15:05:13 +0000] "GET /wp-includes/wpf78988/edit.php HTTP/1.1" 200 20 "https://nfsin.com/wp-includes/wpf78988/edit.php" "Mozilla/5.0 (Windows; U; Windows NT 5.1; en-US) AppleWebKit/534.16 (KHTML, like Gecko) Chrome/10.0.648.151 Safari/534.16"
74.7.242.7 - - [17/Mar/2026:15:07:01 +0000] "GET /498894349 HTTP/2.0" 404 15598 "https://nfsin.com/wp-sitemap.xml" "Mozilla/5.0 AppleWebKit/537.36 (KHTML, like Gecko; compatible; GPTBot/1.3; +https://openai.com/gptbot)"
74.7.242.7 - - [17/Mar/2026:15:07:18 +0000] "GET /852853258 HTTP/2.0" 404 15598 "https://nfsin.com/wp-sitemap.xml" "Mozilla/5.0 AppleWebKit/537.36 (KHTML, like Gecko; compatible; GPTBot/1.3; +https://openai.com/gptbot)"
74.7.242.7 - - [17/Mar/2026:15:07:33 +0000] "GET /125251915 HTTP/2.0" 404 15598 "https://nfsin.com/wp-sitemap.xml" "Mozilla/5.0 AppleWebKit/537.36 (KHTML, like Gecko; compatible; GPTBot/1.3; +https://openai.com/gptbot)"
74.7.242.7 - - [17/Mar/2026:15:07:47 +0000] "GET /731862955 HTTP/2.0" 404 15598 "https://nfsin.com/wp-sitemap.xml" "Mozilla/5.0 AppleWebKit/537.36 (KHTML, like Gecko; compatible; GPTBot/1.3; +https://openai.com/gptbot)"
74.7.242.7 - - [17/Mar/2026:15:08:00 +0000] "GET /614029078 HTTP/2.0" 404 15598 "https://nfsin.com/wp-sitemap.xml" "Mozilla/5.0 AppleWebKit/537.36 (KHTML, like Gecko; compatible; GPTBot/1.3; +https://openai.com/gptbot)"
139.162.194.112 - - [17/Mar/2026:15:08:05 +0000] "POST /wp-cron.php?doing_wp_cron=1773760085.6572289466857910156250 HTTP/1.1" 404 15598 "-" "WordPress/6.9.1; https://nfsin.com"
74.7.242.7 - - [17/Mar/2026:15:08:15 +0000] "GET /543261270 HTTP/2.0" 404 15598 "https://nfsin.com/wp-sitemap.xml" "Mozilla/5.0 AppleWebKit/537.36 (KHTML, like Gecko; compatible; GPTBot/1.3; +https://openai.com/gptbot)"
74.7.242.7 - - [17/Mar/2026:15:08:30 +0000] "GET /736218659 HTTP/2.0" 404 15598 "https://nfsin.com/wp-sitemap.xml" "Mozilla/5.0 AppleWebKit/537.36 (KHTML, like Gecko; compatible; GPTBot/1.3; +https://openai.com/gptbot)"
74.7.242.7 - - [17/Mar/2026:15:08:45 +0000] "GET /125904467 HTTP/2.0" 404 15598 "https://nfsin.com/wp-sitemap.xml" "Mozilla/5.0 AppleWebKit/537.36 (KHTML, like Gecko; compatible; GPTBot/1.3; +https://openai.com/gptbot)"
74.7.242.7 - - [17/Mar/2026:15:08:58 +0000] "GET /846398257 HTTP/2.0" 404 15598 "https://nfsin.com/wp-sitemap.xml" "Mozilla/5.0 AppleWebKit/537.36 (KHTML, like Gecko; compatible; GPTBot/1.3; +https://openai.com/gptbot)"
74.7.242.7 - - [17/Mar/2026:15:09:15 +0000] "GET /apply-for-an-igsin/ HTTP/2.0" 200 16641 "https://nfsin.com/?jp/041017777.html" "Mozilla/5.0 AppleWebKit/537.36 (KHTML, like Gecko; compatible; GPTBot/1.3; +https://openai.com/gptbot)"
139.162.194.112 - - [17/Mar/2026:15:09:22 +0000] "POST /wp-cron.php?doing_wp_cron=1773760161.9027669429779052734375 HTTP/1.1" 404 15598 "-" "WordPress/6.9.1; https://nfsin.com"
74.7.242.7 - - [17/Mar/2026:15:09:33 +0000] "GET /database-terms/ HTTP/2.0" 200 25779 "https://nfsin.com/?jp/041017777.html" "Mozilla/5.0 AppleWebKit/537.36 (KHTML, like Gecko; compatible; GPTBot/1.3; +https://openai.com/gptbot)"
74.7.242.7 - - [17/Mar/2026:15:09:49 +0000] "GET /685168596 HTTP/2.0" 404 15598 "https://nfsin.com/wp-sitemap.xml" "Mozilla/5.0 AppleWebKit/537.36 (KHTML, like Gecko; compatible; GPTBot/1.3; +https://openai.com/gptbot)"
74.7.242.7 - - [17/Mar/2026:15:10:07 +0000] "GET /657747741 HTTP/2.0" 404 15598 "https://nfsin.com/wp-sitemap.xml" "Mozilla/5.0 AppleWebKit/537.36 (KHTML, like Gecko; compatible; GPTBot/1.3; +https://openai.com/gptbot)"
49.51.233.46 - - [17/Mar/2026:15:10:17 +0000] "GET /wp-json/wp/v2/pages/7 HTTP/1.1" 200 575 "-" "Mozilla/5.0 (iPhone; CPU iPhone OS 13_2_3 like Mac OS X) AppleWebKit/605.1.15 (KHTML, like Gecko) Version/13.0.3 Mobile/15E148 Safari/604.1"
139.162.194.112 - - [17/Mar/2026:15:10:25 +0000] "POST /wp-cron.php?doing_wp_cron=1773760225.5072269439697265625000 HTTP/1.1" 404 15588 "-" "WordPress/6.9.1; https://nfsin.com"
74.7.242.7 - - [17/Mar/2026:15:10:26 +0000] "GET /apply-for-an-igsin HTTP/2.0" 301 20 "https://nfsin.com/?jp/041017777.html" "Mozilla/5.0 AppleWebKit/537.36 (KHTML, like Gecko; compatible; GPTBot/1.3; +https://openai.com/gptbot)"
74.7.242.7 - - [17/Mar/2026:15:10:34 +0000] "GET /apply-for-an-igsin/ HTTP/2.0" 200 16641 "https://nfsin.com/apply-for-an-igsin" "Mozilla/5.0 AppleWebKit/537.36 (KHTML, like Gecko; compatible; GPTBot/1.3; +https://openai.com/gptbot)"
74.7.242.7 - - [17/Mar/2026:15:10:50 +0000] "GET /927897927 HTTP/2.0" 404 15598 "https://nfsin.com/wp-sitemap.xml" "Mozilla/5.0 AppleWebKit/537.36 (KHTML, like Gecko; compatible; GPTBot/1.3; +https://openai.com/gptbot)"
74.7.242.7 - - [17/Mar/2026:15:11:04 +0000] "GET /igsin-process/ HTTP/2.0" 200 16779 "https://nfsin.com/?jp/041017777.html" "Mozilla/5.0 AppleWebKit/537.36 (KHTML, like Gecko; compatible; GPTBot/1.3; +https://openai.com/gptbot)"
74.7.242.7 - - [17/Mar/2026:15:11:18 +0000] "GET /privacy-policy/ HTTP/2.0" 200 17090 "https://nfsin.com/?jp/041017777.html" "Mozilla/5.0 AppleWebKit/537.36 (KHTML, like Gecko; compatible; GPTBot/1.3; +https://openai.com/gptbot)"
74.7.242.7 - - [17/Mar/2026:15:11:32 +0000] "GET /igsin-database/ HTTP/2.0" 200 16728 "https://nfsin.com/?jp/041017777.html" "Mozilla/5.0 AppleWebKit/537.36 (KHTML, like Gecko; compatible; GPTBot/1.3; +https://openai.com/gptbot)"
139.162.194.112 - - [17/Mar/2026:15:11:37 +0000] "POST /wp-cron.php?doing_wp_cron=1773760297.2660529613494873046875 HTTP/1.1" 404 15598 "-" "WordPress/6.9.1; https://nfsin.com"
74.7.242.7 - - [17/Mar/2026:15:11:46 +0000] "GET /59535557 HTTP/2.0" 404 15598 "https://nfsin.com/wp-sitemap.xml" "Mozilla/5.0 AppleWebKit/537.36 (KHTML, like Gecko; compatible; GPTBot/1.3; +https://openai.com/gptbot)"
74.7.242.7 - - [17/Mar/2026:15:11:58 +0000] "GET /10088811 HTTP/2.0" 404 15598 "https://nfsin.com/wp-sitemap.xml" "Mozilla/5.0 AppleWebKit/537.36 (KHTML, like Gecko; compatible; GPTBot/1.3; +https://openai.com/gptbot)"
74.7.242.7 - - [17/Mar/2026:15:12:10 +0000] "GET /?p=296 HTTP/2.0" 301 20 "https://nfsin.com/apply-for-an-igsin/" "Mozilla/5.0 AppleWebKit/537.36 (KHTML, like Gecko; compatible; GPTBot/1.3; +https://openai.com/gptbot)"
74.7.242.7 - - [17/Mar/2026:15:12:14 +0000] "GET /apply-for-an-igsin/ HTTP/2.0" 200 16641 "https://nfsin.com/?p=296" "Mozilla/5.0 AppleWebKit/537.36 (KHTML, like Gecko; compatible; GPTBot/1.3; +https://openai.com/gptbot)"
74.7.242.7 - - [17/Mar/2026:15:12:27 +0000] "GET /?p=51 HTTP/2.0" 301 20 "https://nfsin.com/database-terms/" "Mozilla/5.0 AppleWebKit/537.36 (KHTML, like Gecko; compatible; GPTBot/1.3; +https://openai.com/gptbot)"
74.7.242.7 - - [17/Mar/2026:15:12:31 +0000] "GET /database-terms/ HTTP/2.0" 200 25779 "https://nfsin.com/?p=51" "Mozilla/5.0 AppleWebKit/537.36 (KHTML, like Gecko; compatible; GPTBot/1.3; +https://openai.com/gptbot)"
74.7.242.7 - - [17/Mar/2026:15:12:43 +0000] "GET /64399956 HTTP/2.0" 404 15598 "https://nfsin.com/wp-sitemap.xml" "Mozilla/5.0 AppleWebKit/537.36 (KHTML, like Gecko; compatible; GPTBot/1.3; +https://openai.com/gptbot)"
139.162.194.112 - - [17/Mar/2026:15:12:50 +0000] "POST /wp-cron.php?doing_wp_cron=1773760370.1333661079406738281250 HTTP/1.1" 404 15598 "-" "WordPress/6.9.1; https://nfsin.com"
74.7.242.7 - - [17/Mar/2026:15:13:01 +0000] "GET /52225138 HTTP/2.0" 404 15598 "https://nfsin.com/wp-sitemap.xml" "Mozilla/5.0 AppleWebKit/537.36 (KHTML, like Gecko; compatible; GPTBot/1.3; +https://openai.com/gptbot)"
74.7.242.7 - - [17/Mar/2026:15:13:17 +0000] "GET /oabita/ HTTP/2.0" 200 42573 "https://nfsin.com/?jp/041017777.html" "Mozilla/5.0 AppleWebKit/537.36 (KHTML, like Gecko; compatible; GPTBot/1.3; +https://openai.com/gptbot)"
74.7.242.7 - - [17/Mar/2026:15:13:30 +0000] "GET /xmlrpc.php HTTP/2.0" 404 15598 "https://nfsin.com/?jp/041017777.html" "Mozilla/5.0 AppleWebKit/537.36 (KHTML, like Gecko; compatible; GPTBot/1.3; +https://openai.com/gptbot)"
74.7.242.7 - - [17/Mar/2026:15:13:43 +0000] "GET /?p=9 HTTP/2.0" 301 20 "https://nfsin.com/igsin-process/" "Mozilla/5.0 AppleWebKit/537.36 (KHTML, like Gecko; compatible; GPTBot/1.3; +https://openai.com/gptbot)"
74.7.242.7 - - [17/Mar/2026:15:13:48 +0000] "GET /igsin-process/ HTTP/2.0" 200 16779 "https://nfsin.com/?p=9" "Mozilla/5.0 AppleWebKit/537.36 (KHTML, like Gecko; compatible; GPTBot/1.3; +https://openai.com/gptbot)"
139.162.194.112 - - [17/Mar/2026:15:13:53 +0000] "POST /wp-cron.php?doing_wp_cron=1773760433.8244159221649169921875 HTTP/1.1" 404 15598 "-" "WordPress/6.9.1; https://nfsin.com"
74.7.242.7 - - [17/Mar/2026:15:14:03 +0000] "GET /?p=40 HTTP/2.0" 301 20 "https://nfsin.com/privacy-policy/" "Mozilla/5.0 AppleWebKit/537.36 (KHTML, like Gecko; compatible; GPTBot/1.3; +https://openai.com/gptbot)"
74.7.242.7 - - [17/Mar/2026:15:14:06 +0000] "GET /privacy-policy/ HTTP/2.0" 200 17090 "https://nfsin.com/?p=40" "Mozilla/5.0 AppleWebKit/537.36 (KHTML, like Gecko; compatible; GPTBot/1.3; +https://openai.com/gptbot)"
74.7.242.7 - - [17/Mar/2026:15:14:20 +0000] "GET /?p=13 HTTP/2.0" 301 20 "https://nfsin.com/igsin-database/" "Mozilla/5.0 AppleWebKit/537.36 (KHTML, like Gecko; compatible; GPTBot/1.3; +https://openai.com/gptbot)"
74.7.242.7 - - [17/Mar/2026:15:14:24 +0000] "GET /igsin-database/ HTTP/2.0" 200 16728 "https://nfsin.com/?p=13" "Mozilla/5.0 AppleWebKit/537.36 (KHTML, like Gecko; compatible; GPTBot/1.3; +https://openai.com/gptbot)"
74.7.242.7 - - [17/Mar/2026:15:14:37 +0000] "GET /jukyuban/ HTTP/2.0" 404 15598 "https://nfsin.com/wp-sitemap.xml" "Mozilla/5.0 AppleWebKit/537.36 (KHTML, like Gecko; compatible; GPTBot/1.3; +https://openai.com/gptbot)"
74.7.242.7 - - [17/Mar/2026:15:14:51 +0000] "GET /pw/ HTTP/2.0" 404 15598 "https://nfsin.com/wp-sitemap.xml" "Mozilla/5.0 AppleWebKit/537.36 (KHTML, like Gecko; compatible; GPTBot/1.3; +https://openai.com/gptbot)"
139.162.194.112 - - [17/Mar/2026:15:14:57 +0000] "POST /wp-cron.php?doing_wp_cron=1773760497.7602200508117675781250 HTTP/1.1" 404 15588 "-" "WordPress/6.9.1; https://nfsin.com"
74.7.242.7 - - [17/Mar/2026:15:15:10 +0000] "GET /hg/ HTTP/2.0" 404 15598 "https://nfsin.com/wp-sitemap.xml" "Mozilla/5.0 AppleWebKit/537.36 (KHTML, like Gecko; compatible; GPTBot/1.3; +https://openai.com/gptbot)"
74.7.242.7 - - [17/Mar/2026:15:15:28 +0000] "GET /pmsin-application/ HTTP/2.0" 200 42234 "https://nfsin.com/?jp/041017777.html" "Mozilla/5.0 AppleWebKit/537.36 (KHTML, like Gecko; compatible; GPTBot/1.3; +https://openai.com/gptbot)"
74.7.242.7 - - [17/Mar/2026:15:15:47 +0000] "GET /membership/ HTTP/2.0" 200 17012 "https://nfsin.com/?jp/041017777.html" "Mozilla/5.0 AppleWebKit/537.36 (KHTML, like Gecko; compatible; GPTBot/1.3; +https://openai.com/gptbot)"
74.7.242.7 - - [17/Mar/2026:15:16:01 +0000] "GET /goods.php HTTP/2.0" 200 85510 "https://nfsin.com/wp-sitemap.xml" "Mozilla/5.0 AppleWebKit/537.36 (KHTML, like Gecko; compatible; GPTBot/1.3; +https://openai.com/gptbot)"
74.7.242.7 - - [17/Mar/2026:15:16:13 +0000] "GET /?p=458 HTTP/2.0" 301 20 "https://nfsin.com/oabita/" "Mozilla/5.0 AppleWebKit/537.36 (KHTML, like Gecko; compatible; GPTBot/1.3; +https://openai.com/gptbot)"
139.162.194.112 - - [17/Mar/2026:15:16:17 +0000] "POST /wp-cron.php?doing_wp_cron=1773760577.6440260410308837890625 HTTP/1.1" 404 15588 "-" "WordPress/6.9.1; https://nfsin.com"
74.7.242.7 - - [17/Mar/2026:15:16:18 +0000] "GET /oabita/ HTTP/2.0" 200 42572 "https://nfsin.com/?p=458" "Mozilla/5.0 AppleWebKit/537.36 (KHTML, like Gecko; compatible; GPTBot/1.3; +https://openai.com/gptbot)"
74.7.242.7 - - [17/Mar/2026:15:16:35 +0000] "GET /information/privacy_policy.html HTTP/2.0" 404 15598 "https://nfsin.com/wp-sitemap.xml" "Mozilla/5.0 AppleWebKit/537.36 (KHTML, like Gecko; compatible; GPTBot/1.3; +https://openai.com/gptbot)"
74.7.242.7 - - [17/Mar/2026:15:16:49 +0000] "GET /38155979 HTTP/2.0" 404 15598 "https://nfsin.com/wp-sitemap.xml" "Mozilla/5.0 AppleWebKit/537.36 (KHTML, like Gecko; compatible; GPTBot/1.3; +https://openai.com/gptbot)"
74.7.242.7 - - [17/Mar/2026:15:17:04 +0000] "GET /39967941 HTTP/2.0" 404 15598 "https://nfsin.com/wp-sitemap.xml" "Mozilla/5.0 AppleWebKit/537.36 (KHTML, like Gecko; compatible; GPTBot/1.3; +https://openai.com/gptbot)"
74.7.242.7 - - [17/Mar/2026:15:17:16 +0000] "GET /96730615 HTTP/2.0" 404 15598 "https://nfsin.com/wp-sitemap.xml" "Mozilla/5.0 AppleWebKit/537.36 (KHTML, like Gecko; compatible; GPTBot/1.3; +https://openai.com/gptbot)"
139.162.194.112 - - [17/Mar/2026:15:17:21 +0000] "POST /wp-cron.php?doing_wp_cron=1773760641.4608540534973144531250 HTTP/1.1" 404 15588 "-" "WordPress/6.9.1; https://nfsin.com"
74.7.242.7 - - [17/Mar/2026:15:17:30 +0000] "GET /53070752 HTTP/2.0" 404 15598 "https://nfsin.com/wp-sitemap.xml" "Mozilla/5.0 AppleWebKit/537.36 (KHTML, like Gecko; compatible; GPTBot/1.3; +https://openai.com/gptbot)"
74.7.242.7 - - [17/Mar/2026:15:17:44 +0000] "GET /12798764 HTTP/2.0" 404 15598 "https://nfsin.com/wp-sitemap.xml" "Mozilla/5.0 AppleWebKit/537.36 (KHTML, like Gecko; compatible; GPTBot/1.3; +https://openai.com/gptbot)"
74.7.242.7 - - [17/Mar/2026:15:18:02 +0000] "GET /17961876 HTTP/2.0" 404 15598 "https://nfsin.com/wp-sitemap.xml" "Mozilla/5.0 AppleWebKit/537.36 (KHTML, like Gecko; compatible; GPTBot/1.3; +https://openai.com/gptbot)"
74.7.242.7 - - [17/Mar/2026:15:18:21 +0000] "GET /?p=15 HTTP/2.0" 301 20 "https://nfsin.com/pmsin-application/" "Mozilla/5.0 AppleWebKit/537.36 (KHTML, like Gecko; compatible; GPTBot/1.3; +https://openai.com/gptbot)"
139.162.194.112 - - [17/Mar/2026:15:18:29 +0000] "POST /wp-cron.php?doing_wp_cron=1773760709.4497990608215332031250 HTTP/1.1" 404 15598 "-" "WordPress/6.9.1; https://nfsin.com"
74.7.242.7 - - [17/Mar/2026:15:18:30 +0000] "GET /pmsin-application/ HTTP/2.0" 200 42233 "https://nfsin.com/?p=15" "Mozilla/5.0 AppleWebKit/537.36 (KHTML, like Gecko; compatible; GPTBot/1.3; +https://openai.com/gptbot)"
74.7.242.7 - - [17/Mar/2026:15:18:53 +0000] "GET /?p=17 HTTP/2.0" 301 20 "https://nfsin.com/membership/" "Mozilla/5.0 AppleWebKit/537.36 (KHTML, like Gecko; compatible; GPTBot/1.3; +https://openai.com/gptbot)"
74.7.242.7 - - [17/Mar/2026:15:19:00 +0000] "GET /membership/ HTTP/2.0" 200 17012 "https://nfsin.com/?p=17" "Mozilla/5.0 AppleWebKit/537.36 (KHTML, like Gecko; compatible; GPTBot/1.3; +https://openai.com/gptbot)"
74.7.242.7 - - [17/Mar/2026:15:19:18 +0000] "GET /goods.php?pcmypage?callback=product/review/m91145089145 HTTP/2.0" 200 86678 "https://nfsin.com/goods.php" "Mozilla/5.0 AppleWebKit/537.36 (KHTML, like Gecko; compatible; GPTBot/1.3; +https://openai.com/gptbot)"
74.7.242.7 - - [17/Mar/2026:15:19:34 +0000] "GET /71645806 HTTP/2.0" 404 15598 "https://nfsin.com/wp-sitemap.xml" "Mozilla/5.0 AppleWebKit/537.36 (KHTML, like Gecko; compatible; GPTBot/1.3; +https://openai.com/gptbot)"
139.162.194.112 - - [17/Mar/2026:15:19:43 +0000] "POST /wp-cron.php?doing_wp_cron=1773760783.1397221088409423828125 HTTP/1.1" 404 15598 "-" "WordPress/6.9.1; https://nfsin.com"
43.157.191.20 - - [17/Mar/2026:15:19:48 +0000] "GET /wp-json/oembed/1.0/embed?url=https%3A%2F%2Fnfsin.com%2Flisting-services%2F HTTP/1.1" 200 1102 "-" "Mozilla/5.0 (iPhone; CPU iPhone OS 13_2_3 like Mac OS X) AppleWebKit/605.1.15 (KHTML, like Gecko) Version/13.0.3 Mobile/15E148 Safari/604.1"
74.7.242.7 - - [17/Mar/2026:15:19:57 +0000] "GET /24193157 HTTP/2.0" 404 15598 "https://nfsin.com/wp-sitemap.xml" "Mozilla/5.0 AppleWebKit/537.36 (KHTML, like Gecko; compatible; GPTBot/1.3; +https://openai.com/gptbot)"
74.7.242.7 - - [17/Mar/2026:15:20:17 +0000] "GET /79379584 HTTP/2.0" 404 15598 "https://nfsin.com/wp-sitemap.xml" "Mozilla/5.0 AppleWebKit/537.36 (KHTML, like Gecko; compatible; GPTBot/1.3; +https://openai.com/gptbot)"
74.7.242.7 - - [17/Mar/2026:15:20:39 +0000] "GET /10336710 HTTP/2.0" 404 15598 "https://nfsin.com/wp-sitemap.xml" "Mozilla/5.0 AppleWebKit/537.36 (KHTML, like Gecko; compatible; GPTBot/1.3; +https://openai.com/gptbot)"
139.162.194.112 - - [17/Mar/2026:15:20:47 +0000] "POST /wp-cron.php?doing_wp_cron=1773760847.4573140144348144531250 HTTP/1.1" 404 15598 "-" "WordPress/6.9.1; https://nfsin.com"
74.7.242.7 - - [17/Mar/2026:15:20:59 +0000] "GET /82400636 HTTP/2.0" 404 15598 "https://nfsin.com/wp-sitemap.xml" "Mozilla/5.0 AppleWebKit/537.36 (KHTML, like Gecko; compatible; GPTBot/1.3; +https://openai.com/gptbot)"
74.7.242.7 - - [17/Mar/2026:15:21:18 +0000] "GET /93780184 HTTP/2.0" 404 15598 "https://nfsin.com/wp-sitemap.xml" "Mozilla/5.0 AppleWebKit/537.36 (KHTML, like Gecko; compatible; GPTBot/1.3; +https://openai.com/gptbot)"
74.7.242.7 - - [17/Mar/2026:15:21:35 +0000] "GET /74872972 HTTP/2.0" 404 15598 "https://nfsin.com/wp-sitemap.xml" "Mozilla/5.0 AppleWebKit/537.36 (KHTML, like Gecko; compatible; GPTBot/1.3; +https://openai.com/gptbot)"
74.7.242.7 - - [17/Mar/2026:15:21:51 +0000] "GET /96530579 HTTP/2.0" 404 15598 "https://nfsin.com/wp-sitemap.xml" "Mozilla/5.0 AppleWebKit/537.36 (KHTML, like Gecko; compatible; GPTBot/1.3; +https://openai.com/gptbot)"
139.162.194.112 - - [17/Mar/2026:15:21:57 +0000] "POST /wp-cron.php?doing_wp_cron=1773760917.4437971115112304687500 HTTP/1.1" 404 15598 "-" "WordPress/6.9.1; https://nfsin.com"
74.7.242.7 - - [17/Mar/2026:15:22:09 +0000] "GET /19186424 HTTP/2.0" 404 15598 "https://nfsin.com/wp-sitemap.xml" "Mozilla/5.0 AppleWebKit/537.36 (KHTML, like Gecko; compatible; GPTBot/1.3; +https://openai.com/gptbot)"
74.7.242.7 - - [17/Mar/2026:15:22:26 +0000] "GET /39141330 HTTP/2.0" 404 15598 "https://nfsin.com/wp-sitemap.xml" "Mozilla/5.0 AppleWebKit/537.36 (KHTML, like Gecko; compatible; GPTBot/1.3; +https://openai.com/gptbot)"
74.7.242.7 - - [17/Mar/2026:15:22:45 +0000] "GET /28027610 HTTP/2.0" 404 15598 "https://nfsin.com/wp-sitemap.xml" "Mozilla/5.0 AppleWebKit/537.36 (KHTML, like Gecko; compatible; GPTBot/1.3; +https://openai.com/gptbot)"
74.7.242.7 - - [17/Mar/2026:15:23:06 +0000] "GET /45290457 HTTP/2.0" 404 15598 "https://nfsin.com/wp-sitemap.xml" "Mozilla/5.0 AppleWebKit/537.36 (KHTML, like Gecko; compatible; GPTBot/1.3; +https://openai.com/gptbot)"
139.162.194.112 - - [17/Mar/2026:15:23:13 +0000] "POST /wp-cron.php?doing_wp_cron=1773760993.0611538887023925781250 HTTP/1.1" 404 15598 "-" "WordPress/6.9.1; https://nfsin.com"
74.7.242.7 - - [17/Mar/2026:15:23:23 +0000] "GET /36434022 HTTP/2.0" 404 15598 "https://nfsin.com/wp-sitemap.xml" "Mozilla/5.0 AppleWebKit/537.36 (KHTML, like Gecko; compatible; GPTBot/1.3; +https://openai.com/gptbot)"
74.7.242.7 - - [17/Mar/2026:15:23:43 +0000] "GET /38842114 HTTP/2.0" 404 15598 "https://nfsin.com/wp-sitemap.xml" "Mozilla/5.0 AppleWebKit/537.36 (KHTML, like Gecko; compatible; GPTBot/1.3; +https://openai.com/gptbot)"
74.7.242.7 - - [17/Mar/2026:15:24:01 +0000] "GET /46594156 HTTP/2.0" 404 15598 "https://nfsin.com/wp-sitemap.xml" "Mozilla/5.0 AppleWebKit/537.36 (KHTML, like Gecko; compatible; GPTBot/1.3; +https://openai.com/gptbot)"
74.7.242.7 - - [17/Mar/2026:15:24:20 +0000] "GET /22460300 HTTP/2.0" 404 15598 "https://nfsin.com/wp-sitemap.xml" "Mozilla/5.0 AppleWebKit/537.36 (KHTML, like Gecko; compatible; GPTBot/1.3; +https://openai.com/gptbot)"
139.162.194.112 - - [17/Mar/2026:15:24:26 +0000] "POST /wp-cron.php?doing_wp_cron=1773761066.8132719993591308593750 HTTP/1.1" 404 15598 "-" "WordPress/6.9.1; https://nfsin.com"
74.7.242.7 - - [17/Mar/2026:15:24:39 +0000] "GET /54833226 HTTP/2.0" 404 15598 "https://nfsin.com/wp-sitemap.xml" "Mozilla/5.0 AppleWebKit/537.36 (KHTML, like Gecko; compatible; GPTBot/1.3; +https://openai.com/gptbot)"
74.7.242.7 - - [17/Mar/2026:15:24:57 +0000] "GET /57961046 HTTP/2.0" 404 15598 "https://nfsin.com/wp-sitemap.xml" "Mozilla/5.0 AppleWebKit/537.36 (KHTML, like Gecko; compatible; GPTBot/1.3; +https://openai.com/gptbot)"
74.7.242.7 - - [17/Mar/2026:15:25:17 +0000] "GET /24326822 HTTP/2.0" 404 15598 "https://nfsin.com/wp-sitemap.xml" "Mozilla/5.0 AppleWebKit/537.36 (KHTML, like Gecko; compatible; GPTBot/1.3; +https://openai.com/gptbot)"
74.7.242.7 - - [17/Mar/2026:15:25:36 +0000] "GET /59941967 HTTP/2.0" 404 15598 "https://nfsin.com/wp-sitemap.xml" "Mozilla/5.0 AppleWebKit/537.36 (KHTML, like Gecko; compatible; GPTBot/1.3; +https://openai.com/gptbot)"
139.162.194.112 - - [17/Mar/2026:15:25:43 +0000] "POST /wp-cron.php?doing_wp_cron=1773761143.5450150966644287109375 HTTP/1.1" 404 15598 "-" "WordPress/6.9.1; https://nfsin.com"
74.7.242.7 - - [17/Mar/2026:15:25:52 +0000] "GET /51786772 HTTP/2.0" 404 15598 "https://nfsin.com/wp-sitemap.xml" "Mozilla/5.0 AppleWebKit/537.36 (KHTML, like Gecko; compatible; GPTBot/1.3; +https://openai.com/gptbot)"
74.7.242.7 - - [17/Mar/2026:15:26:05 +0000] "GET /74013566 HTTP/2.0" 404 15598 "https://nfsin.com/wp-sitemap.xml" "Mozilla/5.0 AppleWebKit/537.36 (KHTML, like Gecko; compatible; GPTBot/1.3; +https://openai.com/gptbot)"
74.7.242.7 - - [17/Mar/2026:15:26:20 +0000] "GET /31728357 HTTP/2.0" 404 15598 "https://nfsin.com/wp-sitemap.xml" "Mozilla/5.0 AppleWebKit/537.36 (KHTML, like Gecko; compatible; GPTBot/1.3; +https://openai.com/gptbot)"
74.7.242.7 - - [17/Mar/2026:15:26:43 +0000] "GET /17871279 HTTP/2.0" 404 15598 "https://nfsin.com/wp-sitemap.xml" "Mozilla/5.0 AppleWebKit/537.36 (KHTML, like Gecko; compatible; GPTBot/1.3; +https://openai.com/gptbot)"
139.162.194.112 - - [17/Mar/2026:15:26:49 +0000] "POST /wp-cron.php?doing_wp_cron=1773761209.2029120922088623046875 HTTP/1.1" 404 15588 "-" "WordPress/6.9.1; https://nfsin.com"
74.7.242.7 - - [17/Mar/2026:15:27:03 +0000] "GET /43063780 HTTP/2.0" 404 15598 "https://nfsin.com/wp-sitemap.xml" "Mozilla/5.0 AppleWebKit/537.36 (KHTML, like Gecko; compatible; GPTBot/1.3; +https://openai.com/gptbot)"
74.7.242.7 - - [17/Mar/2026:15:27:21 +0000] "GET /18858277 HTTP/2.0" 404 15598 "https://nfsin.com/wp-sitemap.xml" "Mozilla/5.0 AppleWebKit/537.36 (KHTML, like Gecko; compatible; GPTBot/1.3; +https://openai.com/gptbot)"
45.124.27.168 - - [17/Mar/2026:15:27:40 +0000] "GET /adminfuns.php HTTP/2.0" 404 - "-" "Mozilla/5.0 (Windows NT 10.0; Win64; x64) AppleWebKit/537.36 (KHTML, like Gecko) Chrome/146.0.0.0 Safari/537.36"
74.7.242.7 - - [17/Mar/2026:15:27:43 +0000] "GET /39653375 HTTP/2.0" 404 15598 "https://nfsin.com/wp-sitemap.xml" "Mozilla/5.0 AppleWebKit/537.36 (KHTML, like Gecko; compatible; GPTBot/1.3; +https://openai.com/gptbot)"
45.124.27.168 - - [17/Mar/2026:15:27:55 +0000] "GET /wp-content/uploads/2023/04/NFSIN-logo-II-White-web.png HTTP/2.0" 200 10634 "http://nfsin.com/" "Mozilla/5.0 (Windows NT 10.0; Win64; x64) AppleWebKit/537.36 (KHTML, like Gecko) Chrome/146.0.0.0 Safari/537.36"
45.124.27.168 - - [17/Mar/2026:15:27:55 +0000] "GET /wp-content/uploads/2023/04/NFSIN-logo-II-web-1.png HTTP/2.0" 200 23200 "http://nfsin.com/" "Mozilla/5.0 (Windows NT 10.0; Win64; x64) AppleWebKit/537.36 (KHTML, like Gecko) Chrome/146.0.0.0 Safari/537.36"
45.124.27.168 - - [17/Mar/2026:15:27:57 +0000] "GET /wp-content/uploads/2023/04/footer-bg.jpg HTTP/2.0" 200 109213 "http://nfsin.com/" "Mozilla/5.0 (Windows NT 10.0; Win64; x64) AppleWebKit/537.36 (KHTML, like Gecko) Chrome/146.0.0.0 Safari/537.36"
139.162.194.112 - - [17/Mar/2026:15:27:50 +0000] "POST /wp-cron.php?doing_wp_cron=1773761270.5914208889007568359375 HTTP/1.1" 404 15598 "-" "WordPress/6.9.1; https://nfsin.com"
74.7.242.7 - - [17/Mar/2026:15:28:02 +0000] "GET /97151232 HTTP/2.0" 404 15598 "https://nfsin.com/wp-sitemap.xml" "Mozilla/5.0 AppleWebKit/537.36 (KHTML, like Gecko; compatible; GPTBot/1.3; +https://openai.com/gptbot)"
74.7.242.7 - - [17/Mar/2026:15:28:21 +0000] "GET /65337265 HTTP/2.0" 404 15598 "https://nfsin.com/wp-sitemap.xml" "Mozilla/5.0 AppleWebKit/537.36 (KHTML, like Gecko; compatible; GPTBot/1.3; +https://openai.com/gptbot)"
74.7.242.7 - - [17/Mar/2026:15:28:39 +0000] "GET /63923594 HTTP/2.0" 404 15598 "https://nfsin.com/wp-sitemap.xml" "Mozilla/5.0 AppleWebKit/537.36 (KHTML, like Gecko; compatible; GPTBot/1.3; +https://openai.com/gptbot)"
31.46.97.64 - - [17/Mar/2026:15:28:57 +0000] "POST /xmlrpc.php HTTP/1.1" 404 15702 "-" "Mozilla/5.0 (Windows NT 10.0; x86) AppleWebKit/537.36 (KHTML, like Gecko) Firefox/80.0.0.0 Safari/537.36"
74.7.242.7 - - [17/Mar/2026:15:29:00 +0000] "GET /53074700 HTTP/2.0" 404 15598 "https://nfsin.com/wp-sitemap.xml" "Mozilla/5.0 AppleWebKit/537.36 (KHTML, like Gecko; compatible; GPTBot/1.3; +https://openai.com/gptbot)"
139.162.194.112 - - [17/Mar/2026:15:29:07 +0000] "POST /wp-cron.php?doing_wp_cron=1773761347.8561279773712158203125 HTTP/1.1" 404 15598 "-" "WordPress/6.9.1; https://nfsin.com"
74.7.242.7 - - [17/Mar/2026:15:29:20 +0000] "GET /23866779 HTTP/2.0" 404 15598 "https://nfsin.com/wp-sitemap.xml" "Mozilla/5.0 AppleWebKit/537.36 (KHTML, like Gecko; compatible; GPTBot/1.3; +https://openai.com/gptbot)"
74.7.242.7 - - [17/Mar/2026:15:29:37 +0000] "GET /29880016 HTTP/2.0" 404 15598 "https://nfsin.com/wp-sitemap.xml" "Mozilla/5.0 AppleWebKit/537.36 (KHTML, like Gecko; compatible; GPTBot/1.3; +https://openai.com/gptbot)"
187.108.85.186 - - [17/Mar/2026:15:29:56 +0000] "POST /xmlrpc.php HTTP/1.1" 404 15679 "-" "Mozilla/5.0 (X11; Ubuntu; Linux x86_64; x64) AppleWebKit/537.36 (KHTML, like Gecko) Opera/80.0.0.0 Safari/537.36"
74.7.242.7 - - [17/Mar/2026:15:29:59 +0000] "GET /75413718 HTTP/2.0" 404 15598 "https://nfsin.com/wp-sitemap.xml" "Mozilla/5.0 AppleWebKit/537.36 (KHTML, like Gecko; compatible; GPTBot/1.3; +https://openai.com/gptbot)"
74.7.242.7 - - [17/Mar/2026:15:30:19 +0000] "GET /46550835 HTTP/2.0" 404 15598 "https://nfsin.com/wp-sitemap.xml" "Mozilla/5.0 AppleWebKit/537.36 (KHTML, like Gecko; compatible; GPTBot/1.3; +https://openai.com/gptbot)"
74.7.242.7 - - [17/Mar/2026:15:30:58 +0000] "GET /25479928 HTTP/2.0" 404 15598 "https://nfsin.com/wp-sitemap.xml" "Mozilla/5.0 AppleWebKit/537.36 (KHTML, like Gecko; compatible; GPTBot/1.3; +https://openai.com/gptbot)"
43.130.53.252 - - [17/Mar/2026:15:30:41 +0000] "GET /wp-json/oembed/1.0/embed?url=https%3A%2F%2Fnfsin.com%2Flisting-services%2F&format=xml HTTP/1.1" 200 1138 "-" "Mozilla/5.0 (iPhone; CPU iPhone OS 13_2_3 like Mac OS X) AppleWebKit/605.1.15 (KHTML, like Gecko) Version/13.0.3 Mobile/15E148 Safari/604.1"
139.162.194.112 - - [17/Mar/2026:15:30:47 +0000] "POST /wp-cron.php?doing_wp_cron=1773761447.3529069423675537109375 HTTP/1.1" 404 15598 "-" "WordPress/6.9.1; https://nfsin.com"
74.7.242.7 - - [17/Mar/2026:15:31:21 +0000] "GET /51830388 HTTP/2.0" 404 - "https://nfsin.com/wp-sitemap.xml" "Mozilla/5.0 AppleWebKit/537.36 (KHTML, like Gecko; compatible; GPTBot/1.3; +https://openai.com/gptbot)"
139.162.194.112 - - [17/Mar/2026:15:32:30 +0000] "POST /wp-cron.php?doing_wp_cron=1773761550.8589711189270019531250 HTTP/1.1" 404 15598 "-" "WordPress/6.9.1; https://nfsin.com"
74.7.242.7 - - [17/Mar/2026:15:32:02 +0000] "GET /86945903 HTTP/2.0" 404 - "https://nfsin.com/wp-sitemap.xml" "Mozilla/5.0 AppleWebKit/537.36 (KHTML, like Gecko; compatible; GPTBot/1.3; +https://openai.com/gptbot)"
74.7.242.7 - - [17/Mar/2026:15:32:42 +0000] "GET /46201840 HTTP/2.0" 404 15598 "https://nfsin.com/wp-sitemap.xml" "Mozilla/5.0 AppleWebKit/537.36 (KHTML, like Gecko; compatible; GPTBot/1.3; +https://openai.com/gptbot)"
54.39.203.249 - - [17/Mar/2026:15:32:46 +0000] "GET /wp-includes/class-wp-url-pattern-prefixer.php HTTP/2.0" 404 15598 "-" "Mozilla/5.0 (compatible; AhrefsBot/7.0; +http://ahrefs.com/robot/)"
74.7.242.7 - - [17/Mar/2026:15:32:53 +0000] "GET /56463592 HTTP/2.0" 404 15598 "https://nfsin.com/wp-sitemap.xml" "Mozilla/5.0 AppleWebKit/537.36 (KHTML, like Gecko; compatible; GPTBot/1.3; +https://openai.com/gptbot)"
74.7.242.7 - - [17/Mar/2026:15:33:07 +0000] "GET /96889318 HTTP/2.0" 404 15598 "https://nfsin.com/wp-sitemap.xml" "Mozilla/5.0 AppleWebKit/537.36 (KHTML, like Gecko; compatible; GPTBot/1.3; +https://openai.com/gptbot)"
74.7.242.7 - - [17/Mar/2026:15:33:23 +0000] "GET /72426295 HTTP/2.0" 404 15598 "https://nfsin.com/wp-sitemap.xml" "Mozilla/5.0 AppleWebKit/537.36 (KHTML, like Gecko; compatible; GPTBot/1.3; +https://openai.com/gptbot)"
74.7.242.7 - - [17/Mar/2026:15:33:39 +0000] "GET /14059504 HTTP/2.0" 404 15598 "https://nfsin.com/wp-sitemap.xml" "Mozilla/5.0 AppleWebKit/537.36 (KHTML, like Gecko; compatible; GPTBot/1.3; +https://openai.com/gptbot)"
139.162.194.112 - - [17/Mar/2026:15:33:44 +0000] "POST /wp-cron.php?doing_wp_cron=1773761624.8617429733276367187500 HTTP/1.1" 404 15598 "-" "WordPress/6.9.1; https://nfsin.com"
74.7.242.7 - - [17/Mar/2026:15:33:55 +0000] "GET /87082966 HTTP/2.0" 404 15598 "https://nfsin.com/wp-sitemap.xml" "Mozilla/5.0 AppleWebKit/537.36 (KHTML, like Gecko; compatible; GPTBot/1.3; +https://openai.com/gptbot)"
74.7.242.7 - - [17/Mar/2026:15:34:08 +0000] "GET /72628991 HTTP/2.0" 404 15598 "https://nfsin.com/wp-sitemap.xml" "Mozilla/5.0 AppleWebKit/537.36 (KHTML, like Gecko; compatible; GPTBot/1.3; +https://openai.com/gptbot)"
74.7.242.7 - - [17/Mar/2026:15:34:21 +0000] "GET /97659413 HTTP/2.0" 404 15598 "https://nfsin.com/wp-sitemap.xml" "Mozilla/5.0 AppleWebKit/537.36 (KHTML, like Gecko; compatible; GPTBot/1.3; +https://openai.com/gptbot)"
74.7.242.7 - - [17/Mar/2026:15:34:38 +0000] "GET /67959575 HTTP/2.0" 404 15598 "https://nfsin.com/wp-sitemap.xml" "Mozilla/5.0 AppleWebKit/537.36 (KHTML, like Gecko; compatible; GPTBot/1.3; +https://openai.com/gptbot)"
74.7.242.7 - - [17/Mar/2026:15:34:54 +0000] "GET /52575578 HTTP/2.0" 404 15598 "https://nfsin.com/wp-sitemap.xml" "Mozilla/5.0 AppleWebKit/537.36 (KHTML, like Gecko; compatible; GPTBot/1.3; +https://openai.com/gptbot)"
139.162.194.112 - - [17/Mar/2026:15:34:59 +0000] "POST /wp-cron.php?doing_wp_cron=1773761699.8447670936584472656250 HTTP/1.1" 404 15598 "-" "WordPress/6.9.1; https://nfsin.com"
74.7.242.7 - - [17/Mar/2026:15:35:09 +0000] "GET /55227127 HTTP/2.0" 404 15598 "https://nfsin.com/wp-sitemap.xml" "Mozilla/5.0 AppleWebKit/537.36 (KHTML, like Gecko; compatible; GPTBot/1.3; +https://openai.com/gptbot)"
74.7.242.7 - - [17/Mar/2026:15:35:23 +0000] "GET /29911232 HTTP/2.0" 404 15598 "https://nfsin.com/wp-sitemap.xml" "Mozilla/5.0 AppleWebKit/537.36 (KHTML, like Gecko; compatible; GPTBot/1.3; +https://openai.com/gptbot)"
74.7.242.7 - - [17/Mar/2026:15:35:36 +0000] "GET /shop/pg/1005022001/ HTTP/2.0" 404 15598 "https://nfsin.com/wp-sitemap.xml" "Mozilla/5.0 AppleWebKit/537.36 (KHTML, like Gecko; compatible; GPTBot/1.3; +https://openai.com/gptbot)"
74.7.242.7 - - [17/Mar/2026:15:35:56 +0000] "GET /7222161 HTTP/2.0" 404 15598 "https://nfsin.com/wp-sitemap.xml" "Mozilla/5.0 AppleWebKit/537.36 (KHTML, like Gecko; compatible; GPTBot/1.3; +https://openai.com/gptbot)"
139.162.194.112 - - [17/Mar/2026:15:36:03 +0000] "POST /wp-cron.php?doing_wp_cron=1773761763.1492640972137451171875 HTTP/1.1" 404 15598 "-" "WordPress/6.9.1; https://nfsin.com"
74.7.242.7 - - [17/Mar/2026:15:36:14 +0000] "GET /7528555 HTTP/2.0" 404 15598 "https://nfsin.com/wp-sitemap.xml" "Mozilla/5.0 AppleWebKit/537.36 (KHTML, like Gecko; compatible; GPTBot/1.3; +https://openai.com/gptbot)"
74.7.242.7 - - [17/Mar/2026:15:36:32 +0000] "GET /3079658 HTTP/2.0" 404 15598 "https://nfsin.com/wp-sitemap.xml" "Mozilla/5.0 AppleWebKit/537.36 (KHTML, like Gecko; compatible; GPTBot/1.3; +https://openai.com/gptbot)"
74.7.242.7 - - [17/Mar/2026:15:36:50 +0000] "GET /4136943 HTTP/2.0" 404 15598 "https://nfsin.com/wp-sitemap.xml" "Mozilla/5.0 AppleWebKit/537.36 (KHTML, like Gecko; compatible; GPTBot/1.3; +https://openai.com/gptbot)"
74.7.242.7 - - [17/Mar/2026:15:37:11 +0000] "GET /7037282 HTTP/2.0" 404 15598 "https://nfsin.com/wp-sitemap.xml" "Mozilla/5.0 AppleWebKit/537.36 (KHTML, like Gecko; compatible; GPTBot/1.3; +https://openai.com/gptbot)"
139.162.194.112 - - [17/Mar/2026:15:37:17 +0000] "POST /wp-cron.php?doing_wp_cron=1773761837.5597751140594482421875 HTTP/1.1" 404 15598 "-" "WordPress/6.9.1; https://nfsin.com"
74.7.242.7 - - [17/Mar/2026:15:37:33 +0000] "GET /5436167 HTTP/2.0" 404 15598 "https://nfsin.com/wp-sitemap.xml" "Mozilla/5.0 AppleWebKit/537.36 (KHTML, like Gecko; compatible; GPTBot/1.3; +https://openai.com/gptbot)"
74.7.242.7 - - [17/Mar/2026:15:37:53 +0000] "GET /5788492 HTTP/2.0" 404 15598 "https://nfsin.com/wp-sitemap.xml" "Mozilla/5.0 AppleWebKit/537.36 (KHTML, like Gecko; compatible; GPTBot/1.3; +https://openai.com/gptbot)"
74.7.242.7 - - [17/Mar/2026:15:38:14 +0000] "GET /4961553 HTTP/2.0" 404 15598 "https://nfsin.com/wp-sitemap.xml" "Mozilla/5.0 AppleWebKit/537.36 (KHTML, like Gecko; compatible; GPTBot/1.3; +https://openai.com/gptbot)"
139.162.194.112 - - [17/Mar/2026:15:38:19 +0000] "POST /wp-cron.php?doing_wp_cron=1773761899.2931559085845947265625 HTTP/1.1" 404 15598 "-" "WordPress/6.9.1; https://nfsin.com"
74.7.242.7 - - [17/Mar/2026:15:38:32 +0000] "GET /2689670 HTTP/2.0" 404 15598 "https://nfsin.com/wp-sitemap.xml" "Mozilla/5.0 AppleWebKit/537.36 (KHTML, like Gecko; compatible; GPTBot/1.3; +https://openai.com/gptbot)"
74.7.242.7 - - [17/Mar/2026:15:38:53 +0000] "GET /5898571 HTTP/2.0" 404 15598 "https://nfsin.com/wp-sitemap.xml" "Mozilla/5.0 AppleWebKit/537.36 (KHTML, like Gecko; compatible; GPTBot/1.3; +https://openai.com/gptbot)"
74.7.242.7 - - [17/Mar/2026:15:39:09 +0000] "GET /6160496 HTTP/2.0" 404 15598 "https://nfsin.com/wp-sitemap.xml" "Mozilla/5.0 AppleWebKit/537.36 (KHTML, like Gecko; compatible; GPTBot/1.3; +https://openai.com/gptbot)"
74.7.242.7 - - [17/Mar/2026:15:39:23 +0000] "GET /9753351 HTTP/2.0" 404 15598 "https://nfsin.com/wp-sitemap.xml" "Mozilla/5.0 AppleWebKit/537.36 (KHTML, like Gecko; compatible; GPTBot/1.3; +https://openai.com/gptbot)"
139.162.194.112 - - [17/Mar/2026:15:39:28 +0000] "POST /wp-cron.php?doing_wp_cron=1773761968.1064960956573486328125 HTTP/1.1" 404 15588 "-" "WordPress/6.9.1; https://nfsin.com"
74.7.242.7 - - [17/Mar/2026:15:39:40 +0000] "GET /3149828 HTTP/2.0" 404 15598 "https://nfsin.com/wp-sitemap.xml" "Mozilla/5.0 AppleWebKit/537.36 (KHTML, like Gecko; compatible; GPTBot/1.3; +https://openai.com/gptbot)"
74.7.242.7 - - [17/Mar/2026:15:39:58 +0000] "GET /7083374 HTTP/2.0" 404 15598 "https://nfsin.com/wp-sitemap.xml" "Mozilla/5.0 AppleWebKit/537.36 (KHTML, like Gecko; compatible; GPTBot/1.3; +https://openai.com/gptbot)"
74.7.242.7 - - [17/Mar/2026:15:40:16 +0000] "GET /3070749 HTTP/2.0" 404 15598 "https://nfsin.com/wp-sitemap.xml" "Mozilla/5.0 AppleWebKit/537.36 (KHTML, like Gecko; compatible; GPTBot/1.3; +https://openai.com/gptbot)"
74.7.242.7 - - [17/Mar/2026:15:40:33 +0000] "GET /1673645 HTTP/2.0" 404 15598 "https://nfsin.com/wp-sitemap.xml" "Mozilla/5.0 AppleWebKit/537.36 (KHTML, like Gecko; compatible; GPTBot/1.3; +https://openai.com/gptbot)"
139.162.194.112 - - [17/Mar/2026:15:40:38 +0000] "POST /wp-cron.php?doing_wp_cron=1773762038.0878338813781738281250 HTTP/1.1" 404 15598 "-" "WordPress/6.9.1; https://nfsin.com"
74.7.242.7 - - [17/Mar/2026:15:40:48 +0000] "GET /9728027 HTTP/2.0" 404 15598 "https://nfsin.com/wp-sitemap.xml" "Mozilla/5.0 AppleWebKit/537.36 (KHTML, like Gecko; compatible; GPTBot/1.3; +https://openai.com/gptbot)"
74.7.242.7 - - [17/Mar/2026:15:41:00 +0000] "GET /5254869 HTTP/2.0" 404 15598 "https://nfsin.com/wp-sitemap.xml" "Mozilla/5.0 AppleWebKit/537.36 (KHTML, like Gecko; compatible; GPTBot/1.3; +https://openai.com/gptbot)"
74.7.242.7 - - [17/Mar/2026:15:41:16 +0000] "GET /7338255 HTTP/2.0" 404 15598 "https://nfsin.com/wp-sitemap.xml" "Mozilla/5.0 AppleWebKit/537.36 (KHTML, like Gecko; compatible; GPTBot/1.3; +https://openai.com/gptbot)"
43.157.43.147 - - [17/Mar/2026:15:41:28 +0000] "GET /wp-json/wp/v2/pages/11 HTTP/1.1" 200 589 "-" "Mozilla/5.0 (iPhone; CPU iPhone OS 13_2_3 like Mac OS X) AppleWebKit/605.1.15 (KHTML, like Gecko) Version/13.0.3 Mobile/15E148 Safari/604.1"
74.7.242.7 - - [17/Mar/2026:15:41:34 +0000] "GET /2849827 HTTP/2.0" 404 15598 "https://nfsin.com/wp-sitemap.xml" "Mozilla/5.0 AppleWebKit/537.36 (KHTML, like Gecko; compatible; GPTBot/1.3; +https://openai.com/gptbot)"
139.162.194.112 - - [17/Mar/2026:15:41:39 +0000] "POST /wp-cron.php?doing_wp_cron=1773762099.7954719066619873046875 HTTP/1.1" 404 15588 "-" "WordPress/6.9.1; https://nfsin.com"
74.7.242.7 - - [17/Mar/2026:15:41:51 +0000] "GET /9091270 HTTP/2.0" 404 15598 "https://nfsin.com/wp-sitemap.xml" "Mozilla/5.0 AppleWebKit/537.36 (KHTML, like Gecko; compatible; GPTBot/1.3; +https://openai.com/gptbot)"
74.7.242.7 - - [17/Mar/2026:15:42:08 +0000] "GET /8623932 HTTP/2.0" 404 15598 "https://nfsin.com/wp-sitemap.xml" "Mozilla/5.0 AppleWebKit/537.36 (KHTML, like Gecko; compatible; GPTBot/1.3; +https://openai.com/gptbot)"
74.7.242.7 - - [17/Mar/2026:15:42:22 +0000] "GET /4026251 HTTP/2.0" 404 15598 "https://nfsin.com/wp-sitemap.xml" "Mozilla/5.0 AppleWebKit/537.36 (KHTML, like Gecko; compatible; GPTBot/1.3; +https://openai.com/gptbot)"
74.7.242.7 - - [17/Mar/2026:15:42:37 +0000] "GET /1935743 HTTP/2.0" 404 15598 "https://nfsin.com/wp-sitemap.xml" "Mozilla/5.0 AppleWebKit/537.36 (KHTML, like Gecko; compatible; GPTBot/1.3; +https://openai.com/gptbot)"
139.162.194.112 - - [17/Mar/2026:15:42:41 +0000] "POST /wp-cron.php?doing_wp_cron=1773762161.1411550045013427734375 HTTP/1.1" 404 15598 "-" "WordPress/6.9.1; https://nfsin.com"
74.7.242.7 - - [17/Mar/2026:15:42:53 +0000] "GET /2113247 HTTP/2.0" 404 15598 "https://nfsin.com/wp-sitemap.xml" "Mozilla/5.0 AppleWebKit/537.36 (KHTML, like Gecko; compatible; GPTBot/1.3; +https://openai.com/gptbot)"
74.7.242.7 - - [17/Mar/2026:15:43:09 +0000] "GET /9971392 HTTP/2.0" 404 15598 "https://nfsin.com/wp-sitemap.xml" "Mozilla/5.0 AppleWebKit/537.36 (KHTML, like Gecko; compatible; GPTBot/1.3; +https://openai.com/gptbot)"
74.7.242.7 - - [17/Mar/2026:15:47:01 +0000] "GET /3812502 HTTP/2.0" 404 15598 "https://nfsin.com/wp-sitemap.xml" "Mozilla/5.0 AppleWebKit/537.36 (KHTML, like Gecko; compatible; GPTBot/1.3; +https://openai.com/gptbot)"
139.162.194.112 - - [17/Mar/2026:15:47:02 +0000] "POST /wp-cron.php?doing_wp_cron=1773762422.9193630218505859375000 HTTP/1.1" 404 15588 "-" "WordPress/6.9.1; https://nfsin.com"
74.7.242.7 - - [17/Mar/2026:15:48:31 +0000] "GET /9156493 HTTP/2.0" 404 15598 "https://nfsin.com/wp-sitemap.xml" "Mozilla/5.0 AppleWebKit/537.36 (KHTML, like Gecko; compatible; GPTBot/1.3; +https://openai.com/gptbot)"
139.162.194.112 - - [17/Mar/2026:15:48:35 +0000] "POST /wp-cron.php?doing_wp_cron=1773762515.0250670909881591796875 HTTP/1.1" 404 15598 "-" "WordPress/6.9.1; https://nfsin.com"
74.7.242.7 - - [17/Mar/2026:15:48:53 +0000] "GET /7517760 HTTP/2.0" 404 15598 "https://nfsin.com/wp-sitemap.xml" "Mozilla/5.0 AppleWebKit/537.36 (KHTML, like Gecko; compatible; GPTBot/1.3; +https://openai.com/gptbot)"
74.7.242.7 - - [17/Mar/2026:15:49:14 +0000] "GET /9339274 HTTP/2.0" 404 15598 "https://nfsin.com/wp-sitemap.xml" "Mozilla/5.0 AppleWebKit/537.36 (KHTML, like Gecko; compatible; GPTBot/1.3; +https://openai.com/gptbot)"
74.7.242.7 - - [17/Mar/2026:15:49:29 +0000] "GET /8356875 HTTP/2.0" 404 15598 "https://nfsin.com/wp-sitemap.xml" "Mozilla/5.0 AppleWebKit/537.36 (KHTML, like Gecko; compatible; GPTBot/1.3; +https://openai.com/gptbot)"
139.162.194.112 - - [17/Mar/2026:15:49:35 +0000] "POST /wp-cron.php?doing_wp_cron=1773762575.2362489700317382812500 HTTP/1.1" 404 15588 "-" "WordPress/6.9.1; https://nfsin.com"
74.7.242.7 - - [17/Mar/2026:15:49:46 +0000] "GET /5647860 HTTP/2.0" 404 15598 "https://nfsin.com/wp-sitemap.xml" "Mozilla/5.0 AppleWebKit/537.36 (KHTML, like Gecko; compatible; GPTBot/1.3; +https://openai.com/gptbot)"
74.7.242.7 - - [17/Mar/2026:15:49:59 +0000] "GET /8742308 HTTP/2.0" 404 15598 "https://nfsin.com/wp-sitemap.xml" "Mozilla/5.0 AppleWebKit/537.36 (KHTML, like Gecko; compatible; GPTBot/1.3; +https://openai.com/gptbot)"
74.7.242.7 - - [17/Mar/2026:15:50:13 +0000] "GET /3945143 HTTP/2.0" 404 15598 "https://nfsin.com/wp-sitemap.xml" "Mozilla/5.0 AppleWebKit/537.36 (KHTML, like Gecko; compatible; GPTBot/1.3; +https://openai.com/gptbot)"
74.7.242.7 - - [17/Mar/2026:15:50:29 +0000] "GET /6791746 HTTP/2.0" 404 15598 "https://nfsin.com/wp-sitemap.xml" "Mozilla/5.0 AppleWebKit/537.36 (KHTML, like Gecko; compatible; GPTBot/1.3; +https://openai.com/gptbot)"
74.7.242.7 - - [17/Mar/2026:15:50:44 +0000] "GET /3264698 HTTP/2.0" 404 15598 "https://nfsin.com/wp-sitemap.xml" "Mozilla/5.0 AppleWebKit/537.36 (KHTML, like Gecko; compatible; GPTBot/1.3; +https://openai.com/gptbot)"
139.162.194.112 - - [17/Mar/2026:15:50:49 +0000] "POST /wp-cron.php?doing_wp_cron=1773762649.1509289741516113281250 HTTP/1.1" 404 15598 "-" "WordPress/6.9.1; https://nfsin.com"
74.7.242.7 - - [17/Mar/2026:15:51:02 +0000] "GET /goods.php?feature/index.html HTTP/2.0" 200 85528 "https://nfsin.com/goods.php" "Mozilla/5.0 AppleWebKit/537.36 (KHTML, like Gecko; compatible; GPTBot/1.3; +https://openai.com/gptbot)"
