43.166.128.187 - - [17/Mar/2026:15:51:14 +0000] "GET /wp-json/oembed/1.0/embed?url=https%3A%2F%2Fnfsin.com%2Fcontact-us%2F HTTP/1.1" 200 1096 "-" "Mozilla/5.0 (iPhone; CPU iPhone OS 13_2_3 like Mac OS X) AppleWebKit/605.1.15 (KHTML, like Gecko) Version/13.0.3 Mobile/15E148 Safari/604.1"
74.7.242.7 - - [17/Mar/2026:15:51:18 +0000] "GET /wp-json/wp/v2/pages/9 HTTP/2.0" 200 585 "https://nfsin.com/igsin-process/" "Mozilla/5.0 AppleWebKit/537.36 (KHTML, like Gecko; compatible; GPTBot/1.3; +https://openai.com/gptbot)"
74.7.242.7 - - [17/Mar/2026:15:51:32 +0000] "GET /goods.php?search?category=50001&search_word= HTTP/2.0" 200 86035 "https://nfsin.com/goods.php" "Mozilla/5.0 AppleWebKit/537.36 (KHTML, like Gecko; compatible; GPTBot/1.3; +https://openai.com/gptbot)"
74.7.242.7 - - [17/Mar/2026:15:51:44 +0000] "GET /8536455 HTTP/2.0" 404 15598 "https://nfsin.com/wp-sitemap.xml" "Mozilla/5.0 AppleWebKit/537.36 (KHTML, like Gecko; compatible; GPTBot/1.3; +https://openai.com/gptbot)"
74.7.242.7 - - [17/Mar/2026:15:51:56 +0000] "GET /9337764 HTTP/2.0" 404 15598 "https://nfsin.com/wp-sitemap.xml" "Mozilla/5.0 AppleWebKit/537.36 (KHTML, like Gecko; compatible; GPTBot/1.3; +https://openai.com/gptbot)"
139.162.194.112 - - [17/Mar/2026:15:52:00 +0000] "POST /wp-cron.php?doing_wp_cron=1773762720.0351800918579101562500 HTTP/1.1" 404 15588 "-" "WordPress/6.9.1; https://nfsin.com"
74.7.242.7 - - [17/Mar/2026:15:52:09 +0000] "GET /7306135 HTTP/2.0" 404 15598 "https://nfsin.com/wp-sitemap.xml" "Mozilla/5.0 AppleWebKit/537.36 (KHTML, like Gecko; compatible; GPTBot/1.3; +https://openai.com/gptbot)"
54.39.136.6 - - [17/Mar/2026:15:52:20 +0000] "GET /wp-includes/class-wp-styles.php HTTP/2.0" 404 15598 "-" "Mozilla/5.0 (compatible; AhrefsBot/7.0; +http://ahrefs.com/robot/)"
74.7.242.7 - - [17/Mar/2026:15:52:23 +0000] "GET /6926397 HTTP/2.0" 404 15598 "https://nfsin.com/wp-sitemap.xml" "Mozilla/5.0 AppleWebKit/537.36 (KHTML, like Gecko; compatible; GPTBot/1.3; +https://openai.com/gptbot)"
74.7.242.7 - - [17/Mar/2026:15:52:40 +0000] "GET /4020679 HTTP/2.0" 404 15598 "https://nfsin.com/wp-sitemap.xml" "Mozilla/5.0 AppleWebKit/537.36 (KHTML, like Gecko; compatible; GPTBot/1.3; +https://openai.com/gptbot)"
74.7.242.7 - - [17/Mar/2026:15:52:57 +0000] "GET /4085512 HTTP/2.0" 404 15598 "https://nfsin.com/wp-sitemap.xml" "Mozilla/5.0 AppleWebKit/537.36 (KHTML, like Gecko; compatible; GPTBot/1.3; +https://openai.com/gptbot)"
139.162.194.112 - - [17/Mar/2026:15:53:01 +0000] "POST /wp-cron.php?doing_wp_cron=1773762781.5876979827880859375000 HTTP/1.1" 404 15598 "-" "WordPress/6.9.1; https://nfsin.com"
74.7.242.7 - - [17/Mar/2026:15:53:12 +0000] "GET /2553105 HTTP/2.0" 404 15598 "https://nfsin.com/wp-sitemap.xml" "Mozilla/5.0 AppleWebKit/537.36 (KHTML, like Gecko; compatible; GPTBot/1.3; +https://openai.com/gptbot)"
74.7.242.7 - - [17/Mar/2026:15:53:26 +0000] "GET /7811853 HTTP/2.0" 404 15598 "https://nfsin.com/wp-sitemap.xml" "Mozilla/5.0 AppleWebKit/537.36 (KHTML, like Gecko; compatible; GPTBot/1.3; +https://openai.com/gptbot)"
74.7.242.7 - - [17/Mar/2026:15:53:38 +0000] "GET /2808407 HTTP/2.0" 404 15598 "https://nfsin.com/wp-sitemap.xml" "Mozilla/5.0 AppleWebKit/537.36 (KHTML, like Gecko; compatible; GPTBot/1.3; +https://openai.com/gptbot)"
74.7.242.7 - - [17/Mar/2026:15:53:49 +0000] "GET /7533424 HTTP/2.0" 404 15598 "https://nfsin.com/wp-sitemap.xml" "Mozilla/5.0 AppleWebKit/537.36 (KHTML, like Gecko; compatible; GPTBot/1.3; +https://openai.com/gptbot)"
74.7.242.7 - - [17/Mar/2026:15:54:02 +0000] "GET /6904284 HTTP/2.0" 404 15598 "https://nfsin.com/wp-sitemap.xml" "Mozilla/5.0 AppleWebKit/537.36 (KHTML, like Gecko; compatible; GPTBot/1.3; +https://openai.com/gptbot)"
139.162.194.112 - - [17/Mar/2026:15:54:07 +0000] "POST /wp-cron.php?doing_wp_cron=1773762847.7481589317321777343750 HTTP/1.1" 404 15588 "-" "WordPress/6.9.1; https://nfsin.com"
74.7.242.7 - - [17/Mar/2026:15:54:18 +0000] "GET /8308148 HTTP/2.0" 404 15598 "https://nfsin.com/wp-sitemap.xml" "Mozilla/5.0 AppleWebKit/537.36 (KHTML, like Gecko; compatible; GPTBot/1.3; +https://openai.com/gptbot)"
74.7.242.7 - - [17/Mar/2026:15:54:32 +0000] "GET /2972883 HTTP/2.0" 404 15598 "https://nfsin.com/wp-sitemap.xml" "Mozilla/5.0 AppleWebKit/537.36 (KHTML, like Gecko; compatible; GPTBot/1.3; +https://openai.com/gptbot)"
74.7.242.7 - - [17/Mar/2026:15:54:44 +0000] "GET /5685331 HTTP/2.0" 404 15598 "https://nfsin.com/wp-sitemap.xml" "Mozilla/5.0 AppleWebKit/537.36 (KHTML, like Gecko; compatible; GPTBot/1.3; +https://openai.com/gptbot)"
74.7.242.7 - - [17/Mar/2026:15:54:55 +0000] "GET /6518346 HTTP/2.0" 404 15598 "https://nfsin.com/wp-sitemap.xml" "Mozilla/5.0 AppleWebKit/537.36 (KHTML, like Gecko; compatible; GPTBot/1.3; +https://openai.com/gptbot)"
74.7.242.7 - - [17/Mar/2026:15:55:13 +0000] "GET /1533407 HTTP/2.0" 404 15598 "https://nfsin.com/wp-sitemap.xml" "Mozilla/5.0 AppleWebKit/537.36 (KHTML, like Gecko; compatible; GPTBot/1.3; +https://openai.com/gptbot)"
139.162.194.112 - - [17/Mar/2026:15:55:18 +0000] "POST /wp-cron.php?doing_wp_cron=1773762918.5657410621643066406250 HTTP/1.1" 404 15598 "-" "WordPress/6.9.1; https://nfsin.com"
74.7.242.7 - - [17/Mar/2026:15:55:29 +0000] "GET /4970954 HTTP/2.0" 404 15598 "https://nfsin.com/wp-sitemap.xml" "Mozilla/5.0 AppleWebKit/537.36 (KHTML, like Gecko; compatible; GPTBot/1.3; +https://openai.com/gptbot)"
74.7.242.7 - - [17/Mar/2026:15:55:40 +0000] "GET /3851843 HTTP/2.0" 404 15598 "https://nfsin.com/wp-sitemap.xml" "Mozilla/5.0 AppleWebKit/537.36 (KHTML, like Gecko; compatible; GPTBot/1.3; +https://openai.com/gptbot)"
74.7.242.7 - - [17/Mar/2026:15:55:53 +0000] "GET /9034355 HTTP/2.0" 404 15598 "https://nfsin.com/wp-sitemap.xml" "Mozilla/5.0 AppleWebKit/537.36 (KHTML, like Gecko; compatible; GPTBot/1.3; +https://openai.com/gptbot)"
74.7.242.7 - - [17/Mar/2026:15:56:11 +0000] "GET /9196678 HTTP/2.0" 404 15598 "https://nfsin.com/wp-sitemap.xml" "Mozilla/5.0 AppleWebKit/537.36 (KHTML, like Gecko; compatible; GPTBot/1.3; +https://openai.com/gptbot)"
74.7.242.7 - - [17/Mar/2026:15:56:30 +0000] "GET /8729118 HTTP/2.0" 404 15598 "https://nfsin.com/wp-sitemap.xml" "Mozilla/5.0 AppleWebKit/537.36 (KHTML, like Gecko; compatible; GPTBot/1.3; +https://openai.com/gptbot)"
139.162.194.112 - - [17/Mar/2026:15:56:37 +0000] "POST /wp-cron.php?doing_wp_cron=1773762997.1726849079132080078125 HTTP/1.1" 404 15588 "-" "WordPress/6.9.1; https://nfsin.com"
74.7.242.7 - - [17/Mar/2026:15:56:48 +0000] "GET /6277266 HTTP/2.0" 404 15598 "https://nfsin.com/wp-sitemap.xml" "Mozilla/5.0 AppleWebKit/537.36 (KHTML, like Gecko; compatible; GPTBot/1.3; +https://openai.com/gptbot)"
74.7.242.7 - - [17/Mar/2026:15:57:04 +0000] "GET /4112432 HTTP/2.0" 404 15598 "https://nfsin.com/wp-sitemap.xml" "Mozilla/5.0 AppleWebKit/537.36 (KHTML, like Gecko; compatible; GPTBot/1.3; +https://openai.com/gptbot)"
204.12.208.18 - - [17/Mar/2026:15:57:15 +0000] "GET /wp-includes/wpf78988/edit.php HTTP/1.1" 200 26 "https://nfsin.com/wp-includes/wpf78988/edit.php" "Mozilla/4.0 (compatible; MSIE 7.0; Windows NT 5.1; SV1; .NET CLR 1.1.4322)"
74.7.242.7 - - [17/Mar/2026:15:57:24 +0000] "GET /8440089 HTTP/2.0" 404 15598 "https://nfsin.com/wp-sitemap.xml" "Mozilla/5.0 AppleWebKit/537.36 (KHTML, like Gecko; compatible; GPTBot/1.3; +https://openai.com/gptbot)"
74.7.242.7 - - [17/Mar/2026:15:57:42 +0000] "GET /8836855 HTTP/2.0" 404 15598 "https://nfsin.com/wp-sitemap.xml" "Mozilla/5.0 AppleWebKit/537.36 (KHTML, like Gecko; compatible; GPTBot/1.3; +https://openai.com/gptbot)"
139.162.194.112 - - [17/Mar/2026:15:57:47 +0000] "POST /wp-cron.php?doing_wp_cron=1773763067.9064590930938720703125 HTTP/1.1" 404 15598 "-" "WordPress/6.9.1; https://nfsin.com"
74.7.242.7 - - [17/Mar/2026:15:57:56 +0000] "GET /9909408 HTTP/2.0" 404 15598 "https://nfsin.com/wp-sitemap.xml" "Mozilla/5.0 AppleWebKit/537.36 (KHTML, like Gecko; compatible; GPTBot/1.3; +https://openai.com/gptbot)"
74.7.242.7 - - [17/Mar/2026:15:58:12 +0000] "GET /3346242 HTTP/2.0" 404 15598 "https://nfsin.com/wp-sitemap.xml" "Mozilla/5.0 AppleWebKit/537.36 (KHTML, like Gecko; compatible; GPTBot/1.3; +https://openai.com/gptbot)"
204.12.208.18 - - [17/Mar/2026:15:56:55 +0000] "GET /wp-includes/wpf78988/edit.php HTTP/1.1" 200 20 "https://nfsin.com/wp-includes/wpf78988/edit.php" "Mozilla/5.0 (compatible; MSIE 10.0; Windows NT 6.2; ARM; Trident/6.0)"
74.7.242.7 - - [17/Mar/2026:15:58:28 +0000] "GET /5882544 HTTP/2.0" 404 15598 "https://nfsin.com/wp-sitemap.xml" "Mozilla/5.0 AppleWebKit/537.36 (KHTML, like Gecko; compatible; GPTBot/1.3; +https://openai.com/gptbot)"
74.7.242.7 - - [17/Mar/2026:15:58:41 +0000] "GET /9033992 HTTP/2.0" 404 15598 "https://nfsin.com/wp-sitemap.xml" "Mozilla/5.0 AppleWebKit/537.36 (KHTML, like Gecko; compatible; GPTBot/1.3; +https://openai.com/gptbot)"
74.7.242.7 - - [17/Mar/2026:15:58:56 +0000] "GET /2606265 HTTP/2.0" 404 15598 "https://nfsin.com/wp-sitemap.xml" "Mozilla/5.0 AppleWebKit/537.36 (KHTML, like Gecko; compatible; GPTBot/1.3; +https://openai.com/gptbot)"
139.162.194.112 - - [17/Mar/2026:15:59:02 +0000] "POST /wp-cron.php?doing_wp_cron=1773763141.9426920413970947265625 HTTP/1.1" 404 15598 "-" "WordPress/6.9.1; https://nfsin.com"
74.7.242.7 - - [17/Mar/2026:15:59:11 +0000] "GET /3135383 HTTP/2.0" 404 15598 "https://nfsin.com/wp-sitemap.xml" "Mozilla/5.0 AppleWebKit/537.36 (KHTML, like Gecko; compatible; GPTBot/1.3; +https://openai.com/gptbot)"
74.7.242.7 - - [17/Mar/2026:15:59:25 +0000] "GET /shop/pg/1005024010/ HTTP/2.0" 404 15598 "https://nfsin.com/wp-sitemap.xml" "Mozilla/5.0 AppleWebKit/537.36 (KHTML, like Gecko; compatible; GPTBot/1.3; +https://openai.com/gptbot)"
74.7.242.7 - - [17/Mar/2026:15:59:42 +0000] "GET /shop/pg/1005024240/ HTTP/2.0" 404 15598 "https://nfsin.com/wp-sitemap.xml" "Mozilla/5.0 AppleWebKit/537.36 (KHTML, like Gecko; compatible; GPTBot/1.3; +https://openai.com/gptbot)"
69.197.179.242 - - [17/Mar/2026:15:58:28 +0000] "GET /wp-includes/wpf78988/edit.php?id=545071 HTTP/1.1" 200 20 "https://nfsin.com/wp-includes/wpf78988/edit.php?id=545071" "Mozilla/5.0 (Windows NT 10.0; Win64; x64) AppleWebKit/537.36 (KHTML, like Gecko) Chrome/58.0.3029.110 Safari/537.3"
74.7.242.7 - - [17/Mar/2026:15:59:56 +0000] "GET /?jp%2F041017777_html HTTP/2.0" 200 17796 "https://nfsin.com/?jp/041017777.html" "Mozilla/5.0 AppleWebKit/537.36 (KHTML, like Gecko; compatible; GPTBot/1.3; +https://openai.com/gptbot)"
74.7.242.7 - - [17/Mar/2026:16:00:08 +0000] "GET /shop/pg/1005024086/ HTTP/2.0" 404 15598 "https://nfsin.com/wp-sitemap.xml" "Mozilla/5.0 AppleWebKit/537.36 (KHTML, like Gecko; compatible; GPTBot/1.3; +https://openai.com/gptbot)"
139.162.194.112 - - [17/Mar/2026:16:00:13 +0000] "POST /wp-cron.php?doing_wp_cron=1773763213.6392118930816650390625 HTTP/1.1" 404 15588 "-" "WordPress/6.9.1; https://nfsin.com"
74.7.242.7 - - [17/Mar/2026:16:00:23 +0000] "GET /login/ HTTP/2.0" 200 16538 "https://nfsin.com/oabita/" "Mozilla/5.0 AppleWebKit/537.36 (KHTML, like Gecko; compatible; GPTBot/1.3; +https://openai.com/gptbot)"
74.7.242.7 - - [17/Mar/2026:16:00:36 +0000] "GET /goods.php??m=eabv60g27827mwsntpp HTTP/2.0" 200 85587 "https://nfsin.com/goods.php?pcmypage?callback=product/review/m91145089145" "Mozilla/5.0 AppleWebKit/537.36 (KHTML, like Gecko; compatible; GPTBot/1.3; +https://openai.com/gptbot)"
74.7.242.7 - - [17/Mar/2026:16:00:48 +0000] "GET /items/international/041017774.htm HTTP/2.0" 404 15598 "https://nfsin.com/wp-sitemap.xml" "Mozilla/5.0 AppleWebKit/537.36 (KHTML, like Gecko; compatible; GPTBot/1.3; +https://openai.com/gptbot)"
74.7.242.7 - - [17/Mar/2026:16:01:03 +0000] "GET /goods.php?text/terms HTTP/2.0" 200 85846 "https://nfsin.com/goods.php" "Mozilla/5.0 AppleWebKit/537.36 (KHTML, like Gecko; compatible; GPTBot/1.3; +https://openai.com/gptbot)"
74.7.242.7 - - [17/Mar/2026:16:01:19 +0000] "GET /shop/pg/1005024164 HTTP/2.0" 404 15598 "https://nfsin.com/wp-sitemap.xml" "Mozilla/5.0 AppleWebKit/537.36 (KHTML, like Gecko; compatible; GPTBot/1.3; +https://openai.com/gptbot)"
69.197.179.242 - - [17/Mar/2026:16:00:00 +0000] "GET /wp-includes/wpf78988/edit.php?id=545071 HTTP/1.1" 200 20 "https://nfsin.com/wp-includes/wpf78988/edit.php?id=545071" "Mozilla/5.0 (Windows NT 10.0; Win64; x64) AppleWebKit/537.36 (KHTML, like Gecko) Chrome/58.0.3029.110 Safari/537.3"
139.162.194.112 - - [17/Mar/2026:16:01:25 +0000] "POST /wp-cron.php?doing_wp_cron=1773763285.2355411052703857421875 HTTP/1.1" 404 15598 "-" "WordPress/6.9.1; https://nfsin.com"
74.7.242.7 - - [17/Mar/2026:16:01:37 +0000] "GET /feed/ HTTP/2.0" 200 809 "https://nfsin.com/?jp/041017777.html" "Mozilla/5.0 AppleWebKit/537.36 (KHTML, like Gecko; compatible; GPTBot/1.3; +https://openai.com/gptbot)"
74.7.242.7 - - [17/Mar/2026:16:01:54 +0000] "GET /?goods/130005906 HTTP/2.0" 301 20 "https://nfsin.com/wp-sitemap.xml" "Mozilla/5.0 AppleWebKit/537.36 (KHTML, like Gecko; compatible; GPTBot/1.3; +https://openai.com/gptbot)"
74.7.242.7 - - [17/Mar/2026:16:02:00 +0000] "GET /?goods%2F130005906 HTTP/2.0" 200 17796 "https://nfsin.com/?goods/130005906" "Mozilla/5.0 AppleWebKit/537.36 (KHTML, like Gecko; compatible; GPTBot/1.3; +https://openai.com/gptbot)"
74.7.242.7 - - [17/Mar/2026:16:02:15 +0000] "GET /18888104 HTTP/2.0" 404 15598 "https://nfsin.com/wp-sitemap.xml" "Mozilla/5.0 AppleWebKit/537.36 (KHTML, like Gecko; compatible; GPTBot/1.3; +https://openai.com/gptbot)"
74.7.242.7 - - [17/Mar/2026:16:02:29 +0000] "GET /items/terribly/041017774.htm HTTP/2.0" 404 15598 "https://nfsin.com/wp-sitemap.xml" "Mozilla/5.0 AppleWebKit/537.36 (KHTML, like Gecko; compatible; GPTBot/1.3; +https://openai.com/gptbot)"
139.162.194.112 - - [17/Mar/2026:16:02:33 +0000] "POST /wp-cron.php?doing_wp_cron=1773763353.5091691017150878906250 HTTP/1.1" 404 15588 "-" "WordPress/6.9.1; https://nfsin.com"
74.7.242.7 - - [17/Mar/2026:16:02:43 +0000] "GET /items/organize/041000540.htm HTTP/2.0" 404 15598 "https://nfsin.com/wp-sitemap.xml" "Mozilla/5.0 AppleWebKit/537.36 (KHTML, like Gecko; compatible; GPTBot/1.3; +https://openai.com/gptbot)"
69.197.179.242 - - [17/Mar/2026:16:01:31 +0000] "GET /wp-includes/wpf78988/edit.php?id=545071 HTTP/1.1" 200 20 "https://nfsin.com/wp-includes/wpf78988/edit.php?id=545071" "Mozilla/5.0 (Windows NT 10.0; Win64; x64) AppleWebKit/537.36 (KHTML, like Gecko) Chrome/58.0.3029.110 Safari/537.3"
74.7.242.7 - - [17/Mar/2026:16:02:57 +0000] "GET /items/compromise/141009050.htm HTTP/2.0" 404 15598 "https://nfsin.com/wp-sitemap.xml" "Mozilla/5.0 AppleWebKit/537.36 (KHTML, like Gecko; compatible; GPTBot/1.3; +https://openai.com/gptbot)"
74.7.242.7 - - [17/Mar/2026:16:03:14 +0000] "GET /?p=222 HTTP/2.0" 301 20 "https://nfsin.com/login/" "Mozilla/5.0 AppleWebKit/537.36 (KHTML, like Gecko; compatible; GPTBot/1.3; +https://openai.com/gptbot)"
74.7.242.7 - - [17/Mar/2026:16:03:20 +0000] "GET /login/ HTTP/2.0" 200 16538 "https://nfsin.com/?p=222" "Mozilla/5.0 AppleWebKit/537.36 (KHTML, like Gecko; compatible; GPTBot/1.3; +https://openai.com/gptbot)"
74.7.242.7 - - [17/Mar/2026:16:03:36 +0000] "GET /forgot/ HTTP/2.0" 200 16330 "https://nfsin.com/login/" "Mozilla/5.0 AppleWebKit/537.36 (KHTML, like Gecko; compatible; GPTBot/1.3; +https://openai.com/gptbot)"
139.162.194.112 - - [17/Mar/2026:16:03:40 +0000] "POST /wp-cron.php?doing_wp_cron=1773763420.3916049003601074218750 HTTP/1.1" 404 15598 "-" "WordPress/6.9.1; https://nfsin.com"
74.7.242.7 - - [17/Mar/2026:16:04:00 +0000] "GET /goods.php??c=xmj7p48150ckoqjrque HTTP/2.0" 200 85444 "https://nfsin.com/goods.php??m=eabv60g27827mwsntpp" "Mozilla/5.0 AppleWebKit/537.36 (KHTML, like Gecko; compatible; GPTBot/1.3; +https://openai.com/gptbot)"
69.197.179.242 - - [17/Mar/2026:16:03:04 +0000] "GET /wp-includes/wpf78988/edit.php?id=545071 HTTP/1.1" 200 20 "https://nfsin.com/wp-includes/wpf78988/edit.php?id=545071" "Mozilla/5.0 (Windows NT 10.0; Win64; x64) AppleWebKit/537.36 (KHTML, like Gecko) Chrome/58.0.3029.110 Safari/537.3"
74.7.242.7 - - [17/Mar/2026:16:04:38 +0000] "GET /goods.php??s=yruxh39le514lbnxsw HTTP/2.0" 200 85727 "https://nfsin.com/goods.php?text/terms" "Mozilla/5.0 AppleWebKit/537.36 (KHTML, like Gecko; compatible; GPTBot/1.3; +https://openai.com/gptbot)"
74.7.242.7 - - [17/Mar/2026:16:04:51 +0000] "GET /goods.php??t=wty39hv944wdqpehi HTTP/2.0" 200 85849 "https://nfsin.com/goods.php?text/terms" "Mozilla/5.0 AppleWebKit/537.36 (KHTML, like Gecko; compatible; GPTBot/1.3; +https://openai.com/gptbot)"
74.7.242.7 - - [17/Mar/2026:16:05:06 +0000] "GET /goods.php??h=bbss39cii840rruibhdr HTTP/2.0" 200 85724 "https://nfsin.com/goods.php?text/terms" "Mozilla/5.0 AppleWebKit/537.36 (KHTML, like Gecko; compatible; GPTBot/1.3; +https://openai.com/gptbot)"
74.7.242.7 - - [17/Mar/2026:16:05:18 +0000] "GET /?goods%2F130005906 HTTP/2.0" 200 17796 "https://nfsin.com/?goods/130005906" "Mozilla/5.0 AppleWebKit/537.36 (KHTML, like Gecko; compatible; GPTBot/1.3; +https://openai.com/gptbot)"
139.162.194.112 - - [17/Mar/2026:16:05:23 +0000] "POST /wp-cron.php?doing_wp_cron=1773763523.8514430522918701171875 HTTP/1.1" 404 15588 "-" "WordPress/6.9.1; https://nfsin.com"
74.7.242.7 - - [17/Mar/2026:16:05:38 +0000] "GET /goods.php??h=mbih39yvnnl764obbsbp HTTP/2.0" 200 85901 "https://nfsin.com/goods.php?text/terms" "Mozilla/5.0 AppleWebKit/537.36 (KHTML, like Gecko; compatible; GPTBot/1.3; +https://openai.com/gptbot)"
74.7.242.7 - - [17/Mar/2026:16:05:51 +0000] "GET /goods.php?detail/086018420634 HTTP/2.0" 200 85310 "https://nfsin.com/goods.php?search?category=50001&search_word=" "Mozilla/5.0 AppleWebKit/537.36 (KHTML, like Gecko; compatible; GPTBot/1.3; +https://openai.com/gptbot)"
45.124.27.168 - - [17/Mar/2026:16:05:56 +0000] "GET /wp-content/uploads/2023/04/NFSIN-logo-II-Site-Icon-1-150x150.png HTTP/2.0" 200 13105 "http://mail.nfsin.com/" "Mozilla/5.0 (Windows NT 10.0; Win64; x64) AppleWebKit/537.36 (KHTML, like Gecko) Chrome/146.0.0.0 Safari/537.36"
69.197.179.242 - - [17/Mar/2026:16:04:36 +0000] "GET /wp-includes/wpf78988/edit.php?id=545071 HTTP/1.1" 200 20 "https://nfsin.com/wp-includes/wpf78988/edit.php?id=545071" "Mozilla/5.0 (Windows NT 10.0; Win64; x64) AppleWebKit/537.36 (KHTML, like Gecko) Chrome/58.0.3029.110 Safari/537.3"
74.7.242.7 - - [17/Mar/2026:16:06:04 +0000] "GET /shop/e/e009001044001/ HTTP/2.0" 404 15598 "https://nfsin.com/wp-sitemap.xml" "Mozilla/5.0 AppleWebKit/537.36 (KHTML, like Gecko; compatible; GPTBot/1.3; +https://openai.com/gptbot)"
74.7.242.7 - - [17/Mar/2026:16:06:19 +0000] "GET /goods.php?detail/0320106753276 HTTP/2.0" 200 86681 "https://nfsin.com/goods.php" "Mozilla/5.0 AppleWebKit/537.36 (KHTML, like Gecko; compatible; GPTBot/1.3; +https://openai.com/gptbot)"
74.7.242.7 - - [17/Mar/2026:16:06:34 +0000] "GET /xmlrpc.php?rsd HTTP/2.0" 404 15598 "https://nfsin.com/?jp/041017777.html" "Mozilla/5.0 AppleWebKit/537.36 (KHTML, like Gecko; compatible; GPTBot/1.3; +https://openai.com/gptbot)"
139.162.194.112 - - [17/Mar/2026:16:06:39 +0000] "POST /wp-cron.php?doing_wp_cron=1773763599.5668768882751464843750 HTTP/1.1" 404 15598 "-" "WordPress/6.9.1; https://nfsin.com"
74.7.242.7 - - [17/Mar/2026:16:06:50 +0000] "GET /?p=224 HTTP/2.0" 301 20 "https://nfsin.com/forgot/" "Mozilla/5.0 AppleWebKit/537.36 (KHTML, like Gecko; compatible; GPTBot/1.3; +https://openai.com/gptbot)"
74.7.242.7 - - [17/Mar/2026:16:06:55 +0000] "GET /forgot/ HTTP/2.0" 200 16330 "https://nfsin.com/?p=224" "Mozilla/5.0 AppleWebKit/537.36 (KHTML, like Gecko; compatible; GPTBot/1.3; +https://openai.com/gptbot)"
74.7.242.7 - - [17/Mar/2026:16:07:13 +0000] "GET /goods.php??z=ppkj4c32265phbymmz HTTP/2.0" 200 85034 "https://nfsin.com/goods.php??c=xmj7p48150ckoqjrque" "Mozilla/5.0 AppleWebKit/537.36 (KHTML, like Gecko; compatible; GPTBot/1.3; +https://openai.com/gptbot)"
74.7.242.7 - - [17/Mar/2026:16:07:28 +0000] "GET /goods.php?products/clearance/z039000295 HTTP/2.0" 200 86103 "https://nfsin.com/goods.php??s=yruxh39le514lbnxsw" "Mozilla/5.0 AppleWebKit/537.36 (KHTML, like Gecko; compatible; GPTBot/1.3; +https://openai.com/gptbot)"
69.197.179.242 - - [17/Mar/2026:16:06:11 +0000] "GET /wp-includes/wpf78988/edit.php?id=545071 HTTP/1.1" 200 20 "https://nfsin.com/wp-includes/wpf78988/edit.php?id=545071" "Mozilla/5.0 (Windows NT 10.0; Win64; x64) AppleWebKit/537.36 (KHTML, like Gecko) Chrome/58.0.3029.110 Safari/537.3"
74.7.242.7 - - [17/Mar/2026:16:07:41 +0000] "GET /items/silk/182046457.htm HTTP/2.0" 404 15598 "https://nfsin.com/wp-sitemap.xml" "Mozilla/5.0 AppleWebKit/537.36 (KHTML, like Gecko; compatible; GPTBot/1.3; +https://openai.com/gptbot)"
139.162.194.112 - - [17/Mar/2026:16:07:46 +0000] "POST /wp-cron.php?doing_wp_cron=1773763666.1978158950805664062500 HTTP/1.1" 404 15598 "-" "WordPress/6.9.1; https://nfsin.com"
74.7.242.7 - - [17/Mar/2026:16:07:56 +0000] "GET /goods.php??s=jxjfm43uz18256gynaec HTTP/2.0" 200 86011 "https://nfsin.com/goods.php??h=bbss39cii840rruibhdr" "Mozilla/5.0 AppleWebKit/537.36 (KHTML, like Gecko; compatible; GPTBot/1.3; +https://openai.com/gptbot)"
74.7.242.7 - - [17/Mar/2026:16:08:12 +0000] "GET /login HTTP/2.0" 301 20 "https://nfsin.com/?jp/041017777.html" "Mozilla/5.0 AppleWebKit/537.36 (KHTML, like Gecko; compatible; GPTBot/1.3; +https://openai.com/gptbot)"
74.7.242.7 - - [17/Mar/2026:16:08:17 +0000] "GET /login/ HTTP/2.0" 200 16538 "https://nfsin.com/login" "Mozilla/5.0 AppleWebKit/537.36 (KHTML, like Gecko; compatible; GPTBot/1.3; +https://openai.com/gptbot)"
74.7.242.7 - - [17/Mar/2026:16:08:32 +0000] "GET /shop/e/e009001036001/ HTTP/2.0" 404 15598 "https://nfsin.com/wp-sitemap.xml" "Mozilla/5.0 AppleWebKit/537.36 (KHTML, like Gecko; compatible; GPTBot/1.3; +https://openai.com/gptbot)"
74.7.242.7 - - [17/Mar/2026:16:08:50 +0000] "GET /goods.php?detail/086000940808 HTTP/2.0" 200 86002 "https://nfsin.com/goods.php?detail/086018420634" "Mozilla/5.0 AppleWebKit/537.36 (KHTML, like Gecko; compatible; GPTBot/1.3; +https://openai.com/gptbot)"
74.7.242.7 - - [17/Mar/2026:16:09:04 +0000] "GET /goods.php?detail/086001429123 HTTP/2.0" 200 85422 "https://nfsin.com/goods.php?detail/086018420634" "Mozilla/5.0 AppleWebKit/537.36 (KHTML, like Gecko; compatible; GPTBot/1.3; +https://openai.com/gptbot)"
69.197.179.242 - - [17/Mar/2026:16:07:44 +0000] "GET /wp-includes/wpf78988/edit.php?id=545071 HTTP/1.1" 200 20 "https://nfsin.com/wp-includes/wpf78988/edit.php?id=545071" "Mozilla/5.0 (Windows NT 10.0; Win64; x64) AppleWebKit/537.36 (KHTML, like Gecko) Chrome/58.0.3029.110 Safari/537.3"
74.7.242.7 - - [17/Mar/2026:16:09:17 +0000] "GET /goods.php?pcmypage?callback=product/review/m77774640029 HTTP/2.0" 200 86835 "https://nfsin.com/goods.php?detail/0320106753276" "Mozilla/5.0 AppleWebKit/537.36 (KHTML, like Gecko; compatible; GPTBot/1.3; +https://openai.com/gptbot)"
74.7.242.7 - - [17/Mar/2026:16:09:29 +0000] "GET /goods.php?detail/2750359804270 HTTP/2.0" 200 85044 "https://nfsin.com/goods.php?detail/086018420634" "Mozilla/5.0 AppleWebKit/537.36 (KHTML, like Gecko; compatible; GPTBot/1.3; +https://openai.com/gptbot)"
74.7.242.7 - - [17/Mar/2026:16:09:43 +0000] "GET /goods.php?detail/0420340687003 HTTP/2.0" 200 85366 "https://nfsin.com/goods.php?detail/086018420634" "Mozilla/5.0 AppleWebKit/537.36 (KHTML, like Gecko; compatible; GPTBot/1.3; +https://openai.com/gptbot)"
74.7.242.7 - - [17/Mar/2026:16:09:57 +0000] "GET /goods.php?detail/03200212509921 HTTP/2.0" 200 86601 "https://nfsin.com/goods.php?detail/0320106753276" "Mozilla/5.0 AppleWebKit/537.36 (KHTML, like Gecko; compatible; GPTBot/1.3; +https://openai.com/gptbot)"
74.7.242.7 - - [17/Mar/2026:16:10:14 +0000] "GET /goods.php?product/edit/m88872387589 HTTP/2.0" 200 85600 "https://nfsin.com/goods.php??h=mbih39yvnnl764obbsbp" "Mozilla/5.0 AppleWebKit/537.36 (KHTML, like Gecko; compatible; GPTBot/1.3; +https://openai.com/gptbot)"
74.7.242.7 - - [17/Mar/2026:16:10:29 +0000] "GET /goods.php??y=ijp48lszvo8101bpmhnd HTTP/2.0" 200 85521 "https://nfsin.com/goods.php?search?category=50001&search_word=" "Mozilla/5.0 AppleWebKit/537.36 (KHTML, like Gecko; compatible; GPTBot/1.3; +https://openai.com/gptbot)"
69.197.179.242 - - [17/Mar/2026:16:09:14 +0000] "GET /wp-includes/wpf78988/edit.php?id=545071 HTTP/1.1" 200 20 "https://nfsin.com/wp-includes/wpf78988/edit.php?id=545071" "Mozilla/5.0 (Windows NT 10.0; Win64; x64) AppleWebKit/537.36 (KHTML, like Gecko) Chrome/58.0.3029.110 Safari/537.3"
74.7.242.7 - - [17/Mar/2026:16:10:44 +0000] "GET /goods.php??r=lgnl43ar3710etrestge HTTP/2.0" 200 85702 "https://nfsin.com/goods.php??s=jxjfm43uz18256gynaec" "Mozilla/5.0 AppleWebKit/537.36 (KHTML, like Gecko; compatible; GPTBot/1.3; +https://openai.com/gptbot)"
176.31.139.29 - - [17/Mar/2026:16:10:55 +0000] "GET /robots.txt HTTP/2.0" 200 124 "-" "Mozilla/5.0 (compatible; AhrefsBot/7.0; +http://ahrefs.com/robot/)"
74.7.242.7 - - [17/Mar/2026:16:11:02 +0000] "GET /goods.php??b=kiq43fid1632loljdccw HTTP/2.0" 200 85708 "https://nfsin.com/goods.php??s=jxjfm43uz18256gynaec" "Mozilla/5.0 AppleWebKit/537.36 (KHTML, like Gecko; compatible; GPTBot/1.3; +https://openai.com/gptbot)"
51.68.247.219 - - [17/Mar/2026:16:11:06 +0000] "GET /wp-includes/class-wp-rizsy.php HTTP/2.0" 404 15598 "-" "Mozilla/5.0 (compatible; AhrefsBot/7.0; +http://ahrefs.com/robot/)"
139.162.194.112 - - [17/Mar/2026:16:11:12 +0000] "POST /wp-cron.php?doing_wp_cron=1773763872.6139340400695800781250 HTTP/1.1" 404 15598 "-" "WordPress/6.9.1; https://nfsin.com"
74.7.242.7 - - [17/Mar/2026:16:11:17 +0000] "GET /goods.php??t=onr130cjb5851hwghvds HTTP/2.0" 200 85528 "https://nfsin.com/goods.php??t=wty39hv944wdqpehi" "Mozilla/5.0 AppleWebKit/537.36 (KHTML, like Gecko; compatible; GPTBot/1.3; +https://openai.com/gptbot)"
74.7.242.7 - - [17/Mar/2026:16:11:31 +0000] "GET /goods.php?detail/065002693054 HTTP/2.0" 200 86380 "https://nfsin.com/goods.php?detail/086000940808" "Mozilla/5.0 AppleWebKit/537.36 (KHTML, like Gecko; compatible; GPTBot/1.3; +https://openai.com/gptbot)"
74.7.242.7 - - [17/Mar/2026:16:11:45 +0000] "GET /goods.php?detail/027041470797 HTTP/2.0" 200 85876 "https://nfsin.com/goods.php?detail/086001429123" "Mozilla/5.0 AppleWebKit/537.36 (KHTML, like Gecko; compatible; GPTBot/1.3; +https://openai.com/gptbot)"
74.7.242.7 - - [17/Mar/2026:16:12:01 +0000] "GET /goods.php??f=vhyq71xnvbr1044bndwmnjcnv HTTP/2.0" 200 86067 "https://nfsin.com/goods.php?pcmypage?callback=product/review/m77774640029" "Mozilla/5.0 AppleWebKit/537.36 (KHTML, like Gecko; compatible; GPTBot/1.3; +https://openai.com/gptbot)"
69.197.179.242 - - [17/Mar/2026:16:10:46 +0000] "GET /wp-includes/wpf78988/edit.php?id=545071 HTTP/1.1" 200 20 "https://nfsin.com/wp-includes/wpf78988/edit.php?id=545071" "Mozilla/5.0 (Windows NT 10.0; Win64; x64) AppleWebKit/537.36 (KHTML, like Gecko) Chrome/58.0.3029.110 Safari/537.3"
74.7.242.7 - - [17/Mar/2026:16:12:18 +0000] "GET /goods.php??z=ctt83llj2686bwxszv HTTP/2.0" 200 85685 "https://nfsin.com/goods.php?pcmypage?callback=product/review/m77774640029" "Mozilla/5.0 AppleWebKit/537.36 (KHTML, like Gecko; compatible; GPTBot/1.3; +https://openai.com/gptbot)"
74.7.242.7 - - [17/Mar/2026:16:12:33 +0000] "GET /goods.php??t=czmcr83j2776hfytntrd HTTP/2.0" 200 86345 "https://nfsin.com/goods.php?pcmypage?callback=product/review/m77774640029" "Mozilla/5.0 AppleWebKit/537.36 (KHTML, like Gecko; compatible; GPTBot/1.3; +https://openai.com/gptbot)"
74.7.242.7 - - [17/Mar/2026:16:12:47 +0000] "GET /goods.php?detail/219020190818 HTTP/2.0" 200 85700 "https://nfsin.com/goods.php?detail/03200212509921" "Mozilla/5.0 AppleWebKit/537.36 (KHTML, like Gecko; compatible; GPTBot/1.3; +https://openai.com/gptbot)"
74.7.242.7 - - [17/Mar/2026:16:13:03 +0000] "GET /goods.php?detail/281043690632 HTTP/2.0" 200 86212 "https://nfsin.com/goods.php?product/edit/m88872387589" "Mozilla/5.0 AppleWebKit/537.36 (KHTML, like Gecko; compatible; GPTBot/1.3; +https://openai.com/gptbot)"
74.7.242.7 - - [17/Mar/2026:16:13:18 +0000] "GET /goods.php??l=oea48zwuz1211zqammy HTTP/2.0" 200 85334 "https://nfsin.com/goods.php??y=ijp48lszvo8101bpmhnd" "Mozilla/5.0 AppleWebKit/537.36 (KHTML, like Gecko; compatible; GPTBot/1.3; +https://openai.com/gptbot)"
74.7.242.7 - - [17/Mar/2026:16:13:36 +0000] "GET /goods.php??m=rlg43g9780qhsrumty HTTP/2.0" 200 86278 "https://nfsin.com/goods.php??r=lgnl43ar3710etrestge" "Mozilla/5.0 AppleWebKit/537.36 (KHTML, like Gecko; compatible; GPTBot/1.3; +https://openai.com/gptbot)"
69.197.179.242 - - [17/Mar/2026:16:12:19 +0000] "GET /wp-includes/wpf78988/edit.php?id=545071 HTTP/1.1" 200 20 "https://nfsin.com/wp-includes/wpf78988/edit.php?id=545071" "Mozilla/5.0 (Windows NT 10.0; Win64; x64) AppleWebKit/537.36 (KHTML, like Gecko) Chrome/58.0.3029.110 Safari/537.3"
74.7.242.7 - - [17/Mar/2026:16:13:51 +0000] "GET /goods.php??q=ljeu64uqcf6603mvsfpk HTTP/2.0" 200 86046 "https://nfsin.com/goods.php?pcmypage?callback=product/review/m77774640029" "Mozilla/5.0 AppleWebKit/537.36 (KHTML, like Gecko; compatible; GPTBot/1.3; +https://openai.com/gptbot)"
74.7.242.7 - - [17/Mar/2026:16:14:03 +0000] "GET /goods.php??z=asqnw277t6318wgqpxrz HTTP/2.0" 200 85841 "https://nfsin.com/goods.php?pcmypage?callback=product/review/m77774640029" "Mozilla/5.0 AppleWebKit/537.36 (KHTML, like Gecko; compatible; GPTBot/1.3; +https://openai.com/gptbot)"
43.173.169.58 - - [17/Mar/2026:16:14:12 +0000] "GET / HTTP/1.1" 200 17796 "-" "Mozilla/5.0 (Windows NT 10.0; Win64; x64) AppleWebKit/537.36 (KHTML, like Gecko) Chrome/120.0.0.0 Safari/537.36"
74.7.242.7 - - [17/Mar/2026:16:14:21 +0000] "GET /goods.php?detail/032005351693 HTTP/2.0" 200 86412 "https://nfsin.com/goods.php?detail/03200212509921" "Mozilla/5.0 AppleWebKit/537.36 (KHTML, like Gecko; compatible; GPTBot/1.3; +https://openai.com/gptbot)"
43.173.181.235 - - [17/Mar/2026:16:14:28 +0000] "GET / HTTP/1.1" 200 17796 "http://nfsin.com" "Mozilla/5.0 (Windows NT 10.0; Win64; x64) AppleWebKit/537.36 (KHTML, like Gecko) Chrome/131.0.0.0 Safari/537.36"
74.7.242.7 - - [17/Mar/2026:16:14:37 +0000] "GET /goods.php?pcmypage?callback=product%2Fdetail%2Fm30246670412 HTTP/2.0" 200 86916 "https://nfsin.com/goods.php?detail/027041470797" "Mozilla/5.0 AppleWebKit/537.36 (KHTML, like Gecko; compatible; GPTBot/1.3; +https://openai.com/gptbot)"
74.7.242.7 - - [17/Mar/2026:16:14:51 +0000] "GET /goods.php??z=axe71mnc15410ajxtcz HTTP/2.0" 200 86369 "https://nfsin.com/goods.php??f=vhyq71xnvbr1044bndwmnjcnv" "Mozilla/5.0 AppleWebKit/537.36 (KHTML, like Gecko; compatible; GPTBot/1.3; +https://openai.com/gptbot)"
74.7.242.7 - - [17/Mar/2026:16:15:05 +0000] "GET /goods.php?detail/223009294824 HTTP/2.0" 200 86585 "https://nfsin.com/goods.php?detail/027041470797" "Mozilla/5.0 AppleWebKit/537.36 (KHTML, like Gecko; compatible; GPTBot/1.3; +https://openai.com/gptbot)"
69.197.179.242 - - [17/Mar/2026:16:13:51 +0000] "GET /wp-includes/wpf78988/edit.php?id=545071 HTTP/1.1" 200 20 "https://nfsin.com/wp-includes/wpf78988/edit.php?id=545071" "Mozilla/5.0 (Windows NT 10.0; Win64; x64) AppleWebKit/537.36 (KHTML, like Gecko) Chrome/58.0.3029.110 Safari/537.3"
74.7.242.7 - - [17/Mar/2026:16:15:22 +0000] "GET /goods.php??c=vtv102i9463llourvtaj HTTP/2.0" 200 85477 "https://nfsin.com/goods.php??t=czmcr83j2776hfytntrd" "Mozilla/5.0 AppleWebKit/537.36 (KHTML, like Gecko; compatible; GPTBot/1.3; +https://openai.com/gptbot)"
69.197.179.242 - - [17/Mar/2026:16:15:22 +0000] "GET /wp-includes/wpf78988/edit.php?id=545071 HTTP/1.1" 200 20 "https://nfsin.com/wp-includes/wpf78988/edit.php?id=545071" "Mozilla/5.0 (Windows NT 10.0; Win64; x64) AppleWebKit/537.36 (KHTML, like Gecko) Chrome/58.0.3029.110 Safari/537.3"
69.197.179.242 - - [17/Mar/2026:16:16:56 +0000] "GET /wp-includes/wpf78988/edit.php?id=545071 HTTP/1.1" 200 20 "https://nfsin.com/wp-includes/wpf78988/edit.php?id=545071" "Mozilla/5.0 (Windows NT 10.0; Win64; x64) AppleWebKit/537.36 (KHTML, like Gecko) Chrome/58.0.3029.110 Safari/537.3"
69.197.179.242 - - [17/Mar/2026:16:18:27 +0000] "GET /wp-includes/wpf78988/edit.php?id=545071 HTTP/1.1" 200 20 "https://nfsin.com/wp-includes/wpf78988/edit.php?id=545071" "Mozilla/5.0 (Windows NT 10.0; Win64; x64) AppleWebKit/537.36 (KHTML, like Gecko) Chrome/58.0.3029.110 Safari/537.3"
69.197.179.242 - - [17/Mar/2026:16:19:55 +0000] "GET /wp-includes/wpf78988/edit.php?id=545071 HTTP/1.1" 200 20 "https://nfsin.com/wp-includes/wpf78988/edit.php?id=545071" "Mozilla/5.0 (Windows NT 10.0; Win64; x64) AppleWebKit/537.36 (KHTML, like Gecko) Chrome/58.0.3029.110 Safari/537.3"
69.197.179.242 - - [17/Mar/2026:16:21:24 +0000] "GET /wp-includes/wpf78988/edit.php?id=545071 HTTP/1.1" 200 20 "https://nfsin.com/wp-includes/wpf78988/edit.php?id=545071" "Mozilla/5.0 (Windows NT 10.0; Win64; x64) AppleWebKit/537.36 (KHTML, like Gecko) Chrome/58.0.3029.110 Safari/537.3"
69.197.179.242 - - [17/Mar/2026:16:22:53 +0000] "GET /wp-includes/wpf78988/edit.php?id=545071 HTTP/1.1" 200 20 "https://nfsin.com/wp-includes/wpf78988/edit.php?id=545071" "Mozilla/5.0 (Windows NT 10.0; Win64; x64) AppleWebKit/537.36 (KHTML, like Gecko) Chrome/58.0.3029.110 Safari/537.3"
69.197.179.242 - - [17/Mar/2026:16:24:24 +0000] "GET /wp-includes/wpf78988/edit.php?id=545071 HTTP/1.1" 200 20 "https://nfsin.com/wp-includes/wpf78988/edit.php?id=545071" "Mozilla/5.0 (Windows NT 10.0; Win64; x64) AppleWebKit/537.36 (KHTML, like Gecko) Chrome/58.0.3029.110 Safari/537.3"
5.39.109.172 - - [17/Mar/2026:16:26:35 +0000] "GET /wp-includes/class-wp-recovery-mode-link-service.php HTTP/2.0" 404 15598 "-" "Mozilla/5.0 (compatible; AhrefsBot/7.0; +http://ahrefs.com/robot/)"
139.162.194.112 - - [17/Mar/2026:16:26:37 +0000] "POST /wp-cron.php?doing_wp_cron=1773764797.4944500923156738281250 HTTP/1.1" 404 15598 "-" "WordPress/6.9.1; https://nfsin.com"
69.197.179.242 - - [17/Mar/2026:16:25:53 +0000] "GET /wp-includes/wpf78988/edit.php?id=545071 HTTP/1.1" 200 20 "https://nfsin.com/wp-includes/wpf78988/edit.php?id=545071" "Mozilla/5.0 (Windows NT 10.0; Win64; x64) AppleWebKit/537.36 (KHTML, like Gecko) Chrome/58.0.3029.110 Safari/537.3"
69.197.179.242 - - [17/Mar/2026:16:27:22 +0000] "GET /wp-includes/wpf78988/edit.php?id=545071 HTTP/1.1" 200 20 "https://nfsin.com/wp-includes/wpf78988/edit.php?id=545071" "Mozilla/5.0 (Windows NT 10.0; Win64; x64) AppleWebKit/537.36 (KHTML, like Gecko) Chrome/58.0.3029.110 Safari/537.3"
69.197.179.242 - - [17/Mar/2026:16:28:51 +0000] "GET /wp-includes/wpf78988/edit.php?id=545071 HTTP/1.1" 200 20 "https://nfsin.com/wp-includes/wpf78988/edit.php?id=545071" "Mozilla/5.0 (Windows NT 10.0; Win64; x64) AppleWebKit/537.36 (KHTML, like Gecko) Chrome/58.0.3029.110 Safari/537.3"
69.197.179.242 - - [17/Mar/2026:16:30:22 +0000] "GET /wp-includes/wpf78988/edit.php?id=545071 HTTP/1.1" 200 20 "https://nfsin.com/wp-includes/wpf78988/edit.php?id=545071" "Mozilla/5.0 (Windows NT 10.0; Win64; x64) AppleWebKit/537.36 (KHTML, like Gecko) Chrome/58.0.3029.110 Safari/537.3"
69.197.179.242 - - [17/Mar/2026:16:31:52 +0000] "GET /wp-includes/wpf78988/edit.php?id=545071 HTTP/1.1" 200 20 "https://nfsin.com/wp-includes/wpf78988/edit.php?id=545071" "Mozilla/5.0 (Windows NT 10.0; Win64; x64) AppleWebKit/537.36 (KHTML, like Gecko) Chrome/58.0.3029.110 Safari/537.3"
223.15.245.170 - - [17/Mar/2026:16:33:23 +0000] "GET / HTTP/1.1" 200 17796 "http://www.nfsin.com" "Mozilla/5.0 (iPhone; CPU iPhone OS 13_2_3 like Mac OS X) AppleWebKit/605.1.15 (KHTML, like Gecko) Version/13.0.3 Mobile/15E148 Safari/604.1"
54.37.118.65 - - [17/Mar/2026:16:34:45 +0000] "GET /wp-includes/class-wp-network-query.php HTTP/2.0" 404 15598 "-" "Mozilla/5.0 (compatible; AhrefsBot/7.0; +http://ahrefs.com/robot/)"
139.162.194.112 - - [17/Mar/2026:16:34:47 +0000] "POST /wp-cron.php?doing_wp_cron=1773765287.6598210334777832031250 HTTP/1.1" 404 15588 "-" "WordPress/6.9.1; https://nfsin.com"
69.197.179.242 - - [17/Mar/2026:16:33:24 +0000] "GET /wp-includes/wpf78988/edit.php?id=545071 HTTP/1.1" 200 20 "https://nfsin.com/wp-includes/wpf78988/edit.php?id=545071" "Mozilla/5.0 (Windows NT 10.0; Win64; x64) AppleWebKit/537.36 (KHTML, like Gecko) Chrome/58.0.3029.110 Safari/537.3"
69.197.179.242 - - [17/Mar/2026:16:34:56 +0000] "GET /wp-includes/wpf78988/edit.php?id=545071 HTTP/1.1" 200 20 "https://nfsin.com/wp-includes/wpf78988/edit.php?id=545071" "Mozilla/5.0 (Windows NT 10.0; Win64; x64) AppleWebKit/537.36 (KHTML, like Gecko) Chrome/58.0.3029.110 Safari/537.3"
69.197.179.242 - - [17/Mar/2026:16:36:27 +0000] "GET /wp-includes/wpf78988/edit.php?id=545071 HTTP/1.1" 200 20 "https://nfsin.com/wp-includes/wpf78988/edit.php?id=545071" "Mozilla/5.0 (Windows NT 10.0; Win64; x64) AppleWebKit/537.36 (KHTML, like Gecko) Chrome/58.0.3029.110 Safari/537.3"
94.23.188.205 - - [17/Mar/2026:16:38:54 +0000] "GET /wp-includes/class-wp-metadata-lazyloader.php HTTP/2.0" 404 15598 "-" "Mozilla/5.0 (compatible; AhrefsBot/7.0; +http://ahrefs.com/robot/)"
69.197.179.242 - - [17/Mar/2026:16:37:57 +0000] "GET /wp-includes/wpf78988/edit.php?id=545071 HTTP/1.1" 200 20 "https://nfsin.com/wp-includes/wpf78988/edit.php?id=545071" "Mozilla/5.0 (Windows NT 10.0; Win64; x64) AppleWebKit/537.36 (KHTML, like Gecko) Chrome/58.0.3029.110 Safari/537.3"
69.197.179.242 - - [17/Mar/2026:16:39:26 +0000] "GET /wp-includes/wpf78988/edit.php?id=545071 HTTP/1.1" 200 20 "https://nfsin.com/wp-includes/wpf78988/edit.php?id=545071" "Mozilla/5.0 (Windows NT 10.0; Win64; x64) AppleWebKit/537.36 (KHTML, like Gecko) Chrome/58.0.3029.110 Safari/537.3"
69.197.179.242 - - [17/Mar/2026:16:40:56 +0000] "GET /wp-includes/wpf78988/edit.php?id=545071 HTTP/1.1" 200 20 "https://nfsin.com/wp-includes/wpf78988/edit.php?id=545071" "Mozilla/5.0 (Windows NT 10.0; Win64; x64) AppleWebKit/537.36 (KHTML, like Gecko) Chrome/58.0.3029.110 Safari/537.3"
5.39.1.252 - - [17/Mar/2026:16:42:50 +0000] "GET /wp-includes/class-wp-meta-query.php HTTP/2.0" 404 15598 "-" "Mozilla/5.0 (compatible; AhrefsBot/7.0; +http://ahrefs.com/robot/)"
139.162.194.112 - - [17/Mar/2026:16:42:52 +0000] "POST /wp-cron.php?doing_wp_cron=1773765772.4203000068664550781250 HTTP/1.1" 404 15588 "-" "WordPress/6.9.1; https://nfsin.com"
69.197.179.242 - - [17/Mar/2026:16:42:26 +0000] "GET /wp-includes/wpf78988/edit.php?id=545071 HTTP/1.1" 200 20 "https://nfsin.com/wp-includes/wpf78988/edit.php?id=545071" "Mozilla/5.0 (Windows NT 10.0; Win64; x64) AppleWebKit/537.36 (KHTML, like Gecko) Chrome/58.0.3029.110 Safari/537.3"
204.12.208.18 - - [17/Mar/2026:16:44:58 +0000] "GET /wp-includes/wpf78988/edit.php HTTP/1.1" 200 26 "https://nfsin.com/wp-includes/wpf78988/edit.php" "Mozilla/5.0 (Macintosh; U; PPC Mac OS X; ja-jp) AppleWebKit/522.11.1 (KHTML, like Gecko) Version/3.0.3 Safari/522.12.1"
69.197.179.242 - - [17/Mar/2026:16:43:57 +0000] "GET /wp-includes/wpf78988/edit.php?id=545071 HTTP/1.1" 200 20 "https://nfsin.com/wp-includes/wpf78988/edit.php?id=545071" "Mozilla/5.0 (Windows NT 10.0; Win64; x64) AppleWebKit/537.36 (KHTML, like Gecko) Chrome/58.0.3029.110 Safari/537.3"
69.197.179.242 - - [17/Mar/2026:16:45:25 +0000] "GET /wp-includes/wpf78988/edit.php?id=545071 HTTP/1.1" 200 20 "https://nfsin.com/wp-includes/wpf78988/edit.php?id=545071" "Mozilla/5.0 (Windows NT 10.0; Win64; x64) AppleWebKit/537.36 (KHTML, like Gecko) Chrome/58.0.3029.110 Safari/537.3"
176.31.139.16 - - [17/Mar/2026:16:47:06 +0000] "GET /wp-includes/class-wp-list-util.php HTTP/2.0" 404 15598 "-" "Mozilla/5.0 (compatible; AhrefsBot/7.0; +http://ahrefs.com/robot/)"
139.162.194.112 - - [17/Mar/2026:16:47:09 +0000] "POST /wp-cron.php?doing_wp_cron=1773766029.9197170734405517578125 HTTP/1.1" 404 15588 "-" "WordPress/6.9.1; https://nfsin.com"
69.197.179.242 - - [17/Mar/2026:16:46:56 +0000] "GET /wp-includes/wpf78988/edit.php?id=545071 HTTP/1.1" 200 20 "https://nfsin.com/wp-includes/wpf78988/edit.php?id=545071" "Mozilla/5.0 (Windows NT 10.0; Win64; x64) AppleWebKit/537.36 (KHTML, like Gecko) Chrome/58.0.3029.110 Safari/537.3"
69.197.179.242 - - [17/Mar/2026:16:48:26 +0000] "GET /wp-includes/wpf78988/edit.php?id=545071 HTTP/1.1" 200 20 "https://nfsin.com/wp-includes/wpf78988/edit.php?id=545071" "Mozilla/5.0 (Windows NT 10.0; Win64; x64) AppleWebKit/537.36 (KHTML, like Gecko) Chrome/58.0.3029.110 Safari/537.3"
69.197.179.242 - - [17/Mar/2026:16:49:59 +0000] "GET /wp-includes/wpf78988/edit.php?id=545071 HTTP/1.1" 200 20 "https://nfsin.com/wp-includes/wpf78988/edit.php?id=545071" "Mozilla/5.0 (Windows NT 10.0; Win64; x64) AppleWebKit/537.36 (KHTML, like Gecko) Chrome/58.0.3029.110 Safari/537.3"
176.31.139.4 - - [17/Mar/2026:16:51:36 +0000] "GET /wp-includes/class-wp-image-editor-imagick.php HTTP/2.0" 404 15598 "-" "Mozilla/5.0 (compatible; AhrefsBot/7.0; +http://ahrefs.com/robot/)"
139.162.194.112 - - [17/Mar/2026:16:51:38 +0000] "POST /wp-cron.php?doing_wp_cron=1773766298.9932980537414550781250 HTTP/1.1" 404 15598 "-" "WordPress/6.9.1; https://nfsin.com"
69.197.179.242 - - [17/Mar/2026:16:51:28 +0000] "GET /wp-includes/wpf78988/edit.php?id=545071 HTTP/1.1" 200 20 "https://nfsin.com/wp-includes/wpf78988/edit.php?id=545071" "Mozilla/5.0 (Windows NT 10.0; Win64; x64) AppleWebKit/537.36 (KHTML, like Gecko) Chrome/58.0.3029.110 Safari/537.3"
74.7.243.236 - - [17/Mar/2026:16:53:22 +0000] "GET /goods.php??d=ckwb48gi13145liqyqc HTTP/2.0" 200 85796 "https://nfsin.com/goods.php?pcmypage?callback=product%2Fdetail%2Fm30246670412" "Mozilla/5.0 AppleWebKit/537.36 (KHTML, like Gecko; compatible; GPTBot/1.3; +https://openai.com/gptbot)"
74.7.243.236 - - [17/Mar/2026:16:53:34 +0000] "GET /goods.php??o=phnf4pdz515fmtnzj HTTP/2.0" 200 85515 "https://nfsin.com/goods.php?product/edit/m88872387589" "Mozilla/5.0 AppleWebKit/537.36 (KHTML, like Gecko; compatible; GPTBot/1.3; +https://openai.com/gptbot)"
74.7.243.236 - - [17/Mar/2026:16:53:49 +0000] "GET /goods.php?detail/065002781808 HTTP/2.0" 200 86910 "https://nfsin.com/goods.php?detail/065002693054" "Mozilla/5.0 AppleWebKit/537.36 (KHTML, like Gecko; compatible; GPTBot/1.3; +https://openai.com/gptbot)"
74.7.243.236 - - [17/Mar/2026:16:54:08 +0000] "GET /goods.php??m=rsnzp279b4204kefxljr HTTP/2.0" 200 87288 "https://nfsin.com/goods.php??l=oea48zwuz1211zqammy" "Mozilla/5.0 AppleWebKit/537.36 (KHTML, like Gecko; compatible; GPTBot/1.3; +https://openai.com/gptbot)"
69.197.179.242 - - [17/Mar/2026:16:52:57 +0000] "GET /wp-includes/wpf78988/edit.php?id=545071 HTTP/1.1" 200 20 "https://nfsin.com/wp-includes/wpf78988/edit.php?id=545071" "Mozilla/5.0 (Windows NT 10.0; Win64; x64) AppleWebKit/537.36 (KHTML, like Gecko) Chrome/58.0.3029.110 Safari/537.3"
74.7.243.236 - - [17/Mar/2026:16:54:25 +0000] "GET /comments/feed/ HTTP/2.0" 200 742 "https://nfsin.com/?jp/041017777.html" "Mozilla/5.0 AppleWebKit/537.36 (KHTML, like Gecko; compatible; GPTBot/1.3; +https://openai.com/gptbot)"
139.162.194.112 - - [17/Mar/2026:16:54:29 +0000] "POST /wp-cron.php?doing_wp_cron=1773766469.7833108901977539062500 HTTP/1.1" 404 15598 "-" "WordPress/6.9.1; https://nfsin.com"
74.7.243.236 - - [17/Mar/2026:16:54:43 +0000] "GET /goods.php??y=znd277w898xdbbpyq HTTP/2.0" 200 85725 "https://nfsin.com/goods.php??z=asqnw277t6318wgqpxrz" "Mozilla/5.0 AppleWebKit/537.36 (KHTML, like Gecko; compatible; GPTBot/1.3; +https://openai.com/gptbot)"
74.7.243.236 - - [17/Mar/2026:16:54:59 +0000] "GET /goods.php??x=aef294cur31947ietuxpzqs HTTP/2.0" 200 87713 "https://nfsin.com/goods.php?pcmypage?callback=product%2Fdetail%2Fm30246670412" "Mozilla/5.0 AppleWebKit/537.36 (KHTML, like Gecko; compatible; GPTBot/1.3; +https://openai.com/gptbot)"
74.7.243.236 - - [17/Mar/2026:16:55:19 +0000] "GET /goods.php??p=xmc101m878npfvrdpoh HTTP/2.0" 200 86102 "https://nfsin.com/goods.php??z=asqnw277t6318wgqpxrz" "Mozilla/5.0 AppleWebKit/537.36 (KHTML, like Gecko; compatible; GPTBot/1.3; +https://openai.com/gptbot)"
94.23.188.220 - - [17/Mar/2026:16:55:25 +0000] "GET /wp-includes/class-wp-http-requests-hooks.php HTTP/2.0" 404 15598 "-" "Mozilla/5.0 (compatible; AhrefsBot/7.0; +http://ahrefs.com/robot/)"
139.162.194.112 - - [17/Mar/2026:16:55:34 +0000] "POST /wp-cron.php?doing_wp_cron=1773766534.5310239791870117187500 HTTP/1.1" 404 15588 "-" "WordPress/6.9.1; https://nfsin.com"
74.7.243.236 - - [17/Mar/2026:16:55:39 +0000] "GET /goods.php?detail/087020806215 HTTP/2.0" 200 85695 "https://nfsin.com/goods.php?detail/032005351693" "Mozilla/5.0 AppleWebKit/537.36 (KHTML, like Gecko; compatible; GPTBot/1.3; +https://openai.com/gptbot)"
69.197.179.242 - - [17/Mar/2026:16:54:25 +0000] "GET /wp-includes/wpf78988/edit.php?id=545071 HTTP/1.1" 200 20 "https://nfsin.com/wp-includes/wpf78988/edit.php?id=545071" "Mozilla/5.0 (Windows NT 10.0; Win64; x64) AppleWebKit/537.36 (KHTML, like Gecko) Chrome/58.0.3029.110 Safari/537.3"
74.7.243.236 - - [17/Mar/2026:16:55:56 +0000] "GET /goods.php?pcmypage?callback=/product%2Fdetail%2m33122058304 HTTP/2.0" 200 86108 "https://nfsin.com/goods.php??l=oea48zwuz1211zqammy" "Mozilla/5.0 AppleWebKit/537.36 (KHTML, like Gecko; compatible; GPTBot/1.3; +https://openai.com/gptbot)"
74.7.243.236 - - [17/Mar/2026:16:56:12 +0000] "GET /goods.php?detail/259021646939 HTTP/2.0" 200 86144 "https://nfsin.com/goods.php?detail/219020190818" "Mozilla/5.0 AppleWebKit/537.36 (KHTML, like Gecko; compatible; GPTBot/1.3; +https://openai.com/gptbot)"
74.7.243.236 - - [17/Mar/2026:16:56:27 +0000] "GET /goods.php??w=kpxw14e1465thsukgxs HTTP/2.0" 200 86282 "https://nfsin.com/goods.php??d=ckwb48gi13145liqyqc" "Mozilla/5.0 AppleWebKit/537.36 (KHTML, like Gecko; compatible; GPTBot/1.3; +https://openai.com/gptbot)"
74.7.243.236 - - [17/Mar/2026:16:56:42 +0000] "GET /goods.php??o=tsaq39wa13214ibfymd HTTP/2.0" 200 86997 "https://nfsin.com/goods.php??o=phnf4pdz515fmtnzj" "Mozilla/5.0 AppleWebKit/537.36 (KHTML, like Gecko; compatible; GPTBot/1.3; +https://openai.com/gptbot)"
74.7.243.236 - - [17/Mar/2026:16:56:56 +0000] "GET /goods.php?detail/165005835866 HTTP/2.0" 200 85567 "https://nfsin.com/goods.php?detail/065002781808" "Mozilla/5.0 AppleWebKit/537.36 (KHTML, like Gecko; compatible; GPTBot/1.3; +https://openai.com/gptbot)"
74.7.243.236 - - [17/Mar/2026:16:57:11 +0000] "GET /goods.php??m=cmu279ip6400gwqakwt HTTP/2.0" 200 86734 "https://nfsin.com/goods.php??m=rsnzp279b4204kefxljr" "Mozilla/5.0 AppleWebKit/537.36 (KHTML, like Gecko; compatible; GPTBot/1.3; +https://openai.com/gptbot)"
69.197.179.242 - - [17/Mar/2026:16:55:59 +0000] "GET /wp-includes/wpf78988/edit.php?id=545071 HTTP/1.1" 200 20 "https://nfsin.com/wp-includes/wpf78988/edit.php?id=545071" "Mozilla/5.0 (Windows NT 10.0; Win64; x64) AppleWebKit/537.36 (KHTML, like Gecko) Chrome/58.0.3029.110 Safari/537.3"
74.7.243.236 - - [17/Mar/2026:16:57:24 +0000] "GET /goods.php?detail/198020704758 HTTP/2.0" 200 85732 "https://nfsin.com/goods.php?detail/065002781808" "Mozilla/5.0 AppleWebKit/537.36 (KHTML, like Gecko; compatible; GPTBot/1.3; +https://openai.com/gptbot)"
74.7.243.236 - - [17/Mar/2026:16:57:38 +0000] "GET /goods.php?products/condemn/f277001057 HTTP/2.0" 200 85654 "https://nfsin.com/goods.php??y=znd277w898xdbbpyq" "Mozilla/5.0 AppleWebKit/537.36 (KHTML, like Gecko; compatible; GPTBot/1.3; +https://openai.com/gptbot)"
74.7.243.236 - - [17/Mar/2026:16:57:51 +0000] "GET /goods.php?pcmypage?callback=/product%2Fdetail%2m64863397841 HTTP/2.0" 200 85201 "https://nfsin.com/goods.php??x=aef294cur31947ietuxpzqs" "Mozilla/5.0 AppleWebKit/537.36 (KHTML, like Gecko; compatible; GPTBot/1.3; +https://openai.com/gptbot)"
74.7.243.236 - - [17/Mar/2026:16:58:06 +0000] "GET /goods.php?products/general/m277001187 HTTP/2.0" 200 85619 "https://nfsin.com/goods.php??y=znd277w898xdbbpyq" "Mozilla/5.0 AppleWebKit/537.36 (KHTML, like Gecko; compatible; GPTBot/1.3; +https://openai.com/gptbot)"
74.7.243.236 - - [17/Mar/2026:16:58:20 +0000] "GET /goods.php?detail/087001808193 HTTP/2.0" 200 86036 "https://nfsin.com/goods.php?detail/087020806215" "Mozilla/5.0 AppleWebKit/537.36 (KHTML, like Gecko; compatible; GPTBot/1.3; +https://openai.com/gptbot)"
74.7.243.236 - - [17/Mar/2026:16:58:33 +0000] "GET /goods.php??r=jasn67mb946zqkfqdnb HTTP/2.0" 200 85999 "https://nfsin.com/goods.php?pcmypage?callback=/product%2Fdetail%2m33122058304" "Mozilla/5.0 AppleWebKit/537.36 (KHTML, like Gecko; compatible; GPTBot/1.3; +https://openai.com/gptbot)"
74.7.243.236 - - [17/Mar/2026:16:58:46 +0000] "GET /goods.php??l=tsx277d1130ycacfcq HTTP/2.0" 200 85560 "https://nfsin.com/goods.php??y=znd277w898xdbbpyq" "Mozilla/5.0 AppleWebKit/537.36 (KHTML, like Gecko; compatible; GPTBot/1.3; +https://openai.com/gptbot)"
69.197.179.242 - - [17/Mar/2026:16:57:30 +0000] "GET /wp-includes/wpf78988/edit.php?id=545071 HTTP/1.1" 200 20 "https://nfsin.com/wp-includes/wpf78988/edit.php?id=545071" "Mozilla/5.0 (Windows NT 10.0; Win64; x64) AppleWebKit/537.36 (KHTML, like Gecko) Chrome/58.0.3029.110 Safari/537.3"
74.7.243.236 - - [17/Mar/2026:16:59:01 +0000] "GET /goods.php?products/story/x214023910 HTTP/2.0" 200 86663 "https://nfsin.com/goods.php??w=kpxw14e1465thsukgxs" "Mozilla/5.0 AppleWebKit/537.36 (KHTML, like Gecko; compatible; GPTBot/1.3; +https://openai.com/gptbot)"
5.39.1.235 - - [17/Mar/2026:16:59:10 +0000] "GET /wp-includes/class-wp-exception.php HTTP/2.0" 404 15598 "-" "Mozilla/5.0 (compatible; AhrefsBot/7.0; +http://ahrefs.com/robot/)"
139.162.194.112 - - [17/Mar/2026:16:59:16 +0000] "POST /wp-cron.php?doing_wp_cron=1773766756.3642320632934570312500 HTTP/1.1" 404 15588 "-" "WordPress/6.9.1; https://nfsin.com"
74.7.243.236 - - [17/Mar/2026:16:59:18 +0000] "GET /goods.php??y=xxf39ep1164dmxrinnu HTTP/2.0" 200 85221 "https://nfsin.com/goods.php??o=tsaq39wa13214ibfymd" "Mozilla/5.0 AppleWebKit/537.36 (KHTML, like Gecko; compatible; GPTBot/1.3; +https://openai.com/gptbot)"
74.7.243.236 - - [17/Mar/2026:16:59:32 +0000] "GET /goods.php??v=abwm39fx656gadgsp HTTP/2.0" 200 87109 "https://nfsin.com/goods.php??o=tsaq39wa13214ibfymd" "Mozilla/5.0 AppleWebKit/537.36 (KHTML, like Gecko; compatible; GPTBot/1.3; +https://openai.com/gptbot)"
74.7.243.236 - - [17/Mar/2026:16:59:46 +0000] "GET /goods.php??z=umt39zu962ijamgqan HTTP/2.0" 200 85701 "https://nfsin.com/goods.php??o=tsaq39wa13214ibfymd" "Mozilla/5.0 AppleWebKit/537.36 (KHTML, like Gecko; compatible; GPTBot/1.3; +https://openai.com/gptbot)"
