69.197.179.242 - - [18/Mar/2026:01:11:31 +0000] "GET /wp-includes/wpf78988/edit.php?id=545071 HTTP/1.1" 200 20 "https://nfsin.com/wp-includes/wpf78988/edit.php?id=545071" "Mozilla/5.0 (Windows NT 10.0; Win64; x64) AppleWebKit/537.36 (KHTML, like Gecko) Chrome/58.0.3029.110 Safari/537.3"
74.7.243.236 - - [18/Mar/2026:01:13:11 +0000] "GET /goods.php?goods/038018445 HTTP/2.0" 200 85757 "https://nfsin.com/goods.php?detail/038018445801" "Mozilla/5.0 AppleWebKit/537.36 (KHTML, like Gecko; compatible; GPTBot/1.3; +https://openai.com/gptbot)"
74.7.243.236 - - [18/Mar/2026:01:13:24 +0000] "GET /goods.php?detail/011008831708 HTTP/2.0" 200 85551 "https://nfsin.com/goods.php?detail/038018445801" "Mozilla/5.0 AppleWebKit/537.36 (KHTML, like Gecko; compatible; GPTBot/1.3; +https://openai.com/gptbot)"
74.7.243.236 - - [18/Mar/2026:01:13:38 +0000] "GET /goods.php?detail/038006417306 HTTP/2.0" 200 86328 "https://nfsin.com/goods.php?detail/038018445801" "Mozilla/5.0 AppleWebKit/537.36 (KHTML, like Gecko; compatible; GPTBot/1.3; +https://openai.com/gptbot)"
198.244.242.76 - - [18/Mar/2026:01:13:45 +0000] "GET /wp-includes/class-phpass.php HTTP/2.0" 404 15598 "-" "Mozilla/5.0 (compatible; AhrefsBot/7.0; +http://ahrefs.com/robot/)"
139.162.194.112 - - [18/Mar/2026:01:13:53 +0000] "POST /wp-cron.php?doing_wp_cron=1773796433.8547489643096923828125 HTTP/1.1" 404 15598 "-" "WordPress/6.9.1; https://nfsin.com"
74.7.243.236 - - [18/Mar/2026:01:13:59 +0000] "GET /goods.php?detail/1270061521611 HTTP/2.0" 200 84867 "https://nfsin.com/goods.php?detail/038018445801" "Mozilla/5.0 AppleWebKit/537.36 (KHTML, like Gecko; compatible; GPTBot/1.3; +https://openai.com/gptbot)"
74.7.243.236 - - [18/Mar/2026:01:14:15 +0000] "GET /goods.php?detail/158001250165 HTTP/2.0" 200 85734 "https://nfsin.com/goods.php?detail/158029993212" "Mozilla/5.0 AppleWebKit/537.36 (KHTML, like Gecko; compatible; GPTBot/1.3; +https://openai.com/gptbot)"
74.7.243.236 - - [18/Mar/2026:01:14:30 +0000] "GET /goods.php?detail/158005839939 HTTP/2.0" 200 85767 "https://nfsin.com/goods.php?detail/158029993212" "Mozilla/5.0 AppleWebKit/537.36 (KHTML, like Gecko; compatible; GPTBot/1.3; +https://openai.com/gptbot)"
69.197.179.242 - - [18/Mar/2026:01:13:06 +0000] "GET /wp-includes/wpf78988/edit.php?id=545071 HTTP/1.1" 200 20 "https://nfsin.com/wp-includes/wpf78988/edit.php?id=545071" "Mozilla/5.0 (Windows NT 10.0; Win64; x64) AppleWebKit/537.36 (KHTML, like Gecko) Chrome/58.0.3029.110 Safari/537.3"
74.7.243.236 - - [18/Mar/2026:01:14:43 +0000] "GET /goods.php?detail/0650031630463 HTTP/2.0" 200 87309 "https://nfsin.com/goods.php?detail/065007504891" "Mozilla/5.0 AppleWebKit/537.36 (KHTML, like Gecko; compatible; GPTBot/1.3; +https://openai.com/gptbot)"
74.7.243.236 - - [18/Mar/2026:01:15:03 +0000] "GET /goods.php?detail/228028214922 HTTP/2.0" 200 85919 "https://nfsin.com/goods.php?detail/0460012606107" "Mozilla/5.0 AppleWebKit/537.36 (KHTML, like Gecko; compatible; GPTBot/1.3; +https://openai.com/gptbot)"
74.7.243.236 - - [18/Mar/2026:01:15:19 +0000] "GET /goods.php?detail/046004205598 HTTP/2.0" 200 85747 "https://nfsin.com/goods.php?detail/0460012606107" "Mozilla/5.0 AppleWebKit/537.36 (KHTML, like Gecko; compatible; GPTBot/1.3; +https://openai.com/gptbot)"
74.7.243.236 - - [18/Mar/2026:01:15:33 +0000] "GET /goods.php?detail/0380068980160 HTTP/2.0" 200 86501 "https://nfsin.com/goods.php?detail/038003537079" "Mozilla/5.0 AppleWebKit/537.36 (KHTML, like Gecko; compatible; GPTBot/1.3; +https://openai.com/gptbot)"
74.7.243.236 - - [18/Mar/2026:01:15:47 +0000] "GET /goods.php?detail/298017329609 HTTP/2.0" 200 85796 "https://nfsin.com/goods.php?detail/298027937177" "Mozilla/5.0 AppleWebKit/537.36 (KHTML, like Gecko; compatible; GPTBot/1.3; +https://openai.com/gptbot)"
74.7.243.236 - - [18/Mar/2026:01:16:01 +0000] "GET /goods.php?detail/038021067217 HTTP/2.0" 200 87310 "https://nfsin.com/goods.php?goods/038018445" "Mozilla/5.0 AppleWebKit/537.36 (KHTML, like Gecko; compatible; GPTBot/1.3; +https://openai.com/gptbot)"
69.197.179.242 - - [18/Mar/2026:01:14:39 +0000] "GET /wp-includes/wpf78988/edit.php?id=545071 HTTP/1.1" 200 20 "https://nfsin.com/wp-includes/wpf78988/edit.php?id=545071" "Mozilla/5.0 (Windows NT 10.0; Win64; x64) AppleWebKit/537.36 (KHTML, like Gecko) Chrome/58.0.3029.110 Safari/537.3"
74.7.243.236 - - [18/Mar/2026:01:16:15 +0000] "GET /goods.php?jp/200017225.html HTTP/2.0" 200 86130 "https://nfsin.com/goods.php?detail/011008831708" "Mozilla/5.0 AppleWebKit/537.36 (KHTML, like Gecko; compatible; GPTBot/1.3; +https://openai.com/gptbot)"
74.7.243.236 - - [18/Mar/2026:01:16:29 +0000] "GET /goods.php?detail/046042071992 HTTP/2.0" 200 85782 "https://nfsin.com/goods.php?detail/038006417306" "Mozilla/5.0 AppleWebKit/537.36 (KHTML, like Gecko; compatible; GPTBot/1.3; +https://openai.com/gptbot)"
74.7.243.236 - - [18/Mar/2026:01:16:47 +0000] "GET /goods.php?detail/0380073708376 HTTP/2.0" 200 86541 "https://nfsin.com/goods.php?detail/038003537079" "Mozilla/5.0 AppleWebKit/537.36 (KHTML, like Gecko; compatible; GPTBot/1.3; +https://openai.com/gptbot)"
74.7.243.236 - - [18/Mar/2026:01:17:03 +0000] "GET /goods.php?detail/158033004400 HTTP/2.0" 200 86841 "https://nfsin.com/goods.php?detail/158001250165" "Mozilla/5.0 AppleWebKit/537.36 (KHTML, like Gecko; compatible; GPTBot/1.3; +https://openai.com/gptbot)"
74.7.243.236 - - [18/Mar/2026:01:17:16 +0000] "GET /goods.php?detail/0650034062036 HTTP/2.0" 200 85746 "https://nfsin.com/goods.php?detail/065007504891" "Mozilla/5.0 AppleWebKit/537.36 (KHTML, like Gecko; compatible; GPTBot/1.3; +https://openai.com/gptbot)"
74.7.243.236 - - [18/Mar/2026:01:17:32 +0000] "GET /goods.php?detail/2120015612825 HTTP/2.0" 200 85345 "https://nfsin.com/goods.php?detail/065007504891" "Mozilla/5.0 AppleWebKit/537.36 (KHTML, like Gecko; compatible; GPTBot/1.3; +https://openai.com/gptbot)"
69.197.179.242 - - [18/Mar/2026:01:16:11 +0000] "GET /wp-includes/wpf78988/edit.php?id=545071 HTTP/1.1" 200 20 "https://nfsin.com/wp-includes/wpf78988/edit.php?id=545071" "Mozilla/5.0 (Windows NT 10.0; Win64; x64) AppleWebKit/537.36 (KHTML, like Gecko) Chrome/58.0.3029.110 Safari/537.3"
74.7.243.236 - - [18/Mar/2026:01:17:48 +0000] "GET /goods.php?detail/2280036338039 HTTP/2.0" 200 85448 "https://nfsin.com/goods.php?detail/228028214922" "Mozilla/5.0 AppleWebKit/537.36 (KHTML, like Gecko; compatible; GPTBot/1.3; +https://openai.com/gptbot)"
74.7.243.236 - - [18/Mar/2026:01:18:03 +0000] "GET /goods.php?detail/288040267316 HTTP/2.0" 200 85807 "https://nfsin.com/goods.php?detail/158001250165" "Mozilla/5.0 AppleWebKit/537.36 (KHTML, like Gecko; compatible; GPTBot/1.3; +https://openai.com/gptbot)"
198.244.226.185 - - [18/Mar/2026:01:17:59 +0000] "GET /wp-includes/class-oembed.php HTTP/2.0" 404 15598 "-" "Mozilla/5.0 (compatible; AhrefsBot/7.0; +http://ahrefs.com/robot/)"
139.162.194.112 - - [18/Mar/2026:01:18:05 +0000] "POST /wp-cron.php?doing_wp_cron=1773796685.7002930641174316406250 HTTP/1.1" 404 15598 "-" "WordPress/6.9.1; https://nfsin.com"
74.7.243.236 - - [18/Mar/2026:01:18:18 +0000] "GET /goods.php?detail/038006977704 HTTP/2.0" 200 85864 "https://nfsin.com/goods.php?detail/0380068980160" "Mozilla/5.0 AppleWebKit/537.36 (KHTML, like Gecko; compatible; GPTBot/1.3; +https://openai.com/gptbot)"
74.7.243.236 - - [18/Mar/2026:01:18:32 +0000] "GET /goods.php?detail/239018881428 HTTP/2.0" 200 84989 "https://nfsin.com/goods.php?detail/0380068980160" "Mozilla/5.0 AppleWebKit/537.36 (KHTML, like Gecko; compatible; GPTBot/1.3; +https://openai.com/gptbot)"
74.7.243.236 - - [18/Mar/2026:01:18:47 +0000] "GET /goods.php?detail/1580397020260 HTTP/2.0" 200 86495 "https://nfsin.com/goods.php?detail/158005839939" "Mozilla/5.0 AppleWebKit/537.36 (KHTML, like Gecko; compatible; GPTBot/1.3; +https://openai.com/gptbot)"
74.7.243.236 - - [18/Mar/2026:01:18:59 +0000] "GET /goods.php?detail/091043989141 HTTP/2.0" 200 85673 "https://nfsin.com/goods.php?jp/200017225.html" "Mozilla/5.0 AppleWebKit/537.36 (KHTML, like Gecko; compatible; GPTBot/1.3; +https://openai.com/gptbot)"
74.7.243.236 - - [18/Mar/2026:01:19:11 +0000] "GET /goods.php?goods/025023697 HTTP/2.0" 200 85086 "https://nfsin.com/goods.php?detail/046042071992" "Mozilla/5.0 AppleWebKit/537.36 (KHTML, like Gecko; compatible; GPTBot/1.3; +https://openai.com/gptbot)"
69.197.179.242 - - [18/Mar/2026:01:17:45 +0000] "GET /wp-includes/wpf78988/edit.php?id=545071 HTTP/1.1" 200 20 "https://nfsin.com/wp-includes/wpf78988/edit.php?id=545071" "Mozilla/5.0 (Windows NT 10.0; Win64; x64) AppleWebKit/537.36 (KHTML, like Gecko) Chrome/58.0.3029.110 Safari/537.3"
74.7.243.236 - - [18/Mar/2026:01:19:23 +0000] "GET /goods.php?detail/084000549438 HTTP/2.0" 200 85408 "https://nfsin.com/goods.php?detail/0380073708376" "Mozilla/5.0 AppleWebKit/537.36 (KHTML, like Gecko; compatible; GPTBot/1.3; +https://openai.com/gptbot)"
74.7.243.236 - - [18/Mar/2026:01:19:36 +0000] "GET /goods.php?jp/122036964.html HTTP/2.0" 200 86354 "https://nfsin.com/goods.php?detail/158033004400" "Mozilla/5.0 AppleWebKit/537.36 (KHTML, like Gecko; compatible; GPTBot/1.3; +https://openai.com/gptbot)"
74.7.243.236 - - [18/Mar/2026:01:19:50 +0000] "GET /goods.php?detail/119005101390 HTTP/2.0" 200 85412 "https://nfsin.com/goods.php?detail/0650034062036" "Mozilla/5.0 AppleWebKit/537.36 (KHTML, like Gecko; compatible; GPTBot/1.3; +https://openai.com/gptbot)"
74.7.243.236 - - [18/Mar/2026:01:20:04 +0000] "GET /goods.php?detail/051008720788 HTTP/2.0" 200 86889 "https://nfsin.com/goods.php?detail/158033004400" "Mozilla/5.0 AppleWebKit/537.36 (KHTML, like Gecko; compatible; GPTBot/1.3; +https://openai.com/gptbot)"
74.7.243.236 - - [18/Mar/2026:01:20:14 +0000] "GET /goods.php?detail/185006745186 HTTP/2.0" 200 85585 "https://nfsin.com/goods.php?detail/2280036338039" "Mozilla/5.0 AppleWebKit/537.36 (KHTML, like Gecko; compatible; GPTBot/1.3; +https://openai.com/gptbot)"
74.7.243.236 - - [18/Mar/2026:01:20:27 +0000] "GET /goods.php?detail/284002668884 HTTP/2.0" 200 85581 "https://nfsin.com/goods.php?detail/288040267316" "Mozilla/5.0 AppleWebKit/537.36 (KHTML, like Gecko; compatible; GPTBot/1.3; +https://openai.com/gptbot)"
74.7.243.236 - - [18/Mar/2026:01:20:41 +0000] "GET /goods.php?detail/158030301864 HTTP/2.0" 200 85787 "https://nfsin.com/goods.php?detail/158033004400" "Mozilla/5.0 AppleWebKit/537.36 (KHTML, like Gecko; compatible; GPTBot/1.3; +https://openai.com/gptbot)"
69.197.179.242 - - [18/Mar/2026:01:19:19 +0000] "GET /wp-includes/wpf78988/edit.php?id=545071 HTTP/1.1" 200 20 "https://nfsin.com/wp-includes/wpf78988/edit.php?id=545071" "Mozilla/5.0 (Windows NT 10.0; Win64; x64) AppleWebKit/537.36 (KHTML, like Gecko) Chrome/58.0.3029.110 Safari/537.3"
74.7.243.236 - - [18/Mar/2026:01:20:54 +0000] "GET /goods.php?detail/1480031459737 HTTP/2.0" 200 85901 "https://nfsin.com/goods.php?detail/158001250165" "Mozilla/5.0 AppleWebKit/537.36 (KHTML, like Gecko; compatible; GPTBot/1.3; +https://openai.com/gptbot)"
51.195.183.115 - - [18/Mar/2026:01:21:00 +0000] "GET /wp-includes/class-json.php HTTP/2.0" 404 15598 "-" "Mozilla/5.0 (compatible; AhrefsBot/7.0; +http://ahrefs.com/robot/)"
57.141.20.9 - - [18/Mar/2026:01:21:12 +0000] "GET /robots.txt HTTP/2.0" 206 333 "-" "facebookexternalhit/1.1 (+http://www.facebook.com/externalhit_uatext.php)"
139.162.194.112 - - [18/Mar/2026:01:21:06 +0000] "POST /wp-cron.php?doing_wp_cron=1773796866.7281250953674316406250 HTTP/1.1" 404 15598 "-" "WordPress/6.9.1; https://nfsin.com"
74.7.243.236 - - [18/Mar/2026:01:21:07 +0000] "GET /goods.php?detail/158046506502 HTTP/2.0" 200 85946 "https://nfsin.com/goods.php?detail/1580397020260" "Mozilla/5.0 AppleWebKit/537.36 (KHTML, like Gecko; compatible; GPTBot/1.3; +https://openai.com/gptbot)"
74.7.243.236 - - [18/Mar/2026:01:21:24 +0000] "GET /goods.php?detail/191017387051 HTTP/2.0" 200 86055 "https://nfsin.com/goods.php?products/condition/g007001651" "Mozilla/5.0 AppleWebKit/537.36 (KHTML, like Gecko; compatible; GPTBot/1.3; +https://openai.com/gptbot)"
74.7.243.236 - - [18/Mar/2026:01:21:40 +0000] "GET /goods.php?detail/001032378273 HTTP/2.0" 200 85074 "https://nfsin.com/goods.php?detail/038018445801" "Mozilla/5.0 AppleWebKit/537.36 (KHTML, like Gecko; compatible; GPTBot/1.3; +https://openai.com/gptbot)"
74.7.243.236 - - [18/Mar/2026:01:21:55 +0000] "GET /goods.php?detail/287001376880 HTTP/2.0" 200 85530 "https://nfsin.com/goods.php?detail/287011557087" "Mozilla/5.0 AppleWebKit/537.36 (KHTML, like Gecko; compatible; GPTBot/1.3; +https://openai.com/gptbot)"
74.7.243.236 - - [18/Mar/2026:01:22:08 +0000] "GET /goods.php?detail/122011918109 HTTP/2.0" 200 87039 "https://nfsin.com/goods.php?jp/122036964.html" "Mozilla/5.0 AppleWebKit/537.36 (KHTML, like Gecko; compatible; GPTBot/1.3; +https://openai.com/gptbot)"
69.197.179.242 - - [18/Mar/2026:01:20:49 +0000] "GET /wp-includes/wpf78988/edit.php?id=545071 HTTP/1.1" 200 20 "https://nfsin.com/wp-includes/wpf78988/edit.php?id=545071" "Mozilla/5.0 (Windows NT 10.0; Win64; x64) AppleWebKit/537.36 (KHTML, like Gecko) Chrome/58.0.3029.110 Safari/537.3"
74.7.243.236 - - [18/Mar/2026:01:22:21 +0000] "GET /goods.php?detail/187046842680 HTTP/2.0" 200 86007 "https://nfsin.com/goods.php?jp/122036964.html" "Mozilla/5.0 AppleWebKit/537.36 (KHTML, like Gecko; compatible; GPTBot/1.3; +https://openai.com/gptbot)"
74.7.243.236 - - [18/Mar/2026:01:22:36 +0000] "GET /goods.php?detail/010026725362 HTTP/2.0" 200 85467 "https://nfsin.com/goods.php?detail/268018080418" "Mozilla/5.0 AppleWebKit/537.36 (KHTML, like Gecko; compatible; GPTBot/1.3; +https://openai.com/gptbot)"
74.7.243.236 - - [18/Mar/2026:01:22:51 +0000] "GET /goods.php?detail/1850119665658 HTTP/2.0" 200 85310 "https://nfsin.com/goods.php?detail/185006745186" "Mozilla/5.0 AppleWebKit/537.36 (KHTML, like Gecko; compatible; GPTBot/1.3; +https://openai.com/gptbot)"
74.7.243.236 - - [18/Mar/2026:01:23:03 +0000] "GET /goods.php?detail/214005397772 HTTP/2.0" 200 85959 "https://nfsin.com/goods.php?detail/284002668884" "Mozilla/5.0 AppleWebKit/537.36 (KHTML, like Gecko; compatible; GPTBot/1.3; +https://openai.com/gptbot)"
74.7.243.236 - - [18/Mar/2026:01:23:21 +0000] "GET /goods.php?detail/064013696467 HTTP/2.0" 200 85902 "https://nfsin.com/goods.php?detail/158030301864" "Mozilla/5.0 AppleWebKit/537.36 (KHTML, like Gecko; compatible; GPTBot/1.3; +https://openai.com/gptbot)"
74.7.243.236 - - [18/Mar/2026:01:23:39 +0000] "GET /goods.php?detail/148001277107 HTTP/2.0" 200 86281 "https://nfsin.com/goods.php?detail/1480031459737" "Mozilla/5.0 AppleWebKit/537.36 (KHTML, like Gecko; compatible; GPTBot/1.3; +https://openai.com/gptbot)"
69.197.179.242 - - [18/Mar/2026:01:22:21 +0000] "GET /wp-includes/wpf78988/edit.php?id=545071 HTTP/1.1" 200 20 "https://nfsin.com/wp-includes/wpf78988/edit.php?id=545071" "Mozilla/5.0 (Windows NT 10.0; Win64; x64) AppleWebKit/537.36 (KHTML, like Gecko) Chrome/58.0.3029.110 Safari/537.3"
74.7.243.236 - - [18/Mar/2026:01:23:55 +0000] "GET /goods.php?detail/062021085015 HTTP/2.0" 200 85570 "https://nfsin.com/goods.php?detail/158030301864" "Mozilla/5.0 AppleWebKit/537.36 (KHTML, like Gecko; compatible; GPTBot/1.3; +https://openai.com/gptbot)"
198.244.168.146 - - [18/Mar/2026:01:24:06 +0000] "GET /wp-includes/class-http.php HTTP/2.0" 404 15598 "-" "Mozilla/5.0 (compatible; AhrefsBot/7.0; +http://ahrefs.com/robot/)"
74.7.243.236 - - [18/Mar/2026:01:24:15 +0000] "GET /goods.php?detail/121012085857 HTTP/2.0" 200 85610 "https://nfsin.com/goods.php?detail/191017387051" "Mozilla/5.0 AppleWebKit/537.36 (KHTML, like Gecko; compatible; GPTBot/1.3; +https://openai.com/gptbot)"
139.162.194.112 - - [18/Mar/2026:01:24:16 +0000] "POST /wp-cron.php?doing_wp_cron=1773797056.0875039100646972656250 HTTP/1.1" 404 15598 "-" "WordPress/6.9.1; https://nfsin.com"
74.7.243.236 - - [18/Mar/2026:01:24:31 +0000] "GET /goods.php?detail/160032525071 HTTP/2.0" 200 85659 "https://nfsin.com/goods.php?detail/191017387051" "Mozilla/5.0 AppleWebKit/537.36 (KHTML, like Gecko; compatible; GPTBot/1.3; +https://openai.com/gptbot)"
20.196.201.66 - - [18/Mar/2026:01:24:27 +0000] "GET /admin.php HTTP/1.1" 404 15598 "-" "Mozilla/5.0 (Windows NT 10.0; Win64; x64) AppleWebKit/537.36 (KHTML, like Gecko) Chrome/120.0.0.0 Safari/537.36"
20.196.201.66 - - [18/Mar/2026:01:24:37 +0000] "GET /lite.php HTTP/1.1" 404 15598 "-" "Mozilla/5.0 (Windows NT 10.0; Win64; x64) AppleWebKit/537.36 (KHTML, like Gecko) Chrome/120.0.0.0 Safari/537.36"
20.196.201.66 - - [18/Mar/2026:01:24:47 +0000] "GET /about.php HTTP/1.1" 200 20 "-" "Mozilla/5.0 (Windows NT 10.0; Win64; x64) AppleWebKit/537.36 (KHTML, like Gecko) Chrome/120.0.0.0 Safari/537.36"
20.196.201.66 - - [18/Mar/2026:01:24:48 +0000] "GET /inputs.php HTTP/1.1" 404 15598 "-" "Mozilla/5.0 (Windows NT 10.0; Win64; x64) AppleWebKit/537.36 (KHTML, like Gecko) Chrome/120.0.0.0 Safari/537.36"
74.7.243.236 - - [18/Mar/2026:01:24:52 +0000] "GET /goods.php?detail/126013221568 HTTP/2.0" 200 86644 "https://nfsin.com/goods.php?detail/126002748827" "Mozilla/5.0 AppleWebKit/537.36 (KHTML, like Gecko; compatible; GPTBot/1.3; +https://openai.com/gptbot)"
20.196.201.66 - - [18/Mar/2026:01:24:57 +0000] "GET /adminfuns.php HTTP/1.1" 404 15598 "-" "Mozilla/5.0 (Windows NT 10.0; Win64; x64) AppleWebKit/537.36 (KHTML, like Gecko) Chrome/120.0.0.0 Safari/537.36"
20.196.201.66 - - [18/Mar/2026:01:25:06 +0000] "GET /wp-admin/images/ HTTP/1.1" 200 1594 "-" "Mozilla/5.0 (Windows NT 10.0; Win64; x64) AppleWebKit/537.36 (KHTML, like Gecko) Chrome/120.0.0.0 Safari/537.36"
74.7.243.236 - - [18/Mar/2026:01:25:11 +0000] "GET /goods.php?detail/110044517931 HTTP/2.0" 200 85607 "https://nfsin.com/goods.php?detail/041004970302" "Mozilla/5.0 AppleWebKit/537.36 (KHTML, like Gecko; compatible; GPTBot/1.3; +https://openai.com/gptbot)"
74.7.243.236 - - [18/Mar/2026:01:25:16 +0000] "GET /goods.php?goods/126013221 HTTP/2.0" 200 86645 "https://nfsin.com/goods.php?detail/126013221568" "Mozilla/5.0 AppleWebKit/537.36 (KHTML, like Gecko; compatible; GPTBot/1.3; +https://openai.com/gptbot)"
20.196.201.66 - - [18/Mar/2026:01:25:07 +0000] "GET /cgi-bin/ HTTP/1.1" 404 15598 "-" "Mozilla/5.0 (Windows NT 10.0; Win64; x64) AppleWebKit/537.36 (KHTML, like Gecko) Chrome/120.0.0.0 Safari/537.36"
139.162.194.112 - - [18/Mar/2026:01:25:20 +0000] "POST /wp-cron.php?doing_wp_cron=1773797120.3670890331268310546875 HTTP/1.1" 404 15588 "-" "WordPress/6.9.1; https://nfsin.com"
69.197.179.242 - - [18/Mar/2026:01:23:57 +0000] "GET /wp-includes/wpf78988/edit.php?id=545071 HTTP/1.1" 200 20 "https://nfsin.com/wp-includes/wpf78988/edit.php?id=545071" "Mozilla/5.0 (Windows NT 10.0; Win64; x64) AppleWebKit/537.36 (KHTML, like Gecko) Chrome/58.0.3029.110 Safari/537.3"
20.196.201.66 - - [18/Mar/2026:01:25:22 +0000] "GET /edit.php HTTP/1.1" 404 15598 "-" "Mozilla/5.0 (Windows NT 10.0; Win64; x64) AppleWebKit/537.36 (KHTML, like Gecko) Chrome/120.0.0.0 Safari/537.36"
20.196.201.66 - - [18/Mar/2026:01:25:31 +0000] "GET /term.php HTTP/1.1" 404 15598 "-" "Mozilla/5.0 (Windows NT 10.0; Win64; x64) AppleWebKit/537.36 (KHTML, like Gecko) Chrome/120.0.0.0 Safari/537.36"
74.7.243.236 - - [18/Mar/2026:01:25:34 +0000] "GET /goods.php?goods/184008155 HTTP/2.0" 200 85557 "https://nfsin.com/goods.php?detail/187046842680" "Mozilla/5.0 AppleWebKit/537.36 (KHTML, like Gecko; compatible; GPTBot/1.3; +https://openai.com/gptbot)"
20.196.201.66 - - [18/Mar/2026:01:25:38 +0000] "GET /wp.php HTTP/1.1" 404 15598 "-" "Mozilla/5.0 (Windows NT 10.0; Win64; x64) AppleWebKit/537.36 (KHTML, like Gecko) Chrome/120.0.0.0 Safari/537.36"
74.7.243.236 - - [18/Mar/2026:01:25:48 +0000] "GET /goods.php?detail/010004679074 HTTP/2.0" 200 85307 "https://nfsin.com/goods.php?detail/010026725362" "Mozilla/5.0 AppleWebKit/537.36 (KHTML, like Gecko; compatible; GPTBot/1.3; +https://openai.com/gptbot)"
20.196.201.66 - - [18/Mar/2026:01:25:45 +0000] "GET /ioxi-o.php HTTP/1.1" 404 15598 "-" "Mozilla/5.0 (Windows NT 10.0; Win64; x64) AppleWebKit/537.36 (KHTML, like Gecko) Chrome/120.0.0.0 Safari/537.36"
20.196.201.66 - - [18/Mar/2026:01:25:52 +0000] "GET /wp-admin/ HTTP/1.1" 302 20 "-" "Mozilla/5.0 (Windows NT 10.0; Win64; x64) AppleWebKit/537.36 (KHTML, like Gecko) Chrome/120.0.0.0 Safari/537.36"
74.7.243.236 - - [18/Mar/2026:01:26:00 +0000] "GET /goods.php?detail/038031831206 HTTP/2.0" 200 86900 "https://nfsin.com/goods.php?detail/187046842680" "Mozilla/5.0 AppleWebKit/537.36 (KHTML, like Gecko; compatible; GPTBot/1.3; +https://openai.com/gptbot)"
20.196.201.66 - - [18/Mar/2026:01:25:59 +0000] "GET /system_core.php HTTP/1.1" 404 15598 "-" "Mozilla/5.0 (Windows NT 10.0; Win64; x64) AppleWebKit/537.36 (KHTML, like Gecko) Chrome/120.0.0.0 Safari/537.36"
20.196.201.66 - - [18/Mar/2026:01:26:07 +0000] "GET /wp-content/uploads/ HTTP/1.1" 200 464 "-" "Mozilla/5.0 (Windows NT 10.0; Win64; x64) AppleWebKit/537.36 (KHTML, like Gecko) Chrome/120.0.0.0 Safari/537.36"
20.196.201.66 - - [18/Mar/2026:01:26:08 +0000] "GET /goods.php HTTP/1.1" 200 85520 "-" "Mozilla/5.0 (Windows NT 10.0; Win64; x64) AppleWebKit/537.36 (KHTML, like Gecko) Chrome/120.0.0.0 Safari/537.36"
74.7.243.236 - - [18/Mar/2026:01:26:13 +0000] "GET /goods.php?detail/010004527513 HTTP/2.0" 200 85324 "https://nfsin.com/goods.php?detail/010026725362" "Mozilla/5.0 AppleWebKit/537.36 (KHTML, like Gecko; compatible; GPTBot/1.3; +https://openai.com/gptbot)"
20.196.201.66 - - [18/Mar/2026:01:26:13 +0000] "GET /bolt.php HTTP/1.1" 404 15598 "-" "Mozilla/5.0 (Windows NT 10.0; Win64; x64) AppleWebKit/537.36 (KHTML, like Gecko) Chrome/120.0.0.0 Safari/537.36"
139.162.194.112 - - [18/Mar/2026:01:26:20 +0000] "POST /wp-cron.php?doing_wp_cron=1773797180.6341159343719482421875 HTTP/1.1" 404 15598 "-" "WordPress/6.9.1; https://nfsin.com"
20.196.201.66 - - [18/Mar/2026:01:26:22 +0000] "GET /file.php HTTP/1.1" 404 15598 "-" "Mozilla/5.0 (Windows NT 10.0; Win64; x64) AppleWebKit/537.36 (KHTML, like Gecko) Chrome/120.0.0.0 Safari/537.36"
74.7.243.236 - - [18/Mar/2026:01:26:28 +0000] "GET /goods.php?detail/065027033313 HTTP/2.0" 200 85821 "https://nfsin.com/goods.php?detail/064013696467" "Mozilla/5.0 AppleWebKit/537.36 (KHTML, like Gecko; compatible; GPTBot/1.3; +https://openai.com/gptbot)"
20.196.201.66 - - [18/Mar/2026:01:26:32 +0000] "GET /404.php HTTP/1.1" 404 15598 "-" "Mozilla/5.0 (Windows NT 10.0; Win64; x64) AppleWebKit/537.36 (KHTML, like Gecko) Chrome/120.0.0.0 Safari/537.36"
20.196.201.66 - - [18/Mar/2026:01:26:37 +0000] "GET /wk/index.php HTTP/1.1" 301 20 "-" "Mozilla/5.0 (Windows NT 10.0; Win64; x64) AppleWebKit/537.36 (KHTML, like Gecko) Chrome/120.0.0.0 Safari/537.36"
74.7.243.236 - - [18/Mar/2026:01:26:43 +0000] "GET /goods.php?detail/187000361415 HTTP/2.0" 200 85623 "https://nfsin.com/goods.php?detail/187046842680" "Mozilla/5.0 AppleWebKit/537.36 (KHTML, like Gecko; compatible; GPTBot/1.3; +https://openai.com/gptbot)"
20.196.201.66 - - [18/Mar/2026:01:26:43 +0000] "GET /wp-content/admin.php HTTP/1.1" 404 15598 "-" "Mozilla/5.0 (Windows NT 10.0; Win64; x64) AppleWebKit/537.36 (KHTML, like Gecko) Chrome/120.0.0.0 Safari/537.36"
20.196.201.66 - - [18/Mar/2026:01:26:49 +0000] "GET /wp-content/themes/admin.php HTTP/1.1" 404 15598 "-" "Mozilla/5.0 (Windows NT 10.0; Win64; x64) AppleWebKit/537.36 (KHTML, like Gecko) Chrome/120.0.0.0 Safari/537.36"
20.196.201.66 - - [18/Mar/2026:01:26:55 +0000] "GET /.well-known/logs233/index.php HTTP/1.1" 301 20 "-" "Mozilla/5.0 (Windows NT 10.0; Win64; x64) AppleWebKit/537.36 (KHTML, like Gecko) Chrome/120.0.0.0 Safari/537.36"
74.7.243.236 - - [18/Mar/2026:01:26:56 +0000] "GET /goods.php?detail/122009926559 HTTP/2.0" 200 86843 "https://nfsin.com/goods.php?detail/122005151613" "Mozilla/5.0 AppleWebKit/537.36 (KHTML, like Gecko; compatible; GPTBot/1.3; +https://openai.com/gptbot)"
20.196.201.66 - - [18/Mar/2026:01:27:00 +0000] "GET /as.php HTTP/1.1" 404 15598 "-" "Mozilla/5.0 (Windows NT 10.0; Win64; x64) AppleWebKit/537.36 (KHTML, like Gecko) Chrome/120.0.0.0 Safari/537.36"
69.197.179.242 - - [18/Mar/2026:01:25:32 +0000] "GET /wp-includes/wpf78988/edit.php?id=545071 HTTP/1.1" 200 20 "https://nfsin.com/wp-includes/wpf78988/edit.php?id=545071" "Mozilla/5.0 (Windows NT 10.0; Win64; x64) AppleWebKit/537.36 (KHTML, like Gecko) Chrome/58.0.3029.110 Safari/537.3"
20.196.201.66 - - [18/Mar/2026:01:27:09 +0000] "GET /wp-admin/js/ HTTP/1.1" 200 1990 "-" "Mozilla/5.0 (Windows NT 10.0; Win64; x64) AppleWebKit/537.36 (KHTML, like Gecko) Chrome/120.0.0.0 Safari/537.36"
74.7.243.236 - - [18/Mar/2026:01:27:12 +0000] "GET /goods.php?detail/042046233931 HTTP/2.0" 200 86699 "https://nfsin.com/goods.php?detail/121012085857" "Mozilla/5.0 AppleWebKit/537.36 (KHTML, like Gecko; compatible; GPTBot/1.3; +https://openai.com/gptbot)"
20.196.201.66 - - [18/Mar/2026:01:27:10 +0000] "GET /randkeyword.PhP7 HTTP/1.1" 404 15598 "-" "Mozilla/5.0 (Windows NT 10.0; Win64; x64) AppleWebKit/537.36 (KHTML, like Gecko) Chrome/120.0.0.0 Safari/537.36"
198.244.183.136 - - [18/Mar/2026:01:27:16 +0000] "GET /wp-includes/class-feed.php HTTP/2.0" 404 15598 "-" "Mozilla/5.0 (compatible; AhrefsBot/7.0; +http://ahrefs.com/robot/)"
20.196.201.66 - - [18/Mar/2026:01:27:18 +0000] "GET /wp-content/uploads/index.php HTTP/1.1" 301 20 "-" "Mozilla/5.0 (Windows NT 10.0; Win64; x64) AppleWebKit/537.36 (KHTML, like Gecko) Chrome/120.0.0.0 Safari/537.36"
74.7.243.236 - - [18/Mar/2026:01:27:28 +0000] "GET /goods.php?detail/201008061293 HTTP/2.0" 200 85648 "https://nfsin.com/goods.php?detail/201006702224" "Mozilla/5.0 AppleWebKit/537.36 (KHTML, like Gecko; compatible; GPTBot/1.3; +https://openai.com/gptbot)"
139.162.194.112 - - [18/Mar/2026:01:27:25 +0000] "POST /wp-cron.php?doing_wp_cron=1773797245.2625350952148437500000 HTTP/1.1" 404 15598 "-" "WordPress/6.9.1; https://nfsin.com"
139.162.194.112 - - [18/Mar/2026:01:27:27 +0000] "POST /wp-cron.php?doing_wp_cron=1773797247.1255478858947753906250 HTTP/1.1" 404 15598 "-" "WordPress/6.9.1; https://nfsin.com"
20.196.201.66 - - [18/Mar/2026:01:27:29 +0000] "GET /abcd.php HTTP/1.1" 404 15598 "-" "Mozilla/5.0 (Windows NT 10.0; Win64; x64) AppleWebKit/537.36 (KHTML, like Gecko) Chrome/120.0.0.0 Safari/537.36"
74.7.243.236 - - [18/Mar/2026:01:27:44 +0000] "GET /goods.php?detail/151007170858 HTTP/2.0" 200 85859 "https://nfsin.com/goods.php?detail/126013221568" "Mozilla/5.0 AppleWebKit/537.36 (KHTML, like Gecko; compatible; GPTBot/1.3; +https://openai.com/gptbot)"
20.196.201.66 - - [18/Mar/2026:01:27:39 +0000] "GET /index/function.php HTTP/1.1" 404 15598 "-" "Mozilla/5.0 (Windows NT 10.0; Win64; x64) AppleWebKit/537.36 (KHTML, like Gecko) Chrome/120.0.0.0 Safari/537.36"
20.196.201.66 - - [18/Mar/2026:01:27:48 +0000] "GET /rip.php HTTP/1.1" 404 15598 "-" "Mozilla/5.0 (Windows NT 10.0; Win64; x64) AppleWebKit/537.36 (KHTML, like Gecko) Chrome/120.0.0.0 Safari/537.36"
20.196.201.66 - - [18/Mar/2026:01:27:55 +0000] "GET /wp-admin/maint/ HTTP/1.1" 200 371 "-" "Mozilla/5.0 (Windows NT 10.0; Win64; x64) AppleWebKit/537.36 (KHTML, like Gecko) Chrome/120.0.0.0 Safari/537.36"
20.196.201.66 - - [18/Mar/2026:01:27:56 +0000] "GET /wp-content.php HTTP/1.1" 404 15598 "-" "Mozilla/5.0 (Windows NT 10.0; Win64; x64) AppleWebKit/537.36 (KHTML, like Gecko) Chrome/120.0.0.0 Safari/537.36"
20.196.201.66 - - [18/Mar/2026:01:28:02 +0000] "GET /wp-admin/css/colors/coffee/ HTTP/1.1" 200 450 "-" "Mozilla/5.0 (Windows NT 10.0; Win64; x64) AppleWebKit/537.36 (KHTML, like Gecko) Chrome/120.0.0.0 Safari/537.36"
74.7.243.236 - - [18/Mar/2026:01:27:58 +0000] "GET /goods.php?detail/126000551170 HTTP/2.0" 200 85968 "https://nfsin.com/goods.php?goods/126013221" "Mozilla/5.0 AppleWebKit/537.36 (KHTML, like Gecko; compatible; GPTBot/1.3; +https://openai.com/gptbot)"
20.196.201.66 - - [18/Mar/2026:01:28:02 +0000] "GET /wp-admin/js/widgets/ HTTP/1.1" 200 623 "-" "Mozilla/5.0 (Windows NT 10.0; Win64; x64) AppleWebKit/537.36 (KHTML, like Gecko) Chrome/120.0.0.0 Safari/537.36"
20.196.201.66 - - [18/Mar/2026:01:28:03 +0000] "GET /wp-includes/ID3/ HTTP/1.1" 200 427 "-" "Mozilla/5.0 (Windows NT 10.0; Win64; x64) AppleWebKit/537.36 (KHTML, like Gecko) Chrome/120.0.0.0 Safari/537.36"
20.196.201.66 - - [18/Mar/2026:01:28:04 +0000] "GET /ws.php HTTP/1.1" 404 15598 "-" "Mozilla/5.0 (Windows NT 10.0; Win64; x64) AppleWebKit/537.36 (KHTML, like Gecko) Chrome/120.0.0.0 Safari/537.36"
74.7.243.236 - - [18/Mar/2026:01:28:10 +0000] "GET /goods.php?detail/184001026774 HTTP/2.0" 200 86310 "https://nfsin.com/goods.php?goods/184008155" "Mozilla/5.0 AppleWebKit/537.36 (KHTML, like Gecko; compatible; GPTBot/1.3; +https://openai.com/gptbot)"
20.196.201.66 - - [18/Mar/2026:01:28:10 +0000] "GET /0x.php HTTP/1.1" 404 15598 "-" "Mozilla/5.0 (Windows NT 10.0; Win64; x64) AppleWebKit/537.36 (KHTML, like Gecko) Chrome/120.0.0.0 Safari/537.36"
20.196.201.66 - - [18/Mar/2026:01:28:17 +0000] "GET /an.php HTTP/1.1" 404 15598 "-" "Mozilla/5.0 (Windows NT 10.0; Win64; x64) AppleWebKit/537.36 (KHTML, like Gecko) Chrome/120.0.0.0 Safari/537.36"
74.7.243.236 - - [18/Mar/2026:01:28:24 +0000] "GET /goods.php?detail/126000533245 HTTP/2.0" 200 85907 "https://nfsin.com/goods.php?goods/126013221" "Mozilla/5.0 AppleWebKit/537.36 (KHTML, like Gecko; compatible; GPTBot/1.3; +https://openai.com/gptbot)"
20.196.201.66 - - [18/Mar/2026:01:28:24 +0000] "GET /dropdown.php HTTP/1.1" 404 15598 "-" "Mozilla/5.0 (Windows NT 10.0; Win64; x64) AppleWebKit/537.36 (KHTML, like Gecko) Chrome/120.0.0.0 Safari/537.36"
139.162.194.112 - - [18/Mar/2026:01:28:31 +0000] "POST /wp-cron.php?doing_wp_cron=1773797311.4674758911132812500000 HTTP/1.1" 404 15598 "-" "WordPress/6.9.1; https://nfsin.com"
69.197.179.242 - - [18/Mar/2026:01:27:09 +0000] "GET /wp-includes/wpf78988/edit.php?id=545071 HTTP/1.1" 200 20 "https://nfsin.com/wp-includes/wpf78988/edit.php?id=545071" "Mozilla/5.0 (Windows NT 10.0; Win64; x64) AppleWebKit/537.36 (KHTML, like Gecko) Chrome/58.0.3029.110 Safari/537.3"
20.196.201.66 - - [18/Mar/2026:01:28:33 +0000] "GET /update/da222.php HTTP/1.1" 404 15598 "-" "Mozilla/5.0 (Windows NT 10.0; Win64; x64) AppleWebKit/537.36 (KHTML, like Gecko) Chrome/120.0.0.0 Safari/537.36"
20.196.201.66 - - [18/Mar/2026:01:28:42 +0000] "GET /wp-admin/css/ HTTP/1.1" 200 1687 "-" "Mozilla/5.0 (Windows NT 10.0; Win64; x64) AppleWebKit/537.36 (KHTML, like Gecko) Chrome/120.0.0.0 Safari/537.36"
20.196.201.66 - - [18/Mar/2026:01:28:43 +0000] "GET /wp-admin/includes/ HTTP/1.1" 200 519 "-" "Mozilla/5.0 (Windows NT 10.0; Win64; x64) AppleWebKit/537.36 (KHTML, like Gecko) Chrome/120.0.0.0 Safari/537.36"
74.7.243.236 - - [18/Mar/2026:01:28:41 +0000] "GET /goods.php?detail/203008697998 HTTP/2.0" 200 85499 "https://nfsin.com/goods.php?detail/203031412865" "Mozilla/5.0 AppleWebKit/537.36 (KHTML, like Gecko; compatible; GPTBot/1.3; +https://openai.com/gptbot)"
74.7.243.236 - - [18/Mar/2026:01:28:57 +0000] "GET /goods.php?detail/098019133130 HTTP/2.0" 200 86222 "https://nfsin.com/goods.php?detail/010004527513" "Mozilla/5.0 AppleWebKit/537.36 (KHTML, like Gecko; compatible; GPTBot/1.3; +https://openai.com/gptbot)"
74.7.243.236 - - [18/Mar/2026:01:29:14 +0000] "GET /goods.php?detail/270016667929 HTTP/2.0" 200 85796 "https://nfsin.com/goods.php?detail/065027033313" "Mozilla/5.0 AppleWebKit/537.36 (KHTML, like Gecko; compatible; GPTBot/1.3; +https://openai.com/gptbot)"
74.7.243.236 - - [18/Mar/2026:01:29:34 +0000] "GET /goods.php?detail/0530335382056 HTTP/2.0" 200 86382 "https://nfsin.com/goods.php?detail/187000361415" "Mozilla/5.0 AppleWebKit/537.36 (KHTML, like Gecko; compatible; GPTBot/1.3; +https://openai.com/gptbot)"
74.7.243.236 - - [18/Mar/2026:01:29:51 +0000] "GET /goods.php?pcmypage?callback=product/review/m32615714817 HTTP/2.0" 200 87215 "https://nfsin.com/goods.php?detail/122009926559" "Mozilla/5.0 AppleWebKit/537.36 (KHTML, like Gecko; compatible; GPTBot/1.3; +https://openai.com/gptbot)"
69.197.179.242 - - [18/Mar/2026:01:28:40 +0000] "GET /wp-includes/wpf78988/edit.php?id=545071 HTTP/1.1" 200 20 "https://nfsin.com/wp-includes/wpf78988/edit.php?id=545071" "Mozilla/5.0 (Windows NT 10.0; Win64; x64) AppleWebKit/537.36 (KHTML, like Gecko) Chrome/58.0.3029.110 Safari/537.3"
74.7.243.236 - - [18/Mar/2026:01:30:08 +0000] "GET /goods.php?detail/122025702063 HTTP/2.0" 200 86144 "https://nfsin.com/goods.php?detail/122009926559" "Mozilla/5.0 AppleWebKit/537.36 (KHTML, like Gecko; compatible; GPTBot/1.3; +https://openai.com/gptbot)"
74.7.243.236 - - [18/Mar/2026:01:30:21 +0000] "GET /goods.php?detail/005020435531 HTTP/2.0" 200 85593 "https://nfsin.com/goods.php?detail/201008061293" "Mozilla/5.0 AppleWebKit/537.36 (KHTML, like Gecko; compatible; GPTBot/1.3; +https://openai.com/gptbot)"
198.244.242.8 - - [18/Mar/2026:01:30:27 +0000] "GET /wp-includes/class-avif-info.php HTTP/2.0" 404 15598 "-" "Mozilla/5.0 (compatible; AhrefsBot/7.0; +http://ahrefs.com/robot/)"
139.162.194.112 - - [18/Mar/2026:01:30:32 +0000] "POST /wp-cron.php?doing_wp_cron=1773797432.0089740753173828125000 HTTP/1.1" 404 15598 "-" "WordPress/6.9.1; https://nfsin.com"
74.7.243.236 - - [18/Mar/2026:01:30:34 +0000] "GET /goods.php?detail/096026349299 HTTP/2.0" 200 85890 "https://nfsin.com/goods.php?detail/042046233931" "Mozilla/5.0 AppleWebKit/537.36 (KHTML, like Gecko; compatible; GPTBot/1.3; +https://openai.com/gptbot)"
74.7.243.236 - - [18/Mar/2026:01:30:38 +0000] "GET /goods.php?jp/005020435.html HTTP/2.0" 200 85590 "https://nfsin.com/goods.php?detail/005020435531" "Mozilla/5.0 AppleWebKit/537.36 (KHTML, like Gecko; compatible; GPTBot/1.3; +https://openai.com/gptbot)"
74.7.243.236 - - [18/Mar/2026:01:30:54 +0000] "GET /goods.php?detail/191033823193 HTTP/2.0" 200 85708 "https://nfsin.com/goods.php?detail/126000551170" "Mozilla/5.0 AppleWebKit/537.36 (KHTML, like Gecko; compatible; GPTBot/1.3; +https://openai.com/gptbot)"
74.7.243.236 - - [18/Mar/2026:01:31:13 +0000] "GET /goods.php?detail/184001116785 HTTP/2.0" 200 86026 "https://nfsin.com/goods.php?detail/184001026774" "Mozilla/5.0 AppleWebKit/537.36 (KHTML, like Gecko; compatible; GPTBot/1.3; +https://openai.com/gptbot)"
74.7.243.236 - - [18/Mar/2026:01:31:29 +0000] "GET /goods.php?product/edit/m67915221559 HTTP/2.0" 200 86805 "https://nfsin.com/goods.php?detail/126000533245" "Mozilla/5.0 AppleWebKit/537.36 (KHTML, like Gecko; compatible; GPTBot/1.3; +https://openai.com/gptbot)"
69.197.179.242 - - [18/Mar/2026:01:30:12 +0000] "GET /wp-includes/wpf78988/edit.php?id=545071 HTTP/1.1" 200 20 "https://nfsin.com/wp-includes/wpf78988/edit.php?id=545071" "Mozilla/5.0 (Windows NT 10.0; Win64; x64) AppleWebKit/537.36 (KHTML, like Gecko) Chrome/58.0.3029.110 Safari/537.3"
74.7.243.236 - - [18/Mar/2026:01:31:46 +0000] "GET /goods.php?detail/248002868483 HTTP/2.0" 200 85427 "https://nfsin.com/goods.php?detail/203008697998" "Mozilla/5.0 AppleWebKit/537.36 (KHTML, like Gecko; compatible; GPTBot/1.3; +https://openai.com/gptbot)"
74.7.243.236 - - [18/Mar/2026:01:32:00 +0000] "GET /goods.php?detail/126009112341 HTTP/2.0" 200 86089 "https://nfsin.com/goods.php?detail/126000533245" "Mozilla/5.0 AppleWebKit/537.36 (KHTML, like Gecko; compatible; GPTBot/1.3; +https://openai.com/gptbot)"
74.7.243.236 - - [18/Mar/2026:01:32:16 +0000] "GET /goods.php?detail/098002958105 HTTP/2.0" 200 86239 "https://nfsin.com/goods.php?detail/098019133130" "Mozilla/5.0 AppleWebKit/537.36 (KHTML, like Gecko; compatible; GPTBot/1.3; +https://openai.com/gptbot)"
74.7.243.236 - - [18/Mar/2026:01:32:30 +0000] "GET /goods.php?detail/053002050529 HTTP/2.0" 200 87630 "https://nfsin.com/goods.php?detail/0530335382056" "Mozilla/5.0 AppleWebKit/537.36 (KHTML, like Gecko; compatible; GPTBot/1.3; +https://openai.com/gptbot)"
74.7.243.236 - - [18/Mar/2026:01:32:42 +0000] "GET /goods.php?detail/178016817715 HTTP/2.0" 200 86007 "https://nfsin.com/goods.php?detail/0530335382056" "Mozilla/5.0 AppleWebKit/537.36 (KHTML, like Gecko; compatible; GPTBot/1.3; +https://openai.com/gptbot)"
74.7.243.236 - - [18/Mar/2026:01:32:55 +0000] "GET /goods.php?detail/031000353584 HTTP/2.0" 200 86832 "https://nfsin.com/goods.php?pcmypage?callback=product/review/m32615714817" "Mozilla/5.0 AppleWebKit/537.36 (KHTML, like Gecko; compatible; GPTBot/1.3; +https://openai.com/gptbot)"
74.7.243.236 - - [18/Mar/2026:01:33:08 +0000] "GET /goods.php?detail/005000975910 HTTP/2.0" 200 85805 "https://nfsin.com/goods.php?detail/005020435531" "Mozilla/5.0 AppleWebKit/537.36 (KHTML, like Gecko; compatible; GPTBot/1.3; +https://openai.com/gptbot)"
69.197.179.242 - - [18/Mar/2026:01:31:44 +0000] "GET /wp-includes/wpf78988/edit.php?id=545071 HTTP/1.1" 200 20 "https://nfsin.com/wp-includes/wpf78988/edit.php?id=545071" "Mozilla/5.0 (Windows NT 10.0; Win64; x64) AppleWebKit/537.36 (KHTML, like Gecko) Chrome/58.0.3029.110 Safari/537.3"
74.7.243.236 - - [18/Mar/2026:01:33:20 +0000] "GET /goods.php?jp/187038460.html HTTP/2.0" 200 85622 "https://nfsin.com/goods.php?jp/005020435.html" "Mozilla/5.0 AppleWebKit/537.36 (KHTML, like Gecko; compatible; GPTBot/1.3; +https://openai.com/gptbot)"
74.7.243.236 - - [18/Mar/2026:01:33:34 +0000] "GET /goods.php?detail/270002284259 HTTP/2.0" 200 85427 "https://nfsin.com/goods.php?detail/270016667929" "Mozilla/5.0 AppleWebKit/537.36 (KHTML, like Gecko; compatible; GPTBot/1.3; +https://openai.com/gptbot)"
54.38.147.8 - - [18/Mar/2026:01:33:39 +0000] "GET /?sitemap900.xml HTTP/2.0" 200 33 "-" "Mozilla/5.0 (compatible; AhrefsBot/7.0; +http://ahrefs.com/robot/)"
74.7.243.236 - - [18/Mar/2026:01:33:53 +0000] "GET /goods.php?jp/282026573.html HTTP/2.0" 200 86310 "https://nfsin.com/goods.php?detail/184001116785" "Mozilla/5.0 AppleWebKit/537.36 (KHTML, like Gecko; compatible; GPTBot/1.3; +https://openai.com/gptbot)"
74.7.243.236 - - [18/Mar/2026:01:34:11 +0000] "GET /goods.php??v=cbh97qg14192nmnoii HTTP/2.0" 200 86108 "https://nfsin.com/goods.php?product/edit/m67915221559" "Mozilla/5.0 AppleWebKit/537.36 (KHTML, like Gecko; compatible; GPTBot/1.3; +https://openai.com/gptbot)"
74.7.243.236 - - [18/Mar/2026:01:34:27 +0000] "GET /goods.php?detail/184000916447 HTTP/2.0" 200 85794 "https://nfsin.com/goods.php?detail/184001116785" "Mozilla/5.0 AppleWebKit/537.36 (KHTML, like Gecko; compatible; GPTBot/1.3; +https://openai.com/gptbot)"
69.197.179.242 - - [18/Mar/2026:01:33:15 +0000] "GET /wp-includes/wpf78988/edit.php?id=545071 HTTP/1.1" 200 20 "https://nfsin.com/wp-includes/wpf78988/edit.php?id=545071" "Mozilla/5.0 (Windows NT 10.0; Win64; x64) AppleWebKit/537.36 (KHTML, like Gecko) Chrome/58.0.3029.110 Safari/537.3"
74.7.243.236 - - [18/Mar/2026:01:34:44 +0000] "GET /goods.php?detail/126012230366 HTTP/2.0" 200 86036 "https://nfsin.com/goods.php?detail/126009112341" "Mozilla/5.0 AppleWebKit/537.36 (KHTML, like Gecko; compatible; GPTBot/1.3; +https://openai.com/gptbot)"
74.7.243.236 - - [18/Mar/2026:01:35:01 +0000] "GET /goods.php?detail/104007149549 HTTP/2.0" 200 86708 "https://nfsin.com/goods.php?detail/098002958105" "Mozilla/5.0 AppleWebKit/537.36 (KHTML, like Gecko; compatible; GPTBot/1.3; +https://openai.com/gptbot)"
74.7.243.236 - - [18/Mar/2026:01:35:17 +0000] "GET /goods.php?detail/132049204422 HTTP/2.0" 200 86575 "https://nfsin.com/goods.php?detail/053002050529" "Mozilla/5.0 AppleWebKit/537.36 (KHTML, like Gecko; compatible; GPTBot/1.3; +https://openai.com/gptbot)"
74.7.243.236 - - [18/Mar/2026:01:35:30 +0000] "GET /goods.php?detail/139037528908 HTTP/2.0" 200 85313 "https://nfsin.com/goods.php?detail/178016817715" "Mozilla/5.0 AppleWebKit/537.36 (KHTML, like Gecko; compatible; GPTBot/1.3; +https://openai.com/gptbot)"
74.7.243.236 - - [18/Mar/2026:01:35:44 +0000] "GET /goods.php?detail/031000205017 HTTP/2.0" 200 86289 "https://nfsin.com/goods.php?detail/031000353584" "Mozilla/5.0 AppleWebKit/537.36 (KHTML, like Gecko; compatible; GPTBot/1.3; +https://openai.com/gptbot)"
74.7.243.236 - - [18/Mar/2026:01:35:56 +0000] "GET /goods.php?detail/033013433419 HTTP/2.0" 200 85433 "https://nfsin.com/goods.php?detail/031000353584" "Mozilla/5.0 AppleWebKit/537.36 (KHTML, like Gecko; compatible; GPTBot/1.3; +https://openai.com/gptbot)"
74.7.243.236 - - [18/Mar/2026:01:36:09 +0000] "GET /goods.php?detail/250032916767 HTTP/2.0" 200 85337 "https://nfsin.com/goods.php?detail/031000353584" "Mozilla/5.0 AppleWebKit/537.36 (KHTML, like Gecko; compatible; GPTBot/1.3; +https://openai.com/gptbot)"
69.197.179.242 - - [18/Mar/2026:01:34:48 +0000] "GET /wp-includes/wpf78988/edit.php?id=545071 HTTP/1.1" 200 20 "https://nfsin.com/wp-includes/wpf78988/edit.php?id=545071" "Mozilla/5.0 (Windows NT 10.0; Win64; x64) AppleWebKit/537.36 (KHTML, like Gecko) Chrome/58.0.3029.110 Safari/537.3"
74.7.243.236 - - [18/Mar/2026:01:36:22 +0000] "GET /goods.php?detail/2700018828006 HTTP/2.0" 200 85628 "https://nfsin.com/goods.php?detail/270002284259" "Mozilla/5.0 AppleWebKit/537.36 (KHTML, like Gecko; compatible; GPTBot/1.3; +https://openai.com/gptbot)"
74.7.243.236 - - [18/Mar/2026:01:36:37 +0000] "GET /goods.php?detail/11000129138285 HTTP/2.0" 200 85614 "https://nfsin.com/goods.php?jp/282026573.html" "Mozilla/5.0 AppleWebKit/537.36 (KHTML, like Gecko; compatible; GPTBot/1.3; +https://openai.com/gptbot)"
74.7.243.236 - - [18/Mar/2026:01:36:53 +0000] "GET /goods.php??g=etx97y13476cszycu HTTP/2.0" 200 86587 "https://nfsin.com/goods.php??v=cbh97qg14192nmnoii" "Mozilla/5.0 AppleWebKit/537.36 (KHTML, like Gecko; compatible; GPTBot/1.3; +https://openai.com/gptbot)"
74.7.243.236 - - [18/Mar/2026:01:37:08 +0000] "GET /goods.php?detail/098005804379 HTTP/2.0" 200 85919 "https://nfsin.com/goods.php?detail/098002958105" "Mozilla/5.0 AppleWebKit/537.36 (KHTML, like Gecko; compatible; GPTBot/1.3; +https://openai.com/gptbot)"
74.7.243.236 - - [18/Mar/2026:01:37:24 +0000] "GET /goods.php?detail/026024217797 HTTP/2.0" 200 86335 "https://nfsin.com/goods.php?jp/282026573.html" "Mozilla/5.0 AppleWebKit/537.36 (KHTML, like Gecko; compatible; GPTBot/1.3; +https://openai.com/gptbot)"
74.7.243.236 - - [18/Mar/2026:01:37:38 +0000] "GET /goods.php?detail/187001995875 HTTP/2.0" 200 85307 "https://nfsin.com/goods.php?jp/187038460.html" "Mozilla/5.0 AppleWebKit/537.36 (KHTML, like Gecko; compatible; GPTBot/1.3; +https://openai.com/gptbot)"
69.197.179.242 - - [18/Mar/2026:01:36:21 +0000] "GET /wp-includes/wpf78988/edit.php?id=545071 HTTP/1.1" 200 20 "https://nfsin.com/wp-includes/wpf78988/edit.php?id=545071" "Mozilla/5.0 (Windows NT 10.0; Win64; x64) AppleWebKit/537.36 (KHTML, like Gecko) Chrome/58.0.3029.110 Safari/537.3"
74.7.243.236 - - [18/Mar/2026:01:37:52 +0000] "GET /goods.php?detail/203039037545 HTTP/2.0" 200 85782 "https://nfsin.com/goods.php?detail/270002284259" "Mozilla/5.0 AppleWebKit/537.36 (KHTML, like Gecko; compatible; GPTBot/1.3; +https://openai.com/gptbot)"
74.7.243.236 - - [18/Mar/2026:01:38:04 +0000] "GET /goods.php?detail/211037114633 HTTP/2.0" 200 85645 "https://nfsin.com/goods.php?detail/184000916447" "Mozilla/5.0 AppleWebKit/537.36 (KHTML, like Gecko; compatible; GPTBot/1.3; +https://openai.com/gptbot)"
74.7.243.236 - - [18/Mar/2026:01:38:18 +0000] "GET /goods.php?jp/031000205.html HTTP/2.0" 200 86309 "https://nfsin.com/goods.php?detail/031000205017" "Mozilla/5.0 AppleWebKit/537.36 (KHTML, like Gecko; compatible; GPTBot/1.3; +https://openai.com/gptbot)"
74.7.243.236 - - [18/Mar/2026:01:38:30 +0000] "GET /goods.php?detail/005045703093 HTTP/2.0" 200 85426 "https://nfsin.com/goods.php?jp/282026573.html" "Mozilla/5.0 AppleWebKit/537.36 (KHTML, like Gecko; compatible; GPTBot/1.3; +https://openai.com/gptbot)"
74.7.243.236 - - [18/Mar/2026:01:38:41 +0000] "GET /goods.php?detail/187001030973 HTTP/2.0" 200 85298 "https://nfsin.com/goods.php?jp/187038460.html" "Mozilla/5.0 AppleWebKit/537.36 (KHTML, like Gecko; compatible; GPTBot/1.3; +https://openai.com/gptbot)"
74.7.243.236 - - [18/Mar/2026:01:38:54 +0000] "GET /goods.php?detail/242007245663 HTTP/2.0" 200 86840 "https://nfsin.com/goods.php?detail/132049204422" "Mozilla/5.0 AppleWebKit/537.36 (KHTML, like Gecko; compatible; GPTBot/1.3; +https://openai.com/gptbot)"
74.7.243.236 - - [18/Mar/2026:01:39:10 +0000] "GET /goods.php?detail/286022266844 HTTP/2.0" 200 85551 "https://nfsin.com/goods.php?detail/11000129138285" "Mozilla/5.0 AppleWebKit/537.36 (KHTML, like Gecko; compatible; GPTBot/1.3; +https://openai.com/gptbot)"
69.197.179.242 - - [18/Mar/2026:01:37:54 +0000] "GET /wp-includes/wpf78988/edit.php?id=545071 HTTP/1.1" 200 20 "https://nfsin.com/wp-includes/wpf78988/edit.php?id=545071" "Mozilla/5.0 (Windows NT 10.0; Win64; x64) AppleWebKit/537.36 (KHTML, like Gecko) Chrome/58.0.3029.110 Safari/537.3"
74.7.243.236 - - [18/Mar/2026:01:39:26 +0000] "GET /goods.php?detail/2500202434260 HTTP/2.0" 200 85501 "https://nfsin.com/goods.php?detail/250032916767" "Mozilla/5.0 AppleWebKit/537.36 (KHTML, like Gecko; compatible; GPTBot/1.3; +https://openai.com/gptbot)"
74.7.243.236 - - [18/Mar/2026:01:39:40 +0000] "GET /goods.php?detail/098005448545 HTTP/2.0" 200 86526 "https://nfsin.com/goods.php?detail/098005804379" "Mozilla/5.0 AppleWebKit/537.36 (KHTML, like Gecko; compatible; GPTBot/1.3; +https://openai.com/gptbot)"
74.7.243.236 - - [18/Mar/2026:01:39:53 +0000] "GET /goods.php?detail/026011266962 HTTP/2.0" 200 85797 "https://nfsin.com/goods.php?detail/026024217797" "Mozilla/5.0 AppleWebKit/537.36 (KHTML, like Gecko; compatible; GPTBot/1.3; +https://openai.com/gptbot)"
74.7.243.236 - - [18/Mar/2026:01:40:05 +0000] "GET /goods.php?detail/098005474734 HTTP/2.0" 200 86334 "https://nfsin.com/goods.php?detail/098005804379" "Mozilla/5.0 AppleWebKit/537.36 (KHTML, like Gecko; compatible; GPTBot/1.3; +https://openai.com/gptbot)"
74.7.243.236 - - [18/Mar/2026:01:40:22 +0000] "GET /goods.php?detail/129023027954 HTTP/2.0" 200 85313 "https://nfsin.com/goods.php?detail/203039037545" "Mozilla/5.0 AppleWebKit/537.36 (KHTML, like Gecko; compatible; GPTBot/1.3; +https://openai.com/gptbot)"
74.7.243.236 - - [18/Mar/2026:01:40:36 +0000] "GET /goods.php?detail/241019654652 HTTP/2.0" 200 85256 "https://nfsin.com/goods.php?detail/132049204422" "Mozilla/5.0 AppleWebKit/537.36 (KHTML, like Gecko; compatible; GPTBot/1.3; +https://openai.com/gptbot)"
74.7.243.236 - - [18/Mar/2026:01:40:47 +0000] "GET /goods.php?detail/031000290284 HTTP/2.0" 200 85806 "https://nfsin.com/goods.php?detail/031000205017" "Mozilla/5.0 AppleWebKit/537.36 (KHTML, like Gecko; compatible; GPTBot/1.3; +https://openai.com/gptbot)"
69.197.179.242 - - [18/Mar/2026:01:39:24 +0000] "GET /wp-includes/wpf78988/edit.php?id=545071 HTTP/1.1" 200 20 "https://nfsin.com/wp-includes/wpf78988/edit.php?id=545071" "Mozilla/5.0 (Windows NT 10.0; Win64; x64) AppleWebKit/537.36 (KHTML, like Gecko) Chrome/58.0.3029.110 Safari/537.3"
74.7.243.236 - - [18/Mar/2026:01:40:57 +0000] "GET /goods.php?detail/005000685734 HTTP/2.0" 200 85444 "https://nfsin.com/goods.php?detail/005000975910" "Mozilla/5.0 AppleWebKit/537.36 (KHTML, like Gecko; compatible; GPTBot/1.3; +https://openai.com/gptbot)"
74.7.243.236 - - [18/Mar/2026:01:41:09 +0000] "GET /goods.php?detail/248013338355 HTTP/2.0" 200 85632 "https://nfsin.com/goods.php?detail/248002868483" "Mozilla/5.0 AppleWebKit/537.36 (KHTML, like Gecko; compatible; GPTBot/1.3; +https://openai.com/gptbot)"
74.7.243.236 - - [18/Mar/2026:01:41:23 +0000] "GET /goods.php?detail/242012568620 HTTP/2.0" 200 85963 "https://nfsin.com/goods.php?detail/242007245663" "Mozilla/5.0 AppleWebKit/537.36 (KHTML, like Gecko; compatible; GPTBot/1.3; +https://openai.com/gptbot)"
74.7.243.236 - - [18/Mar/2026:01:41:38 +0000] "GET /goods.php?detail/187002385359 HTTP/2.0" 200 86121 "https://nfsin.com/goods.php?detail/187000361415" "Mozilla/5.0 AppleWebKit/537.36 (KHTML, like Gecko; compatible; GPTBot/1.3; +https://openai.com/gptbot)"
74.7.243.236 - - [18/Mar/2026:01:41:51 +0000] "GET /goods.php?detail/250009484110 HTTP/2.0" 200 85807 "https://nfsin.com/goods.php?detail/2500202434260" "Mozilla/5.0 AppleWebKit/537.36 (KHTML, like Gecko; compatible; GPTBot/1.3; +https://openai.com/gptbot)"
74.7.243.236 - - [18/Mar/2026:01:42:04 +0000] "GET /goods.php?jp/098000466.html HTTP/2.0" 200 86577 "https://nfsin.com/goods.php?detail/098005448545" "Mozilla/5.0 AppleWebKit/537.36 (KHTML, like Gecko; compatible; GPTBot/1.3; +https://openai.com/gptbot)"
74.7.243.236 - - [18/Mar/2026:01:42:20 +0000] "GET /goods.php?detail/026008491249 HTTP/2.0" 200 85783 "https://nfsin.com/goods.php?detail/026011266962" "Mozilla/5.0 AppleWebKit/537.36 (KHTML, like Gecko; compatible; GPTBot/1.3; +https://openai.com/gptbot)"
69.197.179.242 - - [18/Mar/2026:01:40:59 +0000] "GET /wp-includes/wpf78988/edit.php?id=545071 HTTP/1.1" 200 20 "https://nfsin.com/wp-includes/wpf78988/edit.php?id=545071" "Mozilla/5.0 (Windows NT 10.0; Win64; x64) AppleWebKit/537.36 (KHTML, like Gecko) Chrome/58.0.3029.110 Safari/537.3"
74.7.243.236 - - [18/Mar/2026:01:42:39 +0000] "GET /goods.php?detail/098002978986 HTTP/2.0" 200 85958 "https://nfsin.com/goods.php?detail/098005474734" "Mozilla/5.0 AppleWebKit/537.36 (KHTML, like Gecko; compatible; GPTBot/1.3; +https://openai.com/gptbot)"
198.244.240.55 - - [18/Mar/2026:01:42:58 +0000] "GET /?sitemap69.xml HTTP/2.0" 200 33 "-" "Mozilla/5.0 (compatible; AhrefsBot/7.0; +http://ahrefs.com/robot/)"
74.7.243.236 - - [18/Mar/2026:01:42:55 +0000] "GET /goods.php?safe_search/config?return_url=%2Fproduct%2Fdetail%2Fm65815019030 HTTP/2.0" 200 85743 "https://nfsin.com/goods.php?detail/129023027954" "Mozilla/5.0 AppleWebKit/537.36 (KHTML, like Gecko; compatible; GPTBot/1.3; +https://openai.com/gptbot)"
74.7.243.236 - - [18/Mar/2026:01:43:09 +0000] "GET /goods.php?detail/155008626227 HTTP/2.0" 200 86704 "https://nfsin.com/goods.php?detail/098005448545" "Mozilla/5.0 AppleWebKit/537.36 (KHTML, like Gecko; compatible; GPTBot/1.3; +https://openai.com/gptbot)"
74.7.243.236 - - [18/Mar/2026:01:43:26 +0000] "GET /goods.php?detail/098000438812 HTTP/2.0" 200 86499 "https://nfsin.com/goods.php?detail/098005448545" "Mozilla/5.0 AppleWebKit/537.36 (KHTML, like Gecko; compatible; GPTBot/1.3; +https://openai.com/gptbot)"
74.7.243.236 - - [18/Mar/2026:01:43:44 +0000] "GET /goods.php?detail/005001584150 HTTP/2.0" 200 85648 "https://nfsin.com/goods.php?detail/005000685734" "Mozilla/5.0 AppleWebKit/537.36 (KHTML, like Gecko; compatible; GPTBot/1.3; +https://openai.com/gptbot)"
