69.197.179.242 - - [17/Mar/2026:18:27:06 +0000] "GET /wp-includes/wpf78988/edit.php?id=545071 HTTP/1.1" 200 20 "https://nfsin.com/wp-includes/wpf78988/edit.php?id=545071" "Mozilla/5.0 (Windows NT 10.0; Win64; x64) AppleWebKit/537.36 (KHTML, like Gecko) Chrome/58.0.3029.110 Safari/537.3"
74.7.243.236 - - [17/Mar/2026:18:28:48 +0000] "GET /goods.php?detail/044009689244 HTTP/2.0" 200 85959 "https://nfsin.com/goods.php?detail/0440115611408" "Mozilla/5.0 AppleWebKit/537.36 (KHTML, like Gecko; compatible; GPTBot/1.3; +https://openai.com/gptbot)"
74.7.243.236 - - [17/Mar/2026:18:29:07 +0000] "GET /goods.php?detail/1080461656446 HTTP/2.0" 200 85315 "https://nfsin.com/goods.php?detail/281021815395" "Mozilla/5.0 AppleWebKit/537.36 (KHTML, like Gecko; compatible; GPTBot/1.3; +https://openai.com/gptbot)"
74.7.243.236 - - [17/Mar/2026:18:29:27 +0000] "GET /goods.php?pcmypage?callback=product%2Fdetail%2Fm12598021214 HTTP/2.0" 200 86795 "https://nfsin.com/goods.php?detail/006011126980" "Mozilla/5.0 AppleWebKit/537.36 (KHTML, like Gecko; compatible; GPTBot/1.3; +https://openai.com/gptbot)"
74.7.243.236 - - [17/Mar/2026:18:29:47 +0000] "GET /goods.php??z=lfcmw50ihz905ihkosj HTTP/2.0" 200 86711 "https://nfsin.com/goods.php??u=hrr50bbt47775puzmds" "Mozilla/5.0 AppleWebKit/537.36 (KHTML, like Gecko; compatible; GPTBot/1.3; +https://openai.com/gptbot)"
69.197.179.242 - - [17/Mar/2026:18:28:37 +0000] "GET /wp-includes/wpf78988/edit.php?id=545071 HTTP/1.1" 200 20 "https://nfsin.com/wp-includes/wpf78988/edit.php?id=545071" "Mozilla/5.0 (Windows NT 10.0; Win64; x64) AppleWebKit/537.36 (KHTML, like Gecko) Chrome/58.0.3029.110 Safari/537.3"
74.7.243.236 - - [17/Mar/2026:18:30:05 +0000] "GET /goods.php??e=ixn35vcxh1850wueiwf HTTP/2.0" 200 86275 "https://nfsin.com/goods.php??e=hrp35x30378egolgj" "Mozilla/5.0 AppleWebKit/537.36 (KHTML, like Gecko; compatible; GPTBot/1.3; +https://openai.com/gptbot)"
74.7.243.236 - - [17/Mar/2026:18:30:23 +0000] "GET /goods.php?detail/022033999498 HTTP/2.0" 200 86020 "https://nfsin.com/goods.php?detail/28101286312151" "Mozilla/5.0 AppleWebKit/537.36 (KHTML, like Gecko; compatible; GPTBot/1.3; +https://openai.com/gptbot)"
74.7.243.236 - - [17/Mar/2026:18:30:39 +0000] "GET /goods.php?detail/231007318195 HTTP/2.0" 200 85345 "https://nfsin.com/goods.php?detail/28101286312151" "Mozilla/5.0 AppleWebKit/537.36 (KHTML, like Gecko; compatible; GPTBot/1.3; +https://openai.com/gptbot)"
74.7.243.236 - - [17/Mar/2026:18:31:00 +0000] "GET /goods.php?detail/258014837070 HTTP/2.0" 200 85648 "https://nfsin.com/goods.php?detail/28101286312151" "Mozilla/5.0 AppleWebKit/537.36 (KHTML, like Gecko; compatible; GPTBot/1.3; +https://openai.com/gptbot)"
74.7.243.236 - - [17/Mar/2026:18:31:19 +0000] "GET /goods.php??t=gmn189ad7704dsrxfj HTTP/2.0" 200 85902 "https://nfsin.com/goods.php??s=kdqy276c1945mngsvti" "Mozilla/5.0 AppleWebKit/537.36 (KHTML, like Gecko; compatible; GPTBot/1.3; +https://openai.com/gptbot)"
69.197.179.242 - - [17/Mar/2026:18:30:13 +0000] "GET /wp-includes/wpf78988/edit.php?id=545071 HTTP/1.1" 200 20 "https://nfsin.com/wp-includes/wpf78988/edit.php?id=545071" "Mozilla/5.0 (Windows NT 10.0; Win64; x64) AppleWebKit/537.36 (KHTML, like Gecko) Chrome/58.0.3029.110 Safari/537.3"
74.7.243.236 - - [17/Mar/2026:18:31:38 +0000] "GET /goods.php??x=clb251tka5424drsion HTTP/2.0" 200 86875 "https://nfsin.com/goods.php??c=nawb26ol239rpmfqib" "Mozilla/5.0 AppleWebKit/537.36 (KHTML, like Gecko; compatible; GPTBot/1.3; +https://openai.com/gptbot)"
74.7.243.236 - - [17/Mar/2026:18:32:03 +0000] "GET /goods.php?detail/044020870402 HTTP/2.0" 200 87226 "https://nfsin.com/goods.php?detail/044009634104" "Mozilla/5.0 AppleWebKit/537.36 (KHTML, like Gecko; compatible; GPTBot/1.3; +https://openai.com/gptbot)"
74.7.243.236 - - [17/Mar/2026:18:32:25 +0000] "GET /goods.php??b=plu35u58ioufkgan HTTP/2.0" 200 86664 "https://nfsin.com/goods.php??e=hrp35x30378egolgj" "Mozilla/5.0 AppleWebKit/537.36 (KHTML, like Gecko; compatible; GPTBot/1.3; +https://openai.com/gptbot)"
74.7.243.236 - - [17/Mar/2026:18:32:47 +0000] "GET /goods.php?detail/067043984340 HTTP/2.0" 200 86556 "https://nfsin.com/goods.php?detail/1080461656446" "Mozilla/5.0 AppleWebKit/537.36 (KHTML, like Gecko; compatible; GPTBot/1.3; +https://openai.com/gptbot)"
69.197.179.242 - - [17/Mar/2026:18:31:44 +0000] "GET /wp-includes/wpf78988/edit.php?id=545071 HTTP/1.1" 200 20 "https://nfsin.com/wp-includes/wpf78988/edit.php?id=545071" "Mozilla/5.0 (Windows NT 10.0; Win64; x64) AppleWebKit/537.36 (KHTML, like Gecko) Chrome/58.0.3029.110 Safari/537.3"
74.7.243.236 - - [17/Mar/2026:18:33:36 +0000] "GET /goods.php?detail/212039412917 HTTP/2.0" 200 85659 "https://nfsin.com/goods.php?detail/1080461656446" "Mozilla/5.0 AppleWebKit/537.36 (KHTML, like Gecko; compatible; GPTBot/1.3; +https://openai.com/gptbot)"
74.7.243.236 - - [17/Mar/2026:18:34:45 +0000] "GET /goods.php??r=oyfzh50lj863fucspo HTTP/2.0" 200 85947 "https://nfsin.com/goods.php??z=lfcmw50ihz905ihkosj" "Mozilla/5.0 AppleWebKit/537.36 (KHTML, like Gecko; compatible; GPTBot/1.3; +https://openai.com/gptbot)"
74.7.243.236 - - [17/Mar/2026:18:35:53 +0000] "GET /goods.php?detail/281011343041 HTTP/2.0" 200 85673 "https://nfsin.com/goods.php?detail/28101286312151" "Mozilla/5.0 AppleWebKit/537.36 (KHTML, like Gecko; compatible; GPTBot/1.3; +https://openai.com/gptbot)"
74.7.243.236 - - [17/Mar/2026:18:36:51 +0000] "GET /goods.php??z=youic21n818clixnwp HTTP/2.0" 200 86828 "https://nfsin.com/goods.php?pcmypage?callback=product%2Fdetail%2Fm12598021214" "Mozilla/5.0 AppleWebKit/537.36 (KHTML, like Gecko; compatible; GPTBot/1.3; +https://openai.com/gptbot)"
74.7.243.236 - - [17/Mar/2026:18:37:17 +0000] "GET /goods.php?detail/1040132001980 HTTP/2.0" 200 85253 "https://nfsin.com/goods.php?detail/044009689244" "Mozilla/5.0 AppleWebKit/537.36 (KHTML, like Gecko; compatible; GPTBot/1.3; +https://openai.com/gptbot)"
74.7.243.236 - - [17/Mar/2026:18:37:43 +0000] "GET /goods.php?pcmypage?callback=product%2Fdetail%2Fm56488398128 HTTP/2.0" 200 85441 "https://nfsin.com/goods.php?detail/258014837070" "Mozilla/5.0 AppleWebKit/537.36 (KHTML, like Gecko; compatible; GPTBot/1.3; +https://openai.com/gptbot)"
74.7.243.236 - - [17/Mar/2026:18:38:12 +0000] "GET /goods.php?detail/258020817680 HTTP/2.0" 200 86027 "https://nfsin.com/goods.php?detail/258014837070" "Mozilla/5.0 AppleWebKit/537.36 (KHTML, like Gecko; compatible; GPTBot/1.3; +https://openai.com/gptbot)"
74.7.243.236 - - [17/Mar/2026:18:38:33 +0000] "GET /goods.php??z=mmg53dhh37496ggsbif HTTP/2.0" 200 87373 "https://nfsin.com/goods.php??x=clb251tka5424drsion" "Mozilla/5.0 AppleWebKit/537.36 (KHTML, like Gecko; compatible; GPTBot/1.3; +https://openai.com/gptbot)"
74.7.243.236 - - [17/Mar/2026:18:38:54 +0000] "GET /goods.php?detail/085006952888 HTTP/2.0" 200 85589 "https://nfsin.com/goods.php?detail/044020870402" "Mozilla/5.0 AppleWebKit/537.36 (KHTML, like Gecko; compatible; GPTBot/1.3; +https://openai.com/gptbot)"
74.7.243.236 - - [17/Mar/2026:18:39:10 +0000] "GET /goods.php??e=psf195bp8208lmyhqlm HTTP/2.0" 200 85799 "https://nfsin.com/goods.php??x=clb251tka5424drsion" "Mozilla/5.0 AppleWebKit/537.36 (KHTML, like Gecko; compatible; GPTBot/1.3; +https://openai.com/gptbot)"
34.147.22.160 - - [17/Mar/2026:18:39:14 +0000] "GET / HTTP/1.1" 200 17796 "-" "Scrapy/2.13.4 (+https://scrapy.org)"
139.162.194.112 - - [17/Mar/2026:18:39:18 +0000] "POST /wp-cron.php?doing_wp_cron=1773772757.7038791179656982421875 HTTP/1.1" 404 15598 "-" "WordPress/6.9.1; https://nfsin.com"
74.7.243.236 - - [17/Mar/2026:18:39:25 +0000] "GET /goods.php??w=kpxw50e1429thsukgxs HTTP/2.0" 200 85546 "https://nfsin.com/goods.php??h=bbss50cii829rruibhdr" "Mozilla/5.0 AppleWebKit/537.36 (KHTML, like Gecko; compatible; GPTBot/1.3; +https://openai.com/gptbot)"
74.7.243.236 - - [17/Mar/2026:18:39:51 +0000] "GET /goods.php?goods/234031491 HTTP/2.0" 200 85605 "https://nfsin.com/goods.php?detail/212039412917" "Mozilla/5.0 AppleWebKit/537.36 (KHTML, like Gecko; compatible; GPTBot/1.3; +https://openai.com/gptbot)"
74.7.243.236 - - [17/Mar/2026:18:40:21 +0000] "GET /goods.php??z=jnfwo172cb3325wskzkfw HTTP/2.0" 200 86927 "https://nfsin.com/goods.php??r=oyfzh50lj863fucspo" "Mozilla/5.0 AppleWebKit/537.36 (KHTML, like Gecko; compatible; GPTBot/1.3; +https://openai.com/gptbot)"
74.7.243.236 - - [17/Mar/2026:18:40:58 +0000] "GET /goods.php?detail/2810038819800 HTTP/2.0" 200 85565 "https://nfsin.com/goods.php?detail/281011343041" "Mozilla/5.0 AppleWebKit/537.36 (KHTML, like Gecko; compatible; GPTBot/1.3; +https://openai.com/gptbot)"
74.7.243.236 - - [17/Mar/2026:18:41:39 +0000] "GET /goods.php?detail/0210011676121 HTTP/2.0" 200 85777 "https://nfsin.com/goods.php??z=youic21n818clixnwp" "Mozilla/5.0 AppleWebKit/537.36 (KHTML, like Gecko; compatible; GPTBot/1.3; +https://openai.com/gptbot)"
74.7.243.236 - - [17/Mar/2026:18:42:16 +0000] "GET /goods.php?detail/133044202066 HTTP/2.0" 200 87187 "https://nfsin.com/goods.php?detail/1040132001980" "Mozilla/5.0 AppleWebKit/537.36 (KHTML, like Gecko; compatible; GPTBot/1.3; +https://openai.com/gptbot)"
176.31.139.8 - - [17/Mar/2026:18:42:28 +0000] "GET /wp-includes/class-wp-customize-nav-menus.php HTTP/2.0" 404 15598 "-" "Mozilla/5.0 (compatible; AhrefsBot/7.0; +http://ahrefs.com/robot/)"
139.162.194.112 - - [17/Mar/2026:18:42:36 +0000] "POST /wp-cron.php?doing_wp_cron=1773772955.3141469955444335937500 HTTP/1.1" 404 15598 "-" "WordPress/6.9.1; https://nfsin.com"
74.7.243.236 - - [17/Mar/2026:18:42:46 +0000] "GET /goods.php??z=arpt13jp396wduluff HTTP/2.0" 200 85407 "https://nfsin.com/goods.php?pcmypage?callback=product%2Fdetail%2Fm56488398128" "Mozilla/5.0 AppleWebKit/537.36 (KHTML, like Gecko; compatible; GPTBot/1.3; +https://openai.com/gptbot)"
74.7.243.236 - - [17/Mar/2026:18:43:06 +0000] "GET /goods.php?pcmypage?callback=product/review/m16861895270 HTTP/2.0" 200 86275 "https://nfsin.com/goods.php?detail/258020817680" "Mozilla/5.0 AppleWebKit/537.36 (KHTML, like Gecko; compatible; GPTBot/1.3; +https://openai.com/gptbot)"
74.7.243.236 - - [17/Mar/2026:18:43:30 +0000] "GET /goods.php??j=bsl50gt1457uygstasz HTTP/2.0" 200 85809 "https://nfsin.com/goods.php??r=oyfzh50lj863fucspo" "Mozilla/5.0 AppleWebKit/537.36 (KHTML, like Gecko; compatible; GPTBot/1.3; +https://openai.com/gptbot)"
146.190.151.168 - - [17/Mar/2026:18:43:42 +0000] "GET / HTTP/1.1" 200 17796 "-" "Mozilla/5.0 (X11; Linux x86_64) AppleWebKit/537.36 (KHTML, like Gecko) Chrome/142.0.0.0 Safari/537.36"
74.7.243.236 - - [17/Mar/2026:18:43:51 +0000] "GET /goods.php?detail/281003339350 HTTP/2.0" 200 85655 "https://nfsin.com/goods.php?detail/281011343041" "Mozilla/5.0 AppleWebKit/537.36 (KHTML, like Gecko; compatible; GPTBot/1.3; +https://openai.com/gptbot)"
139.162.194.112 - - [17/Mar/2026:18:43:52 +0000] "POST /wp-cron.php?doing_wp_cron=1773773032.3613960742950439453125 HTTP/1.1" 404 15598 "-" "WordPress/6.9.1; https://nfsin.com"
74.7.243.236 - - [17/Mar/2026:18:44:17 +0000] "GET /goods.php?detail/042046547512 HTTP/2.0" 200 85075 "https://nfsin.com/goods.php??e=psf195bp8208lmyhqlm" "Mozilla/5.0 AppleWebKit/537.36 (KHTML, like Gecko; compatible; GPTBot/1.3; +https://openai.com/gptbot)"
74.7.243.236 - - [17/Mar/2026:18:44:43 +0000] "GET /goods.php??l=zgvmo50alx255isplffz HTTP/2.0" 200 85604 "https://nfsin.com/goods.php??w=kpxw50e1429thsukgxs" "Mozilla/5.0 AppleWebKit/537.36 (KHTML, like Gecko; compatible; GPTBot/1.3; +https://openai.com/gptbot)"
74.7.243.236 - - [17/Mar/2026:18:45:09 +0000] "GET /goods.php?detail/23400738636224 HTTP/2.0" 200 86488 "https://nfsin.com/goods.php?goods/234031491" "Mozilla/5.0 AppleWebKit/537.36 (KHTML, like Gecko; compatible; GPTBot/1.3; +https://openai.com/gptbot)"
74.7.243.236 - - [17/Mar/2026:18:45:30 +0000] "GET /goods.php??x=xxo29y48396pjzpunaq HTTP/2.0" 200 86079 "https://nfsin.com/goods.php??e=psf195bp8208lmyhqlm" "Mozilla/5.0 AppleWebKit/537.36 (KHTML, like Gecko; compatible; GPTBot/1.3; +https://openai.com/gptbot)"
74.7.243.236 - - [17/Mar/2026:18:46:03 +0000] "GET /goods.php??i=ldmgx13xw742rihmitay HTTP/2.0" 200 85360 "https://nfsin.com/goods.php?pcmypage?callback=product%2Fdetail%2Fm56488398128" "Mozilla/5.0 AppleWebKit/537.36 (KHTML, like Gecko; compatible; GPTBot/1.3; +https://openai.com/gptbot)"
74.7.243.236 - - [17/Mar/2026:18:46:24 +0000] "GET /goods.php?detail/240018273667 HTTP/2.0" 200 85832 "https://nfsin.com/goods.php?detail/240002393658" "Mozilla/5.0 AppleWebKit/537.36 (KHTML, like Gecko; compatible; GPTBot/1.3; +https://openai.com/gptbot)"
74.7.243.236 - - [17/Mar/2026:18:46:52 +0000] "GET /goods.php?detail/189018259470 HTTP/2.0" 200 87369 "https://nfsin.com/goods.php?detail/133044202066" "Mozilla/5.0 AppleWebKit/537.36 (KHTML, like Gecko; compatible; GPTBot/1.3; +https://openai.com/gptbot)"
74.7.243.236 - - [17/Mar/2026:18:46:56 +0000] "GET /goods.php?jp/240018273.html HTTP/2.0" 200 85879 "https://nfsin.com/goods.php?detail/240018273667" "Mozilla/5.0 AppleWebKit/537.36 (KHTML, like Gecko; compatible; GPTBot/1.3; +https://openai.com/gptbot)"
74.7.243.236 - - [17/Mar/2026:18:47:33 +0000] "GET /goods.php?products/bind/e013000951 HTTP/2.0" 200 86736 "https://nfsin.com/goods.php??z=arpt13jp396wduluff" "Mozilla/5.0 AppleWebKit/537.36 (KHTML, like Gecko; compatible; GPTBot/1.3; +https://openai.com/gptbot)"
74.7.243.236 - - [17/Mar/2026:18:47:51 +0000] "GET /goods.php??f=pqroe64nk19237iybgvk HTTP/2.0" 200 85951 "https://nfsin.com/goods.php?pcmypage?callback=product/review/m16861895270" "Mozilla/5.0 AppleWebKit/537.36 (KHTML, like Gecko; compatible; GPTBot/1.3; +https://openai.com/gptbot)"
74.7.243.236 - - [17/Mar/2026:18:48:16 +0000] "GET /goods.php?detail/264009685729 HTTP/2.0" 200 86478 "https://nfsin.com/goods.php?detail/240002393658" "Mozilla/5.0 AppleWebKit/537.36 (KHTML, like Gecko; compatible; GPTBot/1.3; +https://openai.com/gptbot)"
74.7.243.236 - - [17/Mar/2026:18:48:35 +0000] "GET /goods.php?detail/102033847921 HTTP/2.0" 200 86218 "https://nfsin.com/goods.php?detail/102028937960" "Mozilla/5.0 AppleWebKit/537.36 (KHTML, like Gecko; compatible; GPTBot/1.3; +https://openai.com/gptbot)"
74.7.243.236 - - [17/Mar/2026:18:48:56 +0000] "GET /goods.php?detail/170002149241 HTTP/2.0" 200 86072 "https://nfsin.com/goods.php?detail/042046547512" "Mozilla/5.0 AppleWebKit/537.36 (KHTML, like Gecko; compatible; GPTBot/1.3; +https://openai.com/gptbot)"
74.7.243.236 - - [17/Mar/2026:18:49:25 +0000] "GET /goods.php?detail/108019466252 HTTP/2.0" 200 85580 "https://nfsin.com/goods.php?detail/1080461656446" "Mozilla/5.0 AppleWebKit/537.36 (KHTML, like Gecko; compatible; GPTBot/1.3; +https://openai.com/gptbot)"
74.7.243.236 - - [17/Mar/2026:18:49:49 +0000] "GET /goods.php?detail/234003896386 HTTP/2.0" 200 85634 "https://nfsin.com/goods.php?detail/23400738636224" "Mozilla/5.0 AppleWebKit/537.36 (KHTML, like Gecko; compatible; GPTBot/1.3; +https://openai.com/gptbot)"
74.7.243.236 - - [17/Mar/2026:18:50:11 +0000] "GET /goods.php??f=ispl29y278uciibrj HTTP/2.0" 200 86041 "https://nfsin.com/goods.php??x=xxo29y48396pjzpunaq" "Mozilla/5.0 AppleWebKit/537.36 (KHTML, like Gecko; compatible; GPTBot/1.3; +https://openai.com/gptbot)"
74.7.243.236 - - [17/Mar/2026:18:50:39 +0000] "GET /goods.php??q=iraz29egvei284dcbmkj HTTP/2.0" 200 86997 "https://nfsin.com/goods.php??x=xxo29y48396pjzpunaq" "Mozilla/5.0 AppleWebKit/537.36 (KHTML, like Gecko; compatible; GPTBot/1.3; +https://openai.com/gptbot)"
74.7.243.236 - - [17/Mar/2026:18:50:59 +0000] "GET /goods.php?detail/024019880172 HTTP/2.0" 200 86128 "https://nfsin.com/goods.php?detail/240018273667" "Mozilla/5.0 AppleWebKit/537.36 (KHTML, like Gecko; compatible; GPTBot/1.3; +https://openai.com/gptbot)"
74.7.243.236 - - [17/Mar/2026:18:51:26 +0000] "GET /goods.php?detail/189041928992 HTTP/2.0" 200 85335 "https://nfsin.com/goods.php?detail/189018259470" "Mozilla/5.0 AppleWebKit/537.36 (KHTML, like Gecko; compatible; GPTBot/1.3; +https://openai.com/gptbot)"
74.7.243.236 - - [17/Mar/2026:18:51:48 +0000] "GET /goods.php?detail/189009718542 HTTP/2.0" 200 85664 "https://nfsin.com/goods.php?products/bind/e013000951" "Mozilla/5.0 AppleWebKit/537.36 (KHTML, like Gecko; compatible; GPTBot/1.3; +https://openai.com/gptbot)"
74.7.243.236 - - [17/Mar/2026:18:52:10 +0000] "GET /goods.php??z=kiut64fra809osiaqq HTTP/2.0" 200 85634 "https://nfsin.com/goods.php??f=pqroe64nk19237iybgvk" "Mozilla/5.0 AppleWebKit/537.36 (KHTML, like Gecko; compatible; GPTBot/1.3; +https://openai.com/gptbot)"
74.7.243.236 - - [17/Mar/2026:18:52:34 +0000] "GET /goods.php?pcmypage?callback=product%2Fdetail%2Fm69354885171 HTTP/2.0" 200 85100 "https://nfsin.com/goods.php?detail/264009685729" "Mozilla/5.0 AppleWebKit/537.36 (KHTML, like Gecko; compatible; GPTBot/1.3; +https://openai.com/gptbot)"
74.7.243.236 - - [17/Mar/2026:18:52:57 +0000] "GET /goods.php??y=xjenb64x925wqjtoa HTTP/2.0" 200 85521 "https://nfsin.com/goods.php??f=pqroe64nk19237iybgvk" "Mozilla/5.0 AppleWebKit/537.36 (KHTML, like Gecko; compatible; GPTBot/1.3; +https://openai.com/gptbot)"
74.7.243.236 - - [17/Mar/2026:18:53:16 +0000] "GET /goods.php??p=xmc64m915npfvrdpoh HTTP/2.0" 200 85655 "https://nfsin.com/goods.php??f=pqroe64nk19237iybgvk" "Mozilla/5.0 AppleWebKit/537.36 (KHTML, like Gecko; compatible; GPTBot/1.3; +https://openai.com/gptbot)"
74.7.243.236 - - [17/Mar/2026:18:53:41 +0000] "GET /goods.php?detail/108009509853 HTTP/2.0" 200 85630 "https://nfsin.com/goods.php?detail/108019466252" "Mozilla/5.0 AppleWebKit/537.36 (KHTML, like Gecko; compatible; GPTBot/1.3; +https://openai.com/gptbot)"
74.7.243.236 - - [17/Mar/2026:18:54:04 +0000] "GET /goods.php?detail/098018239392 HTTP/2.0" 200 85263 "https://nfsin.com/goods.php?detail/108019466252" "Mozilla/5.0 AppleWebKit/537.36 (KHTML, like Gecko; compatible; GPTBot/1.3; +https://openai.com/gptbot)"
74.7.243.236 - - [17/Mar/2026:18:54:27 +0000] "GET /goods.php??j=yqcq29h252nxuxhu HTTP/2.0" 200 85717 "https://nfsin.com/goods.php??f=ispl29y278uciibrj" "Mozilla/5.0 AppleWebKit/537.36 (KHTML, like Gecko; compatible; GPTBot/1.3; +https://openai.com/gptbot)"
74.7.243.236 - - [17/Mar/2026:18:54:55 +0000] "GET /goods.php?products/entitle/b029000335 HTTP/2.0" 200 87172 "https://nfsin.com/goods.php??q=iraz29egvei284dcbmkj" "Mozilla/5.0 AppleWebKit/537.36 (KHTML, like Gecko; compatible; GPTBot/1.3; +https://openai.com/gptbot)"
74.7.243.236 - - [17/Mar/2026:18:55:17 +0000] "GET /goods.php?detail/024010025130 HTTP/2.0" 200 85950 "https://nfsin.com/goods.php?detail/024019880172" "Mozilla/5.0 AppleWebKit/537.36 (KHTML, like Gecko; compatible; GPTBot/1.3; +https://openai.com/gptbot)"
74.7.243.236 - - [17/Mar/2026:18:55:43 +0000] "GET /goods.php?detail/047012042432 HTTP/2.0" 200 85008 "https://nfsin.com/goods.php?detail/024019880172" "Mozilla/5.0 AppleWebKit/537.36 (KHTML, like Gecko; compatible; GPTBot/1.3; +https://openai.com/gptbot)"
74.7.243.236 - - [17/Mar/2026:18:56:12 +0000] "GET /goods.php?detail/300019839989 HTTP/2.0" 200 85894 "https://nfsin.com/goods.php?detail/189009718542" "Mozilla/5.0 AppleWebKit/537.36 (KHTML, like Gecko; compatible; GPTBot/1.3; +https://openai.com/gptbot)"
74.7.243.236 - - [17/Mar/2026:18:56:35 +0000] "GET /goods.php??v=abwm64fx631gadgsp HTTP/2.0" 200 85616 "https://nfsin.com/goods.php??z=kiut64fra809osiaqq" "Mozilla/5.0 AppleWebKit/537.36 (KHTML, like Gecko; compatible; GPTBot/1.3; +https://openai.com/gptbot)"
74.7.243.236 - - [17/Mar/2026:18:57:03 +0000] "GET /goods.php??j=qwx135e9706lbucfepdk HTTP/2.0" 200 85587 "https://nfsin.com/goods.php?pcmypage?callback=product%2Fdetail%2Fm69354885171" "Mozilla/5.0 AppleWebKit/537.36 (KHTML, like Gecko; compatible; GPTBot/1.3; +https://openai.com/gptbot)"
74.7.243.236 - - [17/Mar/2026:18:57:23 +0000] "GET /goods.php??p=upw64krs881mnollg HTTP/2.0" 200 85530 "https://nfsin.com/goods.php??y=xjenb64x925wqjtoa" "Mozilla/5.0 AppleWebKit/537.36 (KHTML, like Gecko; compatible; GPTBot/1.3; +https://openai.com/gptbot)"
74.7.243.236 - - [17/Mar/2026:18:57:46 +0000] "GET /goods.php??z=ardq69ep19288hpmahpk HTTP/2.0" 200 85943 "https://nfsin.com/goods.php??z=kiut64fra809osiaqq" "Mozilla/5.0 AppleWebKit/537.36 (KHTML, like Gecko; compatible; GPTBot/1.3; +https://openai.com/gptbot)"
74.7.243.236 - - [17/Mar/2026:18:58:10 +0000] "GET /goods.php?detail/175029402154 HTTP/2.0" 200 85710 "https://nfsin.com/goods.php?detail/170002149241" "Mozilla/5.0 AppleWebKit/537.36 (KHTML, like Gecko; compatible; GPTBot/1.3; +https://openai.com/gptbot)"
74.7.243.236 - - [17/Mar/2026:18:58:34 +0000] "GET /goods.php?detail/188033659059 HTTP/2.0" 200 86407 "https://nfsin.com/goods.php?detail/240018273667" "Mozilla/5.0 AppleWebKit/537.36 (KHTML, like Gecko; compatible; GPTBot/1.3; +https://openai.com/gptbot)"
74.7.243.236 - - [17/Mar/2026:18:58:55 +0000] "GET /goods.php?product/edit/m62892070773 HTTP/2.0" 200 86191 "https://nfsin.com/goods.php??j=yqcq29h252nxuxhu" "Mozilla/5.0 AppleWebKit/537.36 (KHTML, like Gecko; compatible; GPTBot/1.3; +https://openai.com/gptbot)"
51.68.247.213 - - [17/Mar/2026:18:58:52 +0000] "GET /wp-includes/class-wp-customize-manager.php HTTP/2.0" 404 15598 "-" "Mozilla/5.0 (compatible; AhrefsBot/7.0; +http://ahrefs.com/robot/)"
139.162.194.112 - - [17/Mar/2026:18:59:02 +0000] "POST /wp-cron.php?doing_wp_cron=1773773942.4239559173583984375000 HTTP/1.1" 404 15598 "-" "WordPress/6.9.1; https://nfsin.com"
74.7.243.236 - - [17/Mar/2026:18:59:18 +0000] "GET /goods.php?detail/189018354930 HTTP/2.0" 200 85234 "https://nfsin.com/goods.php?detail/189018259470" "Mozilla/5.0 AppleWebKit/537.36 (KHTML, like Gecko; compatible; GPTBot/1.3; +https://openai.com/gptbot)"
74.7.243.236 - - [17/Mar/2026:18:59:40 +0000] "GET /goods.php?detail/093025340251 HTTP/2.0" 200 85922 "https://nfsin.com/goods.php?detail/108019466252" "Mozilla/5.0 AppleWebKit/537.36 (KHTML, like Gecko; compatible; GPTBot/1.3; +https://openai.com/gptbot)"
74.7.243.236 - - [17/Mar/2026:19:00:03 +0000] "GET /goods.php?detail/193029445825 HTTP/2.0" 200 85178 "https://nfsin.com/goods.php?detail/215021680590" "Mozilla/5.0 AppleWebKit/537.36 (KHTML, like Gecko; compatible; GPTBot/1.3; +https://openai.com/gptbot)"
74.7.243.236 - - [17/Mar/2026:19:00:24 +0000] "GET /goods.php?detail/1190310506112 HTTP/2.0" 200 86190 "https://nfsin.com/goods.php?detail/300019839989" "Mozilla/5.0 AppleWebKit/537.36 (KHTML, like Gecko; compatible; GPTBot/1.3; +https://openai.com/gptbot)"
74.7.243.236 - - [17/Mar/2026:19:00:48 +0000] "GET /goods.php??v=pkg64qt109mwjofh HTTP/2.0" 200 85777 "https://nfsin.com/goods.php??v=abwm64fx631gadgsp" "Mozilla/5.0 AppleWebKit/537.36 (KHTML, like Gecko; compatible; GPTBot/1.3; +https://openai.com/gptbot)"
74.7.243.236 - - [17/Mar/2026:19:01:07 +0000] "GET /goods.php?detail/071048959768 HTTP/2.0" 200 85471 "https://nfsin.com/goods.php??q=iraz29egvei284dcbmkj" "Mozilla/5.0 AppleWebKit/537.36 (KHTML, like Gecko; compatible; GPTBot/1.3; +https://openai.com/gptbot)"
74.7.243.236 - - [17/Mar/2026:19:01:25 +0000] "GET /goods.php?detail/255004768324 HTTP/2.0" 200 85419 "https://nfsin.com/goods.php?detail/255049045797" "Mozilla/5.0 AppleWebKit/537.36 (KHTML, like Gecko; compatible; GPTBot/1.3; +https://openai.com/gptbot)"
74.7.243.236 - - [17/Mar/2026:19:01:48 +0000] "GET /goods.php??e=mnol247cs700xrrbslz HTTP/2.0" 200 86035 "https://nfsin.com/goods.php??z=ardq69ep19288hpmahpk" "Mozilla/5.0 AppleWebKit/537.36 (KHTML, like Gecko; compatible; GPTBot/1.3; +https://openai.com/gptbot)"
74.7.243.236 - - [17/Mar/2026:19:02:04 +0000] "GET /goods.php?detail/129021156615 HTTP/2.0" 200 85392 "https://nfsin.com/goods.php?detail/175029402154" "Mozilla/5.0 AppleWebKit/537.36 (KHTML, like Gecko; compatible; GPTBot/1.3; +https://openai.com/gptbot)"
74.7.243.236 - - [17/Mar/2026:19:02:20 +0000] "GET /goods.php?detail/175005310631 HTTP/2.0" 200 85783 "https://nfsin.com/goods.php?detail/175029402154" "Mozilla/5.0 AppleWebKit/537.36 (KHTML, like Gecko; compatible; GPTBot/1.3; +https://openai.com/gptbot)"
74.7.243.236 - - [17/Mar/2026:19:02:38 +0000] "GET /goods.php??i=pnp33mp5610cjxpmvzc HTTP/2.0" 200 85457 "https://nfsin.com/goods.php?product/edit/m62892070773" "Mozilla/5.0 AppleWebKit/537.36 (KHTML, like Gecko; compatible; GPTBot/1.3; +https://openai.com/gptbot)"
74.7.243.236 - - [17/Mar/2026:19:02:58 +0000] "GET /goods.php?detail/099020216163 HTTP/2.0" 200 85213 "https://nfsin.com/goods.php?detail/189018354930" "Mozilla/5.0 AppleWebKit/537.36 (KHTML, like Gecko; compatible; GPTBot/1.3; +https://openai.com/gptbot)"
74.7.243.236 - - [17/Mar/2026:19:03:20 +0000] "GET /goods.php?pcmypage?callback=product/review/m26436100761 HTTP/2.0" 200 85922 "https://nfsin.com/goods.php?detail/093025340251" "Mozilla/5.0 AppleWebKit/537.36 (KHTML, like Gecko; compatible; GPTBot/1.3; +https://openai.com/gptbot)"
74.7.243.236 - - [17/Mar/2026:19:03:39 +0000] "GET /goods.php?detail/153002694700 HTTP/2.0" 200 86308 "https://nfsin.com/goods.php?detail/193029445825" "Mozilla/5.0 AppleWebKit/537.36 (KHTML, like Gecko; compatible; GPTBot/1.3; +https://openai.com/gptbot)"
74.7.243.236 - - [17/Mar/2026:19:04:03 +0000] "GET /goods.php?detail/006003235002 HTTP/2.0" 200 86792 "https://nfsin.com/goods.php?detail/093025340251" "Mozilla/5.0 AppleWebKit/537.36 (KHTML, like Gecko; compatible; GPTBot/1.3; +https://openai.com/gptbot)"
74.7.243.236 - - [17/Mar/2026:19:04:22 +0000] "GET /goods.php??y=kcdcd69m9930thtvsez HTTP/2.0" 200 85660 "https://nfsin.com/goods.php??z=ardq69ep19288hpmahpk" "Mozilla/5.0 AppleWebKit/537.36 (KHTML, like Gecko; compatible; GPTBot/1.3; +https://openai.com/gptbot)"
74.7.243.236 - - [17/Mar/2026:19:04:43 +0000] "GET /goods.php?detail/283008753441 HTTP/2.0" 200 85967 "https://nfsin.com/goods.php?detail/051020293927" "Mozilla/5.0 AppleWebKit/537.36 (KHTML, like Gecko; compatible; GPTBot/1.3; +https://openai.com/gptbot)"
74.7.243.236 - - [17/Mar/2026:19:05:05 +0000] "GET /goods.php?detail/156028093925 HTTP/2.0" 200 86352 "https://nfsin.com/goods.php?detail/170002149241" "Mozilla/5.0 AppleWebKit/537.36 (KHTML, like Gecko; compatible; GPTBot/1.3; +https://openai.com/gptbot)"
74.7.243.236 - - [17/Mar/2026:19:05:23 +0000] "GET /goods.php??c=txz131do8030zoadpjk HTTP/2.0" 200 86488 "https://nfsin.com/goods.php??e=mnol247cs700xrrbslz" "Mozilla/5.0 AppleWebKit/537.36 (KHTML, like Gecko; compatible; GPTBot/1.3; +https://openai.com/gptbot)"
74.7.243.236 - - [17/Mar/2026:19:05:38 +0000] "GET /goods.php?detail/037012421954 HTTP/2.0" 200 85838 "https://nfsin.com/goods.php?detail/037018970396" "Mozilla/5.0 AppleWebKit/537.36 (KHTML, like Gecko; compatible; GPTBot/1.3; +https://openai.com/gptbot)"
74.7.243.236 - - [17/Mar/2026:19:05:59 +0000] "GET /goods.php?detail/042002747091 HTTP/2.0" 200 86706 "https://nfsin.com/goods.php?detail/175005310631" "Mozilla/5.0 AppleWebKit/537.36 (KHTML, like Gecko; compatible; GPTBot/1.3; +https://openai.com/gptbot)"
74.7.243.236 - - [17/Mar/2026:19:06:17 +0000] "GET /goods.php?detail/269028701184 HTTP/2.0" 200 85481 "https://nfsin.com/goods.php?detail/006011838087" "Mozilla/5.0 AppleWebKit/537.36 (KHTML, like Gecko; compatible; GPTBot/1.3; +https://openai.com/gptbot)"
74.7.243.236 - - [17/Mar/2026:19:06:39 +0000] "GET /goods.php?detail/147007813582 HTTP/2.0" 200 85984 "https://nfsin.com/goods.php?detail/147009482587" "Mozilla/5.0 AppleWebKit/537.36 (KHTML, like Gecko; compatible; GPTBot/1.3; +https://openai.com/gptbot)"
74.7.243.236 - - [17/Mar/2026:19:06:58 +0000] "GET /goods.php?detail/037006915280 HTTP/2.0" 200 85849 "https://nfsin.com/goods.php?detail/0530027100127" "Mozilla/5.0 AppleWebKit/537.36 (KHTML, like Gecko; compatible; GPTBot/1.3; +https://openai.com/gptbot)"
74.7.243.236 - - [17/Mar/2026:19:07:15 +0000] "GET /goods.php?detail/137007698126 HTTP/2.0" 200 85366 "https://nfsin.com/goods.php?detail/054001299927" "Mozilla/5.0 AppleWebKit/537.36 (KHTML, like Gecko; compatible; GPTBot/1.3; +https://openai.com/gptbot)"
74.7.243.236 - - [17/Mar/2026:19:07:33 +0000] "GET /goods.php?detail/139047127552 HTTP/2.0" 200 86949 "https://nfsin.com/goods.php?detail/143048981530" "Mozilla/5.0 AppleWebKit/537.36 (KHTML, like Gecko; compatible; GPTBot/1.3; +https://openai.com/gptbot)"
74.7.243.236 - - [17/Mar/2026:19:07:50 +0000] "GET /goods.php??o=ttt69x8626xqagpi HTTP/2.0" 200 85745 "https://nfsin.com/goods.php??y=kcdcd69m9930thtvsez" "Mozilla/5.0 AppleWebKit/537.36 (KHTML, like Gecko; compatible; GPTBot/1.3; +https://openai.com/gptbot)"
74.7.243.236 - - [17/Mar/2026:19:08:09 +0000] "GET /goods.php?detail/244007922254 HTTP/2.0" 200 85544 "https://nfsin.com/goods.php??y=kcdcd69m9930thtvsez" "Mozilla/5.0 AppleWebKit/537.36 (KHTML, like Gecko; compatible; GPTBot/1.3; +https://openai.com/gptbot)"
74.7.228.1 - - [17/Mar/2026:19:08:14 +0000] "GET /robots.txt HTTP/2.0" 200 124 "-" "Mozilla/5.0 (Macintosh; Intel Mac OS X 10_15_7) AppleWebKit/537.36 (KHTML, like Gecko) Chrome/131.0.0.0 Safari/537.36; compatible; OAI-SearchBot/1.3; robots.txt; +https://openai.com/searchbot"
74.7.243.236 - - [17/Mar/2026:19:08:26 +0000] "GET /goods.php?detail/260025204227 HTTP/2.0" 200 85322 "https://nfsin.com/goods.php?detail/283008753441" "Mozilla/5.0 AppleWebKit/537.36 (KHTML, like Gecko; compatible; GPTBot/1.3; +https://openai.com/gptbot)"
74.7.243.236 - - [17/Mar/2026:19:08:42 +0000] "GET /goods.php?detail/156007341384 HTTP/2.0" 200 86892 "https://nfsin.com/goods.php?detail/156028093925" "Mozilla/5.0 AppleWebKit/537.36 (KHTML, like Gecko; compatible; GPTBot/1.3; +https://openai.com/gptbot)"
74.7.243.236 - - [17/Mar/2026:19:09:00 +0000] "GET /goods.php?detail/115040866728 HTTP/2.0" 200 85638 "https://nfsin.com/goods.php?detail/037018970396" "Mozilla/5.0 AppleWebKit/537.36 (KHTML, like Gecko; compatible; GPTBot/1.3; +https://openai.com/gptbot)"
74.7.243.236 - - [17/Mar/2026:19:09:18 +0000] "GET /goods.php?goods/226026223 HTTP/2.0" 200 85532 "https://nfsin.com/goods.php?detail/042002747091" "Mozilla/5.0 AppleWebKit/537.36 (KHTML, like Gecko; compatible; GPTBot/1.3; +https://openai.com/gptbot)"
74.7.243.236 - - [17/Mar/2026:19:09:35 +0000] "GET /goods.php?pcmypage?callback=product%2Fdetail%2Fm92272621565 HTTP/2.0" 200 86342 "https://nfsin.com/goods.php?detail/042002747091" "Mozilla/5.0 AppleWebKit/537.36 (KHTML, like Gecko; compatible; GPTBot/1.3; +https://openai.com/gptbot)"
74.7.243.236 - - [17/Mar/2026:19:09:49 +0000] "GET /goods.php?detail/013027797981 HTTP/2.0" 200 84888 "https://nfsin.com/goods.php?detail/269028701184" "Mozilla/5.0 AppleWebKit/537.36 (KHTML, like Gecko; compatible; GPTBot/1.3; +https://openai.com/gptbot)"
74.7.243.236 - - [17/Mar/2026:19:10:10 +0000] "GET /goods.php?detail/075001301185 HTTP/2.0" 200 86133 "https://nfsin.com/goods.php?detail/037006915280" "Mozilla/5.0 AppleWebKit/537.36 (KHTML, like Gecko; compatible; GPTBot/1.3; +https://openai.com/gptbot)"
74.7.243.236 - - [17/Mar/2026:19:10:30 +0000] "GET /goods.php?detail/037000248887 HTTP/2.0" 200 85691 "https://nfsin.com/goods.php?detail/037006915280" "Mozilla/5.0 AppleWebKit/537.36 (KHTML, like Gecko; compatible; GPTBot/1.3; +https://openai.com/gptbot)"
74.7.243.236 - - [17/Mar/2026:19:10:48 +0000] "GET /goods.php?detail/072009990621 HTTP/2.0" 200 86909 "https://nfsin.com/goods.php?detail/139047127552" "Mozilla/5.0 AppleWebKit/537.36 (KHTML, like Gecko; compatible; GPTBot/1.3; +https://openai.com/gptbot)"
74.7.243.236 - - [17/Mar/2026:19:11:06 +0000] "GET /goods.php??n=hnos69p9184qgrquwd HTTP/2.0" 200 85905 "https://nfsin.com/goods.php??o=ttt69x8626xqagpi" "Mozilla/5.0 AppleWebKit/537.36 (KHTML, like Gecko; compatible; GPTBot/1.3; +https://openai.com/gptbot)"
74.7.243.236 - - [17/Mar/2026:19:11:29 +0000] "GET /goods.php?detail/037006756561 HTTP/2.0" 200 85949 "https://nfsin.com/goods.php?detail/037006915280" "Mozilla/5.0 AppleWebKit/537.36 (KHTML, like Gecko; compatible; GPTBot/1.3; +https://openai.com/gptbot)"
74.7.243.236 - - [17/Mar/2026:19:11:52 +0000] "GET /goods.php?detail/224026467679 HTTP/2.0" 200 86792 "https://nfsin.com/goods.php?detail/260025204227" "Mozilla/5.0 AppleWebKit/537.36 (KHTML, like Gecko; compatible; GPTBot/1.3; +https://openai.com/gptbot)"
74.7.243.236 - - [17/Mar/2026:19:12:16 +0000] "GET /goods.php?detail/260001425099 HTTP/2.0" 200 85845 "https://nfsin.com/goods.php?detail/260025204227" "Mozilla/5.0 AppleWebKit/537.36 (KHTML, like Gecko; compatible; GPTBot/1.3; +https://openai.com/gptbot)"
74.7.243.236 - - [17/Mar/2026:19:12:41 +0000] "GET /goods.php?goods/280039891 HTTP/2.0" 200 86122 "https://nfsin.com/goods.php?detail/115040866728" "Mozilla/5.0 AppleWebKit/537.36 (KHTML, like Gecko; compatible; GPTBot/1.3; +https://openai.com/gptbot)"
74.7.243.236 - - [17/Mar/2026:19:13:05 +0000] "GET /goods.php?detail/255006750771 HTTP/2.0" 200 85841 "https://nfsin.com/goods.php?goods/226026223" "Mozilla/5.0 AppleWebKit/537.36 (KHTML, like Gecko; compatible; GPTBot/1.3; +https://openai.com/gptbot)"
74.7.243.236 - - [17/Mar/2026:19:13:23 +0000] "GET /goods.php??k=cbo65b150lrgvmziri HTTP/2.0" 200 86358 "https://nfsin.com/goods.php?pcmypage?callback=product%2Fdetail%2Fm92272621565" "Mozilla/5.0 AppleWebKit/537.36 (KHTML, like Gecko; compatible; GPTBot/1.3; +https://openai.com/gptbot)"
74.7.243.236 - - [17/Mar/2026:19:13:44 +0000] "GET /goods.php?detail/035026874650 HTTP/2.0" 200 85267 "https://nfsin.com/goods.php?detail/115040866728" "Mozilla/5.0 AppleWebKit/537.36 (KHTML, like Gecko; compatible; GPTBot/1.3; +https://openai.com/gptbot)"
74.7.243.236 - - [17/Mar/2026:19:14:07 +0000] "GET /goods.php?detail/075001331413 HTTP/2.0" 200 86554 "https://nfsin.com/goods.php?detail/075001301185" "Mozilla/5.0 AppleWebKit/537.36 (KHTML, like Gecko; compatible; GPTBot/1.3; +https://openai.com/gptbot)"
74.7.243.236 - - [17/Mar/2026:19:14:26 +0000] "GET /goods.php?detail/037010199483 HTTP/2.0" 200 86045 "https://nfsin.com/goods.php?detail/037000248887" "Mozilla/5.0 AppleWebKit/537.36 (KHTML, like Gecko; compatible; GPTBot/1.3; +https://openai.com/gptbot)"
51.68.247.202 - - [17/Mar/2026:19:14:25 +0000] "GET /wp-includes/class-wp-customize-control.php HTTP/2.0" 404 15598 "-" "Mozilla/5.0 (compatible; AhrefsBot/7.0; +http://ahrefs.com/robot/)"
139.162.194.112 - - [17/Mar/2026:19:14:33 +0000] "POST /wp-cron.php?doing_wp_cron=1773774873.0558509826660156250000 HTTP/1.1" 404 15598 "-" "WordPress/6.9.1; https://nfsin.com"
74.7.243.236 - - [17/Mar/2026:19:14:48 +0000] "GET /goods.php?product/edit/m84854375667 HTTP/2.0" 200 86569 "https://nfsin.com/goods.php?detail/072009990621" "Mozilla/5.0 AppleWebKit/537.36 (KHTML, like Gecko; compatible; GPTBot/1.3; +https://openai.com/gptbot)"
204.12.208.18 - - [17/Mar/2026:19:15:01 +0000] "GET /wp-includes/wpf78988/edit.php HTTP/1.1" 200 26 "https://nfsin.com/wp-includes/wpf78988/edit.php" "Mozilla/5.0 (Macintosh; U; Intel Mac OS X 10_5_3; ja-jp) AppleWebKit/525.18 (KHTML, like Gecko) Version/3.1.1 Safari/525.20"
74.7.243.236 - - [17/Mar/2026:19:15:12 +0000] "GET /goods.php?detail/2270427757520 HTTP/2.0" 200 87092 "https://nfsin.com/goods.php?goods/226026223" "Mozilla/5.0 AppleWebKit/537.36 (KHTML, like Gecko; compatible; GPTBot/1.3; +https://openai.com/gptbot)"
74.7.243.236 - - [17/Mar/2026:19:15:32 +0000] "GET /goods.php?detail/125027261818 HTTP/2.0" 200 85504 "https://nfsin.com/goods.php?detail/037006756561" "Mozilla/5.0 AppleWebKit/537.36 (KHTML, like Gecko; compatible; GPTBot/1.3; +https://openai.com/gptbot)"
74.7.243.236 - - [17/Mar/2026:19:15:55 +0000] "GET /goods.php?detail/248020352652 HTTP/2.0" 200 85359 "https://nfsin.com/goods.php?detail/224026467679" "Mozilla/5.0 AppleWebKit/537.36 (KHTML, like Gecko; compatible; GPTBot/1.3; +https://openai.com/gptbot)"
204.12.208.18 - - [17/Mar/2026:19:14:41 +0000] "GET /wp-includes/wpf78988/edit.php HTTP/1.1" 200 20 "https://nfsin.com/wp-includes/wpf78988/edit.php" "Mozilla/5.0 (Windows NT 5.1; rv:6.0) Gecko/20100101 Firefox/6.0"
74.7.243.236 - - [17/Mar/2026:19:16:16 +0000] "GET /goods.php?detail/2600014463913 HTTP/2.0" 200 85554 "https://nfsin.com/goods.php?detail/260001425099" "Mozilla/5.0 AppleWebKit/537.36 (KHTML, like Gecko; compatible; GPTBot/1.3; +https://openai.com/gptbot)"
74.7.243.236 - - [17/Mar/2026:19:16:37 +0000] "GET /goods.php?detail/280014991141 HTTP/2.0" 200 85559 "https://nfsin.com/goods.php?goods/280039891" "Mozilla/5.0 AppleWebKit/537.36 (KHTML, like Gecko; compatible; GPTBot/1.3; +https://openai.com/gptbot)"
74.7.243.236 - - [17/Mar/2026:19:16:58 +0000] "GET /goods.php??x=jhxc69m4974dzivopfb HTTP/2.0" 200 86375 "https://nfsin.com/goods.php??n=hnos69p9184qgrquwd" "Mozilla/5.0 AppleWebKit/537.36 (KHTML, like Gecko; compatible; GPTBot/1.3; +https://openai.com/gptbot)"
74.7.243.236 - - [17/Mar/2026:19:17:19 +0000] "GET /goods.php??k=obxn2s26869dkgfouw HTTP/2.0" 200 85356 "https://nfsin.com/goods.php??k=cbo65b150lrgvmziri" "Mozilla/5.0 AppleWebKit/537.36 (KHTML, like Gecko; compatible; GPTBot/1.3; +https://openai.com/gptbot)"
74.7.243.236 - - [17/Mar/2026:19:17:41 +0000] "GET /goods.php?detail/119040484695 HTTP/2.0" 200 85775 "https://nfsin.com/goods.php?detail/035026874650" "Mozilla/5.0 AppleWebKit/537.36 (KHTML, like Gecko; compatible; GPTBot/1.3; +https://openai.com/gptbot)"
69.197.179.242 - - [17/Mar/2026:19:16:15 +0000] "GET /wp-includes/wpf78988/edit.php?id=545071 HTTP/1.1" 200 20 "https://nfsin.com/wp-includes/wpf78988/edit.php?id=545071" "Mozilla/5.0 (Windows NT 10.0; Win64; x64) AppleWebKit/537.36 (KHTML, like Gecko) Chrome/58.0.3029.110 Safari/537.3"
74.7.243.236 - - [17/Mar/2026:19:18:07 +0000] "GET /goods.php?detail/075011950968 HTTP/2.0" 200 85878 "https://nfsin.com/goods.php?detail/075001331413" "Mozilla/5.0 AppleWebKit/537.36 (KHTML, like Gecko; compatible; GPTBot/1.3; +https://openai.com/gptbot)"
74.7.243.236 - - [17/Mar/2026:19:18:34 +0000] "GET /goods.php??r=bmi10tlwhq6839emkijx HTTP/2.0" 200 85798 "https://nfsin.com/goods.php?pcmypage?callback=product%2Fdetail%2Fm92272621565" "Mozilla/5.0 AppleWebKit/537.36 (KHTML, like Gecko; compatible; GPTBot/1.3; +https://openai.com/gptbot)"
74.7.243.236 - - [17/Mar/2026:19:18:57 +0000] "GET /goods.php??q=juq94yb17335sscllfr HTTP/2.0" 200 85755 "https://nfsin.com/goods.php?product/edit/m84854375667" "Mozilla/5.0 AppleWebKit/537.36 (KHTML, like Gecko; compatible; GPTBot/1.3; +https://openai.com/gptbot)"
69.197.179.242 - - [17/Mar/2026:19:17:48 +0000] "GET /wp-includes/wpf78988/edit.php?id=545071 HTTP/1.1" 200 20 "https://nfsin.com/wp-includes/wpf78988/edit.php?id=545071" "Mozilla/5.0 (Windows NT 10.0; Win64; x64) AppleWebKit/537.36 (KHTML, like Gecko) Chrome/58.0.3029.110 Safari/537.3"
74.7.243.236 - - [17/Mar/2026:19:19:15 +0000] "GET /goods.php?goods/289041547 HTTP/2.0" 200 87446 "https://nfsin.com/goods.php?detail/2270427757520" "Mozilla/5.0 AppleWebKit/537.36 (KHTML, like Gecko; compatible; GPTBot/1.3; +https://openai.com/gptbot)"
74.7.243.236 - - [17/Mar/2026:19:19:42 +0000] "GET /goods.php?detail/1250207600589 HTTP/2.0" 200 87280 "https://nfsin.com/goods.php?detail/125027261818" "Mozilla/5.0 AppleWebKit/537.36 (KHTML, like Gecko; compatible; GPTBot/1.3; +https://openai.com/gptbot)"
74.7.243.236 - - [17/Mar/2026:19:20:07 +0000] "GET /goods.php?product/edit/m71632518866 HTTP/2.0" 200 85084 "https://nfsin.com/goods.php?detail/125027261818" "Mozilla/5.0 AppleWebKit/537.36 (KHTML, like Gecko; compatible; GPTBot/1.3; +https://openai.com/gptbot)"
74.7.243.236 - - [17/Mar/2026:19:20:32 +0000] "GET /goods.php?detail/28701391184704 HTTP/2.0" 200 86396 "https://nfsin.com/goods.php?detail/248020352652" "Mozilla/5.0 AppleWebKit/537.36 (KHTML, like Gecko; compatible; GPTBot/1.3; +https://openai.com/gptbot)"
69.197.179.242 - - [17/Mar/2026:19:19:18 +0000] "GET /wp-includes/wpf78988/edit.php?id=545071 HTTP/1.1" 200 20 "https://nfsin.com/wp-includes/wpf78988/edit.php?id=545071" "Mozilla/5.0 (Windows NT 10.0; Win64; x64) AppleWebKit/537.36 (KHTML, like Gecko) Chrome/58.0.3029.110 Safari/537.3"
74.7.243.236 - - [17/Mar/2026:19:20:51 +0000] "GET /goods.php?detail/041049511687 HTTP/2.0" 200 85631 "https://nfsin.com/goods.php?detail/125027261818" "Mozilla/5.0 AppleWebKit/537.36 (KHTML, like Gecko; compatible; GPTBot/1.3; +https://openai.com/gptbot)"
74.7.243.236 - - [17/Mar/2026:19:21:16 +0000] "GET /goods.php??b=ooau70oj20627hjbgtwh HTTP/2.0" 200 87566 "https://nfsin.com/goods.php??x=jhxc69m4974dzivopfb" "Mozilla/5.0 AppleWebKit/537.36 (KHTML, like Gecko; compatible; GPTBot/1.3; +https://openai.com/gptbot)"
74.7.243.236 - - [17/Mar/2026:19:21:39 +0000] "GET /goods.php??k=pzu2l1987hkbfer HTTP/2.0" 200 85632 "https://nfsin.com/goods.php??k=obxn2s26869dkgfouw" "Mozilla/5.0 AppleWebKit/537.36 (KHTML, like Gecko; compatible; GPTBot/1.3; +https://openai.com/gptbot)"
74.7.243.236 - - [17/Mar/2026:19:22:00 +0000] "GET /goods.php?goods/119002323 HTTP/2.0" 200 86128 "https://nfsin.com/goods.php?detail/119040484695" "Mozilla/5.0 AppleWebKit/537.36 (KHTML, like Gecko; compatible; GPTBot/1.3; +https://openai.com/gptbot)"
69.197.179.242 - - [17/Mar/2026:19:20:50 +0000] "GET /wp-includes/wpf78988/edit.php?id=545071 HTTP/1.1" 200 20 "https://nfsin.com/wp-includes/wpf78988/edit.php?id=545071" "Mozilla/5.0 (Windows NT 10.0; Win64; x64) AppleWebKit/537.36 (KHTML, like Gecko) Chrome/58.0.3029.110 Safari/537.3"
74.7.243.236 - - [17/Mar/2026:19:22:31 +0000] "GET /goods.php??r=zfc73rmj23098zwqmth HTTP/2.0" 200 86440 "https://nfsin.com/goods.php??x=jhxc69m4974dzivopfb" "Mozilla/5.0 AppleWebKit/537.36 (KHTML, like Gecko; compatible; GPTBot/1.3; +https://openai.com/gptbot)"
74.7.243.236 - - [17/Mar/2026:19:22:58 +0000] "GET /goods.php?detail/0320406324214 HTTP/2.0" 200 85645 "https://nfsin.com/goods.php?detail/037010199483" "Mozilla/5.0 AppleWebKit/537.36 (KHTML, like Gecko; compatible; GPTBot/1.3; +https://openai.com/gptbot)"
74.7.243.236 - - [17/Mar/2026:19:23:32 +0000] "GET /goods.php?detail/126001239797 HTTP/2.0" 200 86043 "https://nfsin.com/goods.php?detail/119040484695" "Mozilla/5.0 AppleWebKit/537.36 (KHTML, like Gecko; compatible; GPTBot/1.3; +https://openai.com/gptbot)"
69.197.179.242 - - [17/Mar/2026:19:22:23 +0000] "GET /wp-includes/wpf78988/edit.php?id=545071 HTTP/1.1" 200 20 "https://nfsin.com/wp-includes/wpf78988/edit.php?id=545071" "Mozilla/5.0 (Windows NT 10.0; Win64; x64) AppleWebKit/537.36 (KHTML, like Gecko) Chrome/58.0.3029.110 Safari/537.3"
74.7.243.236 - - [17/Mar/2026:19:24:07 +0000] "GET /goods.php?detail/122046466158 HTTP/2.0" 200 85192 "https://nfsin.com/goods.php?goods/289041547" "Mozilla/5.0 AppleWebKit/537.36 (KHTML, like Gecko; compatible; GPTBot/1.3; +https://openai.com/gptbot)"
74.7.243.236 - - [17/Mar/2026:19:24:38 +0000] "GET /goods.php?detail/111028084303 HTTP/2.0" 200 86155 "https://nfsin.com/goods.php?detail/035026874650" "Mozilla/5.0 AppleWebKit/537.36 (KHTML, like Gecko; compatible; GPTBot/1.3; +https://openai.com/gptbot)"
74.7.243.236 - - [17/Mar/2026:19:25:09 +0000] "GET /goods.php?detail/227013044369 HTTP/2.0" 200 85951 "https://nfsin.com/goods.php?detail/2270427757520" "Mozilla/5.0 AppleWebKit/537.36 (KHTML, like Gecko; compatible; GPTBot/1.3; +https://openai.com/gptbot)"
69.197.179.242 - - [17/Mar/2026:19:23:57 +0000] "GET /wp-includes/wpf78988/edit.php?id=545071 HTTP/1.1" 200 20 "https://nfsin.com/wp-includes/wpf78988/edit.php?id=545071" "Mozilla/5.0 (Windows NT 10.0; Win64; x64) AppleWebKit/537.36 (KHTML, like Gecko) Chrome/58.0.3029.110 Safari/537.3"
74.7.243.236 - - [17/Mar/2026:19:25:40 +0000] "GET /goods.php?detail/287001662815 HTTP/2.0" 200 86474 "https://nfsin.com/goods.php?detail/28701391184704" "Mozilla/5.0 AppleWebKit/537.36 (KHTML, like Gecko; compatible; GPTBot/1.3; +https://openai.com/gptbot)"
74.7.243.236 - - [17/Mar/2026:19:26:15 +0000] "GET /goods.php?detail/232036132677 HTTP/2.0" 200 87066 "https://nfsin.com/goods.php?detail/041049511687" "Mozilla/5.0 AppleWebKit/537.36 (KHTML, like Gecko; compatible; GPTBot/1.3; +https://openai.com/gptbot)"
74.7.243.236 - - [17/Mar/2026:19:26:50 +0000] "GET /goods.php??b=vfh149n7810esgqtjq HTTP/2.0" 200 85732 "https://nfsin.com/goods.php??b=ooau70oj20627hjbgtwh" "Mozilla/5.0 AppleWebKit/537.36 (KHTML, like Gecko; compatible; GPTBot/1.3; +https://openai.com/gptbot)"
69.197.179.242 - - [17/Mar/2026:19:25:38 +0000] "GET /wp-includes/wpf78988/edit.php?id=545071 HTTP/1.1" 200 20 "https://nfsin.com/wp-includes/wpf78988/edit.php?id=545071" "Mozilla/5.0 (Windows NT 10.0; Win64; x64) AppleWebKit/537.36 (KHTML, like Gecko) Chrome/58.0.3029.110 Safari/537.3"
51.68.107.139 - - [17/Mar/2026:19:27:23 +0000] "GET /robots.txt HTTP/1.1" 200 124 "-" "Mozilla/5.0 (compatible; MJ12bot/v2.0.5; http://mj12bot.com/)"
74.7.243.236 - - [17/Mar/2026:19:27:21 +0000] "GET /goods.php?detail/002001518366 HTTP/2.0" 200 85446 "https://nfsin.com/goods.php??k=pzu2l1987hkbfer" "Mozilla/5.0 AppleWebKit/537.36 (KHTML, like Gecko; compatible; GPTBot/1.3; +https://openai.com/gptbot)"
51.68.107.139 - - [17/Mar/2026:19:27:23 +0000] "GET / HTTP/1.1" 200 17796 "-" "Mozilla/5.0 (compatible; MJ12bot/v2.0.5; http://mj12bot.com/)"
74.7.243.236 - - [17/Mar/2026:19:27:49 +0000] "GET /goods.php?detail/070004752555 HTTP/2.0" 200 86468 "https://nfsin.com/goods.php?goods/119002323" "Mozilla/5.0 AppleWebKit/537.36 (KHTML, like Gecko; compatible; GPTBot/1.3; +https://openai.com/gptbot)"
139.162.194.112 - - [17/Mar/2026:19:27:41 +0000] "POST /wp-cron.php?doing_wp_cron=1773775661.2490038871765136718750 HTTP/1.1" 404 15598 "-" "WordPress/6.9.1; https://nfsin.com"
74.7.228.44 - - [17/Mar/2026:19:28:16 +0000] "GET /robots.txt HTTP/2.0" 200 124 "-" "Mozilla/5.0 (Macintosh; Intel Mac OS X 10_15_7) AppleWebKit/537.36 (KHTML, like Gecko) Chrome/131.0.0.0 Safari/537.36; compatible; OAI-SearchBot/1.3; robots.txt; +https://openai.com/searchbot"
74.7.175.182 - - [17/Mar/2026:19:28:17 +0000] "GET /robots.txt HTTP/2.0" 200 124 "-" "Mozilla/5.0 (Macintosh; Intel Mac OS X 10_15_7) AppleWebKit/537.36 (KHTML, like Gecko) Chrome/131.0.0.0 Safari/537.36; compatible; OAI-SearchBot/1.3; robots.txt; +https://openai.com/searchbot"
74.7.243.236 - - [17/Mar/2026:19:28:21 +0000] "GET /goods.php?detail/119002323543 HTTP/2.0" 200 86153 "https://nfsin.com/goods.php?goods/119002323" "Mozilla/5.0 AppleWebKit/537.36 (KHTML, like Gecko; compatible; GPTBot/1.3; +https://openai.com/gptbot)"
69.197.179.242 - - [17/Mar/2026:19:27:10 +0000] "GET /wp-includes/wpf78988/edit.php?id=545071 HTTP/1.1" 200 20 "https://nfsin.com/wp-includes/wpf78988/edit.php?id=545071" "Mozilla/5.0 (Windows NT 10.0; Win64; x64) AppleWebKit/537.36 (KHTML, like Gecko) Chrome/58.0.3029.110 Safari/537.3"
74.7.243.236 - - [17/Mar/2026:19:28:42 +0000] "GET /goods.php?detail/281026747904 HTTP/2.0" 200 85816 "https://nfsin.com/goods.php?detail/189018259470" "Mozilla/5.0 AppleWebKit/537.36 (KHTML, like Gecko; compatible; GPTBot/1.3; +https://openai.com/gptbot)"
74.7.243.236 - - [17/Mar/2026:19:29:10 +0000] "GET /goods.php?detail/126004125598 HTTP/2.0" 200 85661 "https://nfsin.com/goods.php?detail/126001239797" "Mozilla/5.0 AppleWebKit/537.36 (KHTML, like Gecko; compatible; GPTBot/1.3; +https://openai.com/gptbot)"
74.7.243.236 - - [17/Mar/2026:19:29:33 +0000] "GET /goods.php?detail/214042411526 HTTP/2.0" 200 86157 "https://nfsin.com/goods.php?detail/126001239797" "Mozilla/5.0 AppleWebKit/537.36 (KHTML, like Gecko; compatible; GPTBot/1.3; +https://openai.com/gptbot)"
74.7.243.236 - - [17/Mar/2026:19:29:56 +0000] "GET /goods.php?detail/093044004433 HTTP/2.0" 200 85844 "https://nfsin.com/goods.php?detail/111028084303" "Mozilla/5.0 AppleWebKit/537.36 (KHTML, like Gecko; compatible; GPTBot/1.3; +https://openai.com/gptbot)"
69.197.179.242 - - [17/Mar/2026:19:28:42 +0000] "GET /wp-includes/wpf78988/edit.php?id=545071 HTTP/1.1" 200 20 "https://nfsin.com/wp-includes/wpf78988/edit.php?id=545071" "Mozilla/5.0 (Windows NT 10.0; Win64; x64) AppleWebKit/537.36 (KHTML, like Gecko) Chrome/58.0.3029.110 Safari/537.3"
74.7.243.236 - - [17/Mar/2026:19:30:19 +0000] "GET /goods.php??n=rei42sari1567pvfrjwr HTTP/2.0" 200 86934 "https://nfsin.com/goods.php??k=aayk42ijm3023wkpyrq" "Mozilla/5.0 AppleWebKit/537.36 (KHTML, like Gecko; compatible; GPTBot/1.3; +https://openai.com/gptbot)"
74.7.243.236 - - [17/Mar/2026:19:30:38 +0000] "GET /goods.php?pcmypage?callback=/product%2Fdetail%2m30005374727 HTTP/2.0" 200 85690 "https://nfsin.com/goods.php?detail/287001662815" "Mozilla/5.0 AppleWebKit/537.36 (KHTML, like Gecko; compatible; GPTBot/1.3; +https://openai.com/gptbot)"
74.7.243.236 - - [17/Mar/2026:19:31:03 +0000] "GET /goods.php?detail/232002414022 HTTP/2.0" 200 87000 "https://nfsin.com/goods.php?detail/232036132677" "Mozilla/5.0 AppleWebKit/537.36 (KHTML, like Gecko; compatible; GPTBot/1.3; +https://openai.com/gptbot)"
74.7.243.236 - - [17/Mar/2026:19:31:25 +0000] "GET /goods.php?detail/232002803025 HTTP/2.0" 200 86285 "https://nfsin.com/goods.php?detail/232036132677" "Mozilla/5.0 AppleWebKit/537.36 (KHTML, like Gecko; compatible; GPTBot/1.3; +https://openai.com/gptbot)"
69.197.179.242 - - [17/Mar/2026:19:30:13 +0000] "GET /wp-includes/wpf78988/edit.php?id=545071 HTTP/1.1" 200 20 "https://nfsin.com/wp-includes/wpf78988/edit.php?id=545071" "Mozilla/5.0 (Windows NT 10.0; Win64; x64) AppleWebKit/537.36 (KHTML, like Gecko) Chrome/58.0.3029.110 Safari/537.3"
74.7.243.236 - - [17/Mar/2026:19:31:45 +0000] "GET /goods.php?detail/251030390882 HTTP/2.0" 200 86226 "https://nfsin.com/goods.php?detail/002001518366" "Mozilla/5.0 AppleWebKit/537.36 (KHTML, like Gecko; compatible; GPTBot/1.3; +https://openai.com/gptbot)"
74.7.243.236 - - [17/Mar/2026:19:32:09 +0000] "GET /goods.php??g=vtx9i35048qyknbsospd HTTP/2.0" 200 85121 "https://nfsin.com/goods.php??u=fyi44b7667qmrbuwkj" "Mozilla/5.0 AppleWebKit/537.36 (KHTML, like Gecko; compatible; GPTBot/1.3; +https://openai.com/gptbot)"
74.7.243.236 - - [17/Mar/2026:19:32:37 +0000] "GET /goods.php?detail/119002315119 HTTP/2.0" 200 85567 "https://nfsin.com/goods.php?detail/119002323543" "Mozilla/5.0 AppleWebKit/537.36 (KHTML, like Gecko; compatible; GPTBot/1.3; +https://openai.com/gptbot)"
74.7.243.236 - - [17/Mar/2026:19:33:01 +0000] "GET /goods.php??b=vvg19tmtw1748qebbzqi HTTP/2.0" 200 87429 "https://nfsin.com/goods.php??y=lohy19r1984crodtidcu" "Mozilla/5.0 AppleWebKit/537.36 (KHTML, like Gecko; compatible; GPTBot/1.3; +https://openai.com/gptbot)"
