69.197.179.242 - - [18/Mar/2026:08:39:43 +0000] "GET /wp-includes/wpf78988/edit.php?id=545071 HTTP/1.1" 200 20 "https://nfsin.com/wp-includes/wpf78988/edit.php?id=545071" "Mozilla/5.0 (Windows NT 10.0; Win64; x64) AppleWebKit/537.36 (KHTML, like Gecko) Chrome/58.0.3029.110 Safari/537.3"
74.7.243.236 - - [18/Mar/2026:08:41:14 +0000] "GET /goods.php??z=pek46lvlr3147bczwes HTTP/2.0" 200 86885 "https://nfsin.com/goods.php??b=zpe46mz1867leipbozi" "Mozilla/5.0 AppleWebKit/537.36 (KHTML, like Gecko; compatible; GPTBot/1.3; +https://openai.com/gptbot)"
74.7.243.236 - - [18/Mar/2026:08:41:30 +0000] "GET /goods.php??r=zki46e3311jihozr HTTP/2.0" 200 86877 "https://nfsin.com/goods.php??b=zpe46mz1867leipbozi" "Mozilla/5.0 AppleWebKit/537.36 (KHTML, like Gecko; compatible; GPTBot/1.3; +https://openai.com/gptbot)"
74.7.243.236 - - [18/Mar/2026:08:41:43 +0000] "GET /goods.php??w=swph60ox7797njhryt HTTP/2.0" 200 86513 "https://nfsin.com/goods.php??s=lbf60wjy4235yiqhyotv" "Mozilla/5.0 AppleWebKit/537.36 (KHTML, like Gecko; compatible; GPTBot/1.3; +https://openai.com/gptbot)"
74.7.243.236 - - [18/Mar/2026:08:41:58 +0000] "GET /goods.php?detail/010014915790 HTTP/2.0" 200 85651 "https://nfsin.com/goods.php?detail/199004440389" "Mozilla/5.0 AppleWebKit/537.36 (KHTML, like Gecko; compatible; GPTBot/1.3; +https://openai.com/gptbot)"
74.7.243.236 - - [18/Mar/2026:08:42:13 +0000] "GET /goods.php??e=wtx60srchx7845zkavlo HTTP/2.0" 200 85820 "https://nfsin.com/goods.php??s=lbf60wjy4235yiqhyotv" "Mozilla/5.0 AppleWebKit/537.36 (KHTML, like Gecko; compatible; GPTBot/1.3; +https://openai.com/gptbot)"
74.7.243.236 - - [18/Mar/2026:08:42:28 +0000] "GET /goods.php?detail/0710171106822 HTTP/2.0" 200 85736 "https://nfsin.com/goods.php??m=pby59l31868cosrhv" "Mozilla/5.0 AppleWebKit/537.36 (KHTML, like Gecko; compatible; GPTBot/1.3; +https://openai.com/gptbot)"
74.7.243.236 - - [18/Mar/2026:08:42:43 +0000] "GET /goods.php?product/edit/m57061056711 HTTP/2.0" 200 86893 "https://nfsin.com/goods.php??t=oil75ws17854ezlgjzk" "Mozilla/5.0 AppleWebKit/537.36 (KHTML, like Gecko; compatible; GPTBot/1.3; +https://openai.com/gptbot)"
69.197.179.242 - - [18/Mar/2026:08:41:15 +0000] "GET /wp-includes/wpf78988/edit.php?id=545071 HTTP/1.1" 200 20 "https://nfsin.com/wp-includes/wpf78988/edit.php?id=545071" "Mozilla/5.0 (Windows NT 10.0; Win64; x64) AppleWebKit/537.36 (KHTML, like Gecko) Chrome/58.0.3029.110 Safari/537.3"
74.7.243.236 - - [18/Mar/2026:08:42:59 +0000] "GET /goods.php??t=wty65hv918wdqpehi HTTP/2.0" 200 87022 "https://nfsin.com/goods.php??b=hrd65zuq956mtwxctmc" "Mozilla/5.0 AppleWebKit/537.36 (KHTML, like Gecko; compatible; GPTBot/1.3; +https://openai.com/gptbot)"
74.7.243.236 - - [18/Mar/2026:08:43:15 +0000] "GET /goods.php?detail/171010079501 HTTP/2.0" 200 85336 "https://nfsin.com/goods.php??b=xzi171zun4762jrmvrq" "Mozilla/5.0 AppleWebKit/537.36 (KHTML, like Gecko; compatible; GPTBot/1.3; +https://openai.com/gptbot)"
74.7.243.236 - - [18/Mar/2026:08:43:29 +0000] "GET /goods.php??o=has95mkh7952ewpmsw HTTP/2.0" 200 86249 "https://nfsin.com/goods.php??z=vah95ken47676mwfkur" "Mozilla/5.0 AppleWebKit/537.36 (KHTML, like Gecko; compatible; GPTBot/1.3; +https://openai.com/gptbot)"
74.7.243.236 - - [18/Mar/2026:08:43:45 +0000] "GET /goods.php??z=jru83c19624qrpwpwxq HTTP/2.0" 200 85742 "https://nfsin.com/goods.php??b=xzi171zun4762jrmvrq" "Mozilla/5.0 AppleWebKit/537.36 (KHTML, like Gecko; compatible; GPTBot/1.3; +https://openai.com/gptbot)"
74.7.243.236 - - [18/Mar/2026:08:43:58 +0000] "GET /goods.php??s=jzim153s8664txxsery HTTP/2.0" 200 85934 "https://nfsin.com/goods.php??z=pek46lvlr3147bczwes" "Mozilla/5.0 AppleWebKit/537.36 (KHTML, like Gecko; compatible; GPTBot/1.3; +https://openai.com/gptbot)"
74.7.243.236 - - [18/Mar/2026:08:44:12 +0000] "GET /goods.php??e=ipv13oug6298gijqxq HTTP/2.0" 200 84833 "https://nfsin.com/goods.php??r=zki46e3311jihozr" "Mozilla/5.0 AppleWebKit/537.36 (KHTML, like Gecko; compatible; GPTBot/1.3; +https://openai.com/gptbot)"
69.197.179.242 - - [18/Mar/2026:08:42:49 +0000] "GET /wp-includes/wpf78988/edit.php?id=545071 HTTP/1.1" 200 20 "https://nfsin.com/wp-includes/wpf78988/edit.php?id=545071" "Mozilla/5.0 (Windows NT 10.0; Win64; x64) AppleWebKit/537.36 (KHTML, like Gecko) Chrome/58.0.3029.110 Safari/537.3"
51.89.129.136 - - [18/Mar/2026:08:44:22 +0000] "GET /wp-includes/fonts/dashicons.eot HTTP/2.0" 200 32547 "-" "Mozilla/5.0 (compatible; AhrefsBot/7.0; +http://ahrefs.com/robot/)"
74.7.243.236 - - [18/Mar/2026:08:44:25 +0000] "GET /goods.php??e=iyi46oa2989ovnhjxc HTTP/2.0" 200 86444 "https://nfsin.com/goods.php??r=zki46e3311jihozr" "Mozilla/5.0 AppleWebKit/537.36 (KHTML, like Gecko; compatible; GPTBot/1.3; +https://openai.com/gptbot)"
74.7.243.236 - - [18/Mar/2026:08:44:39 +0000] "GET /goods.php?pcmypage?callback=/product%2Fdetail%2m20536460411 HTTP/2.0" 200 87203 "https://nfsin.com/goods.php?detail/010014915790" "Mozilla/5.0 AppleWebKit/537.36 (KHTML, like Gecko; compatible; GPTBot/1.3; +https://openai.com/gptbot)"
74.7.243.236 - - [18/Mar/2026:08:44:55 +0000] "GET /goods.php??f=fkpm62p1231tojkacmf HTTP/2.0" 200 86627 "https://nfsin.com/goods.php??z=pek46lvlr3147bczwes" "Mozilla/5.0 AppleWebKit/537.36 (KHTML, like Gecko; compatible; GPTBot/1.3; +https://openai.com/gptbot)"
74.7.243.236 - - [18/Mar/2026:08:45:09 +0000] "GET /goods.php?detail/207003792301 HTTP/2.0" 200 85402 "https://nfsin.com/goods.php?detail/0710171106822" "Mozilla/5.0 AppleWebKit/537.36 (KHTML, like Gecko; compatible; GPTBot/1.3; +https://openai.com/gptbot)"
74.7.243.236 - - [18/Mar/2026:08:45:27 +0000] "GET /goods.php??j=fkivl9d33204yxkavp HTTP/2.0" 200 86201 "https://nfsin.com/goods.php?product/edit/m57061056711" "Mozilla/5.0 AppleWebKit/537.36 (KHTML, like Gecko; compatible; GPTBot/1.3; +https://openai.com/gptbot)"
69.197.179.242 - - [18/Mar/2026:08:44:21 +0000] "GET /wp-includes/wpf78988/edit.php?id=545071 HTTP/1.1" 200 20 "https://nfsin.com/wp-includes/wpf78988/edit.php?id=545071" "Mozilla/5.0 (Windows NT 10.0; Win64; x64) AppleWebKit/537.36 (KHTML, like Gecko) Chrome/58.0.3029.110 Safari/537.3"
74.7.243.236 - - [18/Mar/2026:08:46:16 +0000] "GET /goods.php??k=kzv6vkna9169eigcdit HTTP/2.0" 200 85953 "https://nfsin.com/goods.php??z=bfo6gv29931nrnsqvxa" "Mozilla/5.0 AppleWebKit/537.36 (KHTML, like Gecko; compatible; GPTBot/1.3; +https://openai.com/gptbot)"
74.7.243.236 - - [18/Mar/2026:08:46:50 +0000] "GET /goods.php??y=mvl6d9165ourxusrcts HTTP/2.0" 200 86953 "https://nfsin.com/goods.php??z=bfo6gv29931nrnsqvxa" "Mozilla/5.0 AppleWebKit/537.36 (KHTML, like Gecko; compatible; GPTBot/1.3; +https://openai.com/gptbot)"
204.76.203.25 - - [18/Mar/2026:08:46:59 +0000] "GET /.env HTTP/1.1" 404 71824 "-" "Mozilla/5.0 (Windows NT 10.0; Win64; x64) AppleWebKit/537.36 (KHTML, like Gecko) Chrome/134.0.0.0 Safari/537.3"
204.76.203.25 - - [18/Mar/2026:08:46:58 +0000] "GET /.env HTTP/1.1" 404 71871 "-" "Mozilla/5.0 (Windows NT 10.0; Win64; x64) AppleWebKit/537.36 (KHTML, like Gecko) Chrome/134.0.0.0 Safari/537.3"
74.7.243.236 - - [18/Mar/2026:08:47:08 +0000] "GET /goods.php??j=jlq95xn11732dnsrmf HTTP/2.0" 200 86122 "https://nfsin.com/goods.php??o=has95mkh7952ewpmsw" "Mozilla/5.0 AppleWebKit/537.36 (KHTML, like Gecko; compatible; GPTBot/1.3; +https://openai.com/gptbot)"
54.38.147.45 - - [18/Mar/2026:08:47:25 +0000] "GET /wp-includes/fonts/?C=N;O=D HTTP/2.0" 200 433 "-" "Mozilla/5.0 (compatible; AhrefsBot/7.0; +http://ahrefs.com/robot/)"
74.7.243.236 - - [18/Mar/2026:08:47:23 +0000] "GET /goods.php??q=khaue73x42266gjpmvo HTTP/2.0" 200 85970 "https://nfsin.com/goods.php??o=has95mkh7952ewpmsw" "Mozilla/5.0 AppleWebKit/537.36 (KHTML, like Gecko; compatible; GPTBot/1.3; +https://openai.com/gptbot)"
74.7.243.236 - - [18/Mar/2026:08:47:35 +0000] "GET /goods.php??w=xnp153il242proryh HTTP/2.0" 200 85723 "https://nfsin.com/goods.php??s=jzim153s8664txxsery" "Mozilla/5.0 AppleWebKit/537.36 (KHTML, like Gecko; compatible; GPTBot/1.3; +https://openai.com/gptbot)"
74.7.243.236 - - [18/Mar/2026:08:47:48 +0000] "GET /goods.php??g=uuqs60pf4697henbfbw HTTP/2.0" 200 87076 "https://nfsin.com/goods.php??e=wtx60srchx7845zkavlo" "Mozilla/5.0 AppleWebKit/537.36 (KHTML, like Gecko; compatible; GPTBot/1.3; +https://openai.com/gptbot)"
74.7.243.236 - - [18/Mar/2026:08:48:02 +0000] "GET /goods.php??t=gohx62s20743mkgspxu HTTP/2.0" 200 87171 "https://nfsin.com/goods.php??e=iyi46oa2989ovnhjxc" "Mozilla/5.0 AppleWebKit/537.36 (KHTML, like Gecko; compatible; GPTBot/1.3; +https://openai.com/gptbot)"
74.7.243.236 - - [18/Mar/2026:08:48:18 +0000] "GET /goods.php??b=bikt72r2113rjqtnb HTTP/2.0" 200 86832 "https://nfsin.com/goods.php?pcmypage?callback=/product%2Fdetail%2m20536460411" "Mozilla/5.0 AppleWebKit/537.36 (KHTML, like Gecko; compatible; GPTBot/1.3; +https://openai.com/gptbot)"
74.7.243.236 - - [18/Mar/2026:08:48:31 +0000] "GET /goods.php?detail/046001164774 HTTP/2.0" 200 85708 "https://nfsin.com/goods.php??e=iyi46oa2989ovnhjxc" "Mozilla/5.0 AppleWebKit/537.36 (KHTML, like Gecko; compatible; GPTBot/1.3; +https://openai.com/gptbot)"
74.7.243.236 - - [18/Mar/2026:08:48:45 +0000] "GET /goods.php??m=xqaru72j1577evyuakq HTTP/2.0" 200 85626 "https://nfsin.com/goods.php?pcmypage?callback=/product%2Fdetail%2m20536460411" "Mozilla/5.0 AppleWebKit/537.36 (KHTML, like Gecko; compatible; GPTBot/1.3; +https://openai.com/gptbot)"
74.7.243.236 - - [18/Mar/2026:08:48:58 +0000] "GET /goods.php?products/reserve/e009001835 HTTP/2.0" 200 86198 "https://nfsin.com/goods.php??j=fkivl9d33204yxkavp" "Mozilla/5.0 AppleWebKit/537.36 (KHTML, like Gecko; compatible; GPTBot/1.3; +https://openai.com/gptbot)"
74.7.243.236 - - [18/Mar/2026:08:49:09 +0000] "GET /goods.php??y=tlp9xud2116erxbniy HTTP/2.0" 200 85910 "https://nfsin.com/goods.php??j=fkivl9d33204yxkavp" "Mozilla/5.0 AppleWebKit/537.36 (KHTML, like Gecko; compatible; GPTBot/1.3; +https://openai.com/gptbot)"
74.7.243.236 - - [18/Mar/2026:08:49:21 +0000] "GET /goods.php?detail/006009169378 HTTP/2.0" 200 85774 "https://nfsin.com/goods.php??y=mvl6d9165ourxusrcts" "Mozilla/5.0 AppleWebKit/537.36 (KHTML, like Gecko; compatible; GPTBot/1.3; +https://openai.com/gptbot)"
74.7.243.236 - - [18/Mar/2026:08:49:39 +0000] "GET /goods.php??k=iyfs62et393uogumpy HTTP/2.0" 200 85793 "https://nfsin.com/goods.php??f=fkpm62p1231tojkacmf" "Mozilla/5.0 AppleWebKit/537.36 (KHTML, like Gecko; compatible; GPTBot/1.3; +https://openai.com/gptbot)"
198.244.168.169 - - [18/Mar/2026:08:50:21 +0000] "GET /wp-includes/html-api/?C=S;O=A HTTP/2.0" 200 341 "-" "Mozilla/5.0 (compatible; AhrefsBot/7.0; +http://ahrefs.com/robot/)"
74.7.243.236 - - [18/Mar/2026:08:50:26 +0000] "GET /goods.php??c=urtfi73y5802xnpfxu HTTP/2.0" 200 86143 "https://nfsin.com/goods.php??q=khaue73x42266gjpmvo" "Mozilla/5.0 AppleWebKit/537.36 (KHTML, like Gecko; compatible; GPTBot/1.3; +https://openai.com/gptbot)"
74.7.243.236 - - [18/Mar/2026:08:50:42 +0000] "GET /goods.php??o=zmyl153wnhws1512sidnhpi HTTP/2.0" 200 85423 "https://nfsin.com/goods.php??w=xnp153il242proryh" "Mozilla/5.0 AppleWebKit/537.36 (KHTML, like Gecko; compatible; GPTBot/1.3; +https://openai.com/gptbot)"
74.7.243.236 - - [18/Mar/2026:08:50:54 +0000] "GET /goods.php??o=aamgg62l369vsszssjfc HTTP/2.0" 200 86805 "https://nfsin.com/goods.php??f=fkpm62p1231tojkacmf" "Mozilla/5.0 AppleWebKit/537.36 (KHTML, like Gecko; compatible; GPTBot/1.3; +https://openai.com/gptbot)"
74.7.243.236 - - [18/Mar/2026:08:51:07 +0000] "GET /goods.php??m=ihko62bvc895hczlmz HTTP/2.0" 200 87183 "https://nfsin.com/goods.php??t=gohx62s20743mkgspxu" "Mozilla/5.0 AppleWebKit/537.36 (KHTML, like Gecko; compatible; GPTBot/1.3; +https://openai.com/gptbot)"
74.7.243.236 - - [18/Mar/2026:08:51:21 +0000] "GET /goods.php??p=zwn62bgp847tynwgt HTTP/2.0" 200 86609 "https://nfsin.com/goods.php??t=gohx62s20743mkgspxu" "Mozilla/5.0 AppleWebKit/537.36 (KHTML, like Gecko; compatible; GPTBot/1.3; +https://openai.com/gptbot)"
74.7.243.236 - - [18/Mar/2026:08:51:37 +0000] "GET /goods.php??g=rar98bq9065awpiqkmh HTTP/2.0" 200 85987 "https://nfsin.com/goods.php??s=jzim153s8664txxsery" "Mozilla/5.0 AppleWebKit/537.36 (KHTML, like Gecko; compatible; GPTBot/1.3; +https://openai.com/gptbot)"
74.7.243.236 - - [18/Mar/2026:08:51:50 +0000] "GET /goods.php?detail/0720030254073 HTTP/2.0" 200 85446 "https://nfsin.com/goods.php??m=xqaru72j1577evyuakq" "Mozilla/5.0 AppleWebKit/537.36 (KHTML, like Gecko; compatible; GPTBot/1.3; +https://openai.com/gptbot)"
74.7.243.236 - - [18/Mar/2026:08:52:04 +0000] "GET /goods.php??p=jye58gaw29645xiqwilu HTTP/2.0" 200 85753 "https://nfsin.com/goods.php??q=xsaye59y35182tpwavf" "Mozilla/5.0 AppleWebKit/537.36 (KHTML, like Gecko; compatible; GPTBot/1.3; +https://openai.com/gptbot)"
74.7.243.236 - - [18/Mar/2026:08:52:18 +0000] "GET /goods.php??v=fab91b46542usuvvawq HTTP/2.0" 200 85850 "https://nfsin.com/goods.php??e=qza15ue46624skfmnpx" "Mozilla/5.0 AppleWebKit/537.36 (KHTML, like Gecko; compatible; GPTBot/1.3; +https://openai.com/gptbot)"
74.7.243.236 - - [18/Mar/2026:08:52:30 +0000] "GET /goods.php?detail/211010583051 HTTP/2.0" 200 85368 "https://nfsin.com/goods.php?detail/006009169378" "Mozilla/5.0 AppleWebKit/537.36 (KHTML, like Gecko; compatible; GPTBot/1.3; +https://openai.com/gptbot)"
74.7.243.236 - - [18/Mar/2026:08:52:46 +0000] "GET /goods.php??a=tobg62r17nfsgdrr HTTP/2.0" 200 86358 "https://nfsin.com/goods.php??k=iyfs62et393uogumpy" "Mozilla/5.0 AppleWebKit/537.36 (KHTML, like Gecko; compatible; GPTBot/1.3; +https://openai.com/gptbot)"
74.7.243.236 - - [18/Mar/2026:08:53:00 +0000] "GET /goods.php?detail/006009121837 HTTP/2.0" 200 85923 "https://nfsin.com/goods.php??z=bfo6gv29931nrnsqvxa" "Mozilla/5.0 AppleWebKit/537.36 (KHTML, like Gecko; compatible; GPTBot/1.3; +https://openai.com/gptbot)"
74.7.243.236 - - [18/Mar/2026:08:53:15 +0000] "GET /goods.php?product/edit/m64594311848 HTTP/2.0" 200 86095 "https://nfsin.com/goods.php??o=zmyl153wnhws1512sidnhpi" "Mozilla/5.0 AppleWebKit/537.36 (KHTML, like Gecko; compatible; GPTBot/1.3; +https://openai.com/gptbot)"
198.244.183.152 - - [18/Mar/2026:08:53:33 +0000] "GET /wp-includes/html-api/?C=D;O=A HTTP/2.0" 200 340 "-" "Mozilla/5.0 (compatible; AhrefsBot/7.0; +http://ahrefs.com/robot/)"
74.7.243.236 - - [18/Mar/2026:08:53:32 +0000] "GET /goods.php?safe_search/config?return_url=%2Fproduct%2Fdetail%2Fm44610290049 HTTP/2.0" 200 86156 "https://nfsin.com/goods.php??o=aamgg62l369vsszssjfc" "Mozilla/5.0 AppleWebKit/537.36 (KHTML, like Gecko; compatible; GPTBot/1.3; +https://openai.com/gptbot)"
74.7.243.236 - - [18/Mar/2026:08:54:02 +0000] "GET /goods.php??t=uav1jl6840cjgceirit HTTP/2.0" 200 86431 "https://nfsin.com/goods.php??m=ihko62bvc895hczlmz" "Mozilla/5.0 AppleWebKit/537.36 (KHTML, like Gecko; compatible; GPTBot/1.3; +https://openai.com/gptbot)"
43.155.188.157 - - [18/Mar/2026:08:54:00 +0000] "GET / HTTP/1.1" 200 17796 "http://nfsin.com" "Mozilla/5.0 (iPhone; CPU iPhone OS 13_2_3 like Mac OS X) AppleWebKit/605.1.15 (KHTML, like Gecko) Version/13.0.3 Mobile/15E148 Safari/604.1"
74.7.243.236 - - [18/Mar/2026:08:54:27 +0000] "GET /goods.php?detail/060004309574 HTTP/2.0" 200 86416 "https://nfsin.com/goods.php??j=tag60u3021ywpopxz" "Mozilla/5.0 AppleWebKit/537.36 (KHTML, like Gecko; compatible; GPTBot/1.3; +https://openai.com/gptbot)"
74.7.243.236 - - [18/Mar/2026:08:54:43 +0000] "GET /goods.php??n=csen145n5744dksfuo HTTP/2.0" 200 86256 "https://nfsin.com/goods.php??g=rar98bq9065awpiqkmh" "Mozilla/5.0 AppleWebKit/537.36 (KHTML, like Gecko; compatible; GPTBot/1.3; +https://openai.com/gptbot)"
74.7.243.236 - - [18/Mar/2026:08:55:06 +0000] "GET /goods.php??v=yxn98f4783uzogsyjal HTTP/2.0" 200 85498 "https://nfsin.com/goods.php??g=rar98bq9065awpiqkmh" "Mozilla/5.0 AppleWebKit/537.36 (KHTML, like Gecko; compatible; GPTBot/1.3; +https://openai.com/gptbot)"
74.7.243.236 - - [18/Mar/2026:08:55:23 +0000] "GET /goods.php??z=uxu1oq27834jtaycinh HTTP/2.0" 200 85883 "https://nfsin.com/goods.php??p=jye58gaw29645xiqwilu" "Mozilla/5.0 AppleWebKit/537.36 (KHTML, like Gecko; compatible; GPTBot/1.3; +https://openai.com/gptbot)"
74.7.243.236 - - [18/Mar/2026:08:55:41 +0000] "GET /goods.php?detail/111025824426 HTTP/2.0" 200 87163 "https://nfsin.com/goods.php?detail/0080038635359" "Mozilla/5.0 AppleWebKit/537.36 (KHTML, like Gecko; compatible; GPTBot/1.3; +https://openai.com/gptbot)"
74.7.243.236 - - [18/Mar/2026:08:55:56 +0000] "GET /goods.php?pcmypage?callback=product%2Fdetail%2Fm19453812182 HTTP/2.0" 200 85912 "https://nfsin.com/goods.php?detail/211010583051" "Mozilla/5.0 AppleWebKit/537.36 (KHTML, like Gecko; compatible; GPTBot/1.3; +https://openai.com/gptbot)"
64.226.74.122 - - [18/Mar/2026:08:56:03 +0000] "GET / HTTP/1.1" 503 - "-" "Mozilla/5.0 (X11; Linux x86_64) AppleWebKit/537.36 (KHTML, like Gecko) Chrome/142.0.0.0 Safari/537.36"
64.226.74.122 - - [18/Mar/2026:08:56:04 +0000] "GET /favicon.ico HTTP/1.1" 503 - "https://cpcalendars.nfsin.com/" "Mozilla/5.0 (X11; Linux x86_64) AppleWebKit/537.36 (KHTML, like Gecko) Chrome/142.0.0.0 Safari/537.36"
74.7.243.236 - - [18/Mar/2026:08:56:08 +0000] "GET /goods.php??a=vyikc62nocb867lzctuxr HTTP/2.0" 200 86382 "https://nfsin.com/goods.php??a=tobg62r17nfsgdrr" "Mozilla/5.0 AppleWebKit/537.36 (KHTML, like Gecko; compatible; GPTBot/1.3; +https://openai.com/gptbot)"
74.7.243.236 - - [18/Mar/2026:08:56:19 +0000] "GET /goods.php?jp/148025937.html HTTP/2.0" 200 87353 "https://nfsin.com/goods.php?detail/006009121837" "Mozilla/5.0 AppleWebKit/537.36 (KHTML, like Gecko; compatible; GPTBot/1.3; +https://openai.com/gptbot)"
74.7.243.236 - - [18/Mar/2026:08:56:36 +0000] "GET /goods.php??s=vabu38xt26935ybsxfq HTTP/2.0" 200 86462 "https://nfsin.com/goods.php??a=tobg62r17nfsgdrr" "Mozilla/5.0 AppleWebKit/537.36 (KHTML, like Gecko; compatible; GPTBot/1.3; +https://openai.com/gptbot)"
74.7.243.236 - - [18/Mar/2026:08:56:50 +0000] "GET /goods.php??e=mcnlc79i1432zbghso HTTP/2.0" 200 86275 "https://nfsin.com/goods.php?safe_search/config?return_url=%2Fproduct%2Fdetail%2Fm44610290049" "Mozilla/5.0 AppleWebKit/537.36 (KHTML, like Gecko; compatible; GPTBot/1.3; +https://openai.com/gptbot)"
198.244.168.166 - - [18/Mar/2026:08:56:56 +0000] "GET /wp-includes/images/wp/ HTTP/2.0" 200 342 "-" "Mozilla/5.0 (compatible; AhrefsBot/7.0; +http://ahrefs.com/robot/)"
74.7.243.236 - - [18/Mar/2026:08:57:03 +0000] "GET /goods.php??a=qbbtv1eey3324kvswsc HTTP/2.0" 200 86331 "https://nfsin.com/goods.php??t=uav1jl6840cjgceirit" "Mozilla/5.0 AppleWebKit/537.36 (KHTML, like Gecko; compatible; GPTBot/1.3; +https://openai.com/gptbot)"
74.7.243.236 - - [18/Mar/2026:08:57:15 +0000] "GET /goods.php??y=sys36mis2317pxnowxcy HTTP/2.0" 200 85709 "https://nfsin.com/goods.php?product/edit/m64594311848" "Mozilla/5.0 AppleWebKit/537.36 (KHTML, like Gecko; compatible; GPTBot/1.3; +https://openai.com/gptbot)"
74.7.243.236 - - [18/Mar/2026:08:57:27 +0000] "GET /goods.php??p=bmk145c432jmnxhvzun HTTP/2.0" 200 86861 "https://nfsin.com/goods.php??n=csen145n5744dksfuo" "Mozilla/5.0 AppleWebKit/537.36 (KHTML, like Gecko; compatible; GPTBot/1.3; +https://openai.com/gptbot)"
74.7.243.236 - - [18/Mar/2026:08:57:48 +0000] "GET /goods.php??t=aoxe62u4997djuufyg HTTP/2.0" 200 85565 "https://nfsin.com/goods.php??v=yxn98f4783uzogsyjal" "Mozilla/5.0 AppleWebKit/537.36 (KHTML, like Gecko; compatible; GPTBot/1.3; +https://openai.com/gptbot)"
74.7.243.236 - - [18/Mar/2026:08:58:13 +0000] "GET /goods.php??p=zuggi94uy831ttrjadw HTTP/2.0" 200 86191 "https://nfsin.com/goods.php??z=uxu1oq27834jtaycinh" "Mozilla/5.0 AppleWebKit/537.36 (KHTML, like Gecko; compatible; GPTBot/1.3; +https://openai.com/gptbot)"
74.7.243.236 - - [18/Mar/2026:08:58:34 +0000] "GET /goods.php??k=qvixc1l1452eytlwgupi HTTP/2.0" 200 86723 "https://nfsin.com/goods.php??z=uxu1oq27834jtaycinh" "Mozilla/5.0 AppleWebKit/537.36 (KHTML, like Gecko; compatible; GPTBot/1.3; +https://openai.com/gptbot)"
74.7.243.236 - - [18/Mar/2026:08:58:56 +0000] "GET /goods.php?detail/064000916910 HTTP/2.0" 200 85795 "https://nfsin.com/goods.php?pcmypage?callback=product%2Fdetail%2Fm19453812182" "Mozilla/5.0 AppleWebKit/537.36 (KHTML, like Gecko; compatible; GPTBot/1.3; +https://openai.com/gptbot)"
74.7.243.236 - - [18/Mar/2026:08:59:13 +0000] "GET /goods.php??h=abp62zi169gqdffc HTTP/2.0" 200 86720 "https://nfsin.com/goods.php??a=vyikc62nocb867lzctuxr" "Mozilla/5.0 AppleWebKit/537.36 (KHTML, like Gecko; compatible; GPTBot/1.3; +https://openai.com/gptbot)"
74.7.243.236 - - [18/Mar/2026:08:59:24 +0000] "GET /goods.php?detail/148000305500 HTTP/2.0" 200 85950 "https://nfsin.com/goods.php?jp/148025937.html" "Mozilla/5.0 AppleWebKit/537.36 (KHTML, like Gecko; compatible; GPTBot/1.3; +https://openai.com/gptbot)"
74.7.243.236 - - [18/Mar/2026:08:59:36 +0000] "GET /goods.php??z=gevi64i519kxlzgw HTTP/2.0" 200 85575 "https://nfsin.com/goods.php?pcmypage?callback=product%2Fdetail%2Fm19453812182" "Mozilla/5.0 AppleWebKit/537.36 (KHTML, like Gecko; compatible; GPTBot/1.3; +https://openai.com/gptbot)"
74.7.243.236 - - [18/Mar/2026:08:59:47 +0000] "GET /goods.php??b=kgjzm33t18200jmleam HTTP/2.0" 200 85430 "https://nfsin.com/goods.php??a=vyikc62nocb867lzctuxr" "Mozilla/5.0 AppleWebKit/537.36 (KHTML, like Gecko; compatible; GPTBot/1.3; +https://openai.com/gptbot)"
74.7.243.236 - - [18/Mar/2026:09:00:00 +0000] "GET /goods.php??p=zwn1bgp908tynwgt HTTP/2.0" 200 85680 "https://nfsin.com/goods.php??a=qbbtv1eey3324kvswsc" "Mozilla/5.0 AppleWebKit/537.36 (KHTML, like Gecko; compatible; GPTBot/1.3; +https://openai.com/gptbot)"
74.7.243.236 - - [18/Mar/2026:09:00:13 +0000] "GET /goods.php??f=sqg79lh6788oncxnt HTTP/2.0" 200 85892 "https://nfsin.com/goods.php??e=mcnlc79i1432zbghso" "Mozilla/5.0 AppleWebKit/537.36 (KHTML, like Gecko; compatible; GPTBot/1.3; +https://openai.com/gptbot)"
198.244.183.103 - - [18/Mar/2026:09:00:20 +0000] "GET /wp-includes/images/smilies/ HTTP/2.0" 200 806 "-" "Mozilla/5.0 (compatible; AhrefsBot/7.0; +http://ahrefs.com/robot/)"
74.7.243.236 - - [18/Mar/2026:09:00:24 +0000] "GET /goods.php??n=obb64nnzne741nmncppb HTTP/2.0" 200 85644 "https://nfsin.com/goods.php?pcmypage?callback=product%2Fdetail%2Fm19453812182" "Mozilla/5.0 AppleWebKit/537.36 (KHTML, like Gecko; compatible; GPTBot/1.3; +https://openai.com/gptbot)"
74.7.243.236 - - [18/Mar/2026:09:00:35 +0000] "GET /goods.php??y=xjenb62x927wqjtoa HTTP/2.0" 200 86129 "https://nfsin.com/goods.php??t=aoxe62u4997djuufyg" "Mozilla/5.0 AppleWebKit/537.36 (KHTML, like Gecko; compatible; GPTBot/1.3; +https://openai.com/gptbot)"
74.7.243.236 - - [18/Mar/2026:09:00:46 +0000] "GET /goods.php?detail/062000823307 HTTP/2.0" 200 85452 "https://nfsin.com/goods.php??t=aoxe62u4997djuufyg" "Mozilla/5.0 AppleWebKit/537.36 (KHTML, like Gecko; compatible; GPTBot/1.3; +https://openai.com/gptbot)"
74.7.243.236 - - [18/Mar/2026:09:00:59 +0000] "GET /goods.php??y=eja277p6208uiynkwei HTTP/2.0" 200 86448 "https://nfsin.com/goods.php??t=aoxe62u4997djuufyg" "Mozilla/5.0 AppleWebKit/537.36 (KHTML, like Gecko; compatible; GPTBot/1.3; +https://openai.com/gptbot)"
74.7.243.236 - - [18/Mar/2026:09:01:15 +0000] "GET /goods.php??f=bpm238e3165xilulw HTTP/2.0" 200 85825 "https://nfsin.com/goods.php??p=zuggi94uy831ttrjadw" "Mozilla/5.0 AppleWebKit/537.36 (KHTML, like Gecko; compatible; GPTBot/1.3; +https://openai.com/gptbot)"
74.7.243.236 - - [18/Mar/2026:09:01:28 +0000] "GET /goods.php??a=cpib62q731igwrufk HTTP/2.0" 200 85665 "https://nfsin.com/goods.php??h=abp62zi169gqdffc" "Mozilla/5.0 AppleWebKit/537.36 (KHTML, like Gecko; compatible; GPTBot/1.3; +https://openai.com/gptbot)"
74.7.243.236 - - [18/Mar/2026:09:01:58 +0000] "GET /goods.php??y=oqqq38o2943uuklcm HTTP/2.0" 200 87513 "https://nfsin.com/goods.php??s=vabu38xt26935ybsxfq" "Mozilla/5.0 AppleWebKit/537.36 (KHTML, like Gecko; compatible; GPTBot/1.3; +https://openai.com/gptbot)"
74.7.243.236 - - [18/Mar/2026:09:02:25 +0000] "GET /goods.php?pcmypage?callback=product/review/m88420304240 HTTP/2.0" 200 85799 "https://nfsin.com/goods.php??z=gevi64i519kxlzgw" "Mozilla/5.0 AppleWebKit/537.36 (KHTML, like Gecko; compatible; GPTBot/1.3; +https://openai.com/gptbot)"
74.7.243.236 - - [18/Mar/2026:09:02:54 +0000] "GET /goods.php?goods/004034424 HTTP/2.0" 200 85884 "https://nfsin.com/goods.php??z=gevi64i519kxlzgw" "Mozilla/5.0 AppleWebKit/537.36 (KHTML, like Gecko; compatible; GPTBot/1.3; +https://openai.com/gptbot)"
51.195.183.69 - - [18/Mar/2026:09:03:02 +0000] "GET /wp-includes/images/crystal/ HTTP/2.0" 200 574 "-" "Mozilla/5.0 (compatible; AhrefsBot/7.0; +http://ahrefs.com/robot/)"
74.7.243.236 - - [18/Mar/2026:09:03:09 +0000] "GET /goods.php??z=ege221abw9232lksnee HTTP/2.0" 200 86120 "https://nfsin.com/goods.php??p=zwn1bgp908tynwgt" "Mozilla/5.0 AppleWebKit/537.36 (KHTML, like Gecko; compatible; GPTBot/1.3; +https://openai.com/gptbot)"
74.7.243.236 - - [18/Mar/2026:09:03:24 +0000] "GET /goods.php??r=gaxjv157be15642xmilyntt HTTP/2.0" 200 85893 "https://nfsin.com/goods.php??f=sqg79lh6788oncxnt" "Mozilla/5.0 AppleWebKit/537.36 (KHTML, like Gecko; compatible; GPTBot/1.3; +https://openai.com/gptbot)"
74.7.243.236 - - [18/Mar/2026:09:03:38 +0000] "GET /goods.php?detail/148001728057 HTTP/2.0" 200 86271 "https://nfsin.com/goods.php?detail/148000305500" "Mozilla/5.0 AppleWebKit/537.36 (KHTML, like Gecko; compatible; GPTBot/1.3; +https://openai.com/gptbot)"
74.7.243.236 - - [18/Mar/2026:09:03:53 +0000] "GET /goods.php??u=wsjps62n561izglriqn HTTP/2.0" 200 85655 "https://nfsin.com/goods.php??h=abp62zi169gqdffc" "Mozilla/5.0 AppleWebKit/537.36 (KHTML, like Gecko; compatible; GPTBot/1.3; +https://openai.com/gptbot)"
74.7.243.236 - - [18/Mar/2026:09:04:09 +0000] "GET /goods.php??q=pxm218eye69vrmesshj HTTP/2.0" 200 85874 "https://nfsin.com/goods.php??b=kgjzm33t18200jmleam" "Mozilla/5.0 AppleWebKit/537.36 (KHTML, like Gecko; compatible; GPTBot/1.3; +https://openai.com/gptbot)"
74.7.243.236 - - [18/Mar/2026:09:04:24 +0000] "GET /goods.php??z=ams93ridry1682axfkjk HTTP/2.0" 200 86155 "https://nfsin.com/goods.php??t=aoxe62u4997djuufyg" "Mozilla/5.0 AppleWebKit/537.36 (KHTML, like Gecko; compatible; GPTBot/1.3; +https://openai.com/gptbot)"
74.7.243.236 - - [18/Mar/2026:09:04:40 +0000] "GET /goods.php??a=hwpe84mp4477tfglhnro HTTP/2.0" 200 86367 "https://nfsin.com/goods.php??t=uav1jl6840cjgceirit" "Mozilla/5.0 AppleWebKit/537.36 (KHTML, like Gecko; compatible; GPTBot/1.3; +https://openai.com/gptbot)"
74.7.243.236 - - [18/Mar/2026:09:04:55 +0000] "GET /goods.php??z=psx259n2028weidugdy HTTP/2.0" 200 85514 "https://nfsin.com/goods.php?product/edit/m64594311848" "Mozilla/5.0 AppleWebKit/537.36 (KHTML, like Gecko; compatible; GPTBot/1.3; +https://openai.com/gptbot)"
74.7.243.236 - - [18/Mar/2026:09:05:14 +0000] "GET /goods.php??c=rggqa38zzy4365xfnvki HTTP/2.0" 200 85912 "https://nfsin.com/goods.php??y=oqqq38o2943uuklcm" "Mozilla/5.0 AppleWebKit/537.36 (KHTML, like Gecko; compatible; GPTBot/1.3; +https://openai.com/gptbot)"
74.7.243.236 - - [18/Mar/2026:09:05:31 +0000] "GET /goods.php??c=jdp52zu22563ayxvypb HTTP/2.0" 200 86079 "https://nfsin.com/goods.php??p=zwn1bgp908tynwgt" "Mozilla/5.0 AppleWebKit/537.36 (KHTML, like Gecko; compatible; GPTBot/1.3; +https://openai.com/gptbot)"
74.7.243.236 - - [18/Mar/2026:09:05:45 +0000] "GET /goods.php?detail/004034424108 HTTP/2.0" 200 85874 "https://nfsin.com/goods.php?goods/004034424" "Mozilla/5.0 AppleWebKit/537.36 (KHTML, like Gecko; compatible; GPTBot/1.3; +https://openai.com/gptbot)"
198.244.240.138 - - [18/Mar/2026:09:05:57 +0000] "GET /wp-includes/images/?C=S;O=A HTTP/2.0" 200 865 "-" "Mozilla/5.0 (compatible; AhrefsBot/7.0; +http://ahrefs.com/robot/)"
74.7.243.236 - - [18/Mar/2026:09:06:02 +0000] "GET /goods.php??q=ytvs221t558eiqket HTTP/2.0" 200 85962 "https://nfsin.com/goods.php??z=ege221abw9232lksnee" "Mozilla/5.0 AppleWebKit/537.36 (KHTML, like Gecko; compatible; GPTBot/1.3; +https://openai.com/gptbot)"
74.7.243.236 - - [18/Mar/2026:09:06:20 +0000] "GET /goods.php?products/story/i012008628 HTTP/2.0" 200 85252 "https://nfsin.com/goods.php??r=gaxjv157be15642xmilyntt" "Mozilla/5.0 AppleWebKit/537.36 (KHTML, like Gecko; compatible; GPTBot/1.3; +https://openai.com/gptbot)"
74.7.243.236 - - [18/Mar/2026:09:06:35 +0000] "GET /goods.php?detail/010010474272 HTTP/2.0" 200 85365 "https://nfsin.com/goods.php?detail/148001728057" "Mozilla/5.0 AppleWebKit/537.36 (KHTML, like Gecko; compatible; GPTBot/1.3; +https://openai.com/gptbot)"
74.7.243.236 - - [18/Mar/2026:09:06:52 +0000] "GET /goods.php??z=arpt62jp347wduluff HTTP/2.0" 200 87486 "https://nfsin.com/goods.php??u=wsjps62n561izglriqn" "Mozilla/5.0 AppleWebKit/537.36 (KHTML, like Gecko; compatible; GPTBot/1.3; +https://openai.com/gptbot)"
74.7.243.236 - - [18/Mar/2026:09:07:09 +0000] "GET /goods.php?detail/290044940848 HTTP/2.0" 200 85246 "https://nfsin.com/goods.php??q=pxm218eye69vrmesshj" "Mozilla/5.0 AppleWebKit/537.36 (KHTML, like Gecko; compatible; GPTBot/1.3; +https://openai.com/gptbot)"
74.7.243.236 - - [18/Mar/2026:09:07:23 +0000] "GET /goods.php?detail/1680011884601 HTTP/2.0" 200 86093 "https://nfsin.com/goods.php??u=wsjps62n561izglriqn" "Mozilla/5.0 AppleWebKit/537.36 (KHTML, like Gecko; compatible; GPTBot/1.3; +https://openai.com/gptbot)"
74.7.243.236 - - [18/Mar/2026:09:07:38 +0000] "GET /goods.php??p=grs84xew4293adkzkpu HTTP/2.0" 200 86025 "https://nfsin.com/goods.php??a=hwpe84mp4477tfglhnro" "Mozilla/5.0 AppleWebKit/537.36 (KHTML, like Gecko; compatible; GPTBot/1.3; +https://openai.com/gptbot)"
74.7.243.236 - - [18/Mar/2026:09:07:54 +0000] "GET /goods.php?product/edit/m85378912452 HTTP/2.0" 200 86594 "https://nfsin.com/goods.php??z=psx259n2028weidugdy" "Mozilla/5.0 AppleWebKit/537.36 (KHTML, like Gecko; compatible; GPTBot/1.3; +https://openai.com/gptbot)"
74.7.243.236 - - [18/Mar/2026:09:08:09 +0000] "GET /goods.php??w=bvuf84ocm1929tbkaqug HTTP/2.0" 200 86030 "https://nfsin.com/goods.php??a=hwpe84mp4477tfglhnro" "Mozilla/5.0 AppleWebKit/537.36 (KHTML, like Gecko; compatible; GPTBot/1.3; +https://openai.com/gptbot)"
74.7.243.236 - - [18/Mar/2026:09:08:24 +0000] "GET /goods.php?pcmypage?callback=product/review/m82728830092 HTTP/2.0" 200 87614 "https://nfsin.com/goods.php??c=jdp52zu22563ayxvypb" "Mozilla/5.0 AppleWebKit/537.36 (KHTML, like Gecko; compatible; GPTBot/1.3; +https://openai.com/gptbot)"
74.7.243.236 - - [18/Mar/2026:09:08:38 +0000] "GET /goods.php??z=crspn52f6743bpmhzei HTTP/2.0" 200 85777 "https://nfsin.com/goods.php??c=jdp52zu22563ayxvypb" "Mozilla/5.0 AppleWebKit/537.36 (KHTML, like Gecko; compatible; GPTBot/1.3; +https://openai.com/gptbot)"
198.244.226.216 - - [18/Mar/2026:09:08:52 +0000] "GET /wp-includes/images/?C=M;O=A HTTP/2.0" 200 857 "-" "Mozilla/5.0 (compatible; AhrefsBot/7.0; +http://ahrefs.com/robot/)"
74.7.243.236 - - [18/Mar/2026:09:08:55 +0000] "GET /goods.php?detail/185037850533 HTTP/2.0" 200 87343 "https://nfsin.com/goods.php?detail/064000916910" "Mozilla/5.0 AppleWebKit/537.36 (KHTML, like Gecko; compatible; GPTBot/1.3; +https://openai.com/gptbot)"
74.7.243.236 - - [18/Mar/2026:09:09:12 +0000] "GET /goods.php?detail/01200882518960 HTTP/2.0" 200 85799 "https://nfsin.com/goods.php?products/story/i012008628" "Mozilla/5.0 AppleWebKit/537.36 (KHTML, like Gecko; compatible; GPTBot/1.3; +https://openai.com/gptbot)"
74.7.243.236 - - [18/Mar/2026:09:09:25 +0000] "GET /goods.php?safe_search/config?return_url=%2Fproduct%2Fdetail%2Fm35539930784 HTTP/2.0" 200 85831 "https://nfsin.com/goods.php?detail/010010474272" "Mozilla/5.0 AppleWebKit/537.36 (KHTML, like Gecko; compatible; GPTBot/1.3; +https://openai.com/gptbot)"
74.7.243.236 - - [18/Mar/2026:09:09:37 +0000] "GET /goods.php??x=ndb12bj9431lhoskk HTTP/2.0" 200 85371 "https://nfsin.com/goods.php?products/story/i012008628" "Mozilla/5.0 AppleWebKit/537.36 (KHTML, like Gecko; compatible; GPTBot/1.3; +https://openai.com/gptbot)"
74.7.243.236 - - [18/Mar/2026:09:09:49 +0000] "GET /goods.php?detail/202033729987 HTTP/2.0" 200 85156 "https://nfsin.com/goods.php?detail/010010474272" "Mozilla/5.0 AppleWebKit/537.36 (KHTML, like Gecko; compatible; GPTBot/1.3; +https://openai.com/gptbot)"
74.7.243.236 - - [18/Mar/2026:09:10:05 +0000] "GET /goods.php??t=rpd12xnt11051xatmxrw HTTP/2.0" 200 85883 "https://nfsin.com/goods.php?products/story/i012008628" "Mozilla/5.0 AppleWebKit/537.36 (KHTML, like Gecko; compatible; GPTBot/1.3; +https://openai.com/gptbot)"
74.7.243.236 - - [18/Mar/2026:09:10:20 +0000] "GET /goods.php?detail/016000128346 HTTP/2.0" 200 86574 "https://nfsin.com/goods.php??m=iecu16d317qkptjlwf" "Mozilla/5.0 AppleWebKit/537.36 (KHTML, like Gecko; compatible; GPTBot/1.3; +https://openai.com/gptbot)"
74.7.243.236 - - [18/Mar/2026:09:10:33 +0000] "GET /goods.php??q=gczno8o7535uhpdhijgm HTTP/2.0" 200 87525 "https://nfsin.com/goods.php?product/edit/m85378912452" "Mozilla/5.0 AppleWebKit/537.36 (KHTML, like Gecko; compatible; GPTBot/1.3; +https://openai.com/gptbot)"
74.7.243.236 - - [18/Mar/2026:09:10:46 +0000] "GET /goods.php?detail/091000342081 HTTP/2.0" 200 85725 "https://nfsin.com/goods.php??c=vsszs91iiw342oxoovi" "Mozilla/5.0 AppleWebKit/537.36 (KHTML, like Gecko; compatible; GPTBot/1.3; +https://openai.com/gptbot)"
74.7.243.236 - - [18/Mar/2026:09:11:00 +0000] "GET /goods.php??z=hoh36i1923hbyfls HTTP/2.0" 200 86726 "https://nfsin.com/goods.php?pcmypage?callback=product/review/m82728830092" "Mozilla/5.0 AppleWebKit/537.36 (KHTML, like Gecko; compatible; GPTBot/1.3; +https://openai.com/gptbot)"
74.7.243.236 - - [18/Mar/2026:09:11:15 +0000] "GET /goods.php?pcmypage?callback=product%2Fdetail%2Fm25274945801 HTTP/2.0" 200 86375 "https://nfsin.com/goods.php??z=crspn52f6743bpmhzei" "Mozilla/5.0 AppleWebKit/537.36 (KHTML, like Gecko; compatible; GPTBot/1.3; +https://openai.com/gptbot)"
74.7.243.236 - - [18/Mar/2026:09:11:31 +0000] "GET /goods.php??u=hvj36xa1909wjwsvmdn HTTP/2.0" 200 85941 "https://nfsin.com/goods.php?pcmypage?callback=product/review/m82728830092" "Mozilla/5.0 AppleWebKit/537.36 (KHTML, like Gecko; compatible; GPTBot/1.3; +https://openai.com/gptbot)"
74.7.243.236 - - [18/Mar/2026:09:11:44 +0000] "GET /goods.php??l=xlagg36ndxx825tlllwz HTTP/2.0" 200 87488 "https://nfsin.com/goods.php?pcmypage?callback=product/review/m82728830092" "Mozilla/5.0 AppleWebKit/537.36 (KHTML, like Gecko; compatible; GPTBot/1.3; +https://openai.com/gptbot)"
74.7.243.236 - - [18/Mar/2026:09:12:00 +0000] "GET /goods.php?detail/184024674441 HTTP/2.0" 200 85800 "https://nfsin.com/goods.php?detail/140000500699" "Mozilla/5.0 AppleWebKit/537.36 (KHTML, like Gecko; compatible; GPTBot/1.3; +https://openai.com/gptbot)"
198.244.183.131 - - [18/Mar/2026:09:12:06 +0000] "GET /wp-includes/interactivity-api/?C=M;O=A HTTP/2.0" 200 382 "-" "Mozilla/5.0 (compatible; AhrefsBot/7.0; +http://ahrefs.com/robot/)"
74.7.243.236 - - [18/Mar/2026:09:12:16 +0000] "GET /goods.php??z=pzd12ilt5521jxierwm HTTP/2.0" 200 85765 "https://nfsin.com/goods.php??x=ndb12bj9431lhoskk" "Mozilla/5.0 AppleWebKit/537.36 (KHTML, like Gecko; compatible; GPTBot/1.3; +https://openai.com/gptbot)"
74.7.243.236 - - [18/Mar/2026:09:12:32 +0000] "GET /goods.php?detail/204000847131 HTTP/2.0" 200 87066 "https://nfsin.com/goods.php?detail/204000172402" "Mozilla/5.0 AppleWebKit/537.36 (KHTML, like Gecko; compatible; GPTBot/1.3; +https://openai.com/gptbot)"
74.7.243.236 - - [18/Mar/2026:09:12:47 +0000] "GET /goods.php?detail/032036440376 HTTP/2.0" 200 86192 "https://nfsin.com/goods.php??t=rpd12xnt11051xatmxrw" "Mozilla/5.0 AppleWebKit/537.36 (KHTML, like Gecko; compatible; GPTBot/1.3; +https://openai.com/gptbot)"
74.7.243.236 - - [18/Mar/2026:09:13:04 +0000] "GET /goods.php?detail/08000368169568 HTTP/2.0" 200 85472 "https://nfsin.com/goods.php?detail/016000128346" "Mozilla/5.0 AppleWebKit/537.36 (KHTML, like Gecko; compatible; GPTBot/1.3; +https://openai.com/gptbot)"
74.7.243.236 - - [18/Mar/2026:09:13:23 +0000] "GET /goods.php??b=plu8u85ioufkgan HTTP/2.0" 200 86742 "https://nfsin.com/goods.php??q=gczno8o7535uhpdhijgm" "Mozilla/5.0 AppleWebKit/537.36 (KHTML, like Gecko; compatible; GPTBot/1.3; +https://openai.com/gptbot)"
74.7.243.236 - - [18/Mar/2026:09:13:40 +0000] "GET /goods.php?detail/018006689222 HTTP/2.0" 200 86011 "https://nfsin.com/goods.php?goods/026013124" "Mozilla/5.0 AppleWebKit/537.36 (KHTML, like Gecko; compatible; GPTBot/1.3; +https://openai.com/gptbot)"
74.7.243.236 - - [18/Mar/2026:09:13:56 +0000] "GET /goods.php??k=bvwuq36fk1237mkrevtg HTTP/2.0" 200 85876 "https://nfsin.com/goods.php??z=hoh36i1923hbyfls" "Mozilla/5.0 AppleWebKit/537.36 (KHTML, like Gecko; compatible; GPTBot/1.3; +https://openai.com/gptbot)"
74.7.243.236 - - [18/Mar/2026:09:14:13 +0000] "GET /goods.php?jp/047000737.html HTTP/2.0" 200 86029 "https://nfsin.com/goods.php?pcmypage?callback=product%2Fdetail%2Fm25274945801" "Mozilla/5.0 AppleWebKit/537.36 (KHTML, like Gecko; compatible; GPTBot/1.3; +https://openai.com/gptbot)"
74.7.243.236 - - [18/Mar/2026:09:14:31 +0000] "GET /goods.php?detail/080005912335 HTTP/2.0" 200 85612 "https://nfsin.com/goods.php?detail/080003494329" "Mozilla/5.0 AppleWebKit/537.36 (KHTML, like Gecko; compatible; GPTBot/1.3; +https://openai.com/gptbot)"
74.7.243.236 - - [18/Mar/2026:09:14:47 +0000] "GET /goods.php??a=mmcy36pht3965hydprjr HTTP/2.0" 200 86518 "https://nfsin.com/goods.php??l=xlagg36ndxx825tlllwz" "Mozilla/5.0 AppleWebKit/537.36 (KHTML, like Gecko; compatible; GPTBot/1.3; +https://openai.com/gptbot)"
51.195.183.205 - - [18/Mar/2026:09:15:01 +0000] "GET /wp-includes/interactivity-api/?C=D;O=A HTTP/2.0" 200 382 "-" "Mozilla/5.0 (compatible; AhrefsBot/7.0; +http://ahrefs.com/robot/)"
74.7.243.236 - - [18/Mar/2026:09:15:01 +0000] "GET /goods.php?detail/002031299947 HTTP/2.0" 200 85554 "https://nfsin.com/goods.php?detail/184024674441" "Mozilla/5.0 AppleWebKit/537.36 (KHTML, like Gecko; compatible; GPTBot/1.3; +https://openai.com/gptbot)"
74.7.243.236 - - [18/Mar/2026:09:15:15 +0000] "GET /goods.php?goods/179039906 HTTP/2.0" 200 85772 "https://nfsin.com/goods.php??z=pzd12ilt5521jxierwm" "Mozilla/5.0 AppleWebKit/537.36 (KHTML, like Gecko; compatible; GPTBot/1.3; +https://openai.com/gptbot)"
74.7.243.236 - - [18/Mar/2026:09:15:32 +0000] "GET /goods.php??a=zzmxo12lo8825dtoujg HTTP/2.0" 200 85998 "https://nfsin.com/goods.php??z=pzd12ilt5521jxierwm" "Mozilla/5.0 AppleWebKit/537.36 (KHTML, like Gecko; compatible; GPTBot/1.3; +https://openai.com/gptbot)"
74.7.243.236 - - [18/Mar/2026:09:15:46 +0000] "GET /goods.php?detail/204000043735 HTTP/2.0" 200 85662 "https://nfsin.com/goods.php?detail/204000847131" "Mozilla/5.0 AppleWebKit/537.36 (KHTML, like Gecko; compatible; GPTBot/1.3; +https://openai.com/gptbot)"
74.7.243.236 - - [18/Mar/2026:09:16:01 +0000] "GET /goods.php?goods/293011487 HTTP/2.0" 200 85685 "https://nfsin.com/goods.php?detail/08000368169568" "Mozilla/5.0 AppleWebKit/537.36 (KHTML, like Gecko; compatible; GPTBot/1.3; +https://openai.com/gptbot)"
74.7.243.236 - - [18/Mar/2026:09:16:20 +0000] "GET /goods.php??n=hocv8vcd4761vsqmazw HTTP/2.0" 200 86820 "https://nfsin.com/goods.php??b=plu8u85ioufkgan" "Mozilla/5.0 AppleWebKit/537.36 (KHTML, like Gecko; compatible; GPTBot/1.3; +https://openai.com/gptbot)"
74.7.243.236 - - [18/Mar/2026:09:16:39 +0000] "GET /goods.php?detail/184000986518 HTTP/2.0" 200 85388 "https://nfsin.com/goods.php?detail/184024674441" "Mozilla/5.0 AppleWebKit/537.36 (KHTML, like Gecko; compatible; GPTBot/1.3; +https://openai.com/gptbot)"
74.7.243.236 - - [18/Mar/2026:09:16:58 +0000] "GET /goods.php??g=you36dja2163noabcu HTTP/2.0" 200 86607 "https://nfsin.com/goods.php??k=bvwuq36fk1237mkrevtg" "Mozilla/5.0 AppleWebKit/537.36 (KHTML, like Gecko; compatible; GPTBot/1.3; +https://openai.com/gptbot)"
74.7.243.236 - - [18/Mar/2026:09:17:12 +0000] "GET /goods.php??p=keuy36fran2537vidczl HTTP/2.0" 200 85935 "https://nfsin.com/goods.php??k=bvwuq36fk1237mkrevtg" "Mozilla/5.0 AppleWebKit/537.36 (KHTML, like Gecko; compatible; GPTBot/1.3; +https://openai.com/gptbot)"
74.7.243.236 - - [18/Mar/2026:09:17:26 +0000] "GET /goods.php?detail/080004926916 HTTP/2.0" 200 85345 "https://nfsin.com/goods.php?detail/08000368169568" "Mozilla/5.0 AppleWebKit/537.36 (KHTML, like Gecko; compatible; GPTBot/1.3; +https://openai.com/gptbot)"
74.7.243.236 - - [18/Mar/2026:09:17:39 +0000] "GET /goods.php?detail/036002618880 HTTP/2.0" 200 86089 "https://nfsin.com/goods.php??a=mmcy36pht3965hydprjr" "Mozilla/5.0 AppleWebKit/537.36 (KHTML, like Gecko; compatible; GPTBot/1.3; +https://openai.com/gptbot)"
74.7.243.236 - - [18/Mar/2026:09:17:55 +0000] "GET /goods.php??h=sdf15qy28796mcsidm HTTP/2.0" 200 85481 "https://nfsin.com/goods.php??a=mmcy36pht3965hydprjr" "Mozilla/5.0 AppleWebKit/537.36 (KHTML, like Gecko; compatible; GPTBot/1.3; +https://openai.com/gptbot)"
198.244.183.240 - - [18/Mar/2026:09:18:03 +0000] "GET /wp-includes/js/tinymce/ HTTP/2.0" 200 544 "-" "Mozilla/5.0 (compatible; AhrefsBot/7.0; +http://ahrefs.com/robot/)"
74.7.243.236 - - [18/Mar/2026:09:18:14 +0000] "GET /goods.php?detail/225000868840 HTTP/2.0" 200 85833 "https://nfsin.com/goods.php?goods/179039906" "Mozilla/5.0 AppleWebKit/537.36 (KHTML, like Gecko; compatible; GPTBot/1.3; +https://openai.com/gptbot)"
74.7.243.236 - - [18/Mar/2026:09:18:31 +0000] "GET /goods.php?detail/089010473108 HTTP/2.0" 200 86559 "https://nfsin.com/goods.php?detail/002031299947" "Mozilla/5.0 AppleWebKit/537.36 (KHTML, like Gecko; compatible; GPTBot/1.3; +https://openai.com/gptbot)"
74.7.243.236 - - [18/Mar/2026:09:18:49 +0000] "GET /goods.php?pcmypage?callback=product/review/m96536783433 HTTP/2.0" 200 85541 "https://nfsin.com/goods.php?detail/204000043735" "Mozilla/5.0 AppleWebKit/537.36 (KHTML, like Gecko; compatible; GPTBot/1.3; +https://openai.com/gptbot)"
74.7.243.236 - - [18/Mar/2026:09:19:09 +0000] "GET /goods.php?detail/296047030323 HTTP/2.0" 200 85750 "https://nfsin.com/goods.php?goods/293011487" "Mozilla/5.0 AppleWebKit/537.36 (KHTML, like Gecko; compatible; GPTBot/1.3; +https://openai.com/gptbot)"
74.7.243.236 - - [18/Mar/2026:09:19:29 +0000] "GET /goods.php?detail/0080017367933 HTTP/2.0" 200 86405 "https://nfsin.com/goods.php??n=hocv8vcd4761vsqmazw" "Mozilla/5.0 AppleWebKit/537.36 (KHTML, like Gecko; compatible; GPTBot/1.3; +https://openai.com/gptbot)"
74.7.243.236 - - [18/Mar/2026:09:19:47 +0000] "GET /goods.php?detail/179039906714 HTTP/2.0" 200 85810 "https://nfsin.com/goods.php?goods/179039906" "Mozilla/5.0 AppleWebKit/537.36 (KHTML, like Gecko; compatible; GPTBot/1.3; +https://openai.com/gptbot)"
74.7.243.236 - - [18/Mar/2026:09:20:01 +0000] "GET /goods.php?detail/111028583436 HTTP/2.0" 200 86254 "https://nfsin.com/goods.php?detail/111025824426" "Mozilla/5.0 AppleWebKit/537.36 (KHTML, like Gecko; compatible; GPTBot/1.3; +https://openai.com/gptbot)"
74.7.243.236 - - [18/Mar/2026:09:20:20 +0000] "GET /goods.php??r=vjqx36ol1069xtryads HTTP/2.0" 200 86768 "https://nfsin.com/goods.php??p=keuy36fran2537vidczl" "Mozilla/5.0 AppleWebKit/537.36 (KHTML, like Gecko; compatible; GPTBot/1.3; +https://openai.com/gptbot)"
74.7.243.236 - - [18/Mar/2026:09:20:38 +0000] "GET /goods.php?jp/080006370.html HTTP/2.0" 200 85287 "https://nfsin.com/goods.php?detail/080004926916" "Mozilla/5.0 AppleWebKit/537.36 (KHTML, like Gecko; compatible; GPTBot/1.3; +https://openai.com/gptbot)"
51.195.244.180 - - [18/Mar/2026:09:20:44 +0000] "GET /wp-includes/js/thickbox/ HTTP/2.0" 200 481 "-" "Mozilla/5.0 (compatible; AhrefsBot/7.0; +http://ahrefs.com/robot/)"
74.7.243.236 - - [18/Mar/2026:09:20:54 +0000] "GET /goods.php?detail/036001131632 HTTP/2.0" 200 87134 "https://nfsin.com/goods.php??p=keuy36fran2537vidczl" "Mozilla/5.0 AppleWebKit/537.36 (KHTML, like Gecko; compatible; GPTBot/1.3; +https://openai.com/gptbot)"
204.12.208.18 - - [18/Mar/2026:09:21:13 +0000] "GET /wp-includes/wpf78988/edit.php HTTP/1.1" 200 26 "https://nfsin.com/wp-includes/wpf78988/edit.php" "Mozilla/5.0 (Macintosh; U; Intel Mac OS X; ja-jp) AppleWebKit/523.10.3 (KHTML, like Gecko) Version/3.0.4 Safari/523.10"
74.7.243.236 - - [18/Mar/2026:09:21:13 +0000] "GET /goods.php??g=xgd77gri43218zmsogc HTTP/2.0" 200 85880 "https://nfsin.com/goods.php??p=keuy36fran2537vidczl" "Mozilla/5.0 AppleWebKit/537.36 (KHTML, like Gecko; compatible; GPTBot/1.3; +https://openai.com/gptbot)"
74.7.243.236 - - [18/Mar/2026:09:21:36 +0000] "GET /goods.php?detail/001001410424 HTTP/2.0" 200 86521 "https://nfsin.com/goods.php??z=uxu1oq27834jtaycinh" "Mozilla/5.0 AppleWebKit/537.36 (KHTML, like Gecko; compatible; GPTBot/1.3; +https://openai.com/gptbot)"
74.7.243.236 - - [18/Mar/2026:09:21:54 +0000] "GET /goods.php?product/edit/m74287968569 HTTP/2.0" 200 86505 "https://nfsin.com/goods.php??y=mvl6d9165ourxusrcts" "Mozilla/5.0 AppleWebKit/537.36 (KHTML, like Gecko; compatible; GPTBot/1.3; +https://openai.com/gptbot)"
74.7.243.236 - - [18/Mar/2026:09:22:12 +0000] "GET /goods.php??z=psx293n1994weidugdy HTTP/2.0" 200 87093 "https://nfsin.com/goods.php?pcmypage?callback=product/review/m96536783433" "Mozilla/5.0 AppleWebKit/537.36 (KHTML, like Gecko; compatible; GPTBot/1.3; +https://openai.com/gptbot)"
204.12.208.18 - - [18/Mar/2026:09:20:53 +0000] "GET /wp-includes/wpf78988/edit.php HTTP/1.1" 200 20 "https://nfsin.com/wp-includes/wpf78988/edit.php" "Mozilla/4.0 (compatible; MSIE 7.0; Windows NT 5.1; .NET CLR 1.1.4322; .NET CLR 2.0.50727; .NET CLR 3.0.04506.30)"
74.7.243.236 - - [18/Mar/2026:09:22:28 +0000] "GET /goods.php??l=nmyd47y5736hlhuqohep HTTP/2.0" 200 86009 "https://nfsin.com/goods.php?pcmypage?callback=product%2Fdetail%2Fm25274945801" "Mozilla/5.0 AppleWebKit/537.36 (KHTML, like Gecko; compatible; GPTBot/1.3; +https://openai.com/gptbot)"
74.7.243.236 - - [18/Mar/2026:09:22:46 +0000] "GET /goods.php?pcmypage?callback=/product%2Fdetail%2m88340014253 HTTP/2.0" 200 86770 "https://nfsin.com/goods.php?detail/0080017367933" "Mozilla/5.0 AppleWebKit/537.36 (KHTML, like Gecko; compatible; GPTBot/1.3; +https://openai.com/gptbot)"
74.7.243.236 - - [18/Mar/2026:09:23:04 +0000] "GET /goods.php?detail/0080052549540 HTTP/2.0" 200 86597 "https://nfsin.com/goods.php?detail/0080017367933" "Mozilla/5.0 AppleWebKit/537.36 (KHTML, like Gecko; compatible; GPTBot/1.3; +https://openai.com/gptbot)"
74.7.243.236 - - [18/Mar/2026:09:23:20 +0000] "GET /goods.php?pcmypage?callback=product/review/m32026967748 HTTP/2.0" 200 87119 "https://nfsin.com/goods.php?detail/111028583436" "Mozilla/5.0 AppleWebKit/537.36 (KHTML, like Gecko; compatible; GPTBot/1.3; +https://openai.com/gptbot)"
51.89.129.166 - - [18/Mar/2026:09:23:30 +0000] "GET /wp-includes/js/plupload/ HTTP/2.0" 200 556 "-" "Mozilla/5.0 (compatible; AhrefsBot/7.0; +http://ahrefs.com/robot/)"
74.7.243.236 - - [18/Mar/2026:09:23:38 +0000] "GET /goods.php??p=zcc36x739euwtnfhyng HTTP/2.0" 200 86243 "https://nfsin.com/goods.php??r=vjqx36ol1069xtryads" "Mozilla/5.0 AppleWebKit/537.36 (KHTML, like Gecko; compatible; GPTBot/1.3; +https://openai.com/gptbot)"
69.197.179.242 - - [18/Mar/2026:09:22:29 +0000] "GET /wp-includes/wpf78988/edit.php?id=545071 HTTP/1.1" 200 20 "https://nfsin.com/wp-includes/wpf78988/edit.php?id=545071" "Mozilla/5.0 (Windows NT 10.0; Win64; x64) AppleWebKit/537.36 (KHTML, like Gecko) Chrome/58.0.3029.110 Safari/537.3"
74.7.243.236 - - [18/Mar/2026:09:23:56 +0000] "GET /goods.php?detail/111032055835 HTTP/2.0" 200 85586 "https://nfsin.com/goods.php?detail/111028583436" "Mozilla/5.0 AppleWebKit/537.36 (KHTML, like Gecko; compatible; GPTBot/1.3; +https://openai.com/gptbot)"
43.135.138.128 - - [18/Mar/2026:09:23:52 +0000] "GET / HTTP/1.1" 200 17796 "http://www.nfsin.com" "Mozilla/5.0 (iPhone; CPU iPhone OS 13_2_3 like Mac OS X) AppleWebKit/605.1.15 (KHTML, like Gecko) Version/13.0.3 Mobile/15E148 Safari/604.1"
74.7.243.236 - - [18/Mar/2026:09:24:12 +0000] "GET /goods.php?product/edit/m25619201196 HTTP/2.0" 200 87691 "https://nfsin.com/goods.php?detail/036001131632" "Mozilla/5.0 AppleWebKit/537.36 (KHTML, like Gecko; compatible; GPTBot/1.3; +https://openai.com/gptbot)"
74.7.243.236 - - [18/Mar/2026:09:24:29 +0000] "GET /goods.php?detail/073021100244 HTTP/2.0" 200 85894 "https://nfsin.com/goods.php?detail/036001131632" "Mozilla/5.0 AppleWebKit/537.36 (KHTML, like Gecko; compatible; GPTBot/1.3; +https://openai.com/gptbot)"
74.7.243.236 - - [18/Mar/2026:09:24:44 +0000] "GET /goods.php?detail/036004431335 HTTP/2.0" 200 86139 "https://nfsin.com/goods.php?detail/036001131632" "Mozilla/5.0 AppleWebKit/537.36 (KHTML, like Gecko; compatible; GPTBot/1.3; +https://openai.com/gptbot)"
74.7.243.236 - - [18/Mar/2026:09:25:02 +0000] "GET /goods.php??e=yvh38jd8843npvknbges HTTP/2.0" 200 86578 "https://nfsin.com/goods.php?product/edit/m74287968569" "Mozilla/5.0 AppleWebKit/537.36 (KHTML, like Gecko; compatible; GPTBot/1.3; +https://openai.com/gptbot)"
74.7.243.236 - - [18/Mar/2026:09:25:16 +0000] "GET /goods.php?detail/048001297297 HTTP/2.0" 200 85614 "https://nfsin.com/goods.php?detail/048001871183" "Mozilla/5.0 AppleWebKit/537.36 (KHTML, like Gecko; compatible; GPTBot/1.3; +https://openai.com/gptbot)"
69.197.179.242 - - [18/Mar/2026:09:24:00 +0000] "GET /wp-includes/wpf78988/edit.php?id=545071 HTTP/1.1" 200 20 "https://nfsin.com/wp-includes/wpf78988/edit.php?id=545071" "Mozilla/5.0 (Windows NT 10.0; Win64; x64) AppleWebKit/537.36 (KHTML, like Gecko) Chrome/58.0.3029.110 Safari/537.3"
74.7.243.236 - - [18/Mar/2026:09:25:32 +0000] "GET /goods.php?detail/271006271743 HTTP/2.0" 200 85140 "https://nfsin.com/goods.php?detail/296047030323" "Mozilla/5.0 AppleWebKit/537.36 (KHTML, like Gecko; compatible; GPTBot/1.3; +https://openai.com/gptbot)"
74.7.243.236 - - [18/Mar/2026:09:25:47 +0000] "GET /goods.php??z=uig32uqqy5433ppleat HTTP/2.0" 200 86468 "https://nfsin.com/goods.php?pcmypage?callback=/product%2Fdetail%2m88340014253" "Mozilla/5.0 AppleWebKit/537.36 (KHTML, like Gecko; compatible; GPTBot/1.3; +https://openai.com/gptbot)"
74.7.243.236 - - [18/Mar/2026:09:26:04 +0000] "GET /goods.php?detail/008006887374 HTTP/2.0" 200 85596 "https://nfsin.com/goods.php?detail/0080052549540" "Mozilla/5.0 AppleWebKit/537.36 (KHTML, like Gecko; compatible; GPTBot/1.3; +https://openai.com/gptbot)"
54.38.147.25 - - [18/Mar/2026:09:26:21 +0000] "GET /wp-includes/js/mediaelement/ HTTP/2.0" 200 705 "-" "Mozilla/5.0 (compatible; AhrefsBot/7.0; +http://ahrefs.com/robot/)"
