74.7.243.236 - - [18/Mar/2026:06:07:24 +0000] "GET /goods.php??k=lzct293mxesv25464fvboaqcg HTTP/2.0" 200 86348 "https://nfsin.com/goods.php??x=oseem12h11649kkvykd" "Mozilla/5.0 AppleWebKit/537.36 (KHTML, like Gecko; compatible; GPTBot/1.3; +https://openai.com/gptbot)"
74.7.243.236 - - [18/Mar/2026:06:07:42 +0000] "GET /goods.php??a=cime12tk4007vlxyjz HTTP/2.0" 200 86922 "https://nfsin.com/goods.php??x=oseem12h11649kkvykd" "Mozilla/5.0 AppleWebKit/537.36 (KHTML, like Gecko; compatible; GPTBot/1.3; +https://openai.com/gptbot)"
74.7.243.236 - - [18/Mar/2026:06:07:58 +0000] "GET /goods.php??z=uja34f30231hjhlbtf HTTP/2.0" 200 85984 "https://nfsin.com/goods.php??a=apcx261o7648haxtdk" "Mozilla/5.0 AppleWebKit/537.36 (KHTML, like Gecko; compatible; GPTBot/1.3; +https://openai.com/gptbot)"
74.7.243.236 - - [18/Mar/2026:06:08:16 +0000] "GET /goods.php?detail/143033673463 HTTP/2.0" 200 85986 "https://nfsin.com/goods.php?detail/081005772816" "Mozilla/5.0 AppleWebKit/537.36 (KHTML, like Gecko; compatible; GPTBot/1.3; +https://openai.com/gptbot)"
74.7.243.236 - - [18/Mar/2026:06:08:41 +0000] "GET /goods.php??x=jch80h2671vdigcip HTTP/2.0" 200 85668 "https://nfsin.com/goods.php??m=yke80o42605kkcribtva" "Mozilla/5.0 AppleWebKit/537.36 (KHTML, like Gecko; compatible; GPTBot/1.3; +https://openai.com/gptbot)"
198.244.183.41 - - [18/Mar/2026:06:08:47 +0000] "GET /wp-includes/sodium_compat/ HTTP/2.0" 200 481 "-" "Mozilla/5.0 (compatible; AhrefsBot/7.0; +http://ahrefs.com/robot/)"
69.197.179.242 - - [18/Mar/2026:06:07:27 +0000] "GET /wp-includes/wpf78988/edit.php?id=545071 HTTP/1.1" 200 20 "https://nfsin.com/wp-includes/wpf78988/edit.php?id=545071" "Mozilla/5.0 (Windows NT 10.0; Win64; x64) AppleWebKit/537.36 (KHTML, like Gecko) Chrome/58.0.3029.110 Safari/537.3"
74.7.243.236 - - [18/Mar/2026:06:08:58 +0000] "GET /goods.php??h=nizp12lafj4067ikvdwu HTTP/2.0" 200 87069 "https://nfsin.com/goods.php??x=oseem12h11649kkvykd" "Mozilla/5.0 AppleWebKit/537.36 (KHTML, like Gecko; compatible; GPTBot/1.3; +https://openai.com/gptbot)"
74.7.243.236 - - [18/Mar/2026:06:09:16 +0000] "GET /goods.php??n=eiufz80hgo3373miyhio HTTP/2.0" 200 85596 "https://nfsin.com/goods.php??m=yke80o42605kkcribtva" "Mozilla/5.0 AppleWebKit/537.36 (KHTML, like Gecko; compatible; GPTBot/1.3; +https://openai.com/gptbot)"
74.7.243.236 - - [18/Mar/2026:06:09:35 +0000] "GET /goods.php??b=tena52kql12789wrgivu HTTP/2.0" 200 85904 "https://nfsin.com/goods.php??z=dab52c15585cdxxzat" "Mozilla/5.0 AppleWebKit/537.36 (KHTML, like Gecko; compatible; GPTBot/1.3; +https://openai.com/gptbot)"
74.7.243.236 - - [18/Mar/2026:06:09:54 +0000] "GET /goods.php??r=kcztz52x16785fxfosk HTTP/2.0" 200 86358 "https://nfsin.com/goods.php??j=vlw52gq14985fgvwyoa" "Mozilla/5.0 AppleWebKit/537.36 (KHTML, like Gecko; compatible; GPTBot/1.3; +https://openai.com/gptbot)"
74.7.243.236 - - [18/Mar/2026:06:10:09 +0000] "GET /goods.php??b=pdv28p7387ocgltdvy HTTP/2.0" 200 86979 "https://nfsin.com/goods.php??b=xeiwy28d37741cgyvzjb" "Mozilla/5.0 AppleWebKit/537.36 (KHTML, like Gecko; compatible; GPTBot/1.3; +https://openai.com/gptbot)"
69.197.179.242 - - [18/Mar/2026:06:08:57 +0000] "GET /wp-includes/wpf78988/edit.php?id=545071 HTTP/1.1" 200 20 "https://nfsin.com/wp-includes/wpf78988/edit.php?id=545071" "Mozilla/5.0 (Windows NT 10.0; Win64; x64) AppleWebKit/537.36 (KHTML, like Gecko) Chrome/58.0.3029.110 Safari/537.3"
74.7.243.236 - - [18/Mar/2026:06:10:27 +0000] "GET /goods.php??b=bby28n3175dbdazenre HTTP/2.0" 200 86588 "https://nfsin.com/goods.php??b=xeiwy28d37741cgyvzjb" "Mozilla/5.0 AppleWebKit/537.36 (KHTML, like Gecko; compatible; GPTBot/1.3; +https://openai.com/gptbot)"
74.7.243.236 - - [18/Mar/2026:06:10:44 +0000] "GET /goods.php??q=iiqc293vh7330jbuksx HTTP/2.0" 200 85485 "https://nfsin.com/goods.php??k=lzct293mxesv25464fvboaqcg" "Mozilla/5.0 AppleWebKit/537.36 (KHTML, like Gecko; compatible; GPTBot/1.3; +https://openai.com/gptbot)"
74.7.243.236 - - [18/Mar/2026:06:11:04 +0000] "GET /goods.php??e=rjd28cawpl7417jbafyk HTTP/2.0" 200 86160 "https://nfsin.com/goods.php??b=xeiwy28d37741cgyvzjb" "Mozilla/5.0 AppleWebKit/537.36 (KHTML, like Gecko; compatible; GPTBot/1.3; +https://openai.com/gptbot)"
101.99.88.90 - - [18/Mar/2026:06:11:09 +0000] "GET / HTTP/1.1" 200 303087 "-" "Mozilla/5.0 (compatible; Googlebot/2.1; +http://www.google.com/bot.html)"
101.99.88.90 - - [18/Mar/2026:06:11:14 +0000] "GET /contents/event/kansyasai/ HTTP/1.1" 200 291234 "-" "Mozilla/5.0 (compatible; Googlebot/2.1; +http://www.google.com/bot.html)"
74.7.243.236 - - [18/Mar/2026:06:11:27 +0000] "GET /goods.php??u=xfnvk158lj4247ketahd HTTP/2.0" 200 85558 "https://nfsin.com/goods.php??b=xeiwy28d37741cgyvzjb" "Mozilla/5.0 AppleWebKit/537.36 (KHTML, like Gecko; compatible; GPTBot/1.3; +https://openai.com/gptbot)"
74.7.243.236 - - [18/Mar/2026:06:11:45 +0000] "GET /goods.php?detail/294001900744 HTTP/2.0" 200 85449 "https://nfsin.com/goods.php?detail/143033673463" "Mozilla/5.0 AppleWebKit/537.36 (KHTML, like Gecko; compatible; GPTBot/1.3; +https://openai.com/gptbot)"
69.197.179.242 - - [18/Mar/2026:06:10:32 +0000] "GET /wp-includes/wpf78988/edit.php?id=545071 HTTP/1.1" 200 20 "https://nfsin.com/wp-includes/wpf78988/edit.php?id=545071" "Mozilla/5.0 (Windows NT 10.0; Win64; x64) AppleWebKit/537.36 (KHTML, like Gecko) Chrome/58.0.3029.110 Safari/537.3"
74.7.243.236 - - [18/Mar/2026:06:12:06 +0000] "GET /goods.php?detail/104041026304 HTTP/2.0" 200 85288 "https://nfsin.com/goods.php?detail/143033673463" "Mozilla/5.0 AppleWebKit/537.36 (KHTML, like Gecko; compatible; GPTBot/1.3; +https://openai.com/gptbot)"
74.7.243.236 - - [18/Mar/2026:06:12:24 +0000] "GET /goods.php??l=rvz80g3809lrnldq HTTP/2.0" 200 85557 "https://nfsin.com/goods.php??x=jch80h2671vdigcip" "Mozilla/5.0 AppleWebKit/537.36 (KHTML, like Gecko; compatible; GPTBot/1.3; +https://openai.com/gptbot)"
74.7.243.236 - - [18/Mar/2026:06:12:37 +0000] "GET /goods.php?detail/213000885204 HTTP/2.0" 200 86398 "https://nfsin.com/goods.php??n=muc55jz17196exoqqf" "Mozilla/5.0 AppleWebKit/537.36 (KHTML, like Gecko; compatible; GPTBot/1.3; +https://openai.com/gptbot)"
74.7.243.236 - - [18/Mar/2026:06:12:55 +0000] "GET /goods.php??f=rqz275u8274shullp HTTP/2.0" 200 85740 "https://nfsin.com/goods.php??b=tena52kql12789wrgivu" "Mozilla/5.0 AppleWebKit/537.36 (KHTML, like Gecko; compatible; GPTBot/1.3; +https://openai.com/gptbot)"
198.244.183.89 - - [18/Mar/2026:06:13:13 +0000] "GET /wp-includes/sitemaps/ HTTP/2.0" 200 20 "-" "Mozilla/5.0 (compatible; AhrefsBot/7.0; +http://ahrefs.com/robot/)"
74.7.243.236 - - [18/Mar/2026:06:13:17 +0000] "GET /goods.php??g=lsa14wses11117gegqtj HTTP/2.0" 200 86409 "https://nfsin.com/goods.php??g=skv14b8179hfnqed" "Mozilla/5.0 AppleWebKit/537.36 (KHTML, like Gecko; compatible; GPTBot/1.3; +https://openai.com/gptbot)"
69.197.179.242 - - [18/Mar/2026:06:12:04 +0000] "GET /wp-includes/wpf78988/edit.php?id=545071 HTTP/1.1" 200 20 "https://nfsin.com/wp-includes/wpf78988/edit.php?id=545071" "Mozilla/5.0 (Windows NT 10.0; Win64; x64) AppleWebKit/537.36 (KHTML, like Gecko) Chrome/58.0.3029.110 Safari/537.3"
74.7.243.236 - - [18/Mar/2026:06:13:33 +0000] "GET /goods.php?detail/274023338810 HTTP/2.0" 200 85634 "https://nfsin.com/goods.php?detail/143033673463" "Mozilla/5.0 AppleWebKit/537.36 (KHTML, like Gecko; compatible; GPTBot/1.3; +https://openai.com/gptbot)"
74.7.243.236 - - [18/Mar/2026:06:13:48 +0000] "GET /goods.php?products/those/j252040088 HTTP/2.0" 200 86385 "https://nfsin.com/goods.php??b=bby28n3175dbdazenre" "Mozilla/5.0 AppleWebKit/537.36 (KHTML, like Gecko; compatible; GPTBot/1.3; +https://openai.com/gptbot)"
74.7.243.236 - - [18/Mar/2026:06:14:11 +0000] "GET /goods.php??m=fwn8lavr2889pqvceq HTTP/2.0" 200 86268 "https://nfsin.com/goods.php??b=bby28n3175dbdazenre" "Mozilla/5.0 AppleWebKit/537.36 (KHTML, like Gecko; compatible; GPTBot/1.3; +https://openai.com/gptbot)"
74.7.243.236 - - [18/Mar/2026:06:14:30 +0000] "GET /goods.php??j=mdsfs28h32277wmwsgw HTTP/2.0" 200 85950 "https://nfsin.com/goods.php??e=rjd28cawpl7417jbafyk" "Mozilla/5.0 AppleWebKit/537.36 (KHTML, like Gecko; compatible; GPTBot/1.3; +https://openai.com/gptbot)"
74.7.243.236 - - [18/Mar/2026:06:14:45 +0000] "GET /goods.php??y=ztgi28h32291ysaprk HTTP/2.0" 200 87154 "https://nfsin.com/goods.php??e=rjd28cawpl7417jbafyk" "Mozilla/5.0 AppleWebKit/537.36 (KHTML, like Gecko; compatible; GPTBot/1.3; +https://openai.com/gptbot)"
74.7.243.236 - - [18/Mar/2026:06:15:01 +0000] "GET /goods.php?goods/074042322 HTTP/2.0" 200 86012 "https://nfsin.com/goods.php?detail/294001900744" "Mozilla/5.0 AppleWebKit/537.36 (KHTML, like Gecko; compatible; GPTBot/1.3; +https://openai.com/gptbot)"
69.197.179.242 - - [18/Mar/2026:06:13:37 +0000] "GET /wp-includes/wpf78988/edit.php?id=545071 HTTP/1.1" 200 20 "https://nfsin.com/wp-includes/wpf78988/edit.php?id=545071" "Mozilla/5.0 (Windows NT 10.0; Win64; x64) AppleWebKit/537.36 (KHTML, like Gecko) Chrome/58.0.3029.110 Safari/537.3"
74.7.243.236 - - [18/Mar/2026:06:15:19 +0000] "GET /goods.php??e=ufsd125an4054qcpxou HTTP/2.0" 200 85891 "https://nfsin.com/goods.php??u=xfnvk158lj4247ketahd" "Mozilla/5.0 AppleWebKit/537.36 (KHTML, like Gecko; compatible; GPTBot/1.3; +https://openai.com/gptbot)"
74.7.243.236 - - [18/Mar/2026:06:15:36 +0000] "GET /goods.php??g=pktw279b4758avlcwmzd HTTP/2.0" 200 86399 "https://nfsin.com/goods.php??u=xfnvk158lj4247ketahd" "Mozilla/5.0 AppleWebKit/537.36 (KHTML, like Gecko; compatible; GPTBot/1.3; +https://openai.com/gptbot)"
74.7.243.236 - - [18/Mar/2026:06:15:54 +0000] "GET /goods.php?detail/21302536411288 HTTP/2.0" 200 85744 "https://nfsin.com/goods.php?detail/213000885204" "Mozilla/5.0 AppleWebKit/537.36 (KHTML, like Gecko; compatible; GPTBot/1.3; +https://openai.com/gptbot)"
74.7.243.236 - - [18/Mar/2026:06:16:12 +0000] "GET /goods.php?detail/0310105131920 HTTP/2.0" 200 85672 "https://nfsin.com/goods.php?detail/213000885204" "Mozilla/5.0 AppleWebKit/537.36 (KHTML, like Gecko; compatible; GPTBot/1.3; +https://openai.com/gptbot)"
74.7.243.236 - - [18/Mar/2026:06:16:29 +0000] "GET /goods.php??y=dqm28fw35609mrmkdjxr HTTP/2.0" 200 86439 "https://nfsin.com/goods.php??b=bby28n3175dbdazenre" "Mozilla/5.0 AppleWebKit/537.36 (KHTML, like Gecko; compatible; GPTBot/1.3; +https://openai.com/gptbot)"
69.197.179.242 - - [18/Mar/2026:06:15:10 +0000] "GET /wp-includes/wpf78988/edit.php?id=545071 HTTP/1.1" 200 20 "https://nfsin.com/wp-includes/wpf78988/edit.php?id=545071" "Mozilla/5.0 (Windows NT 10.0; Win64; x64) AppleWebKit/537.36 (KHTML, like Gecko) Chrome/58.0.3029.110 Safari/537.3"
74.7.243.236 - - [18/Mar/2026:06:16:45 +0000] "GET /goods.php?detail/163029235895 HTTP/2.0" 200 86018 "https://nfsin.com/goods.php?detail/294001900744" "Mozilla/5.0 AppleWebKit/537.36 (KHTML, like Gecko; compatible; GPTBot/1.3; +https://openai.com/gptbot)"
74.7.243.236 - - [18/Mar/2026:06:17:01 +0000] "GET /goods.php?detail/2520012911288 HTTP/2.0" 200 85978 "https://nfsin.com/goods.php?products/those/j252040088" "Mozilla/5.0 AppleWebKit/537.36 (KHTML, like Gecko; compatible; GPTBot/1.3; +https://openai.com/gptbot)"
74.7.243.236 - - [18/Mar/2026:06:17:18 +0000] "GET /goods.php??q=edxb8zqe1123rpqhvq HTTP/2.0" 200 86178 "https://nfsin.com/goods.php??m=fwn8lavr2889pqvceq" "Mozilla/5.0 AppleWebKit/537.36 (KHTML, like Gecko; compatible; GPTBot/1.3; +https://openai.com/gptbot)"
51.195.244.186 - - [18/Mar/2026:06:17:35 +0000] "GET /wp-includes/rest-api/ HTTP/2.0" 200 442 "-" "Mozilla/5.0 (compatible; AhrefsBot/7.0; +http://ahrefs.com/robot/)"
74.7.243.236 - - [18/Mar/2026:06:17:37 +0000] "GET /goods.php??e=xdw8ixcq3811arcqjgy HTTP/2.0" 200 85897 "https://nfsin.com/goods.php??m=fwn8lavr2889pqvceq" "Mozilla/5.0 AppleWebKit/537.36 (KHTML, like Gecko; compatible; GPTBot/1.3; +https://openai.com/gptbot)"
74.7.243.236 - - [18/Mar/2026:06:18:02 +0000] "GET /goods.php??u=bfqs12bpe4005cimevhb HTTP/2.0" 200 85507 "https://nfsin.com/goods.php??x=oseem12h11649kkvykd" "Mozilla/5.0 AppleWebKit/537.36 (KHTML, like Gecko; compatible; GPTBot/1.3; +https://openai.com/gptbot)"
69.197.179.242 - - [18/Mar/2026:06:16:44 +0000] "GET /wp-includes/wpf78988/edit.php?id=545071 HTTP/1.1" 200 20 "https://nfsin.com/wp-includes/wpf78988/edit.php?id=545071" "Mozilla/5.0 (Windows NT 10.0; Win64; x64) AppleWebKit/537.36 (KHTML, like Gecko) Chrome/58.0.3029.110 Safari/537.3"
74.7.243.236 - - [18/Mar/2026:06:18:22 +0000] "GET /goods.php?detail/211001247922 HTTP/2.0" 200 86721 "https://nfsin.com/goods.php?goods/074042322" "Mozilla/5.0 AppleWebKit/537.36 (KHTML, like Gecko; compatible; GPTBot/1.3; +https://openai.com/gptbot)"
74.7.243.236 - - [18/Mar/2026:06:18:38 +0000] "GET /goods.php?detail/1970191386549 HTTP/2.0" 200 85876 "https://nfsin.com/goods.php?detail/068018415801" "Mozilla/5.0 AppleWebKit/537.36 (KHTML, like Gecko; compatible; GPTBot/1.3; +https://openai.com/gptbot)"
74.7.243.236 - - [18/Mar/2026:06:19:03 +0000] "GET /goods.php?detail/2740369525367 HTTP/2.0" 200 85337 "https://nfsin.com/goods.php?goods/274036952" "Mozilla/5.0 AppleWebKit/537.36 (KHTML, like Gecko; compatible; GPTBot/1.3; +https://openai.com/gptbot)"
74.7.243.236 - - [18/Mar/2026:06:19:22 +0000] "GET /goods.php?detail/213020132754 HTTP/2.0" 200 86841 "https://nfsin.com/goods.php?detail/21302536411288" "Mozilla/5.0 AppleWebKit/537.36 (KHTML, like Gecko; compatible; GPTBot/1.3; +https://openai.com/gptbot)"
74.7.243.236 - - [18/Mar/2026:06:19:40 +0000] "GET /goods.php??q=hwp28v39461vrozougck HTTP/2.0" 200 87594 "https://nfsin.com/goods.php??y=ztgi28h32291ysaprk" "Mozilla/5.0 AppleWebKit/537.36 (KHTML, like Gecko; compatible; GPTBot/1.3; +https://openai.com/gptbot)"
69.197.179.242 - - [18/Mar/2026:06:18:15 +0000] "GET /wp-includes/wpf78988/edit.php?id=545071 HTTP/1.1" 200 20 "https://nfsin.com/wp-includes/wpf78988/edit.php?id=545071" "Mozilla/5.0 (Windows NT 10.0; Win64; x64) AppleWebKit/537.36 (KHTML, like Gecko) Chrome/58.0.3029.110 Safari/537.3"
74.7.243.236 - - [18/Mar/2026:06:20:01 +0000] "GET /goods.php??z=sct28inj8533nkqukq HTTP/2.0" 200 85710 "https://nfsin.com/goods.php??y=dqm28fw35609mrmkdjxr" "Mozilla/5.0 AppleWebKit/537.36 (KHTML, like Gecko; compatible; GPTBot/1.3; +https://openai.com/gptbot)"
74.7.243.236 - - [18/Mar/2026:06:20:20 +0000] "GET /goods.php?safe_search/config?return_url=%2Fproduct%2Fdetail%2Fm56047996831 HTTP/2.0" 200 86118 "https://nfsin.com/goods.php?detail/163029235895" "Mozilla/5.0 AppleWebKit/537.36 (KHTML, like Gecko; compatible; GPTBot/1.3; +https://openai.com/gptbot)"
74.7.243.236 - - [18/Mar/2026:06:20:43 +0000] "GET /goods.php?detail/252000758373 HTTP/2.0" 200 86243 "https://nfsin.com/goods.php?detail/2520012911288" "Mozilla/5.0 AppleWebKit/537.36 (KHTML, like Gecko; compatible; GPTBot/1.3; +https://openai.com/gptbot)"
74.7.243.236 - - [18/Mar/2026:06:21:00 +0000] "GET /goods.php?detail/0080011231420 HTTP/2.0" 200 85941 "https://nfsin.com/goods.php??q=edxb8zqe1123rpqhvq" "Mozilla/5.0 AppleWebKit/537.36 (KHTML, like Gecko; compatible; GPTBot/1.3; +https://openai.com/gptbot)"
69.197.179.242 - - [18/Mar/2026:06:19:48 +0000] "GET /wp-includes/wpf78988/edit.php?id=545071 HTTP/1.1" 200 20 "https://nfsin.com/wp-includes/wpf78988/edit.php?id=545071" "Mozilla/5.0 (Windows NT 10.0; Win64; x64) AppleWebKit/537.36 (KHTML, like Gecko) Chrome/58.0.3029.110 Safari/537.3"
74.7.243.236 - - [18/Mar/2026:06:21:20 +0000] "GET /goods.php??y=vxpv52zl12963dxqctxt HTTP/2.0" 200 86379 "https://nfsin.com/goods.php??z=dab52c15585cdxxzat" "Mozilla/5.0 AppleWebKit/537.36 (KHTML, like Gecko; compatible; GPTBot/1.3; +https://openai.com/gptbot)"
74.7.243.236 - - [18/Mar/2026:06:21:37 +0000] "GET /goods.php??z=cmh12nc4207yzckscz HTTP/2.0" 200 86206 "https://nfsin.com/goods.php??u=bfqs12bpe4005cimevhb" "Mozilla/5.0 AppleWebKit/537.36 (KHTML, like Gecko; compatible; GPTBot/1.3; +https://openai.com/gptbot)"
51.195.244.249 - - [18/Mar/2026:06:21:50 +0000] "GET /wp-includes/pomo/ HTTP/2.0" 200 414 "-" "Mozilla/5.0 (compatible; AhrefsBot/7.0; +http://ahrefs.com/robot/)"
74.7.243.236 - - [18/Mar/2026:06:21:53 +0000] "GET /goods.php??s=fuq12qk4151zkvhjfqk HTTP/2.0" 200 85775 "https://nfsin.com/goods.php??u=bfqs12bpe4005cimevhb" "Mozilla/5.0 AppleWebKit/537.36 (KHTML, like Gecko; compatible; GPTBot/1.3; +https://openai.com/gptbot)"
74.7.243.236 - - [18/Mar/2026:06:22:11 +0000] "GET /goods.php?pcmypage?callback=/product%2Fdetail%2m19358882467 HTTP/2.0" 200 86316 "https://nfsin.com/goods.php?detail/1970191386549" "Mozilla/5.0 AppleWebKit/537.36 (KHTML, like Gecko; compatible; GPTBot/1.3; +https://openai.com/gptbot)"
74.7.243.236 - - [18/Mar/2026:06:22:33 +0000] "GET /goods.php?detail/006046150517 HTTP/2.0" 200 85517 "https://nfsin.com/goods.php?detail/2740369525367" "Mozilla/5.0 AppleWebKit/537.36 (KHTML, like Gecko; compatible; GPTBot/1.3; +https://openai.com/gptbot)"
69.197.179.242 - - [18/Mar/2026:06:21:19 +0000] "GET /wp-includes/wpf78988/edit.php?id=545071 HTTP/1.1" 200 20 "https://nfsin.com/wp-includes/wpf78988/edit.php?id=545071" "Mozilla/5.0 (Windows NT 10.0; Win64; x64) AppleWebKit/537.36 (KHTML, like Gecko) Chrome/58.0.3029.110 Safari/537.3"
74.7.243.236 - - [18/Mar/2026:06:22:51 +0000] "GET /goods.php?product/edit/m92649536309 HTTP/2.0" 200 85746 "https://nfsin.com/goods.php?detail/213020132754" "Mozilla/5.0 AppleWebKit/537.36 (KHTML, like Gecko; compatible; GPTBot/1.3; +https://openai.com/gptbot)"
74.7.243.236 - - [18/Mar/2026:06:23:07 +0000] "GET /goods.php?detail/055022278072 HTTP/2.0" 200 85163 "https://nfsin.com/goods.php?detail/213020132754" "Mozilla/5.0 AppleWebKit/537.36 (KHTML, like Gecko; compatible; GPTBot/1.3; +https://openai.com/gptbot)"
74.7.243.236 - - [18/Mar/2026:06:23:23 +0000] "GET /goods.php??u=myx28r7453mkdydg HTTP/2.0" 200 86364 "https://nfsin.com/goods.php??q=hwp28v39461vrozougck" "Mozilla/5.0 AppleWebKit/537.36 (KHTML, like Gecko; compatible; GPTBot/1.3; +https://openai.com/gptbot)"
74.7.243.236 - - [18/Mar/2026:06:23:39 +0000] "GET /goods.php??r=mnwi1tz2338pwtshju HTTP/2.0" 200 87004 "https://nfsin.com/goods.php?safe_search/config?return_url=%2Fproduct%2Fdetail%2Fm56047996831" "Mozilla/5.0 AppleWebKit/537.36 (KHTML, like Gecko; compatible; GPTBot/1.3; +https://openai.com/gptbot)"
74.7.243.236 - - [18/Mar/2026:06:23:57 +0000] "GET /goods.php??g=hbni193i5958xupsmt HTTP/2.0" 200 87291 "https://nfsin.com/goods.php?safe_search/config?return_url=%2Fproduct%2Fdetail%2Fm56047996831" "Mozilla/5.0 AppleWebKit/537.36 (KHTML, like Gecko; compatible; GPTBot/1.3; +https://openai.com/gptbot)"
74.7.243.236 - - [18/Mar/2026:06:24:16 +0000] "GET /goods.php?detail/211022914399 HTTP/2.0" 200 86067 "https://nfsin.com/goods.php?detail/211001247922" "Mozilla/5.0 AppleWebKit/537.36 (KHTML, like Gecko; compatible; GPTBot/1.3; +https://openai.com/gptbot)"
69.197.179.242 - - [18/Mar/2026:06:22:51 +0000] "GET /wp-includes/wpf78988/edit.php?id=545071 HTTP/1.1" 200 20 "https://nfsin.com/wp-includes/wpf78988/edit.php?id=545071" "Mozilla/5.0 (Windows NT 10.0; Win64; x64) AppleWebKit/537.36 (KHTML, like Gecko) Chrome/58.0.3029.110 Safari/537.3"
74.7.243.236 - - [18/Mar/2026:06:24:30 +0000] "GET /goods.php?detail/1910011030767 HTTP/2.0" 200 85290 "https://nfsin.com/goods.php?detail/0080011231420" "Mozilla/5.0 AppleWebKit/537.36 (KHTML, like Gecko; compatible; GPTBot/1.3; +https://openai.com/gptbot)"
74.7.243.236 - - [18/Mar/2026:06:24:45 +0000] "GET /goods.php??q=hox193kf9922wpqkwuao HTTP/2.0" 200 85741 "https://nfsin.com/goods.php??z=cmh12nc4207yzckscz" "Mozilla/5.0 AppleWebKit/537.36 (KHTML, like Gecko; compatible; GPTBot/1.3; +https://openai.com/gptbot)"
74.7.243.236 - - [18/Mar/2026:06:25:01 +0000] "GET /goods.php??h=jbe279k9008ydlldgxv HTTP/2.0" 200 85800 "https://nfsin.com/goods.php?safe_search/config?return_url=%2Fproduct%2Fdetail%2Fm56047996831" "Mozilla/5.0 AppleWebKit/537.36 (KHTML, like Gecko; compatible; GPTBot/1.3; +https://openai.com/gptbot)"
74.7.243.236 - - [18/Mar/2026:06:25:17 +0000] "GET /goods.php??x=nhrm132am4181fgglxd HTTP/2.0" 200 85284 "https://nfsin.com/goods.php??q=hwp28v39461vrozougck" "Mozilla/5.0 AppleWebKit/537.36 (KHTML, like Gecko; compatible; GPTBot/1.3; +https://openai.com/gptbot)"
74.7.243.236 - - [18/Mar/2026:06:25:32 +0000] "GET /goods.php??s=glj12izhi11975bqyndk HTTP/2.0" 200 87071 "https://nfsin.com/goods.php??c=nawb12ol253rpmfqib" "Mozilla/5.0 AppleWebKit/537.36 (KHTML, like Gecko; compatible; GPTBot/1.3; +https://openai.com/gptbot)"
69.197.179.242 - - [18/Mar/2026:06:24:22 +0000] "GET /wp-includes/wpf78988/edit.php?id=545071 HTTP/1.1" 200 20 "https://nfsin.com/wp-includes/wpf78988/edit.php?id=545071" "Mozilla/5.0 (Windows NT 10.0; Win64; x64) AppleWebKit/537.36 (KHTML, like Gecko) Chrome/58.0.3029.110 Safari/537.3"
74.7.243.236 - - [18/Mar/2026:06:25:52 +0000] "GET /goods.php??l=zbouq63z682ncgxof HTTP/2.0" 200 85303 "https://nfsin.com/goods.php?product/edit/m92649536309" "Mozilla/5.0 AppleWebKit/537.36 (KHTML, like Gecko; compatible; GPTBot/1.3; +https://openai.com/gptbot)"
51.195.244.175 - - [18/Mar/2026:06:26:00 +0000] "GET /wp-includes/php-compat/ HTTP/2.0" 200 343 "-" "Mozilla/5.0 (compatible; AhrefsBot/7.0; +http://ahrefs.com/robot/)"
74.7.243.236 - - [18/Mar/2026:06:26:17 +0000] "GET /goods.php??o=bngw78a18993cskvhmtk HTTP/2.0" 200 86153 "https://nfsin.com/goods.php?pcmypage?callback=product/review/m45424962873" "Mozilla/5.0 AppleWebKit/537.36 (KHTML, like Gecko; compatible; GPTBot/1.3; +https://openai.com/gptbot)"
74.7.243.236 - - [18/Mar/2026:06:26:35 +0000] "GET /goods.php??t=teh99av6084mnjmkeq HTTP/2.0" 200 85923 "https://nfsin.com/goods.php??u=myx28r7453mkdydg" "Mozilla/5.0 AppleWebKit/537.36 (KHTML, like Gecko; compatible; GPTBot/1.3; +https://openai.com/gptbot)"
74.7.243.236 - - [18/Mar/2026:06:26:52 +0000] "GET /goods.php??c=mmd14y39933vbcarinl HTTP/2.0" 200 86701 "https://nfsin.com/goods.php??r=mnwi1tz2338pwtshju" "Mozilla/5.0 AppleWebKit/537.36 (KHTML, like Gecko; compatible; GPTBot/1.3; +https://openai.com/gptbot)"
74.7.243.236 - - [18/Mar/2026:06:27:11 +0000] "GET /goods.php?detail/001003182775 HTTP/2.0" 200 86356 "https://nfsin.com/goods.php??r=mnwi1tz2338pwtshju" "Mozilla/5.0 AppleWebKit/537.36 (KHTML, like Gecko; compatible; GPTBot/1.3; +https://openai.com/gptbot)"
69.197.179.242 - - [18/Mar/2026:06:25:55 +0000] "GET /wp-includes/wpf78988/edit.php?id=545071 HTTP/1.1" 200 20 "https://nfsin.com/wp-includes/wpf78988/edit.php?id=545071" "Mozilla/5.0 (Windows NT 10.0; Win64; x64) AppleWebKit/537.36 (KHTML, like Gecko) Chrome/58.0.3029.110 Safari/537.3"
74.7.243.236 - - [18/Mar/2026:06:27:26 +0000] "GET /goods.php?detail/211022215273 HTTP/2.0" 200 85953 "https://nfsin.com/goods.php?detail/211022914399" "Mozilla/5.0 AppleWebKit/537.36 (KHTML, like Gecko; compatible; GPTBot/1.3; +https://openai.com/gptbot)"
74.7.243.236 - - [18/Mar/2026:06:27:39 +0000] "GET /goods.php?detail/092029098066 HTTP/2.0" 200 85266 "https://nfsin.com/goods.php?detail/1910011030767" "Mozilla/5.0 AppleWebKit/537.36 (KHTML, like Gecko; compatible; GPTBot/1.3; +https://openai.com/gptbot)"
74.7.243.236 - - [18/Mar/2026:06:27:55 +0000] "GET /goods.php?detail/136007780028 HTTP/2.0" 200 85682 "https://nfsin.com/goods.php??q=hox193kf9922wpqkwuao" "Mozilla/5.0 AppleWebKit/537.36 (KHTML, like Gecko; compatible; GPTBot/1.3; +https://openai.com/gptbot)"
74.7.243.236 - - [18/Mar/2026:06:28:14 +0000] "GET /goods.php?safe_search/config?return_url=%2Fproduct%2Fdetail%2Fm67204829376 HTTP/2.0" 200 85194 "https://nfsin.com/goods.php??h=jbe279k9008ydlldgxv" "Mozilla/5.0 AppleWebKit/537.36 (KHTML, like Gecko; compatible; GPTBot/1.3; +https://openai.com/gptbot)"
74.7.243.236 - - [18/Mar/2026:06:28:31 +0000] "GET /goods.php??s=jsq63frx7590srazmz HTTP/2.0" 200 85752 "https://nfsin.com/goods.php??x=nhrm132am4181fgglxd" "Mozilla/5.0 AppleWebKit/537.36 (KHTML, like Gecko; compatible; GPTBot/1.3; +https://openai.com/gptbot)"
74.7.243.236 - - [18/Mar/2026:06:28:47 +0000] "GET /goods.php?detail/012012660426 HTTP/2.0" 200 86153 "https://nfsin.com/goods.php??s=glj12izhi11975bqyndk" "Mozilla/5.0 AppleWebKit/537.36 (KHTML, like Gecko; compatible; GPTBot/1.3; +https://openai.com/gptbot)"
69.197.179.242 - - [18/Mar/2026:06:27:28 +0000] "GET /wp-includes/wpf78988/edit.php?id=545071 HTTP/1.1" 200 20 "https://nfsin.com/wp-includes/wpf78988/edit.php?id=545071" "Mozilla/5.0 (Windows NT 10.0; Win64; x64) AppleWebKit/537.36 (KHTML, like Gecko) Chrome/58.0.3029.110 Safari/537.3"
74.7.243.236 - - [18/Mar/2026:06:29:02 +0000] "GET /goods.php??i=oyp42ie49669nwwjsb HTTP/2.0" 200 85614 "https://nfsin.com/goods.php??x=nhrm132am4181fgglxd" "Mozilla/5.0 AppleWebKit/537.36 (KHTML, like Gecko; compatible; GPTBot/1.3; +https://openai.com/gptbot)"
74.7.243.236 - - [18/Mar/2026:06:29:22 +0000] "GET /goods.php??o=wzub78ezn1787pbucyo HTTP/2.0" 200 85947 "https://nfsin.com/goods.php??o=bngw78a18993cskvhmtk" "Mozilla/5.0 AppleWebKit/537.36 (KHTML, like Gecko; compatible; GPTBot/1.3; +https://openai.com/gptbot)"
74.7.243.236 - - [18/Mar/2026:06:29:41 +0000] "GET /goods.php??e=zqkm99wg108puughu HTTP/2.0" 200 85600 "https://nfsin.com/goods.php??t=teh99av6084mnjmkeq" "Mozilla/5.0 AppleWebKit/537.36 (KHTML, like Gecko; compatible; GPTBot/1.3; +https://openai.com/gptbot)"
74.7.243.236 - - [18/Mar/2026:06:29:55 +0000] "GET /goods.php??m=igrhg12f12153crdfpj HTTP/2.0" 200 85794 "https://nfsin.com/goods.php??s=glj12izhi11975bqyndk" "Mozilla/5.0 AppleWebKit/537.36 (KHTML, like Gecko; compatible; GPTBot/1.3; +https://openai.com/gptbot)"
74.7.243.236 - - [18/Mar/2026:06:30:10 +0000] "GET /goods.php?detail/001003375233 HTTP/2.0" 200 86205 "https://nfsin.com/goods.php?detail/001003182775" "Mozilla/5.0 AppleWebKit/537.36 (KHTML, like Gecko; compatible; GPTBot/1.3; +https://openai.com/gptbot)"
198.244.240.255 - - [18/Mar/2026:06:30:28 +0000] "GET /wp-includes/l10n/ HTTP/2.0" 200 339 "-" "Mozilla/5.0 (compatible; AhrefsBot/7.0; +http://ahrefs.com/robot/)"
69.197.179.242 - - [18/Mar/2026:06:29:00 +0000] "GET /wp-includes/wpf78988/edit.php?id=545071 HTTP/1.1" 200 20 "https://nfsin.com/wp-includes/wpf78988/edit.php?id=545071" "Mozilla/5.0 (Windows NT 10.0; Win64; x64) AppleWebKit/537.36 (KHTML, like Gecko) Chrome/58.0.3029.110 Safari/537.3"
74.7.243.236 - - [18/Mar/2026:06:30:28 +0000] "GET /goods.php?detail/041019001515 HTTP/2.0" 200 85825 "https://nfsin.com/goods.php?detail/211022215273" "Mozilla/5.0 AppleWebKit/537.36 (KHTML, like Gecko; compatible; GPTBot/1.3; +https://openai.com/gptbot)"
74.7.243.236 - - [18/Mar/2026:06:30:46 +0000] "GET /goods.php?detail/201006411860 HTTP/2.0" 200 86763 "https://nfsin.com/goods.php?detail/001003182775" "Mozilla/5.0 AppleWebKit/537.36 (KHTML, like Gecko; compatible; GPTBot/1.3; +https://openai.com/gptbot)"
74.7.243.236 - - [18/Mar/2026:06:31:01 +0000] "GET /goods.php?goods/136020133 HTTP/2.0" 200 86112 "https://nfsin.com/goods.php?detail/136007780028" "Mozilla/5.0 AppleWebKit/537.36 (KHTML, like Gecko; compatible; GPTBot/1.3; +https://openai.com/gptbot)"
74.7.243.236 - - [18/Mar/2026:06:31:15 +0000] "GET /goods.php??u=zti78hmkov1609rfznhv HTTP/2.0" 200 85850 "https://nfsin.com/goods.php??o=bngw78a18993cskvhmtk" "Mozilla/5.0 AppleWebKit/537.36 (KHTML, like Gecko; compatible; GPTBot/1.3; +https://openai.com/gptbot)"
74.7.243.236 - - [18/Mar/2026:06:31:33 +0000] "GET /goods.php??x=lyjd291q6148dolgtry HTTP/2.0" 200 86828 "https://nfsin.com/goods.php??s=jsq63frx7590srazmz" "Mozilla/5.0 AppleWebKit/537.36 (KHTML, like Gecko; compatible; GPTBot/1.3; +https://openai.com/gptbot)"
74.7.243.236 - - [18/Mar/2026:06:31:48 +0000] "GET /goods.php?detail/012005912477 HTTP/2.0" 200 86275 "https://nfsin.com/goods.php?detail/012012660426" "Mozilla/5.0 AppleWebKit/537.36 (KHTML, like Gecko; compatible; GPTBot/1.3; +https://openai.com/gptbot)"
69.197.179.242 - - [18/Mar/2026:06:30:32 +0000] "GET /wp-includes/wpf78988/edit.php?id=545071 HTTP/1.1" 200 20 "https://nfsin.com/wp-includes/wpf78988/edit.php?id=545071" "Mozilla/5.0 (Windows NT 10.0; Win64; x64) AppleWebKit/537.36 (KHTML, like Gecko) Chrome/58.0.3029.110 Safari/537.3"
74.7.243.236 - - [18/Mar/2026:06:32:02 +0000] "GET /goods.php??p=zwn42bgp867tynwgt HTTP/2.0" 200 85294 "https://nfsin.com/goods.php??i=oyp42ie49669nwwjsb" "Mozilla/5.0 AppleWebKit/537.36 (KHTML, like Gecko; compatible; GPTBot/1.3; +https://openai.com/gptbot)"
74.7.243.236 - - [18/Mar/2026:06:32:18 +0000] "GET /goods.php?pcmypage?callback=product/review/m39861764918 HTTP/2.0" 200 85331 "https://nfsin.com/goods.php??o=wzub78ezn1787pbucyo" "Mozilla/5.0 AppleWebKit/537.36 (KHTML, like Gecko; compatible; GPTBot/1.3; +https://openai.com/gptbot)"
74.7.243.236 - - [18/Mar/2026:06:32:38 +0000] "GET /goods.php?detail/096004997568 HTTP/2.0" 200 86875 "https://nfsin.com/goods.php?detail/096012584541" "Mozilla/5.0 AppleWebKit/537.36 (KHTML, like Gecko; compatible; GPTBot/1.3; +https://openai.com/gptbot)"
154.83.88.26 - - [18/Mar/2026:06:32:36 +0000] "GET /adminfuns.php HTTP/2.0" 404 15598 "-" "Mozilla/5.0 (Windows NT 10.0; Win64; x64) AppleWebKit/537.36 (KHTML, like Gecko) Chrome/135.0.0.0 Safari/537.36"
154.83.88.26 - - [18/Mar/2026:06:32:45 +0000] "GET /wp-content/themes/igsin/style.css?ver=6.9.1 HTTP/2.0" 200 5240 "https://nfsin.com/adminfuns.php" "Mozilla/5.0 (Windows NT 10.0; Win64; x64) AppleWebKit/537.36 (KHTML, like Gecko) Chrome/135.0.0.0 Safari/537.36"
154.83.88.26 - - [18/Mar/2026:06:32:45 +0000] "GET /wp-content/themes/igsin/inc/assets/vendors/bootstrap-5.2-dist/css/bootstrap.min.css?ver=6.9.1 HTTP/2.0" 200 27518 "https://nfsin.com/adminfuns.php" "Mozilla/5.0 (Windows NT 10.0; Win64; x64) AppleWebKit/537.36 (KHTML, like Gecko) Chrome/135.0.0.0 Safari/537.36"
154.83.88.26 - - [18/Mar/2026:06:32:45 +0000] "GET /wp-content/themes/igsin/inc/assets/css/owl.carousel.min.css?ver=6.9.1 HTTP/2.0" 200 1068 "https://nfsin.com/adminfuns.php" "Mozilla/5.0 (Windows NT 10.0; Win64; x64) AppleWebKit/537.36 (KHTML, like Gecko) Chrome/135.0.0.0 Safari/537.36"
154.83.88.26 - - [18/Mar/2026:06:32:45 +0000] "GET /wp-content/themes/igsin/inc/assets/css/owl.theme.default.css?ver=6.9.1 HTTP/2.0" 200 562 "https://nfsin.com/adminfuns.php" "Mozilla/5.0 (Windows NT 10.0; Win64; x64) AppleWebKit/537.36 (KHTML, like Gecko) Chrome/135.0.0.0 Safari/537.36"
154.83.88.26 - - [18/Mar/2026:06:32:45 +0000] "GET /wp-content/themes/igsin/inc/assets/css/owl.theme.default.min.css?ver=6.9.1 HTTP/2.0" 200 487 "https://nfsin.com/adminfuns.php" "Mozilla/5.0 (Windows NT 10.0; Win64; x64) AppleWebKit/537.36 (KHTML, like Gecko) Chrome/135.0.0.0 Safari/537.36"
154.83.88.26 - - [18/Mar/2026:06:32:45 +0000] "GET /wp-content/themes/igsin/inc/assets/vendors/custom-css-grid.min.css?ver=6.9.1 HTTP/2.0" 200 1953 "https://nfsin.com/adminfuns.php" "Mozilla/5.0 (Windows NT 10.0; Win64; x64) AppleWebKit/537.36 (KHTML, like Gecko) Chrome/135.0.0.0 Safari/537.36"
154.83.88.26 - - [18/Mar/2026:06:32:45 +0000] "GET /wp-content/themes/igsin/inc/assets/vendors/Magnific-Popup-master/dist/magnific-popup.css?ver=6.9.1 HTTP/2.0" 200 1816 "https://nfsin.com/adminfuns.php" "Mozilla/5.0 (Windows NT 10.0; Win64; x64) AppleWebKit/537.36 (KHTML, like Gecko) Chrome/135.0.0.0 Safari/537.36"
154.83.88.26 - - [18/Mar/2026:06:32:46 +0000] "GET /wp-content/themes/igsin/inc/assets/css/style.css?ver=6.9.1 HTTP/2.0" 200 10857 "https://nfsin.com/adminfuns.php" "Mozilla/5.0 (Windows NT 10.0; Win64; x64) AppleWebKit/537.36 (KHTML, like Gecko) Chrome/135.0.0.0 Safari/537.36"
154.83.88.26 - - [18/Mar/2026:06:32:46 +0000] "GET /wp-content/plugins/ultimate-member/assets/css/um-fonticons-ii.css?ver=2.6.7 HTTP/2.0" 200 5931 "https://nfsin.com/adminfuns.php" "Mozilla/5.0 (Windows NT 10.0; Win64; x64) AppleWebKit/537.36 (KHTML, like Gecko) Chrome/135.0.0.0 Safari/537.36"
154.83.88.26 - - [18/Mar/2026:06:32:46 +0000] "GET /wp-content/plugins/ultimate-member/assets/css/um-fonticons-fa.css?ver=2.6.7 HTTP/2.0" 200 4776 "https://nfsin.com/adminfuns.php" "Mozilla/5.0 (Windows NT 10.0; Win64; x64) AppleWebKit/537.36 (KHTML, like Gecko) Chrome/135.0.0.0 Safari/537.36"
154.83.88.26 - - [18/Mar/2026:06:32:46 +0000] "GET /wp-content/plugins/ultimate-member/assets/css/select2/select2.min.css?ver=4.0.13 HTTP/2.0" 200 1998 "https://nfsin.com/adminfuns.php" "Mozilla/5.0 (Windows NT 10.0; Win64; x64) AppleWebKit/537.36 (KHTML, like Gecko) Chrome/135.0.0.0 Safari/537.36"
154.83.88.26 - - [18/Mar/2026:06:32:46 +0000] "GET /wp-content/plugins/ultimate-member/assets/css/um-crop.css?ver=2.6.7 HTTP/2.0" 200 965 "https://nfsin.com/adminfuns.php" "Mozilla/5.0 (Windows NT 10.0; Win64; x64) AppleWebKit/537.36 (KHTML, like Gecko) Chrome/135.0.0.0 Safari/537.36"
154.83.88.26 - - [18/Mar/2026:06:32:46 +0000] "GET /wp-content/plugins/ultimate-member/assets/css/um-modal.css?ver=2.6.7 HTTP/2.0" 200 938 "https://nfsin.com/adminfuns.php" "Mozilla/5.0 (Windows NT 10.0; Win64; x64) AppleWebKit/537.36 (KHTML, like Gecko) Chrome/135.0.0.0 Safari/537.36"
154.83.88.26 - - [18/Mar/2026:06:32:46 +0000] "GET /wp-content/plugins/ultimate-member/assets/css/um-styles.css?ver=2.6.7 HTTP/2.0" 200 4275 "https://nfsin.com/adminfuns.php" "Mozilla/5.0 (Windows NT 10.0; Win64; x64) AppleWebKit/537.36 (KHTML, like Gecko) Chrome/135.0.0.0 Safari/537.36"
154.83.88.26 - - [18/Mar/2026:06:32:46 +0000] "GET /wp-content/plugins/ultimate-member/assets/css/um-profile.css?ver=2.6.7 HTTP/2.0" 200 2151 "https://nfsin.com/adminfuns.php" "Mozilla/5.0 (Windows NT 10.0; Win64; x64) AppleWebKit/537.36 (KHTML, like Gecko) Chrome/135.0.0.0 Safari/537.36"
154.83.88.26 - - [18/Mar/2026:06:32:46 +0000] "GET /wp-content/plugins/ultimate-member/assets/css/um-account.css?ver=2.6.7 HTTP/2.0" 200 1130 "https://nfsin.com/adminfuns.php" "Mozilla/5.0 (Windows NT 10.0; Win64; x64) AppleWebKit/537.36 (KHTML, like Gecko) Chrome/135.0.0.0 Safari/537.36"
154.83.88.26 - - [18/Mar/2026:06:32:46 +0000] "GET /wp-content/plugins/ultimate-member/assets/css/um-misc.css?ver=2.6.7 HTTP/2.0" 200 711 "https://nfsin.com/adminfuns.php" "Mozilla/5.0 (Windows NT 10.0; Win64; x64) AppleWebKit/537.36 (KHTML, like Gecko) Chrome/135.0.0.0 Safari/537.36"
154.83.88.26 - - [18/Mar/2026:06:32:47 +0000] "GET /wp-content/plugins/ultimate-member/assets/css/um-fileupload.css?ver=2.6.7 HTTP/2.0" 200 935 "https://nfsin.com/adminfuns.php" "Mozilla/5.0 (Windows NT 10.0; Win64; x64) AppleWebKit/537.36 (KHTML, like Gecko) Chrome/135.0.0.0 Safari/537.36"
154.83.88.26 - - [18/Mar/2026:06:32:47 +0000] "GET /wp-content/plugins/ultimate-member/assets/css/pickadate/default.css?ver=2.6.7 HTTP/2.0" 200 1187 "https://nfsin.com/adminfuns.php" "Mozilla/5.0 (Windows NT 10.0; Win64; x64) AppleWebKit/537.36 (KHTML, like Gecko) Chrome/135.0.0.0 Safari/537.36"
154.83.88.26 - - [18/Mar/2026:06:32:47 +0000] "GET /wp-content/plugins/ultimate-member/assets/css/pickadate/default.date.css?ver=2.6.7 HTTP/2.0" 200 1261 "https://nfsin.com/adminfuns.php" "Mozilla/5.0 (Windows NT 10.0; Win64; x64) AppleWebKit/537.36 (KHTML, like Gecko) Chrome/135.0.0.0 Safari/537.36"
154.83.88.26 - - [18/Mar/2026:06:32:47 +0000] "GET /wp-content/plugins/ultimate-member/assets/css/pickadate/default.time.css?ver=2.6.7 HTTP/2.0" 200 740 "https://nfsin.com/adminfuns.php" "Mozilla/5.0 (Windows NT 10.0; Win64; x64) AppleWebKit/537.36 (KHTML, like Gecko) Chrome/135.0.0.0 Safari/537.36"
154.83.88.26 - - [18/Mar/2026:06:32:47 +0000] "GET /wp-content/plugins/ultimate-member/assets/css/um-raty.css?ver=2.6.7 HTTP/2.0" 200 429 "https://nfsin.com/adminfuns.php" "Mozilla/5.0 (Windows NT 10.0; Win64; x64) AppleWebKit/537.36 (KHTML, like Gecko) Chrome/135.0.0.0 Safari/537.36"
154.83.88.26 - - [18/Mar/2026:06:32:47 +0000] "GET /wp-content/plugins/ultimate-member/assets/css/simplebar.css?ver=2.6.7 HTTP/2.0" 200 1017 "https://nfsin.com/adminfuns.php" "Mozilla/5.0 (Windows NT 10.0; Win64; x64) AppleWebKit/537.36 (KHTML, like Gecko) Chrome/135.0.0.0 Safari/537.36"
154.83.88.26 - - [18/Mar/2026:06:32:47 +0000] "GET /wp-content/plugins/ultimate-member/assets/css/um-tipsy.css?ver=2.6.7 HTTP/2.0" 200 520 "https://nfsin.com/adminfuns.php" "Mozilla/5.0 (Windows NT 10.0; Win64; x64) AppleWebKit/537.36 (KHTML, like Gecko) Chrome/135.0.0.0 Safari/537.36"
154.83.88.26 - - [18/Mar/2026:06:32:47 +0000] "GET /wp-content/plugins/ultimate-member/assets/css/um-responsive.css?ver=2.6.7 HTTP/2.0" 200 1869 "https://nfsin.com/adminfuns.php" "Mozilla/5.0 (Windows NT 10.0; Win64; x64) AppleWebKit/537.36 (KHTML, like Gecko) Chrome/135.0.0.0 Safari/537.36"
154.83.88.26 - - [18/Mar/2026:06:32:47 +0000] "GET /wp-content/plugins/ultimate-member/assets/css/um-old-default.css?ver=2.6.7 HTTP/2.0" 200 1186 "https://nfsin.com/adminfuns.php" "Mozilla/5.0 (Windows NT 10.0; Win64; x64) AppleWebKit/537.36 (KHTML, like Gecko) Chrome/135.0.0.0 Safari/537.36"
154.83.88.26 - - [18/Mar/2026:06:32:48 +0000] "GET /wp-includes/js/jquery/jquery-migrate.min.js?ver=3.4.1 HTTP/2.0" 200 4872 "https://nfsin.com/adminfuns.php" "Mozilla/5.0 (Windows NT 10.0; Win64; x64) AppleWebKit/537.36 (KHTML, like Gecko) Chrome/135.0.0.0 Safari/537.36"
154.83.88.26 - - [18/Mar/2026:06:32:47 +0000] "GET /wp-includes/js/jquery/jquery.min.js?ver=3.7.1 HTTP/2.0" 200 30368 "https://nfsin.com/adminfuns.php" "Mozilla/5.0 (Windows NT 10.0; Win64; x64) AppleWebKit/537.36 (KHTML, like Gecko) Chrome/135.0.0.0 Safari/537.36"
154.83.88.26 - - [18/Mar/2026:06:32:48 +0000] "GET /wp-content/plugins/um-terms-conditions/assets/js/um-terms-conditions-public.min.js?ver=2.1.3 HTTP/2.0" 200 224 "https://nfsin.com/adminfuns.php" "Mozilla/5.0 (Windows NT 10.0; Win64; x64) AppleWebKit/537.36 (KHTML, like Gecko) Chrome/135.0.0.0 Safari/537.36"
154.83.88.26 - - [18/Mar/2026:06:32:48 +0000] "GET /wp-content/plugins/ultimate-member/assets/js/um-gdpr.min.js?ver=2.6.7 HTTP/2.0" 200 254 "https://nfsin.com/adminfuns.php" "Mozilla/5.0 (Windows NT 10.0; Win64; x64) AppleWebKit/537.36 (KHTML, like Gecko) Chrome/135.0.0.0 Safari/537.36"
154.83.88.26 - - [18/Mar/2026:06:32:48 +0000] "GET /wp-content/uploads/2023/04/NFSIN-logo-II-web-1.png HTTP/2.0" 200 23200 "https://nfsin.com/adminfuns.php" "Mozilla/5.0 (Windows NT 10.0; Win64; x64) AppleWebKit/537.36 (KHTML, like Gecko) Chrome/135.0.0.0 Safari/537.36"
154.83.88.26 - - [18/Mar/2026:06:32:48 +0000] "GET /wp-content/uploads/2023/04/NFSIN-logo-II-White-web.png HTTP/2.0" 200 10634 "https://nfsin.com/adminfuns.php" "Mozilla/5.0 (Windows NT 10.0; Win64; x64) AppleWebKit/537.36 (KHTML, like Gecko) Chrome/135.0.0.0 Safari/537.36"
154.83.88.26 - - [18/Mar/2026:06:32:49 +0000] "GET /wp-content/themes/igsin/inc/assets/vendors/bootstrap-5.2-dist/js/bootstrap.bundle.min.js?ver=6.9.1 HTTP/2.0" 200 23310 "https://nfsin.com/adminfuns.php" "Mozilla/5.0 (Windows NT 10.0; Win64; x64) AppleWebKit/537.36 (KHTML, like Gecko) Chrome/135.0.0.0 Safari/537.36"
154.83.88.26 - - [18/Mar/2026:06:32:49 +0000] "GET /wp-content/themes/igsin/inc/assets/vendors/Magnific-Popup-master/dist/jquery.magnific-popup.min.js?ver=6.9.1 HTTP/2.0" 200 7346 "https://nfsin.com/adminfuns.php" "Mozilla/5.0 (Windows NT 10.0; Win64; x64) AppleWebKit/537.36 (KHTML, like Gecko) Chrome/135.0.0.0 Safari/537.36"
154.83.88.26 - - [18/Mar/2026:06:32:49 +0000] "GET /wp-content/themes/igsin/inc/assets/js/script.js?ver=6.9.1 HTTP/2.0" 200 1260 "https://nfsin.com/adminfuns.php" "Mozilla/5.0 (Windows NT 10.0; Win64; x64) AppleWebKit/537.36 (KHTML, like Gecko) Chrome/135.0.0.0 Safari/537.36"
154.83.88.26 - - [18/Mar/2026:06:32:49 +0000] "GET /wp-content/themes/igsin/inc/assets/js/owl.carousel.js?ver=6.9.1 HTTP/2.0" 200 20037 "https://nfsin.com/adminfuns.php" "Mozilla/5.0 (Windows NT 10.0; Win64; x64) AppleWebKit/537.36 (KHTML, like Gecko) Chrome/135.0.0.0 Safari/537.36"
154.83.88.26 - - [18/Mar/2026:06:32:49 +0000] "GET /wp-content/plugins/ultimate-member/assets/js/select2/select2.full.min.js?ver=4.0.13 HTTP/2.0" 200 22030 "https://nfsin.com/adminfuns.php" "Mozilla/5.0 (Windows NT 10.0; Win64; x64) AppleWebKit/537.36 (KHTML, like Gecko) Chrome/135.0.0.0 Safari/537.36"
154.83.88.26 - - [18/Mar/2026:06:32:50 +0000] "GET /wp-includes/js/underscore.min.js?ver=1.13.7 HTTP/2.0" 200 7317 "https://nfsin.com/adminfuns.php" "Mozilla/5.0 (Windows NT 10.0; Win64; x64) AppleWebKit/537.36 (KHTML, like Gecko) Chrome/135.0.0.0 Safari/537.36"
154.83.88.26 - - [18/Mar/2026:06:32:50 +0000] "GET /wp-includes/js/wp-util.min.js?ver=6.9.1 HTTP/2.0" 200 756 "https://nfsin.com/adminfuns.php" "Mozilla/5.0 (Windows NT 10.0; Win64; x64) AppleWebKit/537.36 (KHTML, like Gecko) Chrome/135.0.0.0 Safari/537.36"
154.83.88.26 - - [18/Mar/2026:06:32:50 +0000] "GET /wp-content/plugins/ultimate-member/assets/js/um-crop.min.js?ver=2.6.7 HTTP/2.0" 200 5528 "https://nfsin.com/adminfuns.php" "Mozilla/5.0 (Windows NT 10.0; Win64; x64) AppleWebKit/537.36 (KHTML, like Gecko) Chrome/135.0.0.0 Safari/537.36"
154.83.88.26 - - [18/Mar/2026:06:32:50 +0000] "GET /wp-content/plugins/ultimate-member/assets/js/um-modal.min.js?ver=2.6.7 HTTP/2.0" 200 1227 "https://nfsin.com/adminfuns.php" "Mozilla/5.0 (Windows NT 10.0; Win64; x64) AppleWebKit/537.36 (KHTML, like Gecko) Chrome/135.0.0.0 Safari/537.36"
154.83.88.26 - - [18/Mar/2026:06:32:50 +0000] "GET /wp-content/plugins/ultimate-member/assets/js/um-jquery-form.min.js?ver=2.6.7 HTTP/2.0" 200 5473 "https://nfsin.com/adminfuns.php" "Mozilla/5.0 (Windows NT 10.0; Win64; x64) AppleWebKit/537.36 (KHTML, like Gecko) Chrome/135.0.0.0 Safari/537.36"
154.83.88.26 - - [18/Mar/2026:06:32:50 +0000] "GET /wp-content/plugins/ultimate-member/assets/js/um-fileupload.js?ver=2.6.7 HTTP/2.0" 200 3412 "https://nfsin.com/adminfuns.php" "Mozilla/5.0 (Windows NT 10.0; Win64; x64) AppleWebKit/537.36 (KHTML, like Gecko) Chrome/135.0.0.0 Safari/537.36"
154.83.88.26 - - [18/Mar/2026:06:32:50 +0000] "GET /wp-content/plugins/ultimate-member/assets/js/pickadate/picker.js?ver=2.6.7 HTTP/2.0" 200 9371 "https://nfsin.com/adminfuns.php" "Mozilla/5.0 (Windows NT 10.0; Win64; x64) AppleWebKit/537.36 (KHTML, like Gecko) Chrome/135.0.0.0 Safari/537.36"
154.83.88.26 - - [18/Mar/2026:06:32:50 +0000] "GET /wp-content/plugins/ultimate-member/assets/js/pickadate/picker.date.js?ver=2.6.7 HTTP/2.0" 200 10621 "https://nfsin.com/adminfuns.php" "Mozilla/5.0 (Windows NT 10.0; Win64; x64) AppleWebKit/537.36 (KHTML, like Gecko) Chrome/135.0.0.0 Safari/537.36"
154.83.88.26 - - [18/Mar/2026:06:32:50 +0000] "GET /wp-content/plugins/ultimate-member/assets/js/pickadate/picker.time.js?ver=2.6.7 HTTP/2.0" 200 7666 "https://nfsin.com/adminfuns.php" "Mozilla/5.0 (Windows NT 10.0; Win64; x64) AppleWebKit/537.36 (KHTML, like Gecko) Chrome/135.0.0.0 Safari/537.36"
154.83.88.26 - - [18/Mar/2026:06:32:51 +0000] "GET /wp-includes/js/dist/hooks.min.js?ver=dd5603f07f9220ed27f1 HTTP/2.0" 200 1941 "https://nfsin.com/adminfuns.php" "Mozilla/5.0 (Windows NT 10.0; Win64; x64) AppleWebKit/537.36 (KHTML, like Gecko) Chrome/135.0.0.0 Safari/537.36"
154.83.88.26 - - [18/Mar/2026:06:32:51 +0000] "GET /wp-includes/js/dist/i18n.min.js?ver=c26c3dc7bed366793375 HTTP/2.0" 200 2229 "https://nfsin.com/adminfuns.php" "Mozilla/5.0 (Windows NT 10.0; Win64; x64) AppleWebKit/537.36 (KHTML, like Gecko) Chrome/135.0.0.0 Safari/537.36"
154.83.88.26 - - [18/Mar/2026:06:32:51 +0000] "GET /wp-content/plugins/ultimate-member/assets/js/um-raty.min.js?ver=2.6.7 HTTP/2.0" 200 3017 "https://nfsin.com/adminfuns.php" "Mozilla/5.0 (Windows NT 10.0; Win64; x64) AppleWebKit/537.36 (KHTML, like Gecko) Chrome/135.0.0.0 Safari/537.36"
154.83.88.26 - - [18/Mar/2026:06:32:51 +0000] "GET /wp-content/plugins/ultimate-member/assets/js/um-tipsy.min.js?ver=2.6.7 HTTP/2.0" 200 1589 "https://nfsin.com/adminfuns.php" "Mozilla/5.0 (Windows NT 10.0; Win64; x64) AppleWebKit/537.36 (KHTML, like Gecko) Chrome/135.0.0.0 Safari/537.36"
154.83.88.26 - - [18/Mar/2026:06:32:51 +0000] "GET /wp-includes/js/imagesloaded.min.js?ver=5.0.0 HTTP/2.0" 200 1803 "https://nfsin.com/adminfuns.php" "Mozilla/5.0 (Windows NT 10.0; Win64; x64) AppleWebKit/537.36 (KHTML, like Gecko) Chrome/135.0.0.0 Safari/537.36"
154.83.88.26 - - [18/Mar/2026:06:32:51 +0000] "GET /wp-includes/js/masonry.min.js?ver=4.2.2 HTTP/2.0" 200 7382 "https://nfsin.com/adminfuns.php" "Mozilla/5.0 (Windows NT 10.0; Win64; x64) AppleWebKit/537.36 (KHTML, like Gecko) Chrome/135.0.0.0 Safari/537.36"
154.83.88.26 - - [18/Mar/2026:06:32:51 +0000] "GET /wp-includes/js/jquery/jquery.masonry.min.js?ver=3.1.2b HTTP/2.0" 200 716 "https://nfsin.com/adminfuns.php" "Mozilla/5.0 (Windows NT 10.0; Win64; x64) AppleWebKit/537.36 (KHTML, like Gecko) Chrome/135.0.0.0 Safari/537.36"
154.83.88.26 - - [18/Mar/2026:06:32:51 +0000] "GET /wp-content/plugins/ultimate-member/assets/js/simplebar.min.js?ver=2.6.7 HTTP/2.0" 200 13272 "https://nfsin.com/adminfuns.php" "Mozilla/5.0 (Windows NT 10.0; Win64; x64) AppleWebKit/537.36 (KHTML, like Gecko) Chrome/135.0.0.0 Safari/537.36"
154.83.88.26 - - [18/Mar/2026:06:32:51 +0000] "GET /wp-content/plugins/ultimate-member/assets/js/um-functions.min.js?ver=2.6.7 HTTP/2.0" 200 3626 "https://nfsin.com/adminfuns.php" "Mozilla/5.0 (Windows NT 10.0; Win64; x64) AppleWebKit/537.36 (KHTML, like Gecko) Chrome/135.0.0.0 Safari/537.36"
154.83.88.26 - - [18/Mar/2026:06:32:51 +0000] "GET /wp-content/plugins/ultimate-member/assets/js/um-responsive.min.js?ver=2.6.7 HTTP/2.0" 200 140 "https://nfsin.com/adminfuns.php" "Mozilla/5.0 (Windows NT 10.0; Win64; x64) AppleWebKit/537.36 (KHTML, like Gecko) Chrome/135.0.0.0 Safari/537.36"
154.83.88.26 - - [18/Mar/2026:06:32:51 +0000] "GET /wp-content/plugins/ultimate-member/assets/js/um-conditional.min.js?ver=2.6.7 HTTP/2.0" 200 2352 "https://nfsin.com/adminfuns.php" "Mozilla/5.0 (Windows NT 10.0; Win64; x64) AppleWebKit/537.36 (KHTML, like Gecko) Chrome/135.0.0.0 Safari/537.36"
154.83.88.26 - - [18/Mar/2026:06:32:51 +0000] "GET /wp-content/plugins/ultimate-member/assets/js/um-scripts.min.js?ver=2.6.7 HTTP/2.0" 200 3274 "https://nfsin.com/adminfuns.php" "Mozilla/5.0 (Windows NT 10.0; Win64; x64) AppleWebKit/537.36 (KHTML, like Gecko) Chrome/135.0.0.0 Safari/537.36"
154.83.88.26 - - [18/Mar/2026:06:32:52 +0000] "GET /wp-content/plugins/ultimate-member/assets/js/um-profile.min.js?ver=2.6.7 HTTP/2.0" 200 950 "https://nfsin.com/adminfuns.php" "Mozilla/5.0 (Windows NT 10.0; Win64; x64) AppleWebKit/537.36 (KHTML, like Gecko) Chrome/135.0.0.0 Safari/537.36"
154.83.88.26 - - [18/Mar/2026:06:32:52 +0000] "GET /wp-content/plugins/ultimate-member/assets/js/um-account.min.js?ver=2.6.7 HTTP/2.0" 200 756 "https://nfsin.com/adminfuns.php" "Mozilla/5.0 (Windows NT 10.0; Win64; x64) AppleWebKit/537.36 (KHTML, like Gecko) Chrome/135.0.0.0 Safari/537.36"
154.83.88.26 - - [18/Mar/2026:06:32:53 +0000] "GET /wp-content/uploads/2023/04/footer-bg.jpg HTTP/2.0" 200 109213 "https://nfsin.com/adminfuns.php" "Mozilla/5.0 (Windows NT 10.0; Win64; x64) AppleWebKit/537.36 (KHTML, like Gecko) Chrome/135.0.0.0 Safari/537.36"
154.83.88.26 - - [18/Mar/2026:06:32:53 +0000] "GET /wp-includes/js/wp-emoji-release.min.js?ver=6.9.1 HTTP/2.0" 200 5375 "https://nfsin.com/adminfuns.php" "Mozilla/5.0 (Windows NT 10.0; Win64; x64) AppleWebKit/537.36 (KHTML, like Gecko) Chrome/135.0.0.0 Safari/537.36"
154.83.88.26 - - [18/Mar/2026:06:32:54 +0000] "GET /wp-content/uploads/2023/04/NFSIN-logo-II-Site-Icon-1-150x150.png HTTP/2.0" 200 13105 "https://nfsin.com/adminfuns.php" "Mozilla/5.0 (Windows NT 10.0; Win64; x64) AppleWebKit/537.36 (KHTML, like Gecko) Chrome/135.0.0.0 Safari/537.36"
74.7.243.236 - - [18/Mar/2026:06:32:52 +0000] "GET /goods.php??n=xat12xd11053unykcn HTTP/2.0" 200 85972 "https://nfsin.com/goods.php??m=igrhg12f12153crdfpj" "Mozilla/5.0 AppleWebKit/537.36 (KHTML, like Gecko; compatible; GPTBot/1.3; +https://openai.com/gptbot)"
74.7.243.236 - - [18/Mar/2026:06:33:07 +0000] "GET /goods.php?detail/214048628449 HTTP/2.0" 200 85662 "https://nfsin.com/goods.php?detail/023000148160" "Mozilla/5.0 AppleWebKit/537.36 (KHTML, like Gecko; compatible; GPTBot/1.3; +https://openai.com/gptbot)"
74.7.243.236 - - [18/Mar/2026:06:33:24 +0000] "GET /goods.php?detail/074002057661 HTTP/2.0" 200 85763 "https://nfsin.com/goods.php?goods/074042322" "Mozilla/5.0 AppleWebKit/537.36 (KHTML, like Gecko; compatible; GPTBot/1.3; +https://openai.com/gptbot)"
69.197.179.242 - - [18/Mar/2026:06:32:04 +0000] "GET /wp-includes/wpf78988/edit.php?id=545071 HTTP/1.1" 200 20 "https://nfsin.com/wp-includes/wpf78988/edit.php?id=545071" "Mozilla/5.0 (Windows NT 10.0; Win64; x64) AppleWebKit/537.36 (KHTML, like Gecko) Chrome/58.0.3029.110 Safari/537.3"
74.7.243.236 - - [18/Mar/2026:06:33:45 +0000] "GET /goods.php?detail/219015812902 HTTP/2.0" 200 85435 "https://nfsin.com/goods.php?detail/201006411860" "Mozilla/5.0 AppleWebKit/537.36 (KHTML, like Gecko; compatible; GPTBot/1.3; +https://openai.com/gptbot)"
74.7.243.236 - - [18/Mar/2026:06:34:04 +0000] "GET /goods.php?detail/018013631325 HTTP/2.0" 200 86391 "https://nfsin.com/goods.php?detail/201006411860" "Mozilla/5.0 AppleWebKit/537.36 (KHTML, like Gecko; compatible; GPTBot/1.3; +https://openai.com/gptbot)"
74.7.243.236 - - [18/Mar/2026:06:34:30 +0000] "GET /goods.php??n=rwn76v34771jolvgr HTTP/2.0" 200 85240 "https://nfsin.com/goods.php??u=zti78hmkov1609rfznhv" "Mozilla/5.0 AppleWebKit/537.36 (KHTML, like Gecko; compatible; GPTBot/1.3; +https://openai.com/gptbot)"
198.244.183.252 - - [18/Mar/2026:06:34:45 +0000] "GET /wp-includes/js/ HTTP/2.0" 200 2165 "-" "Mozilla/5.0 (compatible; AhrefsBot/7.0; +http://ahrefs.com/robot/)"
74.7.243.236 - - [18/Mar/2026:06:34:50 +0000] "GET /goods.php??a=bnp26w45927ifqllaz HTTP/2.0" 200 85262 "https://nfsin.com/goods.php??x=lyjd291q6148dolgtry" "Mozilla/5.0 AppleWebKit/537.36 (KHTML, like Gecko; compatible; GPTBot/1.3; +https://openai.com/gptbot)"
69.197.179.242 - - [18/Mar/2026:06:33:36 +0000] "GET /wp-includes/wpf78988/edit.php?id=545071 HTTP/1.1" 200 20 "https://nfsin.com/wp-includes/wpf78988/edit.php?id=545071" "Mozilla/5.0 (Windows NT 10.0; Win64; x64) AppleWebKit/537.36 (KHTML, like Gecko) Chrome/58.0.3029.110 Safari/537.3"
74.7.243.236 - - [18/Mar/2026:06:35:09 +0000] "GET /goods.php?product/edit/m58821218289 HTTP/2.0" 200 86314 "https://nfsin.com/goods.php?detail/012005912477" "Mozilla/5.0 AppleWebKit/537.36 (KHTML, like Gecko; compatible; GPTBot/1.3; +https://openai.com/gptbot)"
