74.7.243.236 - - [17/Mar/2026:20:59:11 +0000] "GET /goods.php?detail/148035735040 HTTP/2.0" 200 85454 "https://nfsin.com/goods.php?detail/048043160301" "Mozilla/5.0 AppleWebKit/537.36 (KHTML, like Gecko; compatible; GPTBot/1.3; +https://openai.com/gptbot)"
74.7.243.236 - - [17/Mar/2026:20:59:26 +0000] "GET /goods.php?detail/167043041301 HTTP/2.0" 200 86000 "https://nfsin.com/goods.php?detail/195000611279" "Mozilla/5.0 AppleWebKit/537.36 (KHTML, like Gecko; compatible; GPTBot/1.3; +https://openai.com/gptbot)"
94.23.188.199 - - [17/Mar/2026:20:59:29 +0000] "GET /wp-includes/class-wp-http.php HTTP/2.0" 404 15598 "-" "Mozilla/5.0 (compatible; AhrefsBot/7.0; +http://ahrefs.com/robot/)"
139.162.194.112 - - [17/Mar/2026:20:59:37 +0000] "POST /wp-cron.php?doing_wp_cron=1773781177.8011438846588134765625 HTTP/1.1" 404 15588 "-" "WordPress/6.9.1; https://nfsin.com"
74.7.243.236 - - [17/Mar/2026:20:59:42 +0000] "GET /goods.php?detail/2320374085048 HTTP/2.0" 200 84980 "https://nfsin.com/goods.php?detail/0210097500530" "Mozilla/5.0 AppleWebKit/537.36 (KHTML, like Gecko; compatible; GPTBot/1.3; +https://openai.com/gptbot)"
69.197.179.242 - - [17/Mar/2026:20:58:21 +0000] "GET /wp-includes/wpf78988/edit.php?id=545071 HTTP/1.1" 200 20 "https://nfsin.com/wp-includes/wpf78988/edit.php?id=545071" "Mozilla/5.0 (Windows NT 10.0; Win64; x64) AppleWebKit/537.36 (KHTML, like Gecko) Chrome/58.0.3029.110 Safari/537.3"
74.7.243.236 - - [17/Mar/2026:20:59:56 +0000] "GET /goods.php?detail/083039887118 HTTP/2.0" 200 85398 "https://nfsin.com/goods.php?detail/0210097500530" "Mozilla/5.0 AppleWebKit/537.36 (KHTML, like Gecko; compatible; GPTBot/1.3; +https://openai.com/gptbot)"
74.7.243.236 - - [17/Mar/2026:21:00:10 +0000] "GET /goods.php?jp/079020431.html HTTP/2.0" 200 85910 "https://nfsin.com/goods.php?detail/155015377749" "Mozilla/5.0 AppleWebKit/537.36 (KHTML, like Gecko; compatible; GPTBot/1.3; +https://openai.com/gptbot)"
74.7.243.236 - - [17/Mar/2026:21:00:26 +0000] "GET /goods.php?detail/017000747042 HTTP/2.0" 200 85882 "https://nfsin.com/goods.php?detail/202002837683" "Mozilla/5.0 AppleWebKit/537.36 (KHTML, like Gecko; compatible; GPTBot/1.3; +https://openai.com/gptbot)"
74.7.243.236 - - [17/Mar/2026:21:00:47 +0000] "GET /goods.php?detail/195001201436 HTTP/2.0" 200 86137 "https://nfsin.com/goods.php?detail/195000611279" "Mozilla/5.0 AppleWebKit/537.36 (KHTML, like Gecko; compatible; GPTBot/1.3; +https://openai.com/gptbot)"
74.7.243.236 - - [17/Mar/2026:21:01:02 +0000] "GET /goods.php?goods/135003508 HTTP/2.0" 200 85535 "https://nfsin.com/goods.php?detail/135000754147" "Mozilla/5.0 AppleWebKit/537.36 (KHTML, like Gecko; compatible; GPTBot/1.3; +https://openai.com/gptbot)"
74.7.243.236 - - [17/Mar/2026:21:01:16 +0000] "GET /goods.php?detail/288020858516 HTTP/2.0" 200 86897 "https://nfsin.com/goods.php?detail/135000754147" "Mozilla/5.0 AppleWebKit/537.36 (KHTML, like Gecko; compatible; GPTBot/1.3; +https://openai.com/gptbot)"
69.197.179.242 - - [17/Mar/2026:20:59:54 +0000] "GET /wp-includes/wpf78988/edit.php?id=545071 HTTP/1.1" 200 20 "https://nfsin.com/wp-includes/wpf78988/edit.php?id=545071" "Mozilla/5.0 (Windows NT 10.0; Win64; x64) AppleWebKit/537.36 (KHTML, like Gecko) Chrome/58.0.3029.110 Safari/537.3"
74.7.243.236 - - [17/Mar/2026:21:01:31 +0000] "GET /goods.php?detail/135003462624 HTTP/2.0" 200 85685 "https://nfsin.com/goods.php?detail/135000754147" "Mozilla/5.0 AppleWebKit/537.36 (KHTML, like Gecko; compatible; GPTBot/1.3; +https://openai.com/gptbot)"
74.7.243.236 - - [17/Mar/2026:21:01:44 +0000] "GET /goods.php?detail/080002520984 HTTP/2.0" 200 86269 "https://nfsin.com/goods.php?detail/080006327284" "Mozilla/5.0 AppleWebKit/537.36 (KHTML, like Gecko; compatible; GPTBot/1.3; +https://openai.com/gptbot)"
74.7.243.236 - - [17/Mar/2026:21:02:01 +0000] "GET /goods.php?detail/200043202863 HTTP/2.0" 200 85368 "https://nfsin.com/goods.php?detail/148035735040" "Mozilla/5.0 AppleWebKit/537.36 (KHTML, like Gecko; compatible; GPTBot/1.3; +https://openai.com/gptbot)"
74.7.243.236 - - [17/Mar/2026:21:02:15 +0000] "GET /goods.php?detail/135000756903 HTTP/2.0" 200 85825 "https://nfsin.com/goods.php?detail/135003350405" "Mozilla/5.0 AppleWebKit/537.36 (KHTML, like Gecko; compatible; GPTBot/1.3; +https://openai.com/gptbot)"
74.7.243.236 - - [17/Mar/2026:21:02:31 +0000] "GET /goods.php?detail/084042282183 HTTP/2.0" 200 85309 "https://nfsin.com/goods.php?detail/034006850746" "Mozilla/5.0 AppleWebKit/537.36 (KHTML, like Gecko; compatible; GPTBot/1.3; +https://openai.com/gptbot)"
74.7.243.236 - - [17/Mar/2026:21:02:46 +0000] "GET /goods.php?detail/083009442842 HTTP/2.0" 200 85922 "https://nfsin.com/goods.php?detail/083039887118" "Mozilla/5.0 AppleWebKit/537.36 (KHTML, like Gecko; compatible; GPTBot/1.3; +https://openai.com/gptbot)"
69.197.179.242 - - [17/Mar/2026:21:01:26 +0000] "GET /wp-includes/wpf78988/edit.php?id=545071 HTTP/1.1" 200 20 "https://nfsin.com/wp-includes/wpf78988/edit.php?id=545071" "Mozilla/5.0 (Windows NT 10.0; Win64; x64) AppleWebKit/537.36 (KHTML, like Gecko) Chrome/58.0.3029.110 Safari/537.3"
74.7.243.236 - - [17/Mar/2026:21:03:00 +0000] "GET /goods.php?pcmypage?callback=/product%2Fdetail%2m78830529288 HTTP/2.0" 200 85498 "https://nfsin.com/goods.php?jp/079020431.html" "Mozilla/5.0 AppleWebKit/537.36 (KHTML, like Gecko; compatible; GPTBot/1.3; +https://openai.com/gptbot)"
74.7.243.236 - - [17/Mar/2026:21:03:13 +0000] "GET /goods.php?detail/079028930242 HTTP/2.0" 200 85926 "https://nfsin.com/goods.php?jp/079020431.html" "Mozilla/5.0 AppleWebKit/537.36 (KHTML, like Gecko; compatible; GPTBot/1.3; +https://openai.com/gptbot)"
74.7.243.236 - - [17/Mar/2026:21:03:30 +0000] "GET /goods.php?detail/017000573062 HTTP/2.0" 200 85989 "https://nfsin.com/goods.php?detail/017000747042" "Mozilla/5.0 AppleWebKit/537.36 (KHTML, like Gecko; compatible; GPTBot/1.3; +https://openai.com/gptbot)"
74.7.243.236 - - [17/Mar/2026:21:03:49 +0000] "GET /goods.php?detail/135004801806 HTTP/2.0" 200 87245 "https://nfsin.com/goods.php?goods/135003508" "Mozilla/5.0 AppleWebKit/537.36 (KHTML, like Gecko; compatible; GPTBot/1.3; +https://openai.com/gptbot)"
74.7.243.236 - - [17/Mar/2026:21:04:14 +0000] "GET /goods.php?jp/288040140.html HTTP/2.0" 200 85426 "https://nfsin.com/goods.php?detail/288020858516" "Mozilla/5.0 AppleWebKit/537.36 (KHTML, like Gecko; compatible; GPTBot/1.3; +https://openai.com/gptbot)"
69.197.179.242 - - [17/Mar/2026:21:02:58 +0000] "GET /wp-includes/wpf78988/edit.php?id=545071 HTTP/1.1" 200 20 "https://nfsin.com/wp-includes/wpf78988/edit.php?id=545071" "Mozilla/5.0 (Windows NT 10.0; Win64; x64) AppleWebKit/537.36 (KHTML, like Gecko) Chrome/58.0.3029.110 Safari/537.3"
74.7.243.236 - - [17/Mar/2026:21:04:31 +0000] "GET /goods.php?detail/283026871906 HTTP/2.0" 200 85328 "https://nfsin.com/goods.php?jp/079020431.html" "Mozilla/5.0 AppleWebKit/537.36 (KHTML, like Gecko; compatible; GPTBot/1.3; +https://openai.com/gptbot)"
74.7.243.236 - - [17/Mar/2026:21:04:49 +0000] "GET /goods.php?detail/080005210616 HTTP/2.0" 200 85895 "https://nfsin.com/goods.php?detail/080002520984" "Mozilla/5.0 AppleWebKit/537.36 (KHTML, like Gecko; compatible; GPTBot/1.3; +https://openai.com/gptbot)"
74.7.243.236 - - [17/Mar/2026:21:05:11 +0000] "GET /goods.php?detail/080005338168 HTTP/2.0" 200 85716 "https://nfsin.com/goods.php?detail/080002520984" "Mozilla/5.0 AppleWebKit/537.36 (KHTML, like Gecko; compatible; GPTBot/1.3; +https://openai.com/gptbot)"
74.7.243.236 - - [17/Mar/2026:21:05:29 +0000] "GET /goods.php?safe_search/config?return_url=%2Fproduct%2Fdetail%2Fm71930910125 HTTP/2.0" 200 85939 "https://nfsin.com/goods.php?detail/135000756903" "Mozilla/5.0 AppleWebKit/537.36 (KHTML, like Gecko; compatible; GPTBot/1.3; +https://openai.com/gptbot)"
74.7.243.236 - - [17/Mar/2026:21:05:44 +0000] "GET /goods.php?detail/250005201878 HTTP/2.0" 200 85897 "https://nfsin.com/goods.php?detail/135000756903" "Mozilla/5.0 AppleWebKit/537.36 (KHTML, like Gecko; compatible; GPTBot/1.3; +https://openai.com/gptbot)"
69.197.179.242 - - [17/Mar/2026:21:04:29 +0000] "GET /wp-includes/wpf78988/edit.php?id=545071 HTTP/1.1" 200 20 "https://nfsin.com/wp-includes/wpf78988/edit.php?id=545071" "Mozilla/5.0 (Windows NT 10.0; Win64; x64) AppleWebKit/537.36 (KHTML, like Gecko) Chrome/58.0.3029.110 Safari/537.3"
74.7.243.236 - - [17/Mar/2026:21:05:59 +0000] "GET /goods.php?detail/135000725713 HTTP/2.0" 200 85594 "https://nfsin.com/goods.php?detail/135000756903" "Mozilla/5.0 AppleWebKit/537.36 (KHTML, like Gecko; compatible; GPTBot/1.3; +https://openai.com/gptbot)"
74.7.243.236 - - [17/Mar/2026:21:06:15 +0000] "GET /goods.php??w=khtsv31nj106jnrulol HTTP/2.0" 200 86705 "https://nfsin.com/goods.php?pcmypage?callback=/product%2Fdetail%2m78830529288" "Mozilla/5.0 AppleWebKit/537.36 (KHTML, like Gecko; compatible; GPTBot/1.3; +https://openai.com/gptbot)"
74.7.243.236 - - [17/Mar/2026:21:06:37 +0000] "GET /goods.php?detail/079030364790 HTTP/2.0" 200 85845 "https://nfsin.com/goods.php?detail/079028930242" "Mozilla/5.0 AppleWebKit/537.36 (KHTML, like Gecko; compatible; GPTBot/1.3; +https://openai.com/gptbot)"
74.7.243.236 - - [17/Mar/2026:21:06:54 +0000] "GET /goods.php?detail/168044685080 HTTP/2.0" 200 87477 "https://nfsin.com/goods.php?detail/017000573062" "Mozilla/5.0 AppleWebKit/537.36 (KHTML, like Gecko; compatible; GPTBot/1.3; +https://openai.com/gptbot)"
74.7.243.236 - - [17/Mar/2026:21:07:11 +0000] "GET /goods.php?detail/103013313989 HTTP/2.0" 200 85786 "https://nfsin.com/goods.php?detail/135004801806" "Mozilla/5.0 AppleWebKit/537.36 (KHTML, like Gecko; compatible; GPTBot/1.3; +https://openai.com/gptbot)"
74.7.243.236 - - [17/Mar/2026:21:07:27 +0000] "GET /goods.php?goods/028041770 HTTP/2.0" 200 85826 "https://nfsin.com/goods.php?jp/288040140.html" "Mozilla/5.0 AppleWebKit/537.36 (KHTML, like Gecko; compatible; GPTBot/1.3; +https://openai.com/gptbot)"
69.197.179.242 - - [17/Mar/2026:21:06:00 +0000] "GET /wp-includes/wpf78988/edit.php?id=545071 HTTP/1.1" 200 20 "https://nfsin.com/wp-includes/wpf78988/edit.php?id=545071" "Mozilla/5.0 (Windows NT 10.0; Win64; x64) AppleWebKit/537.36 (KHTML, like Gecko) Chrome/58.0.3029.110 Safari/537.3"
74.7.243.236 - - [17/Mar/2026:21:07:47 +0000] "GET /goods.php?detail/095007580737 HTTP/2.0" 200 86199 "https://nfsin.com/goods.php?detail/135004801806" "Mozilla/5.0 AppleWebKit/537.36 (KHTML, like Gecko; compatible; GPTBot/1.3; +https://openai.com/gptbot)"
74.7.243.236 - - [17/Mar/2026:21:08:02 +0000] "GET /goods.php?detail/080004816781 HTTP/2.0" 200 85626 "https://nfsin.com/goods.php?detail/080005210616" "Mozilla/5.0 AppleWebKit/537.36 (KHTML, like Gecko; compatible; GPTBot/1.3; +https://openai.com/gptbot)"
74.7.243.236 - - [17/Mar/2026:21:08:18 +0000] "GET /goods.php?detail/080004269024 HTTP/2.0" 200 86259 "https://nfsin.com/goods.php?detail/080005338168" "Mozilla/5.0 AppleWebKit/537.36 (KHTML, like Gecko; compatible; GPTBot/1.3; +https://openai.com/gptbot)"
74.7.243.236 - - [17/Mar/2026:21:08:34 +0000] "GET /goods.php?category/64_65_1680/1/listing HTTP/2.0" 200 86638 "https://nfsin.com/goods.php?safe_search/config?return_url=%2Fproduct%2Fdetail%2Fm71930910125" "Mozilla/5.0 AppleWebKit/537.36 (KHTML, like Gecko; compatible; GPTBot/1.3; +https://openai.com/gptbot)"
74.7.243.236 - - [17/Mar/2026:21:08:55 +0000] "GET /goods.php?detail/297029588073 HTTP/2.0" 200 85966 "https://nfsin.com/goods.php?detail/080005338168" "Mozilla/5.0 AppleWebKit/537.36 (KHTML, like Gecko; compatible; GPTBot/1.3; +https://openai.com/gptbot)"
69.197.179.242 - - [17/Mar/2026:21:07:31 +0000] "GET /wp-includes/wpf78988/edit.php?id=545071 HTTP/1.1" 200 20 "https://nfsin.com/wp-includes/wpf78988/edit.php?id=545071" "Mozilla/5.0 (Windows NT 10.0; Win64; x64) AppleWebKit/537.36 (KHTML, like Gecko) Chrome/58.0.3029.110 Safari/537.3"
74.7.243.236 - - [17/Mar/2026:21:09:12 +0000] "GET /goods.php?detail/080005786296 HTTP/2.0" 200 85867 "https://nfsin.com/goods.php?detail/080002520984" "Mozilla/5.0 AppleWebKit/537.36 (KHTML, like Gecko; compatible; GPTBot/1.3; +https://openai.com/gptbot)"
74.7.243.236 - - [17/Mar/2026:21:09:28 +0000] "GET /goods.php??p=bowz31pxo210qbzoge HTTP/2.0" 200 85606 "https://nfsin.com/goods.php??w=khtsv31nj106jnrulol" "Mozilla/5.0 AppleWebKit/537.36 (KHTML, like Gecko; compatible; GPTBot/1.3; +https://openai.com/gptbot)"
74.7.243.236 - - [17/Mar/2026:21:09:45 +0000] "GET /goods.php?detail/0790053257077 HTTP/2.0" 200 86874 "https://nfsin.com/goods.php?detail/079030364790" "Mozilla/5.0 AppleWebKit/537.36 (KHTML, like Gecko; compatible; GPTBot/1.3; +https://openai.com/gptbot)"
74.7.243.236 - - [17/Mar/2026:21:10:01 +0000] "GET /goods.php?detail/068010272766 HTTP/2.0" 200 86120 "https://nfsin.com/goods.php?detail/168044685080" "Mozilla/5.0 AppleWebKit/537.36 (KHTML, like Gecko; compatible; GPTBot/1.3; +https://openai.com/gptbot)"
74.7.243.236 - - [17/Mar/2026:21:10:19 +0000] "GET /goods.php?pcmypage?callback=product/review/m77923600443 HTTP/2.0" 200 85471 "https://nfsin.com/goods.php?detail/103013313989" "Mozilla/5.0 AppleWebKit/537.36 (KHTML, like Gecko; compatible; GPTBot/1.3; +https://openai.com/gptbot)"
69.197.179.242 - - [17/Mar/2026:21:09:02 +0000] "GET /wp-includes/wpf78988/edit.php?id=545071 HTTP/1.1" 200 20 "https://nfsin.com/wp-includes/wpf78988/edit.php?id=545071" "Mozilla/5.0 (Windows NT 10.0; Win64; x64) AppleWebKit/537.36 (KHTML, like Gecko) Chrome/58.0.3029.110 Safari/537.3"
74.7.243.236 - - [17/Mar/2026:21:10:36 +0000] "GET /goods.php?detail/135000747957 HTTP/2.0" 200 86276 "https://nfsin.com/goods.php?detail/135004801806" "Mozilla/5.0 AppleWebKit/537.36 (KHTML, like Gecko; compatible; GPTBot/1.3; +https://openai.com/gptbot)"
74.7.243.236 - - [17/Mar/2026:21:10:50 +0000] "GET /goods.php?detail/095000379536 HTTP/2.0" 200 87336 "https://nfsin.com/goods.php?detail/095007580737" "Mozilla/5.0 AppleWebKit/537.36 (KHTML, like Gecko; compatible; GPTBot/1.3; +https://openai.com/gptbot)"
74.7.243.236 - - [17/Mar/2026:21:11:04 +0000] "GET /goods.php?detail/041004996078 HTTP/2.0" 200 85715 "https://nfsin.com/goods.php?detail/095007580737" "Mozilla/5.0 AppleWebKit/537.36 (KHTML, like Gecko; compatible; GPTBot/1.3; +https://openai.com/gptbot)"
74.7.243.236 - - [17/Mar/2026:21:11:23 +0000] "GET /goods.php?detail/197024750295 HTTP/2.0" 200 85915 "https://nfsin.com/goods.php?detail/080004816781" "Mozilla/5.0 AppleWebKit/537.36 (KHTML, like Gecko; compatible; GPTBot/1.3; +https://openai.com/gptbot)"
74.7.243.236 - - [17/Mar/2026:21:11:40 +0000] "GET /goods.php?detail/080004705233 HTTP/2.0" 200 85714 "https://nfsin.com/goods.php?detail/080005338168" "Mozilla/5.0 AppleWebKit/537.36 (KHTML, like Gecko; compatible; GPTBot/1.3; +https://openai.com/gptbot)"
74.7.243.236 - - [17/Mar/2026:21:11:57 +0000] "GET /goods.php?detail/003033739128 HTTP/2.0" 200 85942 "https://nfsin.com/goods.php?detail/297029588073" "Mozilla/5.0 AppleWebKit/537.36 (KHTML, like Gecko; compatible; GPTBot/1.3; +https://openai.com/gptbot)"
69.197.179.242 - - [17/Mar/2026:21:10:33 +0000] "GET /wp-includes/wpf78988/edit.php?id=545071 HTTP/1.1" 200 20 "https://nfsin.com/wp-includes/wpf78988/edit.php?id=545071" "Mozilla/5.0 (Windows NT 10.0; Win64; x64) AppleWebKit/537.36 (KHTML, like Gecko) Chrome/58.0.3029.110 Safari/537.3"
74.7.243.236 - - [17/Mar/2026:21:12:10 +0000] "GET /goods.php?detail/300015940563 HTTP/2.0" 200 86395 "https://nfsin.com/goods.php?detail/135000756903" "Mozilla/5.0 AppleWebKit/537.36 (KHTML, like Gecko; compatible; GPTBot/1.3; +https://openai.com/gptbot)"
74.7.243.236 - - [17/Mar/2026:21:12:24 +0000] "GET /goods.php?product/edit/m77923600443 HTTP/2.0" 200 85326 "https://nfsin.com/goods.php?detail/103013313989" "Mozilla/5.0 AppleWebKit/537.36 (KHTML, like Gecko; compatible; GPTBot/1.3; +https://openai.com/gptbot)"
74.7.243.236 - - [17/Mar/2026:21:12:37 +0000] "GET /goods.php??j=yhbs84q45303wzmpzoj HTTP/2.0" 200 87274 "https://nfsin.com/goods.php?pcmypage?callback=/product%2Fdetail%2m78830529288" "Mozilla/5.0 AppleWebKit/537.36 (KHTML, like Gecko; compatible; GPTBot/1.3; +https://openai.com/gptbot)"
74.7.243.236 - - [17/Mar/2026:21:12:49 +0000] "GET /goods.php?detail/174029307894 HTTP/2.0" 200 85788 "https://nfsin.com/goods.php?detail/297029588073" "Mozilla/5.0 AppleWebKit/537.36 (KHTML, like Gecko; compatible; GPTBot/1.3; +https://openai.com/gptbot)"
74.7.243.236 - - [17/Mar/2026:21:13:01 +0000] "GET /goods.php?detail/118033224649 HTTP/2.0" 200 85336 "https://nfsin.com/goods.php?detail/079028930242" "Mozilla/5.0 AppleWebKit/537.36 (KHTML, like Gecko; compatible; GPTBot/1.3; +https://openai.com/gptbot)"
74.7.243.236 - - [17/Mar/2026:21:13:14 +0000] "GET /goods.php?detail/008009202354 HTTP/2.0" 200 86207 "https://nfsin.com/goods.php?detail/135000747957" "Mozilla/5.0 AppleWebKit/537.36 (KHTML, like Gecko; compatible; GPTBot/1.3; +https://openai.com/gptbot)"
74.7.243.236 - - [17/Mar/2026:21:13:28 +0000] "GET /goods.php?detail/135001041006 HTTP/2.0" 200 86526 "https://nfsin.com/goods.php?detail/135000747957" "Mozilla/5.0 AppleWebKit/537.36 (KHTML, like Gecko; compatible; GPTBot/1.3; +https://openai.com/gptbot)"
69.197.179.242 - - [17/Mar/2026:21:12:04 +0000] "GET /wp-includes/wpf78988/edit.php?id=545071 HTTP/1.1" 200 20 "https://nfsin.com/wp-includes/wpf78988/edit.php?id=545071" "Mozilla/5.0 (Windows NT 10.0; Win64; x64) AppleWebKit/537.36 (KHTML, like Gecko) Chrome/58.0.3029.110 Safari/537.3"
74.7.243.236 - - [17/Mar/2026:21:13:42 +0000] "GET /goods.php?detail/247047080243 HTTP/2.0" 200 86190 "https://nfsin.com/goods.php?detail/095000379536" "Mozilla/5.0 AppleWebKit/537.36 (KHTML, like Gecko; compatible; GPTBot/1.3; +https://openai.com/gptbot)"
74.7.243.236 - - [17/Mar/2026:21:13:56 +0000] "GET /goods.php?detail/004035872226 HTTP/2.0" 200 85788 "https://nfsin.com/goods.php?goods/028041770" "Mozilla/5.0 AppleWebKit/537.36 (KHTML, like Gecko; compatible; GPTBot/1.3; +https://openai.com/gptbot)"
74.7.243.236 - - [17/Mar/2026:21:14:10 +0000] "GET /goods.php?detail/080007499076 HTTP/2.0" 200 86561 "https://nfsin.com/goods.php?detail/080004705233" "Mozilla/5.0 AppleWebKit/537.36 (KHTML, like Gecko; compatible; GPTBot/1.3; +https://openai.com/gptbot)"
74.7.243.236 - - [17/Mar/2026:21:14:24 +0000] "GET /goods.php?detail/188006250720 HTTP/2.0" 200 85845 "https://nfsin.com/goods.php?detail/095007580737" "Mozilla/5.0 AppleWebKit/537.36 (KHTML, like Gecko; compatible; GPTBot/1.3; +https://openai.com/gptbot)"
74.7.243.236 - - [17/Mar/2026:21:14:39 +0000] "GET /goods.php?detail/116018707685 HTTP/2.0" 200 86240 "https://nfsin.com/goods.php?detail/116022124161" "Mozilla/5.0 AppleWebKit/537.36 (KHTML, like Gecko; compatible; GPTBot/1.3; +https://openai.com/gptbot)"
74.7.243.236 - - [17/Mar/2026:21:14:55 +0000] "GET /goods.php??u=esg46nyl38473skkvazlbcp HTTP/2.0" 200 86301 "https://nfsin.com/goods.php?product/edit/m77923600443" "Mozilla/5.0 AppleWebKit/537.36 (KHTML, like Gecko; compatible; GPTBot/1.3; +https://openai.com/gptbot)"
69.197.179.242 - - [17/Mar/2026:21:13:38 +0000] "GET /wp-includes/wpf78988/edit.php?id=545071 HTTP/1.1" 200 20 "https://nfsin.com/wp-includes/wpf78988/edit.php?id=545071" "Mozilla/5.0 (Windows NT 10.0; Win64; x64) AppleWebKit/537.36 (KHTML, like Gecko) Chrome/58.0.3029.110 Safari/537.3"
74.7.243.236 - - [17/Mar/2026:21:15:12 +0000] "GET /goods.php?detail/114031976303 HTTP/2.0" 200 86673 "https://nfsin.com/goods.php??j=yhbs84q45303wzmpzoj" "Mozilla/5.0 AppleWebKit/537.36 (KHTML, like Gecko; compatible; GPTBot/1.3; +https://openai.com/gptbot)"
74.7.243.236 - - [17/Mar/2026:21:15:26 +0000] "GET /goods.php?detail/212003310783 HTTP/2.0" 200 85114 "https://nfsin.com/goods.php?detail/080005338168" "Mozilla/5.0 AppleWebKit/537.36 (KHTML, like Gecko; compatible; GPTBot/1.3; +https://openai.com/gptbot)"
74.7.243.236 - - [17/Mar/2026:21:15:39 +0000] "GET /goods.php?detail/176034393367 HTTP/2.0" 200 85650 "https://nfsin.com/goods.php?detail/129021156615" "Mozilla/5.0 AppleWebKit/537.36 (KHTML, like Gecko; compatible; GPTBot/1.3; +https://openai.com/gptbot)"
74.7.243.236 - - [17/Mar/2026:21:15:55 +0000] "GET /goods.php?detail/008002118690 HTTP/2.0" 200 86046 "https://nfsin.com/goods.php?detail/008009202354" "Mozilla/5.0 AppleWebKit/537.36 (KHTML, like Gecko; compatible; GPTBot/1.3; +https://openai.com/gptbot)"
74.7.243.236 - - [17/Mar/2026:21:16:07 +0000] "GET /goods.php?detail/192041600712 HTTP/2.0" 200 86029 "https://nfsin.com/goods.php??c=bohs19otgos162qeuhoz" "Mozilla/5.0 AppleWebKit/537.36 (KHTML, like Gecko; compatible; GPTBot/1.3; +https://openai.com/gptbot)"
51.68.247.212 - - [17/Mar/2026:21:16:12 +0000] "GET /wp-includes/class-wp-customize-widgets.php HTTP/2.0" 404 15598 "-" "Mozilla/5.0 (compatible; AhrefsBot/7.0; +http://ahrefs.com/robot/)"
139.162.194.112 - - [17/Mar/2026:21:16:18 +0000] "POST /wp-cron.php?doing_wp_cron=1773782178.4531400203704833984375 HTTP/1.1" 404 15588 "-" "WordPress/6.9.1; https://nfsin.com"
74.7.243.236 - - [17/Mar/2026:21:16:24 +0000] "GET /goods.php?detail/247003100771 HTTP/2.0" 200 86684 "https://nfsin.com/goods.php?detail/247047080243" "Mozilla/5.0 AppleWebKit/537.36 (KHTML, like Gecko; compatible; GPTBot/1.3; +https://openai.com/gptbot)"
69.197.179.242 - - [17/Mar/2026:21:15:13 +0000] "GET /wp-includes/wpf78988/edit.php?id=545071 HTTP/1.1" 200 20 "https://nfsin.com/wp-includes/wpf78988/edit.php?id=545071" "Mozilla/5.0 (Windows NT 10.0; Win64; x64) AppleWebKit/537.36 (KHTML, like Gecko) Chrome/58.0.3029.110 Safari/537.3"
74.7.243.236 - - [17/Mar/2026:21:16:39 +0000] "GET /goods.php?detail/082004988703 HTTP/2.0" 200 86137 "https://nfsin.com/goods.php?detail/082006423642" "Mozilla/5.0 AppleWebKit/537.36 (KHTML, like Gecko; compatible; GPTBot/1.3; +https://openai.com/gptbot)"
74.7.243.236 - - [17/Mar/2026:21:16:54 +0000] "GET /goods.php?jp/284006903.html HTTP/2.0" 200 85781 "https://nfsin.com/goods.php?detail/080007499076" "Mozilla/5.0 AppleWebKit/537.36 (KHTML, like Gecko; compatible; GPTBot/1.3; +https://openai.com/gptbot)"
74.7.243.236 - - [17/Mar/2026:21:17:09 +0000] "GET /goods.php?detail/18800433395942 HTTP/2.0" 200 85396 "https://nfsin.com/goods.php?detail/188006250720" "Mozilla/5.0 AppleWebKit/537.36 (KHTML, like Gecko; compatible; GPTBot/1.3; +https://openai.com/gptbot)"
74.7.243.236 - - [17/Mar/2026:21:17:23 +0000] "GET /goods.php?detail/188003949002 HTTP/2.0" 200 85583 "https://nfsin.com/goods.php?detail/188006250720" "Mozilla/5.0 AppleWebKit/537.36 (KHTML, like Gecko; compatible; GPTBot/1.3; +https://openai.com/gptbot)"
74.7.243.236 - - [17/Mar/2026:21:17:35 +0000] "GET /goods.php?detail/188003329293 HTTP/2.0" 200 86148 "https://nfsin.com/goods.php?detail/188006250720" "Mozilla/5.0 AppleWebKit/537.36 (KHTML, like Gecko; compatible; GPTBot/1.3; +https://openai.com/gptbot)"
74.7.243.236 - - [17/Mar/2026:21:17:50 +0000] "GET /goods.php??a=kxl46uce3293ophpen HTTP/2.0" 200 86399 "https://nfsin.com/goods.php??u=esg46nyl38473skkvazlbcp" "Mozilla/5.0 AppleWebKit/537.36 (KHTML, like Gecko; compatible; GPTBot/1.3; +https://openai.com/gptbot)"
74.7.243.236 - - [17/Mar/2026:21:18:06 +0000] "GET /goods.php?detail/053014611404 HTTP/2.0" 200 85375 "https://nfsin.com/goods.php?detail/212003310783" "Mozilla/5.0 AppleWebKit/537.36 (KHTML, like Gecko; compatible; GPTBot/1.3; +https://openai.com/gptbot)"
69.197.179.242 - - [17/Mar/2026:21:16:44 +0000] "GET /wp-includes/wpf78988/edit.php?id=545071 HTTP/1.1" 200 20 "https://nfsin.com/wp-includes/wpf78988/edit.php?id=545071" "Mozilla/5.0 (Windows NT 10.0; Win64; x64) AppleWebKit/537.36 (KHTML, like Gecko) Chrome/58.0.3029.110 Safari/537.3"
74.7.243.236 - - [17/Mar/2026:21:18:21 +0000] "GET /goods.php?pcmypage?callback=product/review/m19339875319 HTTP/2.0" 200 86226 "https://nfsin.com/goods.php?detail/176034393367" "Mozilla/5.0 AppleWebKit/537.36 (KHTML, like Gecko; compatible; GPTBot/1.3; +https://openai.com/gptbot)"
74.7.243.236 - - [17/Mar/2026:21:18:34 +0000] "GET /goods.php?detail/008005609185 HTTP/2.0" 200 87297 "https://nfsin.com/goods.php?detail/008002118690" "Mozilla/5.0 AppleWebKit/537.36 (KHTML, like Gecko; compatible; GPTBot/1.3; +https://openai.com/gptbot)"
74.7.243.236 - - [17/Mar/2026:21:18:49 +0000] "GET /goods.php?detail/1680069145627 HTTP/2.0" 200 85639 "https://nfsin.com/goods.php?detail/192041600712" "Mozilla/5.0 AppleWebKit/537.36 (KHTML, like Gecko; compatible; GPTBot/1.3; +https://openai.com/gptbot)"
74.7.243.236 - - [17/Mar/2026:21:19:05 +0000] "GET /goods.php?detail/008005589704 HTTP/2.0" 200 85768 "https://nfsin.com/goods.php?detail/008002118690" "Mozilla/5.0 AppleWebKit/537.36 (KHTML, like Gecko; compatible; GPTBot/1.3; +https://openai.com/gptbot)"
74.7.243.236 - - [17/Mar/2026:21:19:21 +0000] "GET /goods.php?pcmypage?callback=product%2Fdetail%2Fm43843793920 HTTP/2.0" 200 85906 "https://nfsin.com/goods.php?detail/082004988703" "Mozilla/5.0 AppleWebKit/537.36 (KHTML, like Gecko; compatible; GPTBot/1.3; +https://openai.com/gptbot)"
74.7.243.236 - - [17/Mar/2026:21:19:37 +0000] "GET /goods.php?detail/103000142439 HTTP/2.0" 200 85224 "https://nfsin.com/goods.php?detail/008002118690" "Mozilla/5.0 AppleWebKit/537.36 (KHTML, like Gecko; compatible; GPTBot/1.3; +https://openai.com/gptbot)"
69.197.179.242 - - [17/Mar/2026:21:18:17 +0000] "GET /wp-includes/wpf78988/edit.php?id=545071 HTTP/1.1" 200 20 "https://nfsin.com/wp-includes/wpf78988/edit.php?id=545071" "Mozilla/5.0 (Windows NT 10.0; Win64; x64) AppleWebKit/537.36 (KHTML, like Gecko) Chrome/58.0.3029.110 Safari/537.3"
74.7.243.236 - - [17/Mar/2026:21:19:53 +0000] "GET /goods.php?detail/043017308061 HTTP/2.0" 200 85926 "https://nfsin.com/goods.php?detail/082004988703" "Mozilla/5.0 AppleWebKit/537.36 (KHTML, like Gecko; compatible; GPTBot/1.3; +https://openai.com/gptbot)"
74.7.243.236 - - [17/Mar/2026:21:20:11 +0000] "GET /goods.php?safe_search/config?return_url=%2Fproduct%2Fdetail%2Fm55719861279 HTTP/2.0" 200 85480 "https://nfsin.com/goods.php?detail/188003949002" "Mozilla/5.0 AppleWebKit/537.36 (KHTML, like Gecko; compatible; GPTBot/1.3; +https://openai.com/gptbot)"
74.7.243.236 - - [17/Mar/2026:21:20:15 +0000] "GET /goods.php?goods/043017308 HTTP/2.0" 200 85885 "https://nfsin.com/goods.php?detail/043017308061" "Mozilla/5.0 AppleWebKit/537.36 (KHTML, like Gecko; compatible; GPTBot/1.3; +https://openai.com/gptbot)"
74.7.243.236 - - [17/Mar/2026:21:20:32 +0000] "GET /goods.php?detail/080004057002 HTTP/2.0" 200 85521 "https://nfsin.com/goods.php?detail/080007499076" "Mozilla/5.0 AppleWebKit/537.36 (KHTML, like Gecko; compatible; GPTBot/1.3; +https://openai.com/gptbot)"
74.7.243.236 - - [17/Mar/2026:21:20:48 +0000] "GET /goods.php?detail/0080056089936 HTTP/2.0" 200 86270 "https://nfsin.com/goods.php?detail/008002118690" "Mozilla/5.0 AppleWebKit/537.36 (KHTML, like Gecko; compatible; GPTBot/1.3; +https://openai.com/gptbot)"
74.7.243.236 - - [17/Mar/2026:21:21:01 +0000] "GET /goods.php??g=sbxkb46oueok3315kheloyuxpj HTTP/2.0" 200 86035 "https://nfsin.com/goods.php??u=esg46nyl38473skkvazlbcp" "Mozilla/5.0 AppleWebKit/537.36 (KHTML, like Gecko; compatible; GPTBot/1.3; +https://openai.com/gptbot)"
69.197.179.242 - - [17/Mar/2026:21:19:47 +0000] "GET /wp-includes/wpf78988/edit.php?id=545071 HTTP/1.1" 200 20 "https://nfsin.com/wp-includes/wpf78988/edit.php?id=545071" "Mozilla/5.0 (Windows NT 10.0; Win64; x64) AppleWebKit/537.36 (KHTML, like Gecko) Chrome/58.0.3029.110 Safari/537.3"
74.7.243.236 - - [17/Mar/2026:21:21:17 +0000] "GET /goods.php?detail/212003365848 HTTP/2.0" 200 85160 "https://nfsin.com/goods.php?detail/212003310783" "Mozilla/5.0 AppleWebKit/537.36 (KHTML, like Gecko; compatible; GPTBot/1.3; +https://openai.com/gptbot)"
74.7.243.236 - - [17/Mar/2026:21:21:35 +0000] "GET /goods.php?detail/121013176046 HTTP/2.0" 200 85877 "https://nfsin.com/goods.php?detail/188006250720" "Mozilla/5.0 AppleWebKit/537.36 (KHTML, like Gecko; compatible; GPTBot/1.3; +https://openai.com/gptbot)"
74.7.243.236 - - [17/Mar/2026:21:21:52 +0000] "GET /goods.php?detail/0380261469149 HTTP/2.0" 200 85627 "https://nfsin.com/goods.php?detail/1680069145627" "Mozilla/5.0 AppleWebKit/537.36 (KHTML, like Gecko; compatible; GPTBot/1.3; +https://openai.com/gptbot)"
74.7.243.236 - - [17/Mar/2026:21:22:09 +0000] "GET /goods.php?detail/022040592789 HTTP/2.0" 200 86336 "https://nfsin.com/goods.php?detail/095016586001" "Mozilla/5.0 AppleWebKit/537.36 (KHTML, like Gecko; compatible; GPTBot/1.3; +https://openai.com/gptbot)"
65.19.141.115 - - [17/Mar/2026:21:22:20 +0000] "GET / HTTP/1.1" 200 90029 "-" "Mozilla/5.0 (Macintosh; Intel Mac OS X 10_15_7) AppleWebKit/537.36 (KHTML, like Gecko) Chrome/141.0.7390.66 Safari/537.36"
74.7.243.236 - - [17/Mar/2026:21:22:28 +0000] "GET /goods.php??a=itfyq280m1983kgezjy HTTP/2.0" 200 85892 "https://nfsin.com/goods.php?pcmypage?callback=product%2Fdetail%2Fm43843793920" "Mozilla/5.0 AppleWebKit/537.36 (KHTML, like Gecko; compatible; GPTBot/1.3; +https://openai.com/gptbot)"
139.162.194.112 - - [17/Mar/2026:21:22:28 +0000] "POST /wp-cron.php?doing_wp_cron=1773782548.8670630455017089843750 HTTP/1.1" 404 15598 "-" "WordPress/6.9.1; https://nfsin.com"
74.7.243.236 - - [17/Mar/2026:21:22:44 +0000] "GET /goods.php??g=bcu15hme40716ofyucc HTTP/2.0" 200 86263 "https://nfsin.com/goods.php?pcmypage?callback=product%2Fdetail%2Fm43843793920" "Mozilla/5.0 AppleWebKit/537.36 (KHTML, like Gecko; compatible; GPTBot/1.3; +https://openai.com/gptbot)"
69.197.179.242 - - [17/Mar/2026:21:21:20 +0000] "GET /wp-includes/wpf78988/edit.php?id=545071 HTTP/1.1" 200 20 "https://nfsin.com/wp-includes/wpf78988/edit.php?id=545071" "Mozilla/5.0 (Windows NT 10.0; Win64; x64) AppleWebKit/537.36 (KHTML, like Gecko) Chrome/58.0.3029.110 Safari/537.3"
74.7.243.236 - - [17/Mar/2026:21:22:58 +0000] "GET /goods.php?detail/046001094365 HTTP/2.0" 200 85684 "https://nfsin.com/goods.php?detail/0460069447047" "Mozilla/5.0 AppleWebKit/537.36 (KHTML, like Gecko; compatible; GPTBot/1.3; +https://openai.com/gptbot)"
74.7.243.236 - - [17/Mar/2026:21:23:15 +0000] "GET /goods.php?detail/0430090398397 HTTP/2.0" 200 85745 "https://nfsin.com/goods.php?goods/043017308" "Mozilla/5.0 AppleWebKit/537.36 (KHTML, like Gecko; compatible; GPTBot/1.3; +https://openai.com/gptbot)"
74.7.243.236 - - [17/Mar/2026:21:23:33 +0000] "GET /goods.php?detail/0080046346402 HTTP/2.0" 200 86389 "https://nfsin.com/goods.php?detail/080004057002" "Mozilla/5.0 AppleWebKit/537.36 (KHTML, like Gecko; compatible; GPTBot/1.3; +https://openai.com/gptbot)"
74.7.243.236 - - [17/Mar/2026:21:23:49 +0000] "GET /goods.php?detail/043009840642 HTTP/2.0" 200 86413 "https://nfsin.com/goods.php?goods/043017308" "Mozilla/5.0 AppleWebKit/537.36 (KHTML, like Gecko; compatible; GPTBot/1.3; +https://openai.com/gptbot)"
74.7.243.236 - - [17/Mar/2026:21:24:05 +0000] "GET /goods.php?detail/177019342504 HTTP/2.0" 200 85773 "https://nfsin.com/goods.php??g=sbxkb46oueok3315kheloyuxpj" "Mozilla/5.0 AppleWebKit/537.36 (KHTML, like Gecko; compatible; GPTBot/1.3; +https://openai.com/gptbot)"
69.197.179.242 - - [17/Mar/2026:21:22:50 +0000] "GET /wp-includes/wpf78988/edit.php?id=545071 HTTP/1.1" 200 20 "https://nfsin.com/wp-includes/wpf78988/edit.php?id=545071" "Mozilla/5.0 (Windows NT 10.0; Win64; x64) AppleWebKit/537.36 (KHTML, like Gecko) Chrome/58.0.3029.110 Safari/537.3"
74.7.243.236 - - [17/Mar/2026:21:24:19 +0000] "GET /goods.php?detail/170008148617 HTTP/2.0" 200 85811 "https://nfsin.com/goods.php?detail/212003365848" "Mozilla/5.0 AppleWebKit/537.36 (KHTML, like Gecko; compatible; GPTBot/1.3; +https://openai.com/gptbot)"
74.7.243.236 - - [17/Mar/2026:21:24:34 +0000] "GET /goods.php?detail/128038377375 HTTP/2.0" 200 86347 "https://nfsin.com/goods.php?detail/121013176046" "Mozilla/5.0 AppleWebKit/537.36 (KHTML, like Gecko; compatible; GPTBot/1.3; +https://openai.com/gptbot)"
74.7.243.236 - - [17/Mar/2026:21:24:49 +0000] "GET /goods.php?detail/081004792082 HTTP/2.0" 200 85847 "https://nfsin.com/goods.php?detail/0380261469149" "Mozilla/5.0 AppleWebKit/537.36 (KHTML, like Gecko; compatible; GPTBot/1.3; +https://openai.com/gptbot)"
74.7.243.236 - - [17/Mar/2026:21:25:04 +0000] "GET /goods.php?detail/022019206626 HTTP/2.0" 200 86241 "https://nfsin.com/goods.php?detail/022040592789" "Mozilla/5.0 AppleWebKit/537.36 (KHTML, like Gecko; compatible; GPTBot/1.3; +https://openai.com/gptbot)"
74.7.243.236 - - [17/Mar/2026:21:25:23 +0000] "GET /goods.php??z=ikvd284z3797sbzvge HTTP/2.0" 200 86129 "https://nfsin.com/goods.php??a=itfyq280m1983kgezjy" "Mozilla/5.0 AppleWebKit/537.36 (KHTML, like Gecko; compatible; GPTBot/1.3; +https://openai.com/gptbot)"
74.7.243.236 - - [17/Mar/2026:21:25:40 +0000] "GET /goods.php?detail/015000070859 HTTP/2.0" 200 86715 "https://nfsin.com/goods.php??g=bcu15hme40716ofyucc" "Mozilla/5.0 AppleWebKit/537.36 (KHTML, like Gecko; compatible; GPTBot/1.3; +https://openai.com/gptbot)"
69.197.179.242 - - [17/Mar/2026:21:24:21 +0000] "GET /wp-includes/wpf78988/edit.php?id=545071 HTTP/1.1" 200 20 "https://nfsin.com/wp-includes/wpf78988/edit.php?id=545071" "Mozilla/5.0 (Windows NT 10.0; Win64; x64) AppleWebKit/537.36 (KHTML, like Gecko) Chrome/58.0.3029.110 Safari/537.3"
74.7.243.236 - - [17/Mar/2026:21:25:57 +0000] "GET /goods.php?detail/297004276895 HTTP/2.0" 200 85200 "https://nfsin.com/goods.php?detail/0380261469149" "Mozilla/5.0 AppleWebKit/537.36 (KHTML, like Gecko; compatible; GPTBot/1.3; +https://openai.com/gptbot)"
74.7.243.236 - - [17/Mar/2026:21:26:18 +0000] "GET /goods.php?detail/043011652965 HTTP/2.0" 200 85809 "https://nfsin.com/goods.php?detail/0430090398397" "Mozilla/5.0 AppleWebKit/537.36 (KHTML, like Gecko; compatible; GPTBot/1.3; +https://openai.com/gptbot)"
74.7.243.236 - - [17/Mar/2026:21:26:37 +0000] "GET /goods.php?detail/162041417677 HTTP/2.0" 200 85751 "https://nfsin.com/goods.php?detail/0430090398397" "Mozilla/5.0 AppleWebKit/537.36 (KHTML, like Gecko; compatible; GPTBot/1.3; +https://openai.com/gptbot)"
74.7.243.236 - - [17/Mar/2026:21:26:55 +0000] "GET /goods.php?detail/048003218030 HTTP/2.0" 200 85728 "https://nfsin.com/goods.php?detail/043009840642" "Mozilla/5.0 AppleWebKit/537.36 (KHTML, like Gecko; compatible; GPTBot/1.3; +https://openai.com/gptbot)"
74.7.243.236 - - [17/Mar/2026:21:27:10 +0000] "GET /goods.php?detail/027018902738 HTTP/2.0" 200 86403 "https://nfsin.com/goods.php?detail/0430090398397" "Mozilla/5.0 AppleWebKit/537.36 (KHTML, like Gecko; compatible; GPTBot/1.3; +https://openai.com/gptbot)"
69.197.179.242 - - [17/Mar/2026:21:25:53 +0000] "GET /wp-includes/wpf78988/edit.php?id=545071 HTTP/1.1" 200 20 "https://nfsin.com/wp-includes/wpf78988/edit.php?id=545071" "Mozilla/5.0 (Windows NT 10.0; Win64; x64) AppleWebKit/537.36 (KHTML, like Gecko) Chrome/58.0.3029.110 Safari/537.3"
74.7.243.236 - - [17/Mar/2026:21:27:25 +0000] "GET /goods.php?detail/052004107219 HTTP/2.0" 200 85832 "https://nfsin.com/goods.php?detail/052004770555" "Mozilla/5.0 AppleWebKit/537.36 (KHTML, like Gecko; compatible; GPTBot/1.3; +https://openai.com/gptbot)"
74.7.243.236 - - [17/Mar/2026:21:27:46 +0000] "GET /goods.php?detail/128005132468 HTTP/2.0" 200 86172 "https://nfsin.com/goods.php?detail/128038377375" "Mozilla/5.0 AppleWebKit/537.36 (KHTML, like Gecko; compatible; GPTBot/1.3; +https://openai.com/gptbot)"
74.7.243.236 - - [17/Mar/2026:21:28:06 +0000] "GET /goods.php?detail/195024916909 HTTP/2.0" 200 85385 "https://nfsin.com/goods.php?detail/194029710366" "Mozilla/5.0 AppleWebKit/537.36 (KHTML, like Gecko; compatible; GPTBot/1.3; +https://openai.com/gptbot)"
74.7.243.236 - - [17/Mar/2026:21:28:31 +0000] "GET /goods.php?detail/1060076900816 HTTP/2.0" 200 85698 "https://nfsin.com/goods.php?detail/022019206626" "Mozilla/5.0 AppleWebKit/537.36 (KHTML, like Gecko; compatible; GPTBot/1.3; +https://openai.com/gptbot)"
69.197.179.242 - - [17/Mar/2026:21:27:24 +0000] "GET /wp-includes/wpf78988/edit.php?id=545071 HTTP/1.1" 200 20 "https://nfsin.com/wp-includes/wpf78988/edit.php?id=545071" "Mozilla/5.0 (Windows NT 10.0; Win64; x64) AppleWebKit/537.36 (KHTML, like Gecko) Chrome/58.0.3029.110 Safari/537.3"
74.7.243.236 - - [17/Mar/2026:21:28:51 +0000] "GET /goods.php?detail/022047527603 HTTP/2.0" 200 85778 "https://nfsin.com/goods.php?detail/022019206626" "Mozilla/5.0 AppleWebKit/537.36 (KHTML, like Gecko; compatible; GPTBot/1.3; +https://openai.com/gptbot)"
74.7.243.236 - - [17/Mar/2026:21:29:15 +0000] "GET /goods.php?detail/224024710292 HTTP/2.0" 200 86017 "https://nfsin.com/goods.php?detail/015000070859" "Mozilla/5.0 AppleWebKit/537.36 (KHTML, like Gecko; compatible; GPTBot/1.3; +https://openai.com/gptbot)"
74.7.243.236 - - [17/Mar/2026:21:29:32 +0000] "GET /goods.php?pcmypage?callback=product/review/m47850302396 HTTP/2.0" 200 85723 "https://nfsin.com/goods.php?detail/297004276895" "Mozilla/5.0 AppleWebKit/537.36 (KHTML, like Gecko; compatible; GPTBot/1.3; +https://openai.com/gptbot)"
74.7.243.236 - - [17/Mar/2026:21:29:54 +0000] "GET /goods.php?detail/015001028942 HTTP/2.0" 200 87005 "https://nfsin.com/goods.php?detail/015000070859" "Mozilla/5.0 AppleWebKit/537.36 (KHTML, like Gecko; compatible; GPTBot/1.3; +https://openai.com/gptbot)"
74.7.243.236 - - [17/Mar/2026:21:30:09 +0000] "GET /goods.php?detail/228029155302 HTTP/2.0" 200 86633 "https://nfsin.com/goods.php?detail/297004276895" "Mozilla/5.0 AppleWebKit/537.36 (KHTML, like Gecko; compatible; GPTBot/1.3; +https://openai.com/gptbot)"
69.197.179.242 - - [17/Mar/2026:21:28:55 +0000] "GET /wp-includes/wpf78988/edit.php?id=545071 HTTP/1.1" 200 20 "https://nfsin.com/wp-includes/wpf78988/edit.php?id=545071" "Mozilla/5.0 (Windows NT 10.0; Win64; x64) AppleWebKit/537.36 (KHTML, like Gecko) Chrome/58.0.3029.110 Safari/537.3"
74.7.243.236 - - [17/Mar/2026:21:30:24 +0000] "GET /goods.php?detail/010002190767 HTTP/2.0" 200 86201 "https://nfsin.com/goods.php?detail/048003218030" "Mozilla/5.0 AppleWebKit/537.36 (KHTML, like Gecko; compatible; GPTBot/1.3; +https://openai.com/gptbot)"
74.7.243.236 - - [17/Mar/2026:21:30:39 +0000] "GET /goods.php?detail/0270276057898 HTTP/2.0" 200 86279 "https://nfsin.com/goods.php?detail/027018902738" "Mozilla/5.0 AppleWebKit/537.36 (KHTML, like Gecko; compatible; GPTBot/1.3; +https://openai.com/gptbot)"
74.7.243.236 - - [17/Mar/2026:21:30:55 +0000] "GET /goods.php?detail/027027677548 HTTP/2.0" 200 86530 "https://nfsin.com/goods.php?detail/027018902738" "Mozilla/5.0 AppleWebKit/537.36 (KHTML, like Gecko; compatible; GPTBot/1.3; +https://openai.com/gptbot)"
74.7.243.236 - - [17/Mar/2026:21:31:11 +0000] "GET /goods.php?detail/100033448315 HTTP/2.0" 200 86778 "https://nfsin.com/goods.php?detail/052004107219" "Mozilla/5.0 AppleWebKit/537.36 (KHTML, like Gecko; compatible; GPTBot/1.3; +https://openai.com/gptbot)"
74.7.243.236 - - [17/Mar/2026:21:31:26 +0000] "GET /goods.php?detail/162003317794 HTTP/2.0" 200 85745 "https://nfsin.com/goods.php?detail/162041417677" "Mozilla/5.0 AppleWebKit/537.36 (KHTML, like Gecko; compatible; GPTBot/1.3; +https://openai.com/gptbot)"
74.7.243.236 - - [17/Mar/2026:21:31:41 +0000] "GET /goods.php?detail/262003931958 HTTP/2.0" 200 85390 "https://nfsin.com/goods.php?detail/043011652965" "Mozilla/5.0 AppleWebKit/537.36 (KHTML, like Gecko; compatible; GPTBot/1.3; +https://openai.com/gptbot)"
69.197.179.242 - - [17/Mar/2026:21:30:27 +0000] "GET /wp-includes/wpf78988/edit.php?id=545071 HTTP/1.1" 200 20 "https://nfsin.com/wp-includes/wpf78988/edit.php?id=545071" "Mozilla/5.0 (Windows NT 10.0; Win64; x64) AppleWebKit/537.36 (KHTML, like Gecko) Chrome/58.0.3029.110 Safari/537.3"
74.7.243.236 - - [17/Mar/2026:21:32:02 +0000] "GET /goods.php?detail/255013554345 HTTP/2.0" 200 85529 "https://nfsin.com/goods.php?detail/022047527603" "Mozilla/5.0 AppleWebKit/537.36 (KHTML, like Gecko; compatible; GPTBot/1.3; +https://openai.com/gptbot)"
54.37.118.85 - - [17/Mar/2026:21:32:01 +0000] "GET /wp-includes/class-wp-comment.php HTTP/2.0" 404 15598 "-" "Mozilla/5.0 (compatible; AhrefsBot/7.0; +http://ahrefs.com/robot/)"
139.162.194.112 - - [17/Mar/2026:21:32:07 +0000] "POST /wp-cron.php?doing_wp_cron=1773783127.9350519180297851562500 HTTP/1.1" 404 15598 "-" "WordPress/6.9.1; https://nfsin.com"
74.7.243.236 - - [17/Mar/2026:21:32:18 +0000] "GET /goods.php?detail/224040544759 HTTP/2.0" 200 85802 "https://nfsin.com/goods.php?detail/224024710292" "Mozilla/5.0 AppleWebKit/537.36 (KHTML, like Gecko; compatible; GPTBot/1.3; +https://openai.com/gptbot)"
74.7.243.236 - - [17/Mar/2026:21:32:32 +0000] "GET /goods.php?detail/022047935679 HTTP/2.0" 200 85369 "https://nfsin.com/goods.php?detail/022047527603" "Mozilla/5.0 AppleWebKit/537.36 (KHTML, like Gecko; compatible; GPTBot/1.3; +https://openai.com/gptbot)"
74.7.243.236 - - [17/Mar/2026:21:32:46 +0000] "GET /goods.php?goods/207043066 HTTP/2.0" 200 85552 "https://nfsin.com/goods.php?detail/015001028942" "Mozilla/5.0 AppleWebKit/537.36 (KHTML, like Gecko; compatible; GPTBot/1.3; +https://openai.com/gptbot)"
74.7.243.236 - - [17/Mar/2026:21:33:06 +0000] "GET /goods.php?detail/201024771151 HTTP/2.0" 200 85204 "https://nfsin.com/goods.php?detail/022047527603" "Mozilla/5.0 AppleWebKit/537.36 (KHTML, like Gecko; compatible; GPTBot/1.3; +https://openai.com/gptbot)"
74.7.243.236 - - [17/Mar/2026:21:33:20 +0000] "GET /goods.php?detail/010010751176 HTTP/2.0" 200 85480 "https://nfsin.com/goods.php?detail/010002190767" "Mozilla/5.0 AppleWebKit/537.36 (KHTML, like Gecko; compatible; GPTBot/1.3; +https://openai.com/gptbot)"
69.197.179.242 - - [17/Mar/2026:21:32:00 +0000] "GET /wp-includes/wpf78988/edit.php?id=545071 HTTP/1.1" 200 20 "https://nfsin.com/wp-includes/wpf78988/edit.php?id=545071" "Mozilla/5.0 (Windows NT 10.0; Win64; x64) AppleWebKit/537.36 (KHTML, like Gecko) Chrome/58.0.3029.110 Safari/537.3"
74.7.243.236 - - [17/Mar/2026:21:33:32 +0000] "GET /goods.php?detail/279003577235 HTTP/2.0" 200 85622 "https://nfsin.com/goods.php?detail/0270276057898" "Mozilla/5.0 AppleWebKit/537.36 (KHTML, like Gecko; compatible; GPTBot/1.3; +https://openai.com/gptbot)"
74.7.243.236 - - [17/Mar/2026:21:33:47 +0000] "GET /goods.php?detail/260044262100 HTTP/2.0" 200 86305 "https://nfsin.com/goods.php?detail/027027677548" "Mozilla/5.0 AppleWebKit/537.36 (KHTML, like Gecko; compatible; GPTBot/1.3; +https://openai.com/gptbot)"
74.7.243.236 - - [17/Mar/2026:21:34:11 +0000] "GET /goods.php?detail/228023173617 HTTP/2.0" 200 87479 "https://nfsin.com/goods.php?detail/228029155302" "Mozilla/5.0 AppleWebKit/537.36 (KHTML, like Gecko; compatible; GPTBot/1.3; +https://openai.com/gptbot)"
74.7.243.236 - - [17/Mar/2026:21:34:28 +0000] "GET /goods.php??z=syalg92rq4807ievlxup HTTP/2.0" 200 85897 "https://nfsin.com/goods.php?pcmypage?callback=product/review/m47850302396" "Mozilla/5.0 AppleWebKit/537.36 (KHTML, like Gecko; compatible; GPTBot/1.3; +https://openai.com/gptbot)"
74.7.243.236 - - [17/Mar/2026:21:34:43 +0000] "GET /goods.php?detail/262006265857 HTTP/2.0" 200 85589 "https://nfsin.com/goods.php?detail/262003931958" "Mozilla/5.0 AppleWebKit/537.36 (KHTML, like Gecko; compatible; GPTBot/1.3; +https://openai.com/gptbot)"
69.197.179.242 - - [17/Mar/2026:21:33:31 +0000] "GET /wp-includes/wpf78988/edit.php?id=545071 HTTP/1.1" 200 20 "https://nfsin.com/wp-includes/wpf78988/edit.php?id=545071" "Mozilla/5.0 (Windows NT 10.0; Win64; x64) AppleWebKit/537.36 (KHTML, like Gecko) Chrome/58.0.3029.110 Safari/537.3"
74.7.243.236 - - [17/Mar/2026:21:34:57 +0000] "GET /goods.php?safe_search/config?return_url=%2Fproduct%2Fdetail%2Fm21826372693 HTTP/2.0" 200 85642 "https://nfsin.com/goods.php?detail/255013554345" "Mozilla/5.0 AppleWebKit/537.36 (KHTML, like Gecko; compatible; GPTBot/1.3; +https://openai.com/gptbot)"
74.7.243.236 - - [17/Mar/2026:21:35:09 +0000] "GET /goods.php?detail/100002737311 HTTP/2.0" 200 86979 "https://nfsin.com/goods.php?detail/100033448315" "Mozilla/5.0 AppleWebKit/537.36 (KHTML, like Gecko; compatible; GPTBot/1.3; +https://openai.com/gptbot)"
74.7.243.236 - - [17/Mar/2026:21:35:26 +0000] "GET /goods.php?detail/0430164348488 HTTP/2.0" 200 87073 "https://nfsin.com/goods.php?detail/022047527603" "Mozilla/5.0 AppleWebKit/537.36 (KHTML, like Gecko; compatible; GPTBot/1.3; +https://openai.com/gptbot)"
74.7.243.236 - - [17/Mar/2026:21:35:42 +0000] "GET /goods.php?detail/076036144603 HTTP/2.0" 200 84941 "https://nfsin.com/goods.php?detail/228029155302" "Mozilla/5.0 AppleWebKit/537.36 (KHTML, like Gecko; compatible; GPTBot/1.3; +https://openai.com/gptbot)"
74.7.243.236 - - [17/Mar/2026:21:35:57 +0000] "GET /goods.php?detail/100010179482 HTTP/2.0" 200 87172 "https://nfsin.com/goods.php?detail/100033448315" "Mozilla/5.0 AppleWebKit/537.36 (KHTML, like Gecko; compatible; GPTBot/1.3; +https://openai.com/gptbot)"
74.7.243.236 - - [17/Mar/2026:21:36:15 +0000] "GET /goods.php?detail/250007182392 HTTP/2.0" 200 85963 "https://nfsin.com/goods.php?detail/010002190767" "Mozilla/5.0 AppleWebKit/537.36 (KHTML, like Gecko; compatible; GPTBot/1.3; +https://openai.com/gptbot)"
69.197.179.242 - - [17/Mar/2026:21:35:01 +0000] "GET /wp-includes/wpf78988/edit.php?id=545071 HTTP/1.1" 200 20 "https://nfsin.com/wp-includes/wpf78988/edit.php?id=545071" "Mozilla/5.0 (Windows NT 10.0; Win64; x64) AppleWebKit/537.36 (KHTML, like Gecko) Chrome/58.0.3029.110 Safari/537.3"
74.7.243.236 - - [17/Mar/2026:21:36:31 +0000] "GET /goods.php?detail/2300303870708 HTTP/2.0" 200 86993 "https://nfsin.com/goods.php?detail/279003577235" "Mozilla/5.0 AppleWebKit/537.36 (KHTML, like Gecko; compatible; GPTBot/1.3; +https://openai.com/gptbot)"
74.7.243.236 - - [17/Mar/2026:21:36:45 +0000] "GET /goods.php?detail/162003071757 HTTP/2.0" 200 86696 "https://nfsin.com/goods.php?detail/162003317794" "Mozilla/5.0 AppleWebKit/537.36 (KHTML, like Gecko; compatible; GPTBot/1.3; +https://openai.com/gptbot)"
74.7.243.236 - - [17/Mar/2026:21:37:03 +0000] "GET /goods.php?detail/228008160708 HTTP/2.0" 200 86064 "https://nfsin.com/goods.php?detail/228023173617" "Mozilla/5.0 AppleWebKit/537.36 (KHTML, like Gecko; compatible; GPTBot/1.3; +https://openai.com/gptbot)"
74.7.243.236 - - [17/Mar/2026:21:37:21 +0000] "GET /goods.php?detail/257010024155 HTTP/2.0" 200 85829 "https://nfsin.com/goods.php?detail/139047127552" "Mozilla/5.0 AppleWebKit/537.36 (KHTML, like Gecko; compatible; GPTBot/1.3; +https://openai.com/gptbot)"
74.7.243.236 - - [17/Mar/2026:21:37:33 +0000] "GET /goods.php?detail/113013182665 HTTP/2.0" 200 86849 "https://nfsin.com/goods.php?detail/262006265857" "Mozilla/5.0 AppleWebKit/537.36 (KHTML, like Gecko; compatible; GPTBot/1.3; +https://openai.com/gptbot)"
74.7.243.236 - - [17/Mar/2026:21:37:49 +0000] "GET /goods.php??l=uqwj82nsg4079fuqgvri HTTP/2.0" 200 85747 "https://nfsin.com/goods.php?safe_search/config?return_url=%2Fproduct%2Fdetail%2Fm21826372693" "Mozilla/5.0 AppleWebKit/537.36 (KHTML, like Gecko; compatible; GPTBot/1.3; +https://openai.com/gptbot)"
69.197.179.242 - - [17/Mar/2026:21:36:33 +0000] "GET /wp-includes/wpf78988/edit.php?id=545071 HTTP/1.1" 200 20 "https://nfsin.com/wp-includes/wpf78988/edit.php?id=545071" "Mozilla/5.0 (Windows NT 10.0; Win64; x64) AppleWebKit/537.36 (KHTML, like Gecko) Chrome/58.0.3029.110 Safari/537.3"
74.7.243.236 - - [17/Mar/2026:21:38:11 +0000] "GET /goods.php?detail/002023849326 HTTP/2.0" 200 85741 "https://nfsin.com/goods.php?detail/100002737311" "Mozilla/5.0 AppleWebKit/537.36 (KHTML, like Gecko; compatible; GPTBot/1.3; +https://openai.com/gptbot)"
74.7.243.236 - - [17/Mar/2026:21:38:25 +0000] "GET /goods.php?detail/138022438741 HTTP/2.0" 200 86292 "https://nfsin.com/goods.php?safe_search/config?return_url=%2Fproduct%2Fdetail%2Fm21826372693" "Mozilla/5.0 AppleWebKit/537.36 (KHTML, like Gecko; compatible; GPTBot/1.3; +https://openai.com/gptbot)"
74.7.243.236 - - [17/Mar/2026:21:38:40 +0000] "GET /goods.php?detail/217013101292 HTTP/2.0" 200 85363 "https://nfsin.com/goods.php?detail/076036144603" "Mozilla/5.0 AppleWebKit/537.36 (KHTML, like Gecko; compatible; GPTBot/1.3; +https://openai.com/gptbot)"
74.7.243.236 - - [17/Mar/2026:21:39:04 +0000] "GET /goods.php?detail/035019353536 HTTP/2.0" 200 85572 "https://nfsin.com/goods.php?detail/076036144603" "Mozilla/5.0 AppleWebKit/537.36 (KHTML, like Gecko; compatible; GPTBot/1.3; +https://openai.com/gptbot)"
74.7.243.236 - - [17/Mar/2026:21:39:28 +0000] "GET /goods.php?detail/2430450726818 HTTP/2.0" 200 85099 "https://nfsin.com/goods.php?detail/250007182392" "Mozilla/5.0 AppleWebKit/537.36 (KHTML, like Gecko; compatible; GPTBot/1.3; +https://openai.com/gptbot)"
69.197.179.242 - - [17/Mar/2026:21:38:04 +0000] "GET /wp-includes/wpf78988/edit.php?id=545071 HTTP/1.1" 200 20 "https://nfsin.com/wp-includes/wpf78988/edit.php?id=545071" "Mozilla/5.0 (Windows NT 10.0; Win64; x64) AppleWebKit/537.36 (KHTML, like Gecko) Chrome/58.0.3029.110 Safari/537.3"
74.7.243.236 - - [17/Mar/2026:21:39:49 +0000] "GET /goods.php?detail/040042546018 HTTP/2.0" 200 85825 "https://nfsin.com/goods.php?detail/250007182392" "Mozilla/5.0 AppleWebKit/537.36 (KHTML, like Gecko; compatible; GPTBot/1.3; +https://openai.com/gptbot)"
74.7.243.236 - - [17/Mar/2026:21:40:10 +0000] "GET /goods.php?detail/16200232590408 HTTP/2.0" 200 85604 "https://nfsin.com/goods.php?detail/162003071757" "Mozilla/5.0 AppleWebKit/537.36 (KHTML, like Gecko; compatible; GPTBot/1.3; +https://openai.com/gptbot)"
74.7.243.236 - - [17/Mar/2026:21:40:32 +0000] "GET /goods.php?detail/246031463844 HTTP/2.0" 200 85421 "https://nfsin.com/goods.php?detail/2300303870708" "Mozilla/5.0 AppleWebKit/537.36 (KHTML, like Gecko; compatible; GPTBot/1.3; +https://openai.com/gptbot)"
74.7.243.236 - - [17/Mar/2026:21:40:47 +0000] "GET /goods.php?detail/230035849435 HTTP/2.0" 200 85911 "https://nfsin.com/goods.php?detail/2300303870708" "Mozilla/5.0 AppleWebKit/537.36 (KHTML, like Gecko; compatible; GPTBot/1.3; +https://openai.com/gptbot)"
69.197.179.242 - - [17/Mar/2026:21:39:38 +0000] "GET /wp-includes/wpf78988/edit.php?id=545071 HTTP/1.1" 200 20 "https://nfsin.com/wp-includes/wpf78988/edit.php?id=545071" "Mozilla/5.0 (Windows NT 10.0; Win64; x64) AppleWebKit/537.36 (KHTML, like Gecko) Chrome/58.0.3029.110 Safari/537.3"
74.7.243.236 - - [17/Mar/2026:21:41:08 +0000] "GET /goods.php?detail/2250116003502 HTTP/2.0" 200 86775 "https://nfsin.com/goods.php?detail/113013182665" "Mozilla/5.0 AppleWebKit/537.36 (KHTML, like Gecko; compatible; GPTBot/1.3; +https://openai.com/gptbot)"
