74.7.243.236 - - [18/Mar/2026:13:09:35 +0000] "GET /goods.php?detail/127001549555 HTTP/2.0" 200 85714 "https://nfsin.com/goods.php?detail/127026299209" "Mozilla/5.0 AppleWebKit/537.36 (KHTML, like Gecko; compatible; GPTBot/1.3; +https://openai.com/gptbot)"
204.12.208.18 - - [18/Mar/2026:13:08:19 +0000] "GET /wp-includes/wpf78988/edit.php HTTP/1.1" 200 20 "https://nfsin.com/wp-includes/wpf78988/edit.php" "Mozilla/5.0 (Macintosh; U; Intel Mac OS X 10_6_3; ja-jp) AppleWebKit/533.16 (KHTML, like Gecko) Version/5.0 Safari/533.16"
74.7.243.236 - - [18/Mar/2026:13:09:53 +0000] "GET /goods.php?detail/162036242753 HTTP/2.0" 200 86546 "https://nfsin.com/goods.php?detail/276033655987" "Mozilla/5.0 AppleWebKit/537.36 (KHTML, like Gecko; compatible; GPTBot/1.3; +https://openai.com/gptbot)"
74.7.243.236 - - [18/Mar/2026:13:10:09 +0000] "GET /goods.php?detail/276013027235 HTTP/2.0" 200 85122 "https://nfsin.com/goods.php?detail/276033655987" "Mozilla/5.0 AppleWebKit/537.36 (KHTML, like Gecko; compatible; GPTBot/1.3; +https://openai.com/gptbot)"
74.7.243.236 - - [18/Mar/2026:13:10:25 +0000] "GET /goods.php?safe_search/config?return_url=%2Fproduct%2Fdetail%2Fm25200003268 HTTP/2.0" 200 85507 "https://nfsin.com/goods.php?detail/004038078784" "Mozilla/5.0 AppleWebKit/537.36 (KHTML, like Gecko; compatible; GPTBot/1.3; +https://openai.com/gptbot)"
74.7.243.236 - - [18/Mar/2026:13:10:39 +0000] "GET /goods.php?detail/199030032159 HTTP/2.0" 200 84727 "https://nfsin.com/goods.php?detail/004038078784" "Mozilla/5.0 AppleWebKit/537.36 (KHTML, like Gecko; compatible; GPTBot/1.3; +https://openai.com/gptbot)"
74.7.243.236 - - [18/Mar/2026:13:10:58 +0000] "GET /goods.php?detail/280005927580 HTTP/2.0" 200 86275 "https://nfsin.com/goods.php?detail/280004217641" "Mozilla/5.0 AppleWebKit/537.36 (KHTML, like Gecko; compatible; GPTBot/1.3; +https://openai.com/gptbot)"
69.197.179.242 - - [18/Mar/2026:13:09:52 +0000] "GET /wp-includes/wpf78988/edit.php?id=545071 HTTP/1.1" 200 20 "https://nfsin.com/wp-includes/wpf78988/edit.php?id=545071" "Mozilla/5.0 (Windows NT 10.0; Win64; x64) AppleWebKit/537.36 (KHTML, like Gecko) Chrome/58.0.3029.110 Safari/537.3"
74.7.243.236 - - [18/Mar/2026:13:11:19 +0000] "GET /goods.php?detail/192020732174 HTTP/2.0" 200 86706 "https://nfsin.com/goods.php?detail/192027429246" "Mozilla/5.0 AppleWebKit/537.36 (KHTML, like Gecko; compatible; GPTBot/1.3; +https://openai.com/gptbot)"
74.7.243.236 - - [18/Mar/2026:13:11:36 +0000] "GET /goods.php?detail/162002044572 HTTP/2.0" 200 85929 "https://nfsin.com/goods.php?detail/162000364427" "Mozilla/5.0 AppleWebKit/537.36 (KHTML, like Gecko; compatible; GPTBot/1.3; +https://openai.com/gptbot)"
74.7.243.236 - - [18/Mar/2026:13:11:53 +0000] "GET /goods.php??v=gje9bg1290prcuji HTTP/2.0" 200 86836 "https://nfsin.com/goods.php?products/hundred/o009002053" "Mozilla/5.0 AppleWebKit/537.36 (KHTML, like Gecko; compatible; GPTBot/1.3; +https://openai.com/gptbot)"
74.7.243.236 - - [18/Mar/2026:13:12:08 +0000] "GET /goods.php??b=grv9ky1352wslztltwh HTTP/2.0" 200 87151 "https://nfsin.com/goods.php??l=oebb9b2052jjzptig" "Mozilla/5.0 AppleWebKit/537.36 (KHTML, like Gecko; compatible; GPTBot/1.3; +https://openai.com/gptbot)"
74.7.243.236 - - [18/Mar/2026:13:12:23 +0000] "GET /goods.php?detail/078022818020 HTTP/2.0" 200 85748 "https://nfsin.com/goods.php?detail/180002521085" "Mozilla/5.0 AppleWebKit/537.36 (KHTML, like Gecko; compatible; GPTBot/1.3; +https://openai.com/gptbot)"
74.7.243.236 - - [18/Mar/2026:13:12:43 +0000] "GET /goods.php??c=udz9obn1368ycqruxv HTTP/2.0" 200 86827 "https://nfsin.com/goods.php??l=oebb9b2052jjzptig" "Mozilla/5.0 AppleWebKit/537.36 (KHTML, like Gecko; compatible; GPTBot/1.3; +https://openai.com/gptbot)"
69.197.179.242 - - [18/Mar/2026:13:11:22 +0000] "GET /wp-includes/wpf78988/edit.php?id=545071 HTTP/1.1" 200 20 "https://nfsin.com/wp-includes/wpf78988/edit.php?id=545071" "Mozilla/5.0 (Windows NT 10.0; Win64; x64) AppleWebKit/537.36 (KHTML, like Gecko) Chrome/58.0.3029.110 Safari/537.3"
74.7.243.236 - - [18/Mar/2026:13:13:02 +0000] "GET /goods.php?detail/009001276429 HTTP/2.0" 200 86228 "https://nfsin.com/goods.php?products/hundred/o009002053" "Mozilla/5.0 AppleWebKit/537.36 (KHTML, like Gecko; compatible; GPTBot/1.3; +https://openai.com/gptbot)"
74.7.243.236 - - [18/Mar/2026:13:13:23 +0000] "GET /goods.php?jp/276013027.html HTTP/2.0" 200 85101 "https://nfsin.com/goods.php?detail/276013027235" "Mozilla/5.0 AppleWebKit/537.36 (KHTML, like Gecko; compatible; GPTBot/1.3; +https://openai.com/gptbot)"
3.139.242.79 - - [18/Mar/2026:13:13:39 +0000] "GET / HTTP/1.1" 503 - "-" "visionheight.com/scan Mozilla/5.0 (Macintosh; Intel Mac OS X 10_15_7) Chrome/126.0.0.0 Safari/537.36"
74.7.243.236 - - [18/Mar/2026:13:13:46 +0000] "GET /goods.php?detail/009001348750 HTTP/2.0" 200 86938 "https://nfsin.com/goods.php??l=oebb9b2052jjzptig" "Mozilla/5.0 AppleWebKit/537.36 (KHTML, like Gecko; compatible; GPTBot/1.3; +https://openai.com/gptbot)"
74.7.243.236 - - [18/Mar/2026:13:14:03 +0000] "GET /goods.php?jp/020022531.html HTTP/2.0" 200 85753 "https://nfsin.com/goods.php?detail/199030032159" "Mozilla/5.0 AppleWebKit/537.36 (KHTML, like Gecko; compatible; GPTBot/1.3; +https://openai.com/gptbot)"
74.7.243.236 - - [18/Mar/2026:13:14:16 +0000] "GET /goods.php?detail/012027007793 HTTP/2.0" 200 85592 "https://nfsin.com/goods.php?detail/276013027235" "Mozilla/5.0 AppleWebKit/537.36 (KHTML, like Gecko; compatible; GPTBot/1.3; +https://openai.com/gptbot)"
69.197.179.242 - - [18/Mar/2026:13:12:52 +0000] "GET /wp-includes/wpf78988/edit.php?id=545071 HTTP/1.1" 200 20 "https://nfsin.com/wp-includes/wpf78988/edit.php?id=545071" "Mozilla/5.0 (Windows NT 10.0; Win64; x64) AppleWebKit/537.36 (KHTML, like Gecko) Chrome/58.0.3029.110 Safari/537.3"
74.7.243.236 - - [18/Mar/2026:13:14:34 +0000] "GET /goods.php?detail/192019532236 HTTP/2.0" 200 85567 "https://nfsin.com/goods.php?detail/192027429246" "Mozilla/5.0 AppleWebKit/537.36 (KHTML, like Gecko; compatible; GPTBot/1.3; +https://openai.com/gptbot)"
74.7.243.236 - - [18/Mar/2026:13:14:50 +0000] "GET /goods.php?detail/0790414480140 HTTP/2.0" 200 85657 "https://nfsin.com/goods.php?detail/162002044572" "Mozilla/5.0 AppleWebKit/537.36 (KHTML, like Gecko; compatible; GPTBot/1.3; +https://openai.com/gptbot)"
74.7.243.236 - - [18/Mar/2026:13:15:03 +0000] "GET /goods.php?pcmypage?callback=/product%2Fdetail%2m70364123567 HTTP/2.0" 200 85788 "https://nfsin.com/goods.php??v=gje9bg1290prcuji" "Mozilla/5.0 AppleWebKit/537.36 (KHTML, like Gecko; compatible; GPTBot/1.3; +https://openai.com/gptbot)"
74.7.243.236 - - [18/Mar/2026:13:15:20 +0000] "GET /goods.php??m=ihko9bvc948hczlmz HTTP/2.0" 200 85927 "https://nfsin.com/goods.php??v=gje9bg1290prcuji" "Mozilla/5.0 AppleWebKit/537.36 (KHTML, like Gecko; compatible; GPTBot/1.3; +https://openai.com/gptbot)"
74.7.243.236 - - [18/Mar/2026:13:15:41 +0000] "GET /goods.php??e=zqkm9wg198puughu HTTP/2.0" 200 86192 "https://nfsin.com/goods.php??b=grv9ky1352wslztltwh" "Mozilla/5.0 AppleWebKit/537.36 (KHTML, like Gecko; compatible; GPTBot/1.3; +https://openai.com/gptbot)"
69.197.179.242 - - [18/Mar/2026:13:14:24 +0000] "GET /wp-includes/wpf78988/edit.php?id=545071 HTTP/1.1" 200 20 "https://nfsin.com/wp-includes/wpf78988/edit.php?id=545071" "Mozilla/5.0 (Windows NT 10.0; Win64; x64) AppleWebKit/537.36 (KHTML, like Gecko) Chrome/58.0.3029.110 Safari/537.3"
74.7.243.236 - - [18/Mar/2026:13:15:53 +0000] "GET /goods.php??s=rco9gm1276vustnw HTTP/2.0" 200 86221 "https://nfsin.com/goods.php??c=udz9obn1368ycqruxv" "Mozilla/5.0 AppleWebKit/537.36 (KHTML, like Gecko; compatible; GPTBot/1.3; +https://openai.com/gptbot)"
74.7.243.236 - - [18/Mar/2026:13:16:08 +0000] "GET /goods.php?detail/009001544574 HTTP/2.0" 200 85524 "https://nfsin.com/goods.php?detail/009001276429" "Mozilla/5.0 AppleWebKit/537.36 (KHTML, like Gecko; compatible; GPTBot/1.3; +https://openai.com/gptbot)"
51.195.183.101 - - [18/Mar/2026:13:16:14 +0000] "GET /wp-includes/interactivity-api/?C=N;O=A HTTP/2.0" 200 382 "-" "Mozilla/5.0 (compatible; AhrefsBot/7.0; +http://ahrefs.com/robot/)"
74.7.243.236 - - [18/Mar/2026:13:16:21 +0000] "GET /goods.php?detail/078018307314 HTTP/2.0" 200 86154 "https://nfsin.com/goods.php?detail/078022818020" "Mozilla/5.0 AppleWebKit/537.36 (KHTML, like Gecko; compatible; GPTBot/1.3; +https://openai.com/gptbot)"
74.7.243.236 - - [18/Mar/2026:13:16:37 +0000] "GET /goods.php?detail/103037101467 HTTP/2.0" 200 86168 "https://nfsin.com/goods.php?detail/009001348750" "Mozilla/5.0 AppleWebKit/537.36 (KHTML, like Gecko; compatible; GPTBot/1.3; +https://openai.com/gptbot)"
74.7.243.236 - - [18/Mar/2026:13:16:58 +0000] "GET /goods.php?detail/020028112372 HTTP/2.0" 200 86085 "https://nfsin.com/goods.php?jp/020022531.html" "Mozilla/5.0 AppleWebKit/537.36 (KHTML, like Gecko; compatible; GPTBot/1.3; +https://openai.com/gptbot)"
74.7.243.236 - - [18/Mar/2026:13:17:16 +0000] "GET /goods.php?detail/020022531034 HTTP/2.0" 200 85835 "https://nfsin.com/goods.php?jp/020022531.html" "Mozilla/5.0 AppleWebKit/537.36 (KHTML, like Gecko; compatible; GPTBot/1.3; +https://openai.com/gptbot)"
69.197.179.242 - - [18/Mar/2026:13:15:54 +0000] "GET /wp-includes/wpf78988/edit.php?id=545071 HTTP/1.1" 200 20 "https://nfsin.com/wp-includes/wpf78988/edit.php?id=545071" "Mozilla/5.0 (Windows NT 10.0; Win64; x64) AppleWebKit/537.36 (KHTML, like Gecko) Chrome/58.0.3029.110 Safari/537.3"
74.7.243.236 - - [18/Mar/2026:13:17:31 +0000] "GET /goods.php?detail/020027952358 HTTP/2.0" 200 86785 "https://nfsin.com/goods.php?jp/020022531.html" "Mozilla/5.0 AppleWebKit/537.36 (KHTML, like Gecko; compatible; GPTBot/1.3; +https://openai.com/gptbot)"
74.7.243.236 - - [18/Mar/2026:13:17:44 +0000] "GET /goods.php?detail/015034001021 HTTP/2.0" 200 86642 "https://nfsin.com/goods.php?detail/0790414480140" "Mozilla/5.0 AppleWebKit/537.36 (KHTML, like Gecko; compatible; GPTBot/1.3; +https://openai.com/gptbot)"
74.7.243.236 - - [18/Mar/2026:13:17:56 +0000] "GET /goods.php?detail/078018459843 HTTP/2.0" 200 85666 "https://nfsin.com/goods.php?detail/078022818020" "Mozilla/5.0 AppleWebKit/537.36 (KHTML, like Gecko; compatible; GPTBot/1.3; +https://openai.com/gptbot)"
74.7.243.236 - - [18/Mar/2026:13:18:10 +0000] "GET /goods.php?detail/162002027538 HTTP/2.0" 200 85777 "https://nfsin.com/goods.php?detail/162000364427" "Mozilla/5.0 AppleWebKit/537.36 (KHTML, like Gecko; compatible; GPTBot/1.3; +https://openai.com/gptbot)"
74.7.243.236 - - [18/Mar/2026:13:18:24 +0000] "GET /goods.php?detail/2760018768006 HTTP/2.0" 200 85455 "https://nfsin.com/goods.php?jp/276013027.html" "Mozilla/5.0 AppleWebKit/537.36 (KHTML, like Gecko; compatible; GPTBot/1.3; +https://openai.com/gptbot)"
74.7.228.1 - - [18/Mar/2026:13:18:28 +0000] "GET /robots.txt HTTP/2.0" 200 124 "-" "Mozilla/5.0 (Macintosh; Intel Mac OS X 10_15_7) AppleWebKit/537.36 (KHTML, like Gecko) Chrome/131.0.0.0 Safari/537.36; compatible; OAI-SearchBot/1.3; robots.txt; +https://openai.com/searchbot"
74.7.243.236 - - [18/Mar/2026:13:18:42 +0000] "GET /goods.php??m=mzv60am28297ovqspd HTTP/2.0" 200 85882 "https://nfsin.com/goods.php??s=rco9gm1276vustnw" "Mozilla/5.0 AppleWebKit/537.36 (KHTML, like Gecko; compatible; GPTBot/1.3; +https://openai.com/gptbot)"
69.197.179.242 - - [18/Mar/2026:13:17:25 +0000] "GET /wp-includes/wpf78988/edit.php?id=545071 HTTP/1.1" 200 20 "https://nfsin.com/wp-includes/wpf78988/edit.php?id=545071" "Mozilla/5.0 (Windows NT 10.0; Win64; x64) AppleWebKit/537.36 (KHTML, like Gecko) Chrome/58.0.3029.110 Safari/537.3"
74.7.243.236 - - [18/Mar/2026:13:18:58 +0000] "GET /goods.php?detail/276049030304 HTTP/2.0" 200 85418 "https://nfsin.com/goods.php?detail/009001544574" "Mozilla/5.0 AppleWebKit/537.36 (KHTML, like Gecko; compatible; GPTBot/1.3; +https://openai.com/gptbot)"
74.7.243.236 - - [18/Mar/2026:13:19:17 +0000] "GET /goods.php?detail/197007352195 HTTP/2.0" 200 87085 "https://nfsin.com/goods.php?detail/100025946461" "Mozilla/5.0 AppleWebKit/537.36 (KHTML, like Gecko; compatible; GPTBot/1.3; +https://openai.com/gptbot)"
74.7.243.236 - - [18/Mar/2026:13:19:35 +0000] "GET /goods.php?detail/103001095818 HTTP/2.0" 200 85542 "https://nfsin.com/goods.php?detail/103037101467" "Mozilla/5.0 AppleWebKit/537.36 (KHTML, like Gecko; compatible; GPTBot/1.3; +https://openai.com/gptbot)"
74.7.243.236 - - [18/Mar/2026:13:19:52 +0000] "GET /goods.php?detail/023003614448 HTTP/2.0" 200 85273 "https://nfsin.com/goods.php?detail/276033655987" "Mozilla/5.0 AppleWebKit/537.36 (KHTML, like Gecko; compatible; GPTBot/1.3; +https://openai.com/gptbot)"
74.7.243.236 - - [18/Mar/2026:13:20:07 +0000] "GET /goods.php?detail/162000386415 HTTP/2.0" 200 86152 "https://nfsin.com/goods.php?detail/162002044572" "Mozilla/5.0 AppleWebKit/537.36 (KHTML, like Gecko; compatible; GPTBot/1.3; +https://openai.com/gptbot)"
69.197.179.242 - - [18/Mar/2026:13:18:56 +0000] "GET /wp-includes/wpf78988/edit.php?id=545071 HTTP/1.1" 200 20 "https://nfsin.com/wp-includes/wpf78988/edit.php?id=545071" "Mozilla/5.0 (Windows NT 10.0; Win64; x64) AppleWebKit/537.36 (KHTML, like Gecko) Chrome/58.0.3029.110 Safari/537.3"
74.7.243.236 - - [18/Mar/2026:13:20:23 +0000] "GET /goods.php?detail/020014172407 HTTP/2.0" 200 85561 "https://nfsin.com/goods.php?detail/020027952358" "Mozilla/5.0 AppleWebKit/537.36 (KHTML, like Gecko; compatible; GPTBot/1.3; +https://openai.com/gptbot)"
74.7.243.236 - - [18/Mar/2026:13:20:42 +0000] "GET /goods.php?products/news/n060007006 HTTP/2.0" 200 85707 "https://nfsin.com/goods.php??v=gje9bg1290prcuji" "Mozilla/5.0 AppleWebKit/537.36 (KHTML, like Gecko; compatible; GPTBot/1.3; +https://openai.com/gptbot)"
74.7.243.236 - - [18/Mar/2026:13:20:58 +0000] "GET /goods.php?detail/078006619065 HTTP/2.0" 200 86104 "https://nfsin.com/goods.php?detail/078018459843" "Mozilla/5.0 AppleWebKit/537.36 (KHTML, like Gecko; compatible; GPTBot/1.3; +https://openai.com/gptbot)"
74.7.243.236 - - [18/Mar/2026:13:21:13 +0000] "GET /goods.php??l=bnd9t968xmcyrjvn HTTP/2.0" 200 86154 "https://nfsin.com/goods.php??v=gje9bg1290prcuji" "Mozilla/5.0 AppleWebKit/537.36 (KHTML, like Gecko; compatible; GPTBot/1.3; +https://openai.com/gptbot)"
74.7.243.236 - - [18/Mar/2026:13:21:26 +0000] "GET /goods.php?detail/053046200216 HTTP/2.0" 200 85269 "https://nfsin.com/goods.php?detail/227022351333" "Mozilla/5.0 AppleWebKit/537.36 (KHTML, like Gecko; compatible; GPTBot/1.3; +https://openai.com/gptbot)"
74.7.243.236 - - [18/Mar/2026:13:21:41 +0000] "GET /goods.php??m=xpo60s16311xrqper HTTP/2.0" 200 86799 "https://nfsin.com/goods.php??m=mzv60am28297ovqspd" "Mozilla/5.0 AppleWebKit/537.36 (KHTML, like Gecko; compatible; GPTBot/1.3; +https://openai.com/gptbot)"
69.197.179.242 - - [18/Mar/2026:13:20:26 +0000] "GET /wp-includes/wpf78988/edit.php?id=545071 HTTP/1.1" 200 20 "https://nfsin.com/wp-includes/wpf78988/edit.php?id=545071" "Mozilla/5.0 (Windows NT 10.0; Win64; x64) AppleWebKit/537.36 (KHTML, like Gecko) Chrome/58.0.3029.110 Safari/537.3"
74.7.243.236 - - [18/Mar/2026:13:22:02 +0000] "GET /goods.php?detail/119030378978 HTTP/2.0" 200 85810 "https://nfsin.com/goods.php?detail/276049030304" "Mozilla/5.0 AppleWebKit/537.36 (KHTML, like Gecko; compatible; GPTBot/1.3; +https://openai.com/gptbot)"
74.7.243.236 - - [18/Mar/2026:13:22:17 +0000] "GET /goods.php?detail/024002089621 HTTP/2.0" 200 87303 "https://nfsin.com/goods.php?detail/276049030304" "Mozilla/5.0 AppleWebKit/537.36 (KHTML, like Gecko; compatible; GPTBot/1.3; +https://openai.com/gptbot)"
74.7.243.236 - - [18/Mar/2026:13:22:32 +0000] "GET /goods.php?detail/129039550345 HTTP/2.0" 200 85411 "https://nfsin.com/goods.php?detail/197007352195" "Mozilla/5.0 AppleWebKit/537.36 (KHTML, like Gecko; compatible; GPTBot/1.3; +https://openai.com/gptbot)"
74.7.243.236 - - [18/Mar/2026:13:22:47 +0000] "GET /goods.php?detail/1030098091302 HTTP/2.0" 200 85607 "https://nfsin.com/goods.php?detail/103001095818" "Mozilla/5.0 AppleWebKit/537.36 (KHTML, like Gecko; compatible; GPTBot/1.3; +https://openai.com/gptbot)"
74.7.243.236 - - [18/Mar/2026:13:23:11 +0000] "GET /goods.php??i=eow7msb8234tukpeitlb HTTP/2.0" 200 87074 "https://nfsin.com/goods.php??m=mzv60am28297ovqspd" "Mozilla/5.0 AppleWebKit/537.36 (KHTML, like Gecko; compatible; GPTBot/1.3; +https://openai.com/gptbot)"
69.197.179.242 - - [18/Mar/2026:13:21:57 +0000] "GET /wp-includes/wpf78988/edit.php?id=545071 HTTP/1.1" 200 20 "https://nfsin.com/wp-includes/wpf78988/edit.php?id=545071" "Mozilla/5.0 (Windows NT 10.0; Win64; x64) AppleWebKit/537.36 (KHTML, like Gecko) Chrome/58.0.3029.110 Safari/537.3"
74.7.243.236 - - [18/Mar/2026:13:23:29 +0000] "GET /goods.php?detail/020002771447 HTTP/2.0" 200 85672 "https://nfsin.com/goods.php?detail/020014172407" "Mozilla/5.0 AppleWebKit/537.36 (KHTML, like Gecko; compatible; GPTBot/1.3; +https://openai.com/gptbot)"
74.7.243.236 - - [18/Mar/2026:13:23:46 +0000] "GET /goods.php?detail/003014905645 HTTP/2.0" 200 85947 "https://nfsin.com/goods.php?detail/0030193065006" "Mozilla/5.0 AppleWebKit/537.36 (KHTML, like Gecko; compatible; GPTBot/1.3; +https://openai.com/gptbot)"
74.7.243.236 - - [18/Mar/2026:13:24:06 +0000] "GET /goods.php?detail/078017889324 HTTP/2.0" 200 87193 "https://nfsin.com/goods.php?detail/078006619065" "Mozilla/5.0 AppleWebKit/537.36 (KHTML, like Gecko; compatible; GPTBot/1.3; +https://openai.com/gptbot)"
74.7.243.236 - - [18/Mar/2026:13:24:26 +0000] "GET /goods.php??x=aeg276uoh48829bjcdry HTTP/2.0" 200 86238 "https://nfsin.com/goods.php??l=bnd9t968xmcyrjvn" "Mozilla/5.0 AppleWebKit/537.36 (KHTML, like Gecko; compatible; GPTBot/1.3; +https://openai.com/gptbot)"
74.7.243.236 - - [18/Mar/2026:13:24:44 +0000] "GET /goods.php??v=tcho9xb2238ifcylhv HTTP/2.0" 200 86661 "https://nfsin.com/goods.php??l=bnd9t968xmcyrjvn" "Mozilla/5.0 AppleWebKit/537.36 (KHTML, like Gecko; compatible; GPTBot/1.3; +https://openai.com/gptbot)"
69.197.179.242 - - [18/Mar/2026:13:23:29 +0000] "GET /wp-includes/wpf78988/edit.php?id=545071 HTTP/1.1" 200 20 "https://nfsin.com/wp-includes/wpf78988/edit.php?id=545071" "Mozilla/5.0 (Windows NT 10.0; Win64; x64) AppleWebKit/537.36 (KHTML, like Gecko) Chrome/58.0.3029.110 Safari/537.3"
74.7.243.236 - - [18/Mar/2026:13:25:04 +0000] "GET /goods.php?detail/136017020263 HTTP/2.0" 200 85001 "https://nfsin.com/goods.php?detail/053046200216" "Mozilla/5.0 AppleWebKit/537.36 (KHTML, like Gecko; compatible; GPTBot/1.3; +https://openai.com/gptbot)"
74.7.243.236 - - [18/Mar/2026:13:25:23 +0000] "GET /goods.php?detail/0530035371133 HTTP/2.0" 200 85914 "https://nfsin.com/goods.php?detail/053046200216" "Mozilla/5.0 AppleWebKit/537.36 (KHTML, like Gecko; compatible; GPTBot/1.3; +https://openai.com/gptbot)"
74.7.243.236 - - [18/Mar/2026:13:25:36 +0000] "GET /goods.php?detail/123043253326 HTTP/2.0" 200 86022 "https://nfsin.com/goods.php?detail/024002089621" "Mozilla/5.0 AppleWebKit/537.36 (KHTML, like Gecko; compatible; GPTBot/1.3; +https://openai.com/gptbot)"
74.7.243.236 - - [18/Mar/2026:13:25:50 +0000] "GET /goods.php?jp/272042767.html HTTP/2.0" 200 87234 "https://nfsin.com/goods.php?detail/129039550345" "Mozilla/5.0 AppleWebKit/537.36 (KHTML, like Gecko; compatible; GPTBot/1.3; +https://openai.com/gptbot)"
74.7.243.236 - - [18/Mar/2026:13:26:03 +0000] "GET /goods.php??s=kdqy9c2212mngsvti HTTP/2.0" 200 86707 "https://nfsin.com/goods.php??l=bnd9t968xmcyrjvn" "Mozilla/5.0 AppleWebKit/537.36 (KHTML, like Gecko; compatible; GPTBot/1.3; +https://openai.com/gptbot)"
74.7.243.236 - - [18/Mar/2026:13:26:18 +0000] "GET /goods.php??v=wqb7tahhd3022bqqfvbv HTTP/2.0" 200 86670 "https://nfsin.com/goods.php??i=eow7msb8234tukpeitlb" "Mozilla/5.0 AppleWebKit/537.36 (KHTML, like Gecko; compatible; GPTBot/1.3; +https://openai.com/gptbot)"
69.197.179.242 - - [18/Mar/2026:13:25:00 +0000] "GET /wp-includes/wpf78988/edit.php?id=545071 HTTP/1.1" 200 20 "https://nfsin.com/wp-includes/wpf78988/edit.php?id=545071" "Mozilla/5.0 (Windows NT 10.0; Win64; x64) AppleWebKit/537.36 (KHTML, like Gecko) Chrome/58.0.3029.110 Safari/537.3"
74.7.243.236 - - [18/Mar/2026:13:26:32 +0000] "GET /goods.php?detail/020012077561 HTTP/2.0" 200 85712 "https://nfsin.com/goods.php?detail/020002771447" "Mozilla/5.0 AppleWebKit/537.36 (KHTML, like Gecko; compatible; GPTBot/1.3; +https://openai.com/gptbot)"
74.7.243.236 - - [18/Mar/2026:13:26:45 +0000] "GET /goods.php?pcmypage?callback=product/review/m81802898370 HTTP/2.0" 200 85893 "https://nfsin.com/goods.php?detail/003014905645" "Mozilla/5.0 AppleWebKit/537.36 (KHTML, like Gecko; compatible; GPTBot/1.3; +https://openai.com/gptbot)"
74.7.243.236 - - [18/Mar/2026:13:26:59 +0000] "GET /goods.php?jp/078015523.html HTTP/2.0" 200 86454 "https://nfsin.com/goods.php?detail/078017889324" "Mozilla/5.0 AppleWebKit/537.36 (KHTML, like Gecko; compatible; GPTBot/1.3; +https://openai.com/gptbot)"
74.7.243.236 - - [18/Mar/2026:13:27:11 +0000] "GET /goods.php??d=ezf60vgt21133pcoemn HTTP/2.0" 200 86204 "https://nfsin.com/goods.php??m=xpo60s16311xrqper" "Mozilla/5.0 AppleWebKit/537.36 (KHTML, like Gecko; compatible; GPTBot/1.3; +https://openai.com/gptbot)"
74.7.243.236 - - [18/Mar/2026:13:27:26 +0000] "GET /goods.php??s=kgezj9m2256uyiqrlmwp HTTP/2.0" 200 86142 "https://nfsin.com/goods.php??v=tcho9xb2238ifcylhv" "Mozilla/5.0 AppleWebKit/537.36 (KHTML, like Gecko; compatible; GPTBot/1.3; +https://openai.com/gptbot)"
74.7.243.236 - - [18/Mar/2026:13:27:40 +0000] "GET /goods.php?detail/2250375544547 HTTP/2.0" 200 86252 "https://nfsin.com/goods.php?detail/129039550345" "Mozilla/5.0 AppleWebKit/537.36 (KHTML, like Gecko; compatible; GPTBot/1.3; +https://openai.com/gptbot)"
74.7.243.236 - - [18/Mar/2026:13:27:53 +0000] "GET /goods.php?detail/0530006047540 HTTP/2.0" 200 85794 "https://nfsin.com/goods.php?detail/0530035371133" "Mozilla/5.0 AppleWebKit/537.36 (KHTML, like Gecko; compatible; GPTBot/1.3; +https://openai.com/gptbot)"
69.197.179.242 - - [18/Mar/2026:13:26:32 +0000] "GET /wp-includes/wpf78988/edit.php?id=545071 HTTP/1.1" 200 20 "https://nfsin.com/wp-includes/wpf78988/edit.php?id=545071" "Mozilla/5.0 (Windows NT 10.0; Win64; x64) AppleWebKit/537.36 (KHTML, like Gecko) Chrome/58.0.3029.110 Safari/537.3"
74.7.243.236 - - [18/Mar/2026:13:28:04 +0000] "GET /goods.php?detail/123037244022 HTTP/2.0" 200 85541 "https://nfsin.com/goods.php?detail/123043253326" "Mozilla/5.0 AppleWebKit/537.36 (KHTML, like Gecko; compatible; GPTBot/1.3; +https://openai.com/gptbot)"
74.7.243.236 - - [18/Mar/2026:13:28:18 +0000] "GET /goods.php?goods/031006176 HTTP/2.0" 200 86127 "https://nfsin.com/goods.php?jp/272042767.html" "Mozilla/5.0 AppleWebKit/537.36 (KHTML, like Gecko; compatible; GPTBot/1.3; +https://openai.com/gptbot)"
74.7.243.236 - - [18/Mar/2026:13:28:35 +0000] "GET /goods.php?detail/272042767114 HTTP/2.0" 200 87126 "https://nfsin.com/goods.php?jp/272042767.html" "Mozilla/5.0 AppleWebKit/537.36 (KHTML, like Gecko; compatible; GPTBot/1.3; +https://openai.com/gptbot)"
74.7.243.236 - - [18/Mar/2026:13:28:49 +0000] "GET /goods.php?detail/007001950410 HTTP/2.0" 200 85734 "https://nfsin.com/goods.php??v=wqb7tahhd3022bqqfvbv" "Mozilla/5.0 AppleWebKit/537.36 (KHTML, like Gecko; compatible; GPTBot/1.3; +https://openai.com/gptbot)"
74.7.243.236 - - [18/Mar/2026:13:29:04 +0000] "GET /goods.php?detail/020008627788 HTTP/2.0" 200 86436 "https://nfsin.com/goods.php?detail/020012077561" "Mozilla/5.0 AppleWebKit/537.36 (KHTML, like Gecko; compatible; GPTBot/1.3; +https://openai.com/gptbot)"
74.7.243.236 - - [18/Mar/2026:13:29:18 +0000] "GET /goods.php??g=div79ga13636geqloh HTTP/2.0" 200 85991 "https://nfsin.com/goods.php??v=wqb7tahhd3022bqqfvbv" "Mozilla/5.0 AppleWebKit/537.36 (KHTML, like Gecko; compatible; GPTBot/1.3; +https://openai.com/gptbot)"
69.197.179.242 - - [18/Mar/2026:13:28:03 +0000] "GET /wp-includes/wpf78988/edit.php?id=545071 HTTP/1.1" 200 20 "https://nfsin.com/wp-includes/wpf78988/edit.php?id=545071" "Mozilla/5.0 (Windows NT 10.0; Win64; x64) AppleWebKit/537.36 (KHTML, like Gecko) Chrome/58.0.3029.110 Safari/537.3"
74.7.243.236 - - [18/Mar/2026:13:29:36 +0000] "GET /goods.php?detail/104045719650 HTTP/2.0" 200 87103 "https://nfsin.com/goods.php?detail/0530035371133" "Mozilla/5.0 AppleWebKit/537.36 (KHTML, like Gecko; compatible; GPTBot/1.3; +https://openai.com/gptbot)"
74.7.243.236 - - [18/Mar/2026:13:29:50 +0000] "GET /goods.php??z=fhf60lbe16219iwqvnkr HTTP/2.0" 200 85646 "https://nfsin.com/goods.php??d=ezf60vgt21133pcoemn" "Mozilla/5.0 AppleWebKit/537.36 (KHTML, like Gecko; compatible; GPTBot/1.3; +https://openai.com/gptbot)"
74.7.243.236 - - [18/Mar/2026:13:30:02 +0000] "GET /goods.php?product/edit/m43544098161 HTTP/2.0" 200 85182 "https://nfsin.com/goods.php?detail/1030098091302" "Mozilla/5.0 AppleWebKit/537.36 (KHTML, like Gecko; compatible; GPTBot/1.3; +https://openai.com/gptbot)"
43.135.133.194 - - [18/Mar/2026:13:30:07 +0000] "GET / HTTP/1.1" 200 17797 "http://nfsin.com" "Mozilla/5.0 (iPhone; CPU iPhone OS 13_2_3 like Mac OS X) AppleWebKit/605.1.15 (KHTML, like Gecko) Version/13.0.3 Mobile/15E148 Safari/604.1"
74.7.243.236 - - [18/Mar/2026:13:30:17 +0000] "GET /goods.php?detail/225018189963 HTTP/2.0" 200 86592 "https://nfsin.com/goods.php?detail/2250375544547" "Mozilla/5.0 AppleWebKit/537.36 (KHTML, like Gecko; compatible; GPTBot/1.3; +https://openai.com/gptbot)"
74.7.243.236 - - [18/Mar/2026:13:30:35 +0000] "GET /goods.php??u=ifcyl9zw2240gwojctyh HTTP/2.0" 200 85999 "https://nfsin.com/goods.php??l=bnd9t968xmcyrjvn" "Mozilla/5.0 AppleWebKit/537.36 (KHTML, like Gecko; compatible; GPTBot/1.3; +https://openai.com/gptbot)"
74.7.243.236 - - [18/Mar/2026:13:30:49 +0000] "GET /goods.php?detail/123003974124 HTTP/2.0" 200 85837 "https://nfsin.com/goods.php?detail/123037244022" "Mozilla/5.0 AppleWebKit/537.36 (KHTML, like Gecko; compatible; GPTBot/1.3; +https://openai.com/gptbot)"
74.7.243.236 - - [18/Mar/2026:13:31:00 +0000] "GET /goods.php?detail/031000166695 HTTP/2.0" 200 85738 "https://nfsin.com/goods.php?goods/031006176" "Mozilla/5.0 AppleWebKit/537.36 (KHTML, like Gecko; compatible; GPTBot/1.3; +https://openai.com/gptbot)"
69.197.179.242 - - [18/Mar/2026:13:29:35 +0000] "GET /wp-includes/wpf78988/edit.php?id=545071 HTTP/1.1" 200 20 "https://nfsin.com/wp-includes/wpf78988/edit.php?id=545071" "Mozilla/5.0 (Windows NT 10.0; Win64; x64) AppleWebKit/537.36 (KHTML, like Gecko) Chrome/58.0.3029.110 Safari/537.3"
74.7.243.236 - - [18/Mar/2026:13:31:13 +0000] "GET /goods.php?detail/296029969677 HTTP/2.0" 200 85774 "https://nfsin.com/goods.php?detail/272042767114" "Mozilla/5.0 AppleWebKit/537.36 (KHTML, like Gecko; compatible; GPTBot/1.3; +https://openai.com/gptbot)"
74.7.243.236 - - [18/Mar/2026:13:31:27 +0000] "GET /goods.php?jp/284031506.html HTTP/2.0" 200 85319 "https://nfsin.com/goods.php?detail/007001950410" "Mozilla/5.0 AppleWebKit/537.36 (KHTML, like Gecko; compatible; GPTBot/1.3; +https://openai.com/gptbot)"
74.7.243.236 - - [18/Mar/2026:13:31:40 +0000] "GET /goods.php?detail/007002557085 HTTP/2.0" 200 86049 "https://nfsin.com/goods.php?detail/007001950410" "Mozilla/5.0 AppleWebKit/537.36 (KHTML, like Gecko; compatible; GPTBot/1.3; +https://openai.com/gptbot)"
74.7.243.236 - - [18/Mar/2026:13:31:54 +0000] "GET /goods.php?detail/007003155178 HTTP/2.0" 200 86538 "https://nfsin.com/goods.php?detail/007001950410" "Mozilla/5.0 AppleWebKit/537.36 (KHTML, like Gecko; compatible; GPTBot/1.3; +https://openai.com/gptbot)"
74.7.243.236 - - [18/Mar/2026:13:32:06 +0000] "GET /goods.php?detail/187039307603 HTTP/2.0" 200 85083 "https://nfsin.com/goods.php?goods/031006176" "Mozilla/5.0 AppleWebKit/537.36 (KHTML, like Gecko; compatible; GPTBot/1.3; +https://openai.com/gptbot)"
74.7.243.236 - - [18/Mar/2026:13:32:19 +0000] "GET /goods.php?pcmypage?callback=product%2Fdetail%2Fm62903520286 HTTP/2.0" 200 85317 "https://nfsin.com/goods.php??z=fhf60lbe16219iwqvnkr" "Mozilla/5.0 AppleWebKit/537.36 (KHTML, like Gecko; compatible; GPTBot/1.3; +https://openai.com/gptbot)"
74.7.243.236 - - [18/Mar/2026:13:32:34 +0000] "GET /goods.php??z=umom60n18957gjrwcw HTTP/2.0" 200 86207 "https://nfsin.com/goods.php??z=fhf60lbe16219iwqvnkr" "Mozilla/5.0 AppleWebKit/537.36 (KHTML, like Gecko; compatible; GPTBot/1.3; +https://openai.com/gptbot)"
69.197.179.242 - - [18/Mar/2026:13:31:05 +0000] "GET /wp-includes/wpf78988/edit.php?id=545071 HTTP/1.1" 200 20 "https://nfsin.com/wp-includes/wpf78988/edit.php?id=545071" "Mozilla/5.0 (Windows NT 10.0; Win64; x64) AppleWebKit/537.36 (KHTML, like Gecko) Chrome/58.0.3029.110 Safari/537.3"
74.7.243.236 - - [18/Mar/2026:13:32:48 +0000] "GET /goods.php?detail/060019016478 HTTP/2.0" 200 87289 "https://nfsin.com/goods.php??z=fhf60lbe16219iwqvnkr" "Mozilla/5.0 AppleWebKit/537.36 (KHTML, like Gecko; compatible; GPTBot/1.3; +https://openai.com/gptbot)"
74.7.243.236 - - [18/Mar/2026:13:33:01 +0000] "GET /goods.php?detail/172022404741 HTTP/2.0" 200 85776 "https://nfsin.com/goods.php?detail/225018189963" "Mozilla/5.0 AppleWebKit/537.36 (KHTML, like Gecko; compatible; GPTBot/1.3; +https://openai.com/gptbot)"
74.7.243.236 - - [18/Mar/2026:13:33:13 +0000] "GET /goods.php?goods/123038980 HTTP/2.0" 200 85857 "https://nfsin.com/goods.php?detail/123003974124" "Mozilla/5.0 AppleWebKit/537.36 (KHTML, like Gecko; compatible; GPTBot/1.3; +https://openai.com/gptbot)"
74.7.243.236 - - [18/Mar/2026:13:33:29 +0000] "GET /goods.php?detail/262024825222 HTTP/2.0" 200 84854 "https://nfsin.com/goods.php?detail/272042767114" "Mozilla/5.0 AppleWebKit/537.36 (KHTML, like Gecko; compatible; GPTBot/1.3; +https://openai.com/gptbot)"
74.7.243.236 - - [18/Mar/2026:13:33:46 +0000] "GET /goods.php?detail/296001776000 HTTP/2.0" 200 85778 "https://nfsin.com/goods.php?detail/296029969677" "Mozilla/5.0 AppleWebKit/537.36 (KHTML, like Gecko; compatible; GPTBot/1.3; +https://openai.com/gptbot)"
74.7.243.236 - - [18/Mar/2026:13:34:00 +0000] "GET /goods.php?jp/099004609.html HTTP/2.0" 200 86670 "https://nfsin.com/goods.php?jp/284031506.html" "Mozilla/5.0 AppleWebKit/537.36 (KHTML, like Gecko; compatible; GPTBot/1.3; +https://openai.com/gptbot)"
69.197.179.242 - - [18/Mar/2026:13:32:40 +0000] "GET /wp-includes/wpf78988/edit.php?id=545071 HTTP/1.1" 200 20 "https://nfsin.com/wp-includes/wpf78988/edit.php?id=545071" "Mozilla/5.0 (Windows NT 10.0; Win64; x64) AppleWebKit/537.36 (KHTML, like Gecko) Chrome/58.0.3029.110 Safari/537.3"
74.7.243.236 - - [18/Mar/2026:13:34:18 +0000] "GET /goods.php?detail/062033078300 HTTP/2.0" 200 85328 "https://nfsin.com/goods.php?detail/007002557085" "Mozilla/5.0 AppleWebKit/537.36 (KHTML, like Gecko; compatible; GPTBot/1.3; +https://openai.com/gptbot)"
74.7.243.236 - - [18/Mar/2026:13:34:39 +0000] "GET /goods.php?pcmypage?callback=product/review/m95509575478 HTTP/2.0" 200 85939 "https://nfsin.com/goods.php?detail/007003155178" "Mozilla/5.0 AppleWebKit/537.36 (KHTML, like Gecko; compatible; GPTBot/1.3; +https://openai.com/gptbot)"
74.7.243.236 - - [18/Mar/2026:13:34:50 +0000] "GET /goods.php?pcmypage?callback=/product%2Fdetail%2m95509575478 HTTP/2.0" 200 86951 "https://nfsin.com/goods.php?detail/007003155178" "Mozilla/5.0 AppleWebKit/537.36 (KHTML, like Gecko; compatible; GPTBot/1.3; +https://openai.com/gptbot)"
74.7.243.236 - - [18/Mar/2026:13:35:01 +0000] "GET /goods.php?detail/007003270528 HTTP/2.0" 200 86949 "https://nfsin.com/goods.php?pcmypage?callback=product%2Fdetail%2Fm62903520286" "Mozilla/5.0 AppleWebKit/537.36 (KHTML, like Gecko; compatible; GPTBot/1.3; +https://openai.com/gptbot)"
74.7.243.236 - - [18/Mar/2026:13:35:13 +0000] "GET /goods.php??x=kkp91bm48884ftppuw HTTP/2.0" 200 86770 "https://nfsin.com/goods.php?pcmypage?callback=product%2Fdetail%2Fm62903520286" "Mozilla/5.0 AppleWebKit/537.36 (KHTML, like Gecko; compatible; GPTBot/1.3; +https://openai.com/gptbot)"
74.7.243.236 - - [18/Mar/2026:13:35:25 +0000] "GET /goods.php?detail/186029188206 HTTP/2.0" 200 86219 "https://nfsin.com/goods.php?detail/060019016478" "Mozilla/5.0 AppleWebKit/537.36 (KHTML, like Gecko; compatible; GPTBot/1.3; +https://openai.com/gptbot)"
69.197.179.242 - - [18/Mar/2026:13:34:10 +0000] "GET /wp-includes/wpf78988/edit.php?id=545071 HTTP/1.1" 200 20 "https://nfsin.com/wp-includes/wpf78988/edit.php?id=545071" "Mozilla/5.0 (Windows NT 10.0; Win64; x64) AppleWebKit/537.36 (KHTML, like Gecko) Chrome/58.0.3029.110 Safari/537.3"
74.7.243.236 - - [18/Mar/2026:13:35:37 +0000] "GET /goods.php?detail/159020884885 HTTP/2.0" 200 85512 "https://nfsin.com/goods.php?detail/060019016478" "Mozilla/5.0 AppleWebKit/537.36 (KHTML, like Gecko; compatible; GPTBot/1.3; +https://openai.com/gptbot)"
74.7.243.236 - - [18/Mar/2026:13:35:48 +0000] "GET /goods.php?detail/123018199309 HTTP/2.0" 200 85922 "https://nfsin.com/goods.php?goods/123038980" "Mozilla/5.0 AppleWebKit/537.36 (KHTML, like Gecko; compatible; GPTBot/1.3; +https://openai.com/gptbot)"
74.7.243.236 - - [18/Mar/2026:13:35:59 +0000] "GET /goods.php??m=itr237anun3540wnwetz HTTP/2.0" 200 86064 "https://nfsin.com/goods.php??g=div79ga13636geqloh" "Mozilla/5.0 AppleWebKit/537.36 (KHTML, like Gecko; compatible; GPTBot/1.3; +https://openai.com/gptbot)"
74.7.243.236 - - [18/Mar/2026:13:36:14 +0000] "GET /goods.php?detail/100019770334 HTTP/2.0" 200 87155 "https://nfsin.com/goods.php?detail/296001776000" "Mozilla/5.0 AppleWebKit/537.36 (KHTML, like Gecko; compatible; GPTBot/1.3; +https://openai.com/gptbot)"
74.7.243.236 - - [18/Mar/2026:13:36:31 +0000] "GET /goods.php?detail/099000160729 HTTP/2.0" 200 86871 "https://nfsin.com/goods.php?jp/099004609.html" "Mozilla/5.0 AppleWebKit/537.36 (KHTML, like Gecko; compatible; GPTBot/1.3; +https://openai.com/gptbot)"
74.7.243.236 - - [18/Mar/2026:13:36:45 +0000] "GET /goods.php?detail/099004609789 HTTP/2.0" 200 86655 "https://nfsin.com/goods.php?jp/099004609.html" "Mozilla/5.0 AppleWebKit/537.36 (KHTML, like Gecko; compatible; GPTBot/1.3; +https://openai.com/gptbot)"
74.7.243.236 - - [18/Mar/2026:13:37:04 +0000] "GET /goods.php?detail/280036362479 HTTP/2.0" 200 87259 "https://nfsin.com/goods.php?jp/099004609.html" "Mozilla/5.0 AppleWebKit/537.36 (KHTML, like Gecko; compatible; GPTBot/1.3; +https://openai.com/gptbot)"
69.197.179.242 - - [18/Mar/2026:13:35:40 +0000] "GET /wp-includes/wpf78988/edit.php?id=545071 HTTP/1.1" 200 20 "https://nfsin.com/wp-includes/wpf78988/edit.php?id=545071" "Mozilla/5.0 (Windows NT 10.0; Win64; x64) AppleWebKit/537.36 (KHTML, like Gecko) Chrome/58.0.3029.110 Safari/537.3"
74.7.243.236 - - [18/Mar/2026:13:37:21 +0000] "GET /goods.php??z=yrv26ti5171kgdcqpum HTTP/2.0" 200 86921 "https://nfsin.com/goods.php?pcmypage?callback=/product%2Fdetail%2m95509575478" "Mozilla/5.0 AppleWebKit/537.36 (KHTML, like Gecko; compatible; GPTBot/1.3; +https://openai.com/gptbot)"
74.7.243.236 - - [18/Mar/2026:13:37:35 +0000] "GET /goods.php?detail/141044067117 HTTP/2.0" 200 86781 "https://nfsin.com/goods.php?detail/007003270528" "Mozilla/5.0 AppleWebKit/537.36 (KHTML, like Gecko; compatible; GPTBot/1.3; +https://openai.com/gptbot)"
74.7.243.236 - - [18/Mar/2026:13:37:50 +0000] "GET /goods.php??h=fmt91p430vcmbenjdh HTTP/2.0" 200 86270 "https://nfsin.com/goods.php??x=kkp91bm48884ftppuw" "Mozilla/5.0 AppleWebKit/537.36 (KHTML, like Gecko; compatible; GPTBot/1.3; +https://openai.com/gptbot)"
74.7.243.236 - - [18/Mar/2026:13:38:04 +0000] "GET /goods.php?detail/091000197495 HTTP/2.0" 200 85856 "https://nfsin.com/goods.php??x=kkp91bm48884ftppuw" "Mozilla/5.0 AppleWebKit/537.36 (KHTML, like Gecko; compatible; GPTBot/1.3; +https://openai.com/gptbot)"
74.7.243.236 - - [18/Mar/2026:13:38:23 +0000] "GET /goods.php??t=uvfj26dbae631cowdcn HTTP/2.0" 200 86845 "https://nfsin.com/goods.php?pcmypage?callback=/product%2Fdetail%2m95509575478" "Mozilla/5.0 AppleWebKit/537.36 (KHTML, like Gecko; compatible; GPTBot/1.3; +https://openai.com/gptbot)"
69.197.179.242 - - [18/Mar/2026:13:37:14 +0000] "GET /wp-includes/wpf78988/edit.php?id=545071 HTTP/1.1" 200 20 "https://nfsin.com/wp-includes/wpf78988/edit.php?id=545071" "Mozilla/5.0 (Windows NT 10.0; Win64; x64) AppleWebKit/537.36 (KHTML, like Gecko) Chrome/58.0.3029.110 Safari/537.3"
74.7.243.236 - - [18/Mar/2026:13:38:41 +0000] "GET /goods.php??h=mzsrn26pw5133zmebud HTTP/2.0" 200 86901 "https://nfsin.com/goods.php?pcmypage?callback=/product%2Fdetail%2m95509575478" "Mozilla/5.0 AppleWebKit/537.36 (KHTML, like Gecko; compatible; GPTBot/1.3; +https://openai.com/gptbot)"
74.7.243.236 - - [18/Mar/2026:13:39:02 +0000] "GET /goods.php?detail/018025840958 HTTP/2.0" 200 86043 "https://nfsin.com/goods.php??m=itr237anun3540wnwetz" "Mozilla/5.0 AppleWebKit/537.36 (KHTML, like Gecko; compatible; GPTBot/1.3; +https://openai.com/gptbot)"
74.7.243.236 - - [18/Mar/2026:13:39:20 +0000] "GET /goods.php??l=ikcv79r31248jkxmrzyy HTTP/2.0" 200 85763 "https://nfsin.com/goods.php?pcmypage?callback=/product%2Fdetail%2m95509575478" "Mozilla/5.0 AppleWebKit/537.36 (KHTML, like Gecko; compatible; GPTBot/1.3; +https://openai.com/gptbot)"
74.7.243.236 - - [18/Mar/2026:13:39:35 +0000] "GET /goods.php?detail/178023600580 HTTP/2.0" 200 85647 "https://nfsin.com/goods.php?detail/159020884885" "Mozilla/5.0 AppleWebKit/537.36 (KHTML, like Gecko; compatible; GPTBot/1.3; +https://openai.com/gptbot)"
74.7.243.236 - - [18/Mar/2026:13:39:47 +0000] "GET /goods.php?detail/007002489138 HTTP/2.0" 200 86801 "https://nfsin.com/goods.php?detail/007001950410" "Mozilla/5.0 AppleWebKit/537.36 (KHTML, like Gecko; compatible; GPTBot/1.3; +https://openai.com/gptbot)"
74.7.243.236 - - [18/Mar/2026:13:40:02 +0000] "GET /goods.php??m=ihko224bvc733hczlmz HTTP/2.0" 200 87094 "https://nfsin.com/goods.php?pcmypage?callback=/product%2Fdetail%2m95509575478" "Mozilla/5.0 AppleWebKit/537.36 (KHTML, like Gecko; compatible; GPTBot/1.3; +https://openai.com/gptbot)"
69.197.179.242 - - [18/Mar/2026:13:38:45 +0000] "GET /wp-includes/wpf78988/edit.php?id=545071 HTTP/1.1" 200 20 "https://nfsin.com/wp-includes/wpf78988/edit.php?id=545071" "Mozilla/5.0 (Windows NT 10.0; Win64; x64) AppleWebKit/537.36 (KHTML, like Gecko) Chrome/58.0.3029.110 Safari/537.3"
74.7.243.236 - - [18/Mar/2026:13:40:14 +0000] "GET /goods.php?pcmypage?callback=product/review/m89493729510 HTTP/2.0" 200 87520 "https://nfsin.com/goods.php??z=yrv26ti5171kgdcqpum" "Mozilla/5.0 AppleWebKit/537.36 (KHTML, like Gecko; compatible; GPTBot/1.3; +https://openai.com/gptbot)"
74.7.243.236 - - [18/Mar/2026:13:40:28 +0000] "GET /goods.php??j=bsl26gt1481uygstasz HTTP/2.0" 200 85937 "https://nfsin.com/goods.php??z=yrv26ti5171kgdcqpum" "Mozilla/5.0 AppleWebKit/537.36 (KHTML, like Gecko; compatible; GPTBot/1.3; +https://openai.com/gptbot)"
74.7.243.236 - - [18/Mar/2026:13:40:42 +0000] "GET /goods.php?products/our/z091002135 HTTP/2.0" 200 86865 "https://nfsin.com/goods.php??h=fmt91p430vcmbenjdh" "Mozilla/5.0 AppleWebKit/537.36 (KHTML, like Gecko; compatible; GPTBot/1.3; +https://openai.com/gptbot)"
74.7.243.236 - - [18/Mar/2026:13:40:54 +0000] "GET /goods.php??n=ldq62uy26607fzikqnt HTTP/2.0" 200 85180 "https://nfsin.com/goods.php??h=fmt91p430vcmbenjdh" "Mozilla/5.0 AppleWebKit/537.36 (KHTML, like Gecko; compatible; GPTBot/1.3; +https://openai.com/gptbot)"
74.7.243.236 - - [18/Mar/2026:13:41:09 +0000] "GET /goods.php??z=lebt71n6448cpcwyxc HTTP/2.0" 200 85310 "https://nfsin.com/goods.php??t=uvfj26dbae631cowdcn" "Mozilla/5.0 AppleWebKit/537.36 (KHTML, like Gecko; compatible; GPTBot/1.3; +https://openai.com/gptbot)"
74.7.243.236 - - [18/Mar/2026:13:41:27 +0000] "GET /goods.php??c=dar83d25064xdgiad HTTP/2.0" 200 85875 "https://nfsin.com/goods.php??h=fmt91p430vcmbenjdh" "Mozilla/5.0 AppleWebKit/537.36 (KHTML, like Gecko; compatible; GPTBot/1.3; +https://openai.com/gptbot)"
74.7.243.236 - - [18/Mar/2026:13:41:39 +0000] "GET /goods.php?goods/018025840 HTTP/2.0" 200 86048 "https://nfsin.com/goods.php?detail/018025840958" "Mozilla/5.0 AppleWebKit/537.36 (KHTML, like Gecko; compatible; GPTBot/1.3; +https://openai.com/gptbot)"
69.197.179.242 - - [18/Mar/2026:13:40:18 +0000] "GET /wp-includes/wpf78988/edit.php?id=545071 HTTP/1.1" 200 20 "https://nfsin.com/wp-includes/wpf78988/edit.php?id=545071" "Mozilla/5.0 (Windows NT 10.0; Win64; x64) AppleWebKit/537.36 (KHTML, like Gecko) Chrome/58.0.3029.110 Safari/537.3"
74.7.243.236 - - [18/Mar/2026:13:41:54 +0000] "GET /goods.php?detail/079000675979 HTTP/2.0" 200 86345 "https://nfsin.com/goods.php??l=ikcv79r31248jkxmrzyy" "Mozilla/5.0 AppleWebKit/537.36 (KHTML, like Gecko; compatible; GPTBot/1.3; +https://openai.com/gptbot)"
74.7.243.236 - - [18/Mar/2026:13:42:15 +0000] "GET /goods.php?detail/218008357897 HTTP/2.0" 200 86460 "https://nfsin.com/goods.php?detail/178023600580" "Mozilla/5.0 AppleWebKit/537.36 (KHTML, like Gecko; compatible; GPTBot/1.3; +https://openai.com/gptbot)"
74.7.243.236 - - [18/Mar/2026:13:42:31 +0000] "GET /goods.php?detail/146041045909 HTTP/2.0" 200 85843 "https://nfsin.com/goods.php?detail/018025840958" "Mozilla/5.0 AppleWebKit/537.36 (KHTML, like Gecko; compatible; GPTBot/1.3; +https://openai.com/gptbot)"
74.7.243.236 - - [18/Mar/2026:13:42:47 +0000] "GET /goods.php?detail/091002098538 HTTP/2.0" 200 87390 "https://nfsin.com/goods.php??h=fmt91p430vcmbenjdh" "Mozilla/5.0 AppleWebKit/537.36 (KHTML, like Gecko; compatible; GPTBot/1.3; +https://openai.com/gptbot)"
74.7.243.236 - - [18/Mar/2026:13:43:03 +0000] "GET /goods.php?products/factory/p041004113 HTTP/2.0" 200 86099 "https://nfsin.com/goods.php?pcmypage?callback=product/review/m89493729510" "Mozilla/5.0 AppleWebKit/537.36 (KHTML, like Gecko; compatible; GPTBot/1.3; +https://openai.com/gptbot)"
74.7.243.236 - - [18/Mar/2026:13:43:17 +0000] "GET /goods.php??i=pfr26n10387aolpxqns HTTP/2.0" 200 86176 "https://nfsin.com/goods.php??j=bsl26gt1481uygstasz" "Mozilla/5.0 AppleWebKit/537.36 (KHTML, like Gecko; compatible; GPTBot/1.3; +https://openai.com/gptbot)"
69.197.179.242 - - [18/Mar/2026:13:41:51 +0000] "GET /wp-includes/wpf78988/edit.php?id=545071 HTTP/1.1" 200 20 "https://nfsin.com/wp-includes/wpf78988/edit.php?id=545071" "Mozilla/5.0 (Windows NT 10.0; Win64; x64) AppleWebKit/537.36 (KHTML, like Gecko) Chrome/58.0.3029.110 Safari/537.3"
74.7.243.236 - - [18/Mar/2026:13:43:30 +0000] "GET /goods.php?detail/178012292580 HTTP/2.0" 200 86443 "https://nfsin.com/goods.php?detail/178023600580" "Mozilla/5.0 AppleWebKit/537.36 (KHTML, like Gecko; compatible; GPTBot/1.3; +https://openai.com/gptbot)"
74.7.243.236 - - [18/Mar/2026:13:43:44 +0000] "GET /goods.php?detail/0910032291293 HTTP/2.0" 200 87359 "https://nfsin.com/goods.php?detail/091000197495" "Mozilla/5.0 AppleWebKit/537.36 (KHTML, like Gecko; compatible; GPTBot/1.3; +https://openai.com/gptbot)"
74.7.243.236 - - [18/Mar/2026:13:44:00 +0000] "GET /goods.php??a=bdho229tdo2158fpdfpu HTTP/2.0" 200 86592 "https://nfsin.com/goods.php??z=lebt71n6448cpcwyxc" "Mozilla/5.0 AppleWebKit/537.36 (KHTML, like Gecko; compatible; GPTBot/1.3; +https://openai.com/gptbot)"
74.7.243.236 - - [18/Mar/2026:13:44:16 +0000] "GET /goods.php??p=hvdj26e9015eysfpwfu HTTP/2.0" 200 86244 "https://nfsin.com/goods.php??h=mzsrn26pw5133zmebud" "Mozilla/5.0 AppleWebKit/537.36 (KHTML, like Gecko; compatible; GPTBot/1.3; +https://openai.com/gptbot)"
74.7.243.236 - - [18/Mar/2026:13:44:28 +0000] "GET /goods.php?detail/018008541081 HTTP/2.0" 200 86237 "https://nfsin.com/goods.php?goods/018025840" "Mozilla/5.0 AppleWebKit/537.36 (KHTML, like Gecko; compatible; GPTBot/1.3; +https://openai.com/gptbot)"
74.7.243.236 - - [18/Mar/2026:13:44:41 +0000] "GET /goods.php?detail/079020076073 HTTP/2.0" 200 85812 "https://nfsin.com/goods.php?detail/079000675979" "Mozilla/5.0 AppleWebKit/537.36 (KHTML, like Gecko; compatible; GPTBot/1.3; +https://openai.com/gptbot)"
69.197.179.242 - - [18/Mar/2026:13:43:23 +0000] "GET /wp-includes/wpf78988/edit.php?id=545071 HTTP/1.1" 200 20 "https://nfsin.com/wp-includes/wpf78988/edit.php?id=545071" "Mozilla/5.0 (Windows NT 10.0; Win64; x64) AppleWebKit/537.36 (KHTML, like Gecko) Chrome/58.0.3029.110 Safari/537.3"
74.7.243.236 - - [18/Mar/2026:13:44:54 +0000] "GET /goods.php?detail/079029296248 HTTP/2.0" 200 85643 "https://nfsin.com/goods.php?detail/079000675979" "Mozilla/5.0 AppleWebKit/537.36 (KHTML, like Gecko; compatible; GPTBot/1.3; +https://openai.com/gptbot)"
74.7.243.236 - - [18/Mar/2026:13:45:08 +0000] "GET /goods.php?detail/218027942148 HTTP/2.0" 200 85691 "https://nfsin.com/goods.php?detail/218008357897" "Mozilla/5.0 AppleWebKit/537.36 (KHTML, like Gecko; compatible; GPTBot/1.3; +https://openai.com/gptbot)"
74.7.243.236 - - [18/Mar/2026:13:45:22 +0000] "GET /goods.php?detail/091000711531 HTTP/2.0" 200 85712 "https://nfsin.com/goods.php?detail/091002098538" "Mozilla/5.0 AppleWebKit/537.36 (KHTML, like Gecko; compatible; GPTBot/1.3; +https://openai.com/gptbot)"
74.7.243.236 - - [18/Mar/2026:13:45:32 +0000] "GET /goods.php??m=woh99r46846bgwaaoa HTTP/2.0" 200 86648 "https://nfsin.com/goods.php?products/factory/p041004113" "Mozilla/5.0 AppleWebKit/537.36 (KHTML, like Gecko; compatible; GPTBot/1.3; +https://openai.com/gptbot)"
74.7.243.236 - - [18/Mar/2026:13:45:44 +0000] "GET /goods.php?detail/091000598828 HTTP/2.0" 200 86259 "https://nfsin.com/goods.php?detail/091002098538" "Mozilla/5.0 AppleWebKit/537.36 (KHTML, like Gecko; compatible; GPTBot/1.3; +https://openai.com/gptbot)"
74.7.243.236 - - [18/Mar/2026:13:46:03 +0000] "GET /goods.php?detail/222009990586 HTTP/2.0" 200 86353 "https://nfsin.com/goods.php?detail/091002098538" "Mozilla/5.0 AppleWebKit/537.36 (KHTML, like Gecko; compatible; GPTBot/1.3; +https://openai.com/gptbot)"
74.7.243.236 - - [18/Mar/2026:13:46:20 +0000] "GET /goods.php??b=bikt41r2144rjqtnb HTTP/2.0" 200 86442 "https://nfsin.com/goods.php?products/factory/p041004113" "Mozilla/5.0 AppleWebKit/537.36 (KHTML, like Gecko; compatible; GPTBot/1.3; +https://openai.com/gptbot)"
69.197.179.242 - - [18/Mar/2026:13:44:54 +0000] "GET /wp-includes/wpf78988/edit.php?id=545071 HTTP/1.1" 200 20 "https://nfsin.com/wp-includes/wpf78988/edit.php?id=545071" "Mozilla/5.0 (Windows NT 10.0; Win64; x64) AppleWebKit/537.36 (KHTML, like Gecko) Chrome/58.0.3029.110 Safari/537.3"
74.7.243.236 - - [18/Mar/2026:13:46:33 +0000] "GET /goods.php?pcmypage?callback=product/review/m62853621229 HTTP/2.0" 200 85579 "https://nfsin.com/goods.php??a=bdho229tdo2158fpdfpu" "Mozilla/5.0 AppleWebKit/537.36 (KHTML, like Gecko; compatible; GPTBot/1.3; +https://openai.com/gptbot)"
74.7.243.236 - - [18/Mar/2026:13:46:44 +0000] "GET /goods.php??t=yclx229lh818miwwan HTTP/2.0" 200 86022 "https://nfsin.com/goods.php??a=bdho229tdo2158fpdfpu" "Mozilla/5.0 AppleWebKit/537.36 (KHTML, like Gecko; compatible; GPTBot/1.3; +https://openai.com/gptbot)"
74.7.243.236 - - [18/Mar/2026:13:46:58 +0000] "GET /goods.php?goods/018012741 HTTP/2.0" 200 87325 "https://nfsin.com/goods.php?detail/018008541081" "Mozilla/5.0 AppleWebKit/537.36 (KHTML, like Gecko; compatible; GPTBot/1.3; +https://openai.com/gptbot)"
74.7.243.236 - - [18/Mar/2026:13:47:16 +0000] "GET /goods.php?detail/031047231503 HTTP/2.0" 200 85877 "https://nfsin.com/goods.php?detail/178012292580" "Mozilla/5.0 AppleWebKit/537.36 (KHTML, like Gecko; compatible; GPTBot/1.3; +https://openai.com/gptbot)"
74.7.243.236 - - [18/Mar/2026:13:47:33 +0000] "GET /goods.php?detail/018012631070 HTTP/2.0" 200 86677 "https://nfsin.com/goods.php?detail/018008541081" "Mozilla/5.0 AppleWebKit/537.36 (KHTML, like Gecko; compatible; GPTBot/1.3; +https://openai.com/gptbot)"
204.12.208.18 - - [18/Mar/2026:13:47:36 +0000] "GET /wp-includes/wpf78988/edit.php HTTP/1.1" 200 26 "https://nfsin.com/wp-includes/wpf78988/edit.php" "Mozilla/5.0 (compatible; MSIE 10.0; Windows NT 6.2; WOW64; Trident/6.0)"
74.7.243.236 - - [18/Mar/2026:13:47:45 +0000] "GET /goods.php?detail/018012662541 HTTP/2.0" 200 86810 "https://nfsin.com/goods.php?detail/018008541081" "Mozilla/5.0 AppleWebKit/537.36 (KHTML, like Gecko; compatible; GPTBot/1.3; +https://openai.com/gptbot)"
69.197.179.242 - - [18/Mar/2026:13:46:25 +0000] "GET /wp-includes/wpf78988/edit.php?id=545071 HTTP/1.1" 200 20 "https://nfsin.com/wp-includes/wpf78988/edit.php?id=545071" "Mozilla/5.0 (Windows NT 10.0; Win64; x64) AppleWebKit/537.36 (KHTML, like Gecko) Chrome/58.0.3029.110 Safari/537.3"
74.7.243.236 - - [18/Mar/2026:13:47:58 +0000] "GET /goods.php?detail/282039393282 HTTP/2.0" 200 85459 "https://nfsin.com/goods.php?detail/091000711531" "Mozilla/5.0 AppleWebKit/537.36 (KHTML, like Gecko; compatible; GPTBot/1.3; +https://openai.com/gptbot)"
74.7.243.236 - - [18/Mar/2026:13:48:17 +0000] "GET /goods.php?detail/099000152775 HTTP/2.0" 200 86124 "https://nfsin.com/goods.php??m=woh99r46846bgwaaoa" "Mozilla/5.0 AppleWebKit/537.36 (KHTML, like Gecko; compatible; GPTBot/1.3; +https://openai.com/gptbot)"
74.7.243.236 - - [18/Mar/2026:13:48:31 +0000] "GET /goods.php?goods/091002283 HTTP/2.0" 200 87900 "https://nfsin.com/goods.php?detail/091000598828" "Mozilla/5.0 AppleWebKit/537.36 (KHTML, like Gecko; compatible; GPTBot/1.3; +https://openai.com/gptbot)"
74.7.243.236 - - [18/Mar/2026:13:48:46 +0000] "GET /goods.php?detail/2080086200685 HTTP/2.0" 200 86668 "https://nfsin.com/goods.php?detail/079000675979" "Mozilla/5.0 AppleWebKit/537.36 (KHTML, like Gecko; compatible; GPTBot/1.3; +https://openai.com/gptbot)"
74.7.243.236 - - [18/Mar/2026:13:49:03 +0000] "GET /goods.php?detail/2800120455200 HTTP/2.0" 200 85601 "https://nfsin.com/goods.php??a=bdho229tdo2158fpdfpu" "Mozilla/5.0 AppleWebKit/537.36 (KHTML, like Gecko; compatible; GPTBot/1.3; +https://openai.com/gptbot)"
74.7.243.236 - - [18/Mar/2026:13:49:21 +0000] "GET /goods.php??u=dea278w6809kakluioz HTTP/2.0" 200 85487 "https://nfsin.com/goods.php?pcmypage?callback=product/review/m62853621229" "Mozilla/5.0 AppleWebKit/537.36 (KHTML, like Gecko; compatible; GPTBot/1.3; +https://openai.com/gptbot)"
69.197.179.242 - - [18/Mar/2026:13:47:57 +0000] "GET /wp-includes/wpf78988/edit.php?id=545071 HTTP/1.1" 200 20 "https://nfsin.com/wp-includes/wpf78988/edit.php?id=545071" "Mozilla/5.0 (Windows NT 10.0; Win64; x64) AppleWebKit/537.36 (KHTML, like Gecko) Chrome/58.0.3029.110 Safari/537.3"
74.7.243.236 - - [18/Mar/2026:13:49:36 +0000] "GET /goods.php??r=fay75x2416gmjjnye HTTP/2.0" 200 85706 "https://nfsin.com/goods.php??t=yclx229lh818miwwan" "Mozilla/5.0 AppleWebKit/537.36 (KHTML, like Gecko; compatible; GPTBot/1.3; +https://openai.com/gptbot)"
