69.197.179.242 - - [18/Mar/2026:03:44:11 +0000] "GET /wp-includes/wpf78988/edit.php?id=545071 HTTP/1.1" 200 20 "https://nfsin.com/wp-includes/wpf78988/edit.php?id=545071" "Mozilla/5.0 (Windows NT 10.0; Win64; x64) AppleWebKit/537.36 (KHTML, like Gecko) Chrome/58.0.3029.110 Safari/537.3"
74.7.243.236 - - [18/Mar/2026:03:45:50 +0000] "GET /goods.php?detail/010007891667 HTTP/2.0" 200 85346 "https://nfsin.com/goods.php?detail/010009142512" "Mozilla/5.0 AppleWebKit/537.36 (KHTML, like Gecko; compatible; GPTBot/1.3; +https://openai.com/gptbot)"
74.7.243.236 - - [18/Mar/2026:03:46:04 +0000] "GET /goods.php??t=frno62ih431tjyxfbox HTTP/2.0" 200 86454 "https://nfsin.com/goods.php?pcmypage?callback=product%2Fdetail%2Fm13739603955" "Mozilla/5.0 AppleWebKit/537.36 (KHTML, like Gecko; compatible; GPTBot/1.3; +https://openai.com/gptbot)"
74.7.243.236 - - [18/Mar/2026:03:46:21 +0000] "GET /goods.php?detail/2900156990556 HTTP/2.0" 200 86203 "https://nfsin.com/goods.php?detail/010032982959" "Mozilla/5.0 AppleWebKit/537.36 (KHTML, like Gecko; compatible; GPTBot/1.3; +https://openai.com/gptbot)"
74.7.243.236 - - [18/Mar/2026:03:46:39 +0000] "GET /goods.php?detail/1720119141998 HTTP/2.0" 200 86222 "https://nfsin.com/goods.php?detail/010009142512" "Mozilla/5.0 AppleWebKit/537.36 (KHTML, like Gecko; compatible; GPTBot/1.3; +https://openai.com/gptbot)"
74.7.243.236 - - [18/Mar/2026:03:46:57 +0000] "GET /goods.php?detail/021026850368 HTTP/2.0" 200 85146 "https://nfsin.com/goods.php?detail/201017874831" "Mozilla/5.0 AppleWebKit/537.36 (KHTML, like Gecko; compatible; GPTBot/1.3; +https://openai.com/gptbot)"
74.7.243.236 - - [18/Mar/2026:03:47:12 +0000] "GET /goods.php??k=smc74g10299aexonnj HTTP/2.0" 200 85945 "https://nfsin.com/goods.php??z=lygg74oh5355ooswde" "Mozilla/5.0 AppleWebKit/537.36 (KHTML, like Gecko; compatible; GPTBot/1.3; +https://openai.com/gptbot)"
69.197.179.242 - - [18/Mar/2026:03:45:45 +0000] "GET /wp-includes/wpf78988/edit.php?id=545071 HTTP/1.1" 200 20 "https://nfsin.com/wp-includes/wpf78988/edit.php?id=545071" "Mozilla/5.0 (Windows NT 10.0; Win64; x64) AppleWebKit/537.36 (KHTML, like Gecko) Chrome/58.0.3029.110 Safari/537.3"
74.7.243.236 - - [18/Mar/2026:03:47:25 +0000] "GET /goods.php?detail/079038751079 HTTP/2.0" 200 86614 "https://nfsin.com/goods.php?detail/079014263063" "Mozilla/5.0 AppleWebKit/537.36 (KHTML, like Gecko; compatible; GPTBot/1.3; +https://openai.com/gptbot)"
74.7.243.236 - - [18/Mar/2026:03:47:42 +0000] "GET /goods.php??y=emby74ut18165wabfcml HTTP/2.0" 200 86142 "https://nfsin.com/goods.php??x=ibfy74g13181kdbnlvn" "Mozilla/5.0 AppleWebKit/537.36 (KHTML, like Gecko; compatible; GPTBot/1.3; +https://openai.com/gptbot)"
74.7.243.236 - - [18/Mar/2026:03:48:01 +0000] "GET /goods.php?detail/130026933382 HTTP/2.0" 200 85605 "https://nfsin.com/goods.php?detail/051016902424" "Mozilla/5.0 AppleWebKit/537.36 (KHTML, like Gecko; compatible; GPTBot/1.3; +https://openai.com/gptbot)"
74.7.243.236 - - [18/Mar/2026:03:48:19 +0000] "GET /goods.php?detail/243000640524 HTTP/2.0" 200 85476 "https://nfsin.com/goods.php?detail/2430031142411" "Mozilla/5.0 AppleWebKit/537.36 (KHTML, like Gecko; compatible; GPTBot/1.3; +https://openai.com/gptbot)"
74.7.243.236 - - [18/Mar/2026:03:48:35 +0000] "GET /goods.php?detail/103028620530 HTTP/2.0" 200 85241 "https://nfsin.com/goods.php?detail/2430031142411" "Mozilla/5.0 AppleWebKit/537.36 (KHTML, like Gecko; compatible; GPTBot/1.3; +https://openai.com/gptbot)"
103.132.182.44 - - [18/Mar/2026:03:48:35 +0000] "GET /ms-edit.php HTTP/2.0" 404 15598 "-" "Mozilla/5.0 (Windows NT 10.0; Win64; x64) AppleWebKit/537.36 (KHTML, like Gecko) Chrome/146.0.0.0 Safari/537.36"
69.197.179.242 - - [18/Mar/2026:03:47:16 +0000] "GET /wp-includes/wpf78988/edit.php?id=545071 HTTP/1.1" 200 20 "https://nfsin.com/wp-includes/wpf78988/edit.php?id=545071" "Mozilla/5.0 (Windows NT 10.0; Win64; x64) AppleWebKit/537.36 (KHTML, like Gecko) Chrome/58.0.3029.110 Safari/537.3"
139.162.194.112 - - [18/Mar/2026:03:48:41 +0000] "POST /wp-cron.php?doing_wp_cron=1773805721.6538989543914794921875 HTTP/1.1" 404 15598 "-" "WordPress/6.9.1; https://nfsin.com"
74.7.243.236 - - [18/Mar/2026:03:48:50 +0000] "GET /goods.php?detail/010019650908 HTTP/2.0" 200 85973 "https://nfsin.com/goods.php?detail/010007891667" "Mozilla/5.0 AppleWebKit/537.36 (KHTML, like Gecko; compatible; GPTBot/1.3; +https://openai.com/gptbot)"
74.7.243.236 - - [18/Mar/2026:03:49:05 +0000] "GET /goods.php?detail/010019747551 HTTP/2.0" 200 85674 "https://nfsin.com/goods.php?detail/010007891667" "Mozilla/5.0 AppleWebKit/537.36 (KHTML, like Gecko; compatible; GPTBot/1.3; +https://openai.com/gptbot)"
74.7.243.236 - - [18/Mar/2026:03:49:21 +0000] "GET /goods.php?detail/037015609039 HTTP/2.0" 200 86922 "https://nfsin.com/goods.php?detail/2900156990556" "Mozilla/5.0 AppleWebKit/537.36 (KHTML, like Gecko; compatible; GPTBot/1.3; +https://openai.com/gptbot)"
74.7.243.236 - - [18/Mar/2026:03:49:38 +0000] "GET /goods.php?detail/010019445931 HTTP/2.0" 200 85632 "https://nfsin.com/goods.php?detail/010007891667" "Mozilla/5.0 AppleWebKit/537.36 (KHTML, like Gecko; compatible; GPTBot/1.3; +https://openai.com/gptbot)"
74.7.243.236 - - [18/Mar/2026:03:49:56 +0000] "GET /goods.php?detail/201005721560 HTTP/2.0" 200 86866 "https://nfsin.com/goods.php?detail/010007891667" "Mozilla/5.0 AppleWebKit/537.36 (KHTML, like Gecko; compatible; GPTBot/1.3; +https://openai.com/gptbot)"
74.7.243.236 - - [18/Mar/2026:03:50:10 +0000] "GET /goods.php??y=svk74i14121gzwtuoec HTTP/2.0" 200 86389 "https://nfsin.com/goods.php??k=smc74g10299aexonnj" "Mozilla/5.0 AppleWebKit/537.36 (KHTML, like Gecko; compatible; GPTBot/1.3; +https://openai.com/gptbot)"
69.197.179.242 - - [18/Mar/2026:03:48:48 +0000] "GET /wp-includes/wpf78988/edit.php?id=545071 HTTP/1.1" 200 20 "https://nfsin.com/wp-includes/wpf78988/edit.php?id=545071" "Mozilla/5.0 (Windows NT 10.0; Win64; x64) AppleWebKit/537.36 (KHTML, like Gecko) Chrome/58.0.3029.110 Safari/537.3"
74.7.243.236 - - [18/Mar/2026:03:50:28 +0000] "GET /goods.php?detail/079036298229 HTTP/2.0" 200 85411 "https://nfsin.com/goods.php?detail/079038751079" "Mozilla/5.0 AppleWebKit/537.36 (KHTML, like Gecko; compatible; GPTBot/1.3; +https://openai.com/gptbot)"
74.7.243.236 - - [18/Mar/2026:03:50:46 +0000] "GET /goods.php?detail/079036249099 HTTP/2.0" 200 85805 "https://nfsin.com/goods.php?detail/079038751079" "Mozilla/5.0 AppleWebKit/537.36 (KHTML, like Gecko; compatible; GPTBot/1.3; +https://openai.com/gptbot)"
74.7.243.236 - - [18/Mar/2026:03:51:06 +0000] "GET /goods.php?detail/180004415854 HTTP/2.0" 200 85611 "https://nfsin.com/goods.php?detail/130026933382" "Mozilla/5.0 AppleWebKit/537.36 (KHTML, like Gecko; compatible; GPTBot/1.3; +https://openai.com/gptbot)"
51.195.215.72 - - [18/Mar/2026:03:51:18 +0000] "GET /?sitemap69.xml HTTP/2.0" 200 33 "-" "Mozilla/5.0 (compatible; AhrefsBot/7.0; +http://ahrefs.com/robot/)"
74.7.243.236 - - [18/Mar/2026:03:51:24 +0000] "GET /goods.php?pcmypage?callback=product/review/m84349286699 HTTP/2.0" 200 86135 "https://nfsin.com/goods.php?detail/243000640524" "Mozilla/5.0 AppleWebKit/537.36 (KHTML, like Gecko; compatible; GPTBot/1.3; +https://openai.com/gptbot)"
74.7.243.236 - - [18/Mar/2026:03:51:41 +0000] "GET /goods.php?detail/029043940283 HTTP/2.0" 200 86398 "https://nfsin.com/goods.php?detail/243000640524" "Mozilla/5.0 AppleWebKit/537.36 (KHTML, like Gecko; compatible; GPTBot/1.3; +https://openai.com/gptbot)"
69.197.179.242 - - [18/Mar/2026:03:50:19 +0000] "GET /wp-includes/wpf78988/edit.php?id=545071 HTTP/1.1" 200 20 "https://nfsin.com/wp-includes/wpf78988/edit.php?id=545071" "Mozilla/5.0 (Windows NT 10.0; Win64; x64) AppleWebKit/537.36 (KHTML, like Gecko) Chrome/58.0.3029.110 Safari/537.3"
74.7.243.236 - - [18/Mar/2026:03:51:54 +0000] "GET /goods.php?detail/186047488444 HTTP/2.0" 200 86496 "https://nfsin.com/goods.php?detail/010019650908" "Mozilla/5.0 AppleWebKit/537.36 (KHTML, like Gecko; compatible; GPTBot/1.3; +https://openai.com/gptbot)"
74.7.243.236 - - [18/Mar/2026:03:52:09 +0000] "GET /goods.php?detail/010021510565 HTTP/2.0" 200 85677 "https://nfsin.com/goods.php?detail/010019650908" "Mozilla/5.0 AppleWebKit/537.36 (KHTML, like Gecko; compatible; GPTBot/1.3; +https://openai.com/gptbot)"
74.7.243.236 - - [18/Mar/2026:03:52:26 +0000] "GET /goods.php?detail/145046698345 HTTP/2.0" 200 85405 "https://nfsin.com/goods.php?detail/037015609039" "Mozilla/5.0 AppleWebKit/537.36 (KHTML, like Gecko; compatible; GPTBot/1.3; +https://openai.com/gptbot)"
74.7.243.236 - - [18/Mar/2026:03:52:44 +0000] "GET /goods.php?detail/010003845251 HTTP/2.0" 200 85478 "https://nfsin.com/goods.php?detail/010019445931" "Mozilla/5.0 AppleWebKit/537.36 (KHTML, like Gecko; compatible; GPTBot/1.3; +https://openai.com/gptbot)"
150.109.119.38 - - [18/Mar/2026:03:52:51 +0000] "GET / HTTP/1.1" 200 17796 "http://nfsin.com" "Mozilla/5.0 (iPhone; CPU iPhone OS 13_2_3 like Mac OS X) AppleWebKit/605.1.15 (KHTML, like Gecko) Version/13.0.3 Mobile/15E148 Safari/604.1"
74.7.243.236 - - [18/Mar/2026:03:52:58 +0000] "GET /goods.php?detail/193003330084 HTTP/2.0" 200 85877 "https://nfsin.com/goods.php?detail/1720119141998" "Mozilla/5.0 AppleWebKit/537.36 (KHTML, like Gecko; compatible; GPTBot/1.3; +https://openai.com/gptbot)"
74.7.243.236 - - [18/Mar/2026:03:53:13 +0000] "GET /goods.php?detail/058016803075 HTTP/2.0" 200 87170 "https://nfsin.com/goods.php??y=svk74i14121gzwtuoec" "Mozilla/5.0 AppleWebKit/537.36 (KHTML, like Gecko; compatible; GPTBot/1.3; +https://openai.com/gptbot)"
69.197.179.242 - - [18/Mar/2026:03:51:52 +0000] "GET /wp-includes/wpf78988/edit.php?id=545071 HTTP/1.1" 200 20 "https://nfsin.com/wp-includes/wpf78988/edit.php?id=545071" "Mozilla/5.0 (Windows NT 10.0; Win64; x64) AppleWebKit/537.36 (KHTML, like Gecko) Chrome/58.0.3029.110 Safari/537.3"
74.7.243.236 - - [18/Mar/2026:03:53:30 +0000] "GET /goods.php??p=eqt95szj16520ulhjwy HTTP/2.0" 200 85869 "https://nfsin.com/goods.php??y=svk74i14121gzwtuoec" "Mozilla/5.0 AppleWebKit/537.36 (KHTML, like Gecko; compatible; GPTBot/1.3; +https://openai.com/gptbot)"
74.7.243.236 - - [18/Mar/2026:03:53:49 +0000] "GET /goods.php?detail/079027701226 HTTP/2.0" 200 85680 "https://nfsin.com/goods.php?detail/079036249099" "Mozilla/5.0 AppleWebKit/537.36 (KHTML, like Gecko; compatible; GPTBot/1.3; +https://openai.com/gptbot)"
185.247.137.142 - - [18/Mar/2026:03:53:48 +0000] "GET / HTTP/1.1" 200 17796 "http://mail.nfsin.com" "Mozilla/5.0 (compatible; InternetMeasurement/1.0; +https://internet-measurement.com/)"
185.247.137.163 - - [18/Mar/2026:03:53:57 +0000] "GET /wp-content/uploads/2023/04/NFSIN-logo-II-Site-Icon-1.png HTTP/2.0" 200 24023 "-" "Mozilla/5.0 (compatible; InternetMeasurement/1.0; +https://internet-measurement.com/)"
87.236.176.119 - - [18/Mar/2026:03:53:57 +0000] "GET /wp-content/uploads/2023/04/NFSIN-logo-II-Site-Icon-1-150x150.png HTTP/2.0" 200 13105 "-" "Mozilla/5.0 (compatible; InternetMeasurement/1.0; +https://internet-measurement.com/)"
87.236.176.55 - - [18/Mar/2026:03:53:57 +0000] "GET /favicon.ico HTTP/2.0" 302 20 "-" "Mozilla/5.0 (compatible; InternetMeasurement/1.0; +https://internet-measurement.com/)"
87.236.176.55 - - [18/Mar/2026:03:54:04 +0000] "GET /wp-content/uploads/2023/04/NFSIN-logo-II-Site-Icon-1-150x150.png HTTP/2.0" 200 13105 "https://nfsin.com/favicon.ico" "Mozilla/5.0 (compatible; InternetMeasurement/1.0; +https://internet-measurement.com/)"
74.7.243.236 - - [18/Mar/2026:03:54:04 +0000] "GET /goods.php?detail/1930310471009 HTTP/2.0" 200 85910 "https://nfsin.com/goods.php?detail/1720119141998" "Mozilla/5.0 AppleWebKit/537.36 (KHTML, like Gecko; compatible; GPTBot/1.3; +https://openai.com/gptbot)"
74.7.243.236 - - [18/Mar/2026:03:54:22 +0000] "GET /goods.php??w=cvi254jvct3813uhyeqd HTTP/2.0" 200 85847 "https://nfsin.com/goods.php??y=svk74i14121gzwtuoec" "Mozilla/5.0 AppleWebKit/537.36 (KHTML, like Gecko; compatible; GPTBot/1.3; +https://openai.com/gptbot)"
74.7.243.236 - - [18/Mar/2026:03:54:44 +0000] "GET /goods.php?detail/010003757988 HTTP/2.0" 200 85833 "https://nfsin.com/goods.php?detail/010019445931" "Mozilla/5.0 AppleWebKit/537.36 (KHTML, like Gecko; compatible; GPTBot/1.3; +https://openai.com/gptbot)"
69.197.179.242 - - [18/Mar/2026:03:53:23 +0000] "GET /wp-includes/wpf78988/edit.php?id=545071 HTTP/1.1" 200 20 "https://nfsin.com/wp-includes/wpf78988/edit.php?id=545071" "Mozilla/5.0 (Windows NT 10.0; Win64; x64) AppleWebKit/537.36 (KHTML, like Gecko) Chrome/58.0.3029.110 Safari/537.3"
74.7.243.236 - - [18/Mar/2026:03:54:59 +0000] "GET /goods.php?detail/177044541211 HTTP/2.0" 200 85293 "https://nfsin.com/goods.php?detail/186047488444" "Mozilla/5.0 AppleWebKit/537.36 (KHTML, like Gecko; compatible; GPTBot/1.3; +https://openai.com/gptbot)"
74.7.243.236 - - [18/Mar/2026:03:55:16 +0000] "GET /goods.php?detail/010016362222 HTTP/2.0" 200 85604 "https://nfsin.com/goods.php?detail/010021510565" "Mozilla/5.0 AppleWebKit/537.36 (KHTML, like Gecko; compatible; GPTBot/1.3; +https://openai.com/gptbot)"
74.7.243.236 - - [18/Mar/2026:03:55:33 +0000] "GET /goods.php?detail/091006095037 HTTP/2.0" 200 86058 "https://nfsin.com/goods.php?detail/145046698345" "Mozilla/5.0 AppleWebKit/537.36 (KHTML, like Gecko; compatible; GPTBot/1.3; +https://openai.com/gptbot)"
74.7.243.236 - - [18/Mar/2026:03:55:45 +0000] "GET /goods.php?detail/203020296560 HTTP/2.0" 200 85880 "https://nfsin.com/goods.php?detail/010003845251" "Mozilla/5.0 AppleWebKit/537.36 (KHTML, like Gecko; compatible; GPTBot/1.3; +https://openai.com/gptbot)"
74.7.243.236 - - [18/Mar/2026:03:56:02 +0000] "GET /goods.php?detail/19302448715477 HTTP/2.0" 200 85819 "https://nfsin.com/goods.php?detail/193003330084" "Mozilla/5.0 AppleWebKit/537.36 (KHTML, like Gecko; compatible; GPTBot/1.3; +https://openai.com/gptbot)"
74.7.243.236 - - [18/Mar/2026:03:56:19 +0000] "GET /goods.php?detail/058000345895 HTTP/2.0" 200 86302 "https://nfsin.com/goods.php?detail/058016803075" "Mozilla/5.0 AppleWebKit/537.36 (KHTML, like Gecko; compatible; GPTBot/1.3; +https://openai.com/gptbot)"
69.197.179.242 - - [18/Mar/2026:03:54:57 +0000] "GET /wp-includes/wpf78988/edit.php?id=545071 HTTP/1.1" 200 20 "https://nfsin.com/wp-includes/wpf78988/edit.php?id=545071" "Mozilla/5.0 (Windows NT 10.0; Win64; x64) AppleWebKit/537.36 (KHTML, like Gecko) Chrome/58.0.3029.110 Safari/537.3"
74.7.243.236 - - [18/Mar/2026:03:56:37 +0000] "GET /goods.php?detail/058000282893 HTTP/2.0" 200 86463 "https://nfsin.com/goods.php?detail/058016803075" "Mozilla/5.0 AppleWebKit/537.36 (KHTML, like Gecko; compatible; GPTBot/1.3; +https://openai.com/gptbot)"
74.7.243.236 - - [18/Mar/2026:03:56:53 +0000] "GET /goods.php?detail/058000291892 HTTP/2.0" 200 86290 "https://nfsin.com/goods.php?detail/058016803075" "Mozilla/5.0 AppleWebKit/537.36 (KHTML, like Gecko; compatible; GPTBot/1.3; +https://openai.com/gptbot)"
74.7.243.236 - - [18/Mar/2026:03:57:12 +0000] "GET /goods.php?detail/047000759279 HTTP/2.0" 200 86562 "https://nfsin.com/goods.php?detail/010003845251" "Mozilla/5.0 AppleWebKit/537.36 (KHTML, like Gecko; compatible; GPTBot/1.3; +https://openai.com/gptbot)"
74.7.243.236 - - [18/Mar/2026:03:57:25 +0000] "GET /goods.php??p=rcd95m13062pdcusb HTTP/2.0" 200 85795 "https://nfsin.com/goods.php??p=eqt95szj16520ulhjwy" "Mozilla/5.0 AppleWebKit/537.36 (KHTML, like Gecko; compatible; GPTBot/1.3; +https://openai.com/gptbot)"
74.7.243.236 - - [18/Mar/2026:03:57:37 +0000] "GET /goods.php?goods/010013609 HTTP/2.0" 200 85731 "https://nfsin.com/goods.php?detail/010003757988" "Mozilla/5.0 AppleWebKit/537.36 (KHTML, like Gecko; compatible; GPTBot/1.3; +https://openai.com/gptbot)"
74.7.243.236 - - [18/Mar/2026:03:57:50 +0000] "GET /goods.php?detail/010011655013 HTTP/2.0" 200 85834 "https://nfsin.com/goods.php?detail/010003757988" "Mozilla/5.0 AppleWebKit/537.36 (KHTML, like Gecko; compatible; GPTBot/1.3; +https://openai.com/gptbot)"
69.197.179.242 - - [18/Mar/2026:03:56:28 +0000] "GET /wp-includes/wpf78988/edit.php?id=545071 HTTP/1.1" 200 20 "https://nfsin.com/wp-includes/wpf78988/edit.php?id=545071" "Mozilla/5.0 (Windows NT 10.0; Win64; x64) AppleWebKit/537.36 (KHTML, like Gecko) Chrome/58.0.3029.110 Safari/537.3"
74.7.243.236 - - [18/Mar/2026:03:58:07 +0000] "GET /goods.php?detail/157049695249 HTTP/2.0" 200 85492 "https://nfsin.com/goods.php?detail/010016362222" "Mozilla/5.0 AppleWebKit/537.36 (KHTML, like Gecko; compatible; GPTBot/1.3; +https://openai.com/gptbot)"
74.7.243.236 - - [18/Mar/2026:03:58:22 +0000] "GET /goods.php?detail/005010276155 HTTP/2.0" 200 85033 "https://nfsin.com/goods.php?detail/1930310471009" "Mozilla/5.0 AppleWebKit/537.36 (KHTML, like Gecko; compatible; GPTBot/1.3; +https://openai.com/gptbot)"
74.7.243.236 - - [18/Mar/2026:03:58:36 +0000] "GET /goods.php?detail/1120272006206 HTTP/2.0" 200 86077 "https://nfsin.com/goods.php?detail/145046698345" "Mozilla/5.0 AppleWebKit/537.36 (KHTML, like Gecko; compatible; GPTBot/1.3; +https://openai.com/gptbot)"
74.7.243.236 - - [18/Mar/2026:03:58:50 +0000] "GET /goods.php?detail/193010513805 HTTP/2.0" 200 85877 "https://nfsin.com/goods.php?detail/19302448715477" "Mozilla/5.0 AppleWebKit/537.36 (KHTML, like Gecko; compatible; GPTBot/1.3; +https://openai.com/gptbot)"
74.7.243.236 - - [18/Mar/2026:03:59:02 +0000] "GET /goods.php?detail/0790066809064 HTTP/2.0" 200 85983 "https://nfsin.com/goods.php?detail/079027701226" "Mozilla/5.0 AppleWebKit/537.36 (KHTML, like Gecko; compatible; GPTBot/1.3; +https://openai.com/gptbot)"
74.7.243.236 - - [18/Mar/2026:03:59:14 +0000] "GET /goods.php?detail/101047165552 HTTP/2.0" 200 85839 "https://nfsin.com/goods.php?detail/186047488444" "Mozilla/5.0 AppleWebKit/537.36 (KHTML, like Gecko; compatible; GPTBot/1.3; +https://openai.com/gptbot)"
69.197.179.242 - - [18/Mar/2026:03:58:00 +0000] "GET /wp-includes/wpf78988/edit.php?id=545071 HTTP/1.1" 200 20 "https://nfsin.com/wp-includes/wpf78988/edit.php?id=545071" "Mozilla/5.0 (Windows NT 10.0; Win64; x64) AppleWebKit/537.36 (KHTML, like Gecko) Chrome/58.0.3029.110 Safari/537.3"
74.7.243.236 - - [18/Mar/2026:03:59:28 +0000] "GET /goods.php?detail/201015557194 HTTP/2.0" 200 85739 "https://nfsin.com/goods.php?detail/201017961668" "Mozilla/5.0 AppleWebKit/537.36 (KHTML, like Gecko; compatible; GPTBot/1.3; +https://openai.com/gptbot)"
74.7.243.236 - - [18/Mar/2026:03:59:42 +0000] "GET /goods.php?detail/0470082425900 HTTP/2.0" 200 86189 "https://nfsin.com/goods.php?detail/047000759279" "Mozilla/5.0 AppleWebKit/537.36 (KHTML, like Gecko; compatible; GPTBot/1.3; +https://openai.com/gptbot)"
74.7.243.236 - - [18/Mar/2026:03:59:55 +0000] "GET /goods.php?detail/047008041555 HTTP/2.0" 200 86299 "https://nfsin.com/goods.php?detail/047000759279" "Mozilla/5.0 AppleWebKit/537.36 (KHTML, like Gecko; compatible; GPTBot/1.3; +https://openai.com/gptbot)"
74.7.243.236 - - [18/Mar/2026:04:00:09 +0000] "GET /goods.php?jp/010016477.html HTTP/2.0" 200 86043 "https://nfsin.com/goods.php?goods/010013609" "Mozilla/5.0 AppleWebKit/537.36 (KHTML, like Gecko; compatible; GPTBot/1.3; +https://openai.com/gptbot)"
74.7.243.236 - - [18/Mar/2026:04:00:30 +0000] "GET /goods.php?pcmypage?callback=product%2Fdetail%2Fm43836788245 HTTP/2.0" 200 85940 "https://nfsin.com/goods.php?goods/010013609" "Mozilla/5.0 AppleWebKit/537.36 (KHTML, like Gecko; compatible; GPTBot/1.3; +https://openai.com/gptbot)"
74.7.243.236 - - [18/Mar/2026:04:00:43 +0000] "GET /goods.php?detail/010017296099 HTTP/2.0" 200 85889 "https://nfsin.com/goods.php?goods/010013609" "Mozilla/5.0 AppleWebKit/537.36 (KHTML, like Gecko; compatible; GPTBot/1.3; +https://openai.com/gptbot)"
74.7.243.236 - - [18/Mar/2026:04:00:57 +0000] "GET /goods.php?detail/157037970706 HTTP/2.0" 200 85447 "https://nfsin.com/goods.php?detail/157049695249" "Mozilla/5.0 AppleWebKit/537.36 (KHTML, like Gecko; compatible; GPTBot/1.3; +https://openai.com/gptbot)"
69.197.179.242 - - [18/Mar/2026:03:59:31 +0000] "GET /wp-includes/wpf78988/edit.php?id=545071 HTTP/1.1" 200 20 "https://nfsin.com/wp-includes/wpf78988/edit.php?id=545071" "Mozilla/5.0 (Windows NT 10.0; Win64; x64) AppleWebKit/537.36 (KHTML, like Gecko) Chrome/58.0.3029.110 Safari/537.3"
74.7.243.236 - - [18/Mar/2026:04:01:13 +0000] "GET /goods.php??i=eyh95v10282nnhewd HTTP/2.0" 200 86154 "https://nfsin.com/goods.php??p=rcd95m13062pdcusb" "Mozilla/5.0 AppleWebKit/537.36 (KHTML, like Gecko; compatible; GPTBot/1.3; +https://openai.com/gptbot)"
74.7.243.236 - - [18/Mar/2026:04:01:30 +0000] "GET /goods.php?detail/231014120713 HTTP/2.0" 200 86382 "https://nfsin.com/goods.php?detail/193010513805" "Mozilla/5.0 AppleWebKit/537.36 (KHTML, like Gecko; compatible; GPTBot/1.3; +https://openai.com/gptbot)"
74.7.243.236 - - [18/Mar/2026:04:01:46 +0000] "GET /goods.php?detail/07903266253586 HTTP/2.0" 200 85887 "https://nfsin.com/goods.php?detail/0790066809064" "Mozilla/5.0 AppleWebKit/537.36 (KHTML, like Gecko; compatible; GPTBot/1.3; +https://openai.com/gptbot)"
74.7.243.236 - - [18/Mar/2026:04:02:02 +0000] "GET /goods.php?detail/2190417354334 HTTP/2.0" 200 87255 "https://nfsin.com/goods.php?detail/0790066809064" "Mozilla/5.0 AppleWebKit/537.36 (KHTML, like Gecko; compatible; GPTBot/1.3; +https://openai.com/gptbot)"
74.7.243.236 - - [18/Mar/2026:04:02:19 +0000] "GET /goods.php?detail/289042507040 HTTP/2.0" 200 85898 "https://nfsin.com/goods.php?detail/201015557194" "Mozilla/5.0 AppleWebKit/537.36 (KHTML, like Gecko; compatible; GPTBot/1.3; +https://openai.com/gptbot)"
69.197.179.242 - - [18/Mar/2026:04:01:04 +0000] "GET /wp-includes/wpf78988/edit.php?id=545071 HTTP/1.1" 200 20 "https://nfsin.com/wp-includes/wpf78988/edit.php?id=545071" "Mozilla/5.0 (Windows NT 10.0; Win64; x64) AppleWebKit/537.36 (KHTML, like Gecko) Chrome/58.0.3029.110 Safari/537.3"
74.7.243.236 - - [18/Mar/2026:04:02:39 +0000] "GET /goods.php?detail/201017951371 HTTP/2.0" 200 85934 "https://nfsin.com/goods.php?detail/201015557194" "Mozilla/5.0 AppleWebKit/537.36 (KHTML, like Gecko; compatible; GPTBot/1.3; +https://openai.com/gptbot)"
74.7.243.236 - - [18/Mar/2026:04:02:51 +0000] "GET /goods.php?detail/093041037304 HTTP/2.0" 200 86330 "https://nfsin.com/goods.php?detail/047008041555" "Mozilla/5.0 AppleWebKit/537.36 (KHTML, like Gecko; compatible; GPTBot/1.3; +https://openai.com/gptbot)"
74.7.243.236 - - [18/Mar/2026:04:03:03 +0000] "GET /goods.php?detail/047000181334 HTTP/2.0" 200 86115 "https://nfsin.com/goods.php?detail/047008041555" "Mozilla/5.0 AppleWebKit/537.36 (KHTML, like Gecko; compatible; GPTBot/1.3; +https://openai.com/gptbot)"
74.7.243.236 - - [18/Mar/2026:04:03:15 +0000] "GET /goods.php?detail/010021804511 HTTP/2.0" 200 85592 "https://nfsin.com/goods.php?jp/010016477.html" "Mozilla/5.0 AppleWebKit/537.36 (KHTML, like Gecko; compatible; GPTBot/1.3; +https://openai.com/gptbot)"
74.7.243.236 - - [18/Mar/2026:04:03:28 +0000] "GET /goods.php?detail/1010020518006 HTTP/2.0" 200 86267 "https://nfsin.com/goods.php?detail/101047165552" "Mozilla/5.0 AppleWebKit/537.36 (KHTML, like Gecko; compatible; GPTBot/1.3; +https://openai.com/gptbot)"
198.244.242.103 - - [18/Mar/2026:04:03:34 +0000] "GET /wp-includes/admin-bar.php HTTP/2.0" 404 15598 "-" "Mozilla/5.0 (compatible; AhrefsBot/7.0; +http://ahrefs.com/robot/)"
74.7.243.236 - - [18/Mar/2026:04:03:42 +0000] "GET /goods.php?detail/053030089885 HTTP/2.0" 200 85848 "https://nfsin.com/goods.php?detail/157037970706" "Mozilla/5.0 AppleWebKit/537.36 (KHTML, like Gecko; compatible; GPTBot/1.3; +https://openai.com/gptbot)"
139.162.194.112 - - [18/Mar/2026:04:03:42 +0000] "POST /wp-cron.php?doing_wp_cron=1773806622.2447600364685058593750 HTTP/1.1" 404 15598 "-" "WordPress/6.9.1; https://nfsin.com"
74.7.243.236 - - [18/Mar/2026:04:03:53 +0000] "GET /goods.php??m=xlrb83gx14124fhklbs HTTP/2.0" 200 86280 "https://nfsin.com/goods.php?pcmypage?callback=product%2Fdetail%2Fm43836788245" "Mozilla/5.0 AppleWebKit/537.36 (KHTML, like Gecko; compatible; GPTBot/1.3; +https://openai.com/gptbot)"
69.197.179.242 - - [18/Mar/2026:04:02:38 +0000] "GET /wp-includes/wpf78988/edit.php?id=545071 HTTP/1.1" 200 20 "https://nfsin.com/wp-includes/wpf78988/edit.php?id=545071" "Mozilla/5.0 (Windows NT 10.0; Win64; x64) AppleWebKit/537.36 (KHTML, like Gecko) Chrome/58.0.3029.110 Safari/537.3"
74.7.243.236 - - [18/Mar/2026:04:04:08 +0000] "GET /goods.php?detail/1570175885417 HTTP/2.0" 200 86318 "https://nfsin.com/goods.php?detail/157049695249" "Mozilla/5.0 AppleWebKit/537.36 (KHTML, like Gecko; compatible; GPTBot/1.3; +https://openai.com/gptbot)"
74.7.243.236 - - [18/Mar/2026:04:04:21 +0000] "GET /goods.php?detail/2310435532534 HTTP/2.0" 200 86234 "https://nfsin.com/goods.php?detail/231014120713" "Mozilla/5.0 AppleWebKit/537.36 (KHTML, like Gecko; compatible; GPTBot/1.3; +https://openai.com/gptbot)"
74.7.243.236 - - [18/Mar/2026:04:04:33 +0000] "GET /goods.php?detail/290023601910 HTTP/2.0" 200 85947 "https://nfsin.com/goods.php?detail/2190417354334" "Mozilla/5.0 AppleWebKit/537.36 (KHTML, like Gecko; compatible; GPTBot/1.3; +https://openai.com/gptbot)"
74.7.243.236 - - [18/Mar/2026:04:04:47 +0000] "GET /goods.php?detail/2200319310630 HTTP/2.0" 200 85579 "https://nfsin.com/goods.php?detail/231014120713" "Mozilla/5.0 AppleWebKit/537.36 (KHTML, like Gecko; compatible; GPTBot/1.3; +https://openai.com/gptbot)"
74.7.243.236 - - [18/Mar/2026:04:05:01 +0000] "GET /goods.php?detail/261036261854 HTTP/2.0" 200 86201 "https://nfsin.com/goods.php?detail/010011655013" "Mozilla/5.0 AppleWebKit/537.36 (KHTML, like Gecko; compatible; GPTBot/1.3; +https://openai.com/gptbot)"
74.7.243.236 - - [18/Mar/2026:04:05:14 +0000] "GET /goods.php?detail/010016539802 HTTP/2.0" 200 86620 "https://nfsin.com/goods.php?goods/010013609" "Mozilla/5.0 AppleWebKit/537.36 (KHTML, like Gecko; compatible; GPTBot/1.3; +https://openai.com/gptbot)"
74.7.243.236 - - [18/Mar/2026:04:05:26 +0000] "GET /goods.php?detail/032012190555 HTTP/2.0" 200 86102 "https://nfsin.com/goods.php?detail/231014120713" "Mozilla/5.0 AppleWebKit/537.36 (KHTML, like Gecko; compatible; GPTBot/1.3; +https://openai.com/gptbot)"
69.197.179.242 - - [18/Mar/2026:04:04:09 +0000] "GET /wp-includes/wpf78988/edit.php?id=545071 HTTP/1.1" 200 20 "https://nfsin.com/wp-includes/wpf78988/edit.php?id=545071" "Mozilla/5.0 (Windows NT 10.0; Win64; x64) AppleWebKit/537.36 (KHTML, like Gecko) Chrome/58.0.3029.110 Safari/537.3"
74.7.243.236 - - [18/Mar/2026:04:05:40 +0000] "GET /goods.php?detail/0100160675652 HTTP/2.0" 200 86423 "https://nfsin.com/goods.php?detail/010021804511" "Mozilla/5.0 AppleWebKit/537.36 (KHTML, like Gecko; compatible; GPTBot/1.3; +https://openai.com/gptbot)"
74.7.243.236 - - [18/Mar/2026:04:05:59 +0000] "GET /goods.php?detail/047000293893 HTTP/2.0" 200 85996 "https://nfsin.com/goods.php?detail/047008041555" "Mozilla/5.0 AppleWebKit/537.36 (KHTML, like Gecko; compatible; GPTBot/1.3; +https://openai.com/gptbot)"
74.7.243.236 - - [18/Mar/2026:04:06:12 +0000] "GET /goods.php?detail/2980246291676 HTTP/2.0" 200 85689 "https://nfsin.com/goods.php?detail/053030089885" "Mozilla/5.0 AppleWebKit/537.36 (KHTML, like Gecko; compatible; GPTBot/1.3; +https://openai.com/gptbot)"
74.7.243.236 - - [18/Mar/2026:04:06:28 +0000] "GET /goods.php?safe_search/config?return_url=%2Fproduct%2Fdetail%2Fm75921800338 HTTP/2.0" 200 85181 "https://nfsin.com/goods.php??m=xlrb83gx14124fhklbs" "Mozilla/5.0 AppleWebKit/537.36 (KHTML, like Gecko; compatible; GPTBot/1.3; +https://openai.com/gptbot)"
74.7.243.236 - - [18/Mar/2026:04:06:45 +0000] "GET /goods.php??d=szj83y14494yoryqe HTTP/2.0" 200 86153 "https://nfsin.com/goods.php??m=xlrb83gx14124fhklbs" "Mozilla/5.0 AppleWebKit/537.36 (KHTML, like Gecko; compatible; GPTBot/1.3; +https://openai.com/gptbot)"
74.7.243.236 - - [18/Mar/2026:04:07:00 +0000] "GET /goods.php?detail/297000810110 HTTP/2.0" 200 85450 "https://nfsin.com/goods.php?detail/2310435532534" "Mozilla/5.0 AppleWebKit/537.36 (KHTML, like Gecko; compatible; GPTBot/1.3; +https://openai.com/gptbot)"
69.197.179.242 - - [18/Mar/2026:04:05:41 +0000] "GET /wp-includes/wpf78988/edit.php?id=545071 HTTP/1.1" 200 20 "https://nfsin.com/wp-includes/wpf78988/edit.php?id=545071" "Mozilla/5.0 (Windows NT 10.0; Win64; x64) AppleWebKit/537.36 (KHTML, like Gecko) Chrome/58.0.3029.110 Safari/537.3"
74.7.243.236 - - [18/Mar/2026:04:07:15 +0000] "GET /goods.php?detail/290004960079 HTTP/2.0" 200 87581 "https://nfsin.com/goods.php?detail/290023601910" "Mozilla/5.0 AppleWebKit/537.36 (KHTML, like Gecko; compatible; GPTBot/1.3; +https://openai.com/gptbot)"
74.7.243.236 - - [18/Mar/2026:04:07:26 +0000] "GET /goods.php?goods/276045930 HTTP/2.0" 200 85651 "https://nfsin.com/goods.php?detail/2200319310630" "Mozilla/5.0 AppleWebKit/537.36 (KHTML, like Gecko; compatible; GPTBot/1.3; +https://openai.com/gptbot)"
74.7.243.236 - - [18/Mar/2026:04:07:37 +0000] "GET /goods.php?detail/143046145963 HTTP/2.0" 200 86356 "https://nfsin.com/goods.php?detail/290023601910" "Mozilla/5.0 AppleWebKit/537.36 (KHTML, like Gecko; compatible; GPTBot/1.3; +https://openai.com/gptbot)"
74.7.243.236 - - [18/Mar/2026:04:07:50 +0000] "GET /goods.php?detail/010006024844 HTTP/2.0" 200 86303 "https://nfsin.com/goods.php?detail/010016539802" "Mozilla/5.0 AppleWebKit/537.36 (KHTML, like Gecko; compatible; GPTBot/1.3; +https://openai.com/gptbot)"
74.7.243.236 - - [18/Mar/2026:04:08:02 +0000] "GET /goods.php?detail/055047308307 HTTP/2.0" 200 85123 "https://nfsin.com/goods.php?detail/032012190555" "Mozilla/5.0 AppleWebKit/537.36 (KHTML, like Gecko; compatible; GPTBot/1.3; +https://openai.com/gptbot)"
74.7.243.236 - - [18/Mar/2026:04:08:16 +0000] "GET /goods.php?detail/283018331754 HTTP/2.0" 200 87322 "https://nfsin.com/goods.php?detail/032012190555" "Mozilla/5.0 AppleWebKit/537.36 (KHTML, like Gecko; compatible; GPTBot/1.3; +https://openai.com/gptbot)"
74.7.243.236 - - [18/Mar/2026:04:08:29 +0000] "GET /goods.php?detail/002041401292 HTTP/2.0" 200 85298 "https://nfsin.com/goods.php?detail/010016539802" "Mozilla/5.0 AppleWebKit/537.36 (KHTML, like Gecko; compatible; GPTBot/1.3; +https://openai.com/gptbot)"
69.197.179.242 - - [18/Mar/2026:04:07:12 +0000] "GET /wp-includes/wpf78988/edit.php?id=545071 HTTP/1.1" 200 20 "https://nfsin.com/wp-includes/wpf78988/edit.php?id=545071" "Mozilla/5.0 (Windows NT 10.0; Win64; x64) AppleWebKit/537.36 (KHTML, like Gecko) Chrome/58.0.3029.110 Safari/537.3"
74.7.243.236 - - [18/Mar/2026:04:08:41 +0000] "GET /goods.php?detail/29800187556478 HTTP/2.0" 200 85757 "https://nfsin.com/goods.php?detail/2980246291676" "Mozilla/5.0 AppleWebKit/537.36 (KHTML, like Gecko; compatible; GPTBot/1.3; +https://openai.com/gptbot)"
74.7.243.236 - - [18/Mar/2026:04:08:53 +0000] "GET /goods.php??n=muc4jz17247exoqqf HTTP/2.0" 200 85538 "https://nfsin.com/goods.php?safe_search/config?return_url=%2Fproduct%2Fdetail%2Fm75921800338" "Mozilla/5.0 AppleWebKit/537.36 (KHTML, like Gecko; compatible; GPTBot/1.3; +https://openai.com/gptbot)"
74.7.243.236 - - [18/Mar/2026:04:09:05 +0000] "GET /goods.php?detail/154037490347 HTTP/2.0" 200 85814 "https://nfsin.com/goods.php?detail/047000293893" "Mozilla/5.0 AppleWebKit/537.36 (KHTML, like Gecko; compatible; GPTBot/1.3; +https://openai.com/gptbot)"
74.7.243.236 - - [18/Mar/2026:04:09:18 +0000] "GET /goods.php?detail/097044020943 HTTP/2.0" 200 85453 "https://nfsin.com/goods.php?detail/297000810110" "Mozilla/5.0 AppleWebKit/537.36 (KHTML, like Gecko; compatible; GPTBot/1.3; +https://openai.com/gptbot)"
74.7.243.236 - - [18/Mar/2026:04:09:34 +0000] "GET /goods.php?detail/090046465985 HTTP/2.0" 200 85724 "https://nfsin.com/goods.php?detail/290004960079" "Mozilla/5.0 AppleWebKit/537.36 (KHTML, like Gecko; compatible; GPTBot/1.3; +https://openai.com/gptbot)"
74.7.243.236 - - [18/Mar/2026:04:09:51 +0000] "GET /goods.php?detail/222045331918 HTTP/2.0" 200 85941 "https://nfsin.com/goods.php?detail/297040591435" "Mozilla/5.0 AppleWebKit/537.36 (KHTML, like Gecko; compatible; GPTBot/1.3; +https://openai.com/gptbot)"
74.7.243.236 - - [18/Mar/2026:04:10:08 +0000] "GET /goods.php?detail/143008003310 HTTP/2.0" 200 86779 "https://nfsin.com/goods.php?detail/143046145963" "Mozilla/5.0 AppleWebKit/537.36 (KHTML, like Gecko; compatible; GPTBot/1.3; +https://openai.com/gptbot)"
38.190.107.171 - - [18/Mar/2026:04:10:16 +0000] "GET /robots.txt HTTP/1.1" 200 124 "-" "Mozilla/5.0 (Windows NT 10.0; Win64; x64) AppleWebKit/537.36 (KHTML, like Gecko) Chrome/114.0.0.0 Safari/537.36 Edg/114.0.1823.43"
69.197.179.242 - - [18/Mar/2026:04:08:44 +0000] "GET /wp-includes/wpf78988/edit.php?id=545071 HTTP/1.1" 200 20 "https://nfsin.com/wp-includes/wpf78988/edit.php?id=545071" "Mozilla/5.0 (Windows NT 10.0; Win64; x64) AppleWebKit/537.36 (KHTML, like Gecko) Chrome/58.0.3029.110 Safari/537.3"
74.7.243.236 - - [18/Mar/2026:04:10:24 +0000] "GET /goods.php?detail/037047874848 HTTP/2.0" 200 85587 "https://nfsin.com/goods.php?detail/010006024844" "Mozilla/5.0 AppleWebKit/537.36 (KHTML, like Gecko; compatible; GPTBot/1.3; +https://openai.com/gptbot)"
74.7.243.236 - - [18/Mar/2026:04:10:38 +0000] "GET /goods.php?detail/115006948009 HTTP/2.0" 200 86101 "https://nfsin.com/goods.php?detail/055047308307" "Mozilla/5.0 AppleWebKit/537.36 (KHTML, like Gecko; compatible; GPTBot/1.3; +https://openai.com/gptbot)"
74.7.243.236 - - [18/Mar/2026:04:10:51 +0000] "GET /goods.php?detail/243000885319 HTTP/2.0" 200 85781 "https://nfsin.com/goods.php?detail/243002919178" "Mozilla/5.0 AppleWebKit/537.36 (KHTML, like Gecko; compatible; GPTBot/1.3; +https://openai.com/gptbot)"
74.7.243.236 - - [18/Mar/2026:04:11:06 +0000] "GET /goods.php?goods/002041401 HTTP/2.0" 200 85293 "https://nfsin.com/goods.php?detail/002041401292" "Mozilla/5.0 AppleWebKit/537.36 (KHTML, like Gecko; compatible; GPTBot/1.3; +https://openai.com/gptbot)"
74.7.243.236 - - [18/Mar/2026:04:11:10 +0000] "GET /goods.php?jp/243000885.html HTTP/2.0" 200 85821 "https://nfsin.com/goods.php?detail/243000885319" "Mozilla/5.0 AppleWebKit/537.36 (KHTML, like Gecko; compatible; GPTBot/1.3; +https://openai.com/gptbot)"
74.7.243.236 - - [18/Mar/2026:04:11:26 +0000] "GET /goods.php?detail/012014339713 HTTP/2.0" 200 85471 "https://nfsin.com/goods.php?detail/002041401292" "Mozilla/5.0 AppleWebKit/537.36 (KHTML, like Gecko; compatible; GPTBot/1.3; +https://openai.com/gptbot)"
74.7.243.236 - - [18/Mar/2026:04:11:40 +0000] "GET /goods.php?detail/298033995300 HTTP/2.0" 200 85620 "https://nfsin.com/goods.php?detail/29800187556478" "Mozilla/5.0 AppleWebKit/537.36 (KHTML, like Gecko; compatible; GPTBot/1.3; +https://openai.com/gptbot)"
69.197.179.242 - - [18/Mar/2026:04:10:19 +0000] "GET /wp-includes/wpf78988/edit.php?id=545071 HTTP/1.1" 200 20 "https://nfsin.com/wp-includes/wpf78988/edit.php?id=545071" "Mozilla/5.0 (Windows NT 10.0; Win64; x64) AppleWebKit/537.36 (KHTML, like Gecko) Chrome/58.0.3029.110 Safari/537.3"
74.7.243.236 - - [18/Mar/2026:04:11:52 +0000] "GET /goods.php?detail/0610220176029 HTTP/2.0" 200 85612 "https://nfsin.com/goods.php??n=muc4jz17247exoqqf" "Mozilla/5.0 AppleWebKit/537.36 (KHTML, like Gecko; compatible; GPTBot/1.3; +https://openai.com/gptbot)"
74.7.243.236 - - [18/Mar/2026:04:12:06 +0000] "GET /goods.php?pcmypage?callback=/product%2Fdetail%2m10845270766 HTTP/2.0" 200 85773 "https://nfsin.com/goods.php?detail/097044020943" "Mozilla/5.0 AppleWebKit/537.36 (KHTML, like Gecko; compatible; GPTBot/1.3; +https://openai.com/gptbot)"
74.7.243.236 - - [18/Mar/2026:04:12:18 +0000] "GET /goods.php?goods/289007734 HTTP/2.0" 200 85761 "https://nfsin.com/goods.php?detail/090046465985" "Mozilla/5.0 AppleWebKit/537.36 (KHTML, like Gecko; compatible; GPTBot/1.3; +https://openai.com/gptbot)"
74.7.243.236 - - [18/Mar/2026:04:12:33 +0000] "GET /goods.php?detail/263002794479 HTTP/2.0" 200 85174 "https://nfsin.com/goods.php??n=muc4jz17247exoqqf" "Mozilla/5.0 AppleWebKit/537.36 (KHTML, like Gecko; compatible; GPTBot/1.3; +https://openai.com/gptbot)"
74.7.243.236 - - [18/Mar/2026:04:12:50 +0000] "GET /goods.php?detail/222001045874 HTTP/2.0" 200 85620 "https://nfsin.com/goods.php?detail/222045331918" "Mozilla/5.0 AppleWebKit/537.36 (KHTML, like Gecko; compatible; GPTBot/1.3; +https://openai.com/gptbot)"
74.7.243.236 - - [18/Mar/2026:04:13:09 +0000] "GET /goods.php?detail/173025106392 HTTP/2.0" 200 85055 "https://nfsin.com/goods.php?detail/010016362222" "Mozilla/5.0 AppleWebKit/537.36 (KHTML, like Gecko; compatible; GPTBot/1.3; +https://openai.com/gptbot)"
69.197.179.242 - - [18/Mar/2026:04:11:51 +0000] "GET /wp-includes/wpf78988/edit.php?id=545071 HTTP/1.1" 200 20 "https://nfsin.com/wp-includes/wpf78988/edit.php?id=545071" "Mozilla/5.0 (Windows NT 10.0; Win64; x64) AppleWebKit/537.36 (KHTML, like Gecko) Chrome/58.0.3029.110 Safari/537.3"
74.7.243.236 - - [18/Mar/2026:04:13:23 +0000] "GET /goods.php?detail/115007258988 HTTP/2.0" 200 85535 "https://nfsin.com/goods.php?detail/115006948009" "Mozilla/5.0 AppleWebKit/537.36 (KHTML, like Gecko; compatible; GPTBot/1.3; +https://openai.com/gptbot)"
74.7.243.236 - - [18/Mar/2026:04:13:37 +0000] "GET /goods.php?detail/283001749794 HTTP/2.0" 200 86657 "https://nfsin.com/goods.php?detail/283018331754" "Mozilla/5.0 AppleWebKit/537.36 (KHTML, like Gecko; compatible; GPTBot/1.3; +https://openai.com/gptbot)"
74.7.243.236 - - [18/Mar/2026:04:13:52 +0000] "GET /goods.php?detail/0610172108801 HTTP/2.0" 200 85552 "https://nfsin.com/goods.php?goods/002041401" "Mozilla/5.0 AppleWebKit/537.36 (KHTML, like Gecko; compatible; GPTBot/1.3; +https://openai.com/gptbot)"
74.7.243.236 - - [18/Mar/2026:04:14:03 +0000] "GET /goods.php?detail/012012357261 HTTP/2.0" 200 85892 "https://nfsin.com/goods.php?detail/012014339713" "Mozilla/5.0 AppleWebKit/537.36 (KHTML, like Gecko; compatible; GPTBot/1.3; +https://openai.com/gptbot)"
74.7.243.236 - - [18/Mar/2026:04:14:16 +0000] "GET /goods.php?detail/298036707019 HTTP/2.0" 200 85822 "https://nfsin.com/goods.php?detail/298033995300" "Mozilla/5.0 AppleWebKit/537.36 (KHTML, like Gecko; compatible; GPTBot/1.3; +https://openai.com/gptbot)"
74.7.243.236 - - [18/Mar/2026:04:14:30 +0000] "GET /goods.php?detail/290007966478 HTTP/2.0" 200 85961 "https://nfsin.com/goods.php?detail/2900156990556" "Mozilla/5.0 AppleWebKit/537.36 (KHTML, like Gecko; compatible; GPTBot/1.3; +https://openai.com/gptbot)"
74.7.243.236 - - [18/Mar/2026:04:14:43 +0000] "GET /goods.php??s=igvub51vt12048lfjgwwkgw HTTP/2.0" 200 85831 "https://nfsin.com/goods.php?pcmypage?callback=/product%2Fdetail%2m10845270766" "Mozilla/5.0 AppleWebKit/537.36 (KHTML, like Gecko; compatible; GPTBot/1.3; +https://openai.com/gptbot)"
69.197.179.242 - - [18/Mar/2026:04:13:21 +0000] "GET /wp-includes/wpf78988/edit.php?id=545071 HTTP/1.1" 200 20 "https://nfsin.com/wp-includes/wpf78988/edit.php?id=545071" "Mozilla/5.0 (Windows NT 10.0; Win64; x64) AppleWebKit/537.36 (KHTML, like Gecko) Chrome/58.0.3029.110 Safari/537.3"
74.7.243.236 - - [18/Mar/2026:04:14:56 +0000] "GET /goods.php??c=yrcl26g1129mlkmioyl HTTP/2.0" 200 86425 "https://nfsin.com/goods.php?pcmypage?callback=/product%2Fdetail%2m10845270766" "Mozilla/5.0 AppleWebKit/537.36 (KHTML, like Gecko; compatible; GPTBot/1.3; +https://openai.com/gptbot)"
74.7.243.236 - - [18/Mar/2026:04:15:10 +0000] "GET /goods.php??d=nre74edubv5103tjqgdu HTTP/2.0" 200 86935 "https://nfsin.com/goods.php??s=uyv74sd4287mpvpub" "Mozilla/5.0 AppleWebKit/537.36 (KHTML, like Gecko; compatible; GPTBot/1.3; +https://openai.com/gptbot)"
198.244.242.223 - - [18/Mar/2026:04:15:12 +0000] "GET /wp-includes/abilities.php HTTP/2.0" 404 15598 "-" "Mozilla/5.0 (compatible; AhrefsBot/7.0; +http://ahrefs.com/robot/)"
139.162.194.112 - - [18/Mar/2026:04:15:17 +0000] "POST /wp-cron.php?doing_wp_cron=1773807317.5547070503234863281250 HTTP/1.1" 404 15598 "-" "WordPress/6.9.1; https://nfsin.com"
74.7.243.236 - - [18/Mar/2026:04:15:26 +0000] "GET /goods.php?detail/093010316950 HTTP/2.0" 200 86377 "https://nfsin.com/goods.php?detail/222001045874" "Mozilla/5.0 AppleWebKit/537.36 (KHTML, like Gecko; compatible; GPTBot/1.3; +https://openai.com/gptbot)"
74.7.243.236 - - [18/Mar/2026:04:15:43 +0000] "GET /goods.php?detail/05800887288566 HTTP/2.0" 200 85204 "https://nfsin.com/goods.php?detail/173025106392" "Mozilla/5.0 AppleWebKit/537.36 (KHTML, like Gecko; compatible; GPTBot/1.3; +https://openai.com/gptbot)"
74.7.243.236 - - [18/Mar/2026:04:15:58 +0000] "GET /goods.php?detail/031033035302 HTTP/2.0" 200 86027 "https://nfsin.com/goods.php?detail/115007258988" "Mozilla/5.0 AppleWebKit/537.36 (KHTML, like Gecko; compatible; GPTBot/1.3; +https://openai.com/gptbot)"
74.7.243.236 - - [18/Mar/2026:04:16:11 +0000] "GET /goods.php?detail/222000447193 HTTP/2.0" 200 85709 "https://nfsin.com/goods.php?detail/222001045874" "Mozilla/5.0 AppleWebKit/537.36 (KHTML, like Gecko; compatible; GPTBot/1.3; +https://openai.com/gptbot)"
69.197.179.242 - - [18/Mar/2026:04:14:52 +0000] "GET /wp-includes/wpf78988/edit.php?id=545071 HTTP/1.1" 200 20 "https://nfsin.com/wp-includes/wpf78988/edit.php?id=545071" "Mozilla/5.0 (Windows NT 10.0; Win64; x64) AppleWebKit/537.36 (KHTML, like Gecko) Chrome/58.0.3029.110 Safari/537.3"
74.7.243.236 - - [18/Mar/2026:04:16:28 +0000] "GET / HTTP/2.0" 200 17796 "https://www.ecommercebenchmarking.com" "Mozilla/5.0 AppleWebKit/537.36 (KHTML, like Gecko; compatible; GPTBot/1.3; +https://openai.com/gptbot)"
139.162.194.112 - - [18/Mar/2026:04:16:35 +0000] "POST /wp-cron.php?doing_wp_cron=1773807395.3432199954986572265625 HTTP/1.1" 404 15588 "-" "WordPress/6.9.1; https://nfsin.com"
74.7.243.236 - - [18/Mar/2026:04:16:45 +0000] "GET /goods.php?detail/0120066448815 HTTP/2.0" 200 86098 "https://nfsin.com/goods.php?detail/012012357261" "Mozilla/5.0 AppleWebKit/537.36 (KHTML, like Gecko; compatible; GPTBot/1.3; +https://openai.com/gptbot)"
74.7.243.236 - - [18/Mar/2026:04:16:57 +0000] "GET /goods.php?detail/012003185551 HTTP/2.0" 200 86050 "https://nfsin.com/goods.php?detail/012012357261" "Mozilla/5.0 AppleWebKit/537.36 (KHTML, like Gecko; compatible; GPTBot/1.3; +https://openai.com/gptbot)"
74.7.243.236 - - [18/Mar/2026:04:17:14 +0000] "GET /goods.php?detail/189012810814 HTTP/2.0" 200 85281 "https://nfsin.com/goods.php?detail/290007966478" "Mozilla/5.0 AppleWebKit/537.36 (KHTML, like Gecko; compatible; GPTBot/1.3; +https://openai.com/gptbot)"
74.7.243.236 - - [18/Mar/2026:04:17:30 +0000] "GET /goods.php?detail/156023450550 HTTP/2.0" 200 87386 "https://nfsin.com/goods.php?detail/290007966478" "Mozilla/5.0 AppleWebKit/537.36 (KHTML, like Gecko; compatible; GPTBot/1.3; +https://openai.com/gptbot)"
74.7.243.236 - - [18/Mar/2026:04:17:43 +0000] "GET /goods.php?detail/012001881623 HTTP/2.0" 200 87080 "https://nfsin.com/goods.php?detail/012012357261" "Mozilla/5.0 AppleWebKit/537.36 (KHTML, like Gecko; compatible; GPTBot/1.3; +https://openai.com/gptbot)"
69.197.179.242 - - [18/Mar/2026:04:16:24 +0000] "GET /wp-includes/wpf78988/edit.php?id=545071 HTTP/1.1" 200 20 "https://nfsin.com/wp-includes/wpf78988/edit.php?id=545071" "Mozilla/5.0 (Windows NT 10.0; Win64; x64) AppleWebKit/537.36 (KHTML, like Gecko) Chrome/58.0.3029.110 Safari/537.3"
74.7.243.236 - - [18/Mar/2026:04:17:58 +0000] "GET /goods.php??e=klr70e1069mfwhji HTTP/2.0" 200 85238 "https://nfsin.com/goods.php??d=nre74edubv5103tjqgdu" "Mozilla/5.0 AppleWebKit/537.36 (KHTML, like Gecko; compatible; GPTBot/1.3; +https://openai.com/gptbot)"
74.7.243.236 - - [18/Mar/2026:04:18:19 +0000] "GET /goods.php?detail/016039910026 HTTP/2.0" 200 87652 "https://nfsin.com/goods.php?detail/0610172108801" "Mozilla/5.0 AppleWebKit/537.36 (KHTML, like Gecko; compatible; GPTBot/1.3; +https://openai.com/gptbot)"
74.7.243.236 - - [18/Mar/2026:04:18:38 +0000] "GET /goods.php?detail/0930131332329 HTTP/2.0" 200 85800 "https://nfsin.com/goods.php?detail/093010316950" "Mozilla/5.0 AppleWebKit/537.36 (KHTML, like Gecko; compatible; GPTBot/1.3; +https://openai.com/gptbot)"
74.7.243.236 - - [18/Mar/2026:04:18:59 +0000] "GET /goods.php?detail/127027005164 HTTP/2.0" 200 86074 "https://nfsin.com/goods.php?detail/115007258988" "Mozilla/5.0 AppleWebKit/537.36 (KHTML, like Gecko; compatible; GPTBot/1.3; +https://openai.com/gptbot)"
74.7.243.236 - - [18/Mar/2026:04:19:15 +0000] "GET /goods.php?products/list/g060024048 HTTP/2.0" 200 85847 "https://nfsin.com/goods.php??z=lygg74oh5355ooswde" "Mozilla/5.0 AppleWebKit/537.36 (KHTML, like Gecko; compatible; GPTBot/1.3; +https://openai.com/gptbot)"
69.197.179.242 - - [18/Mar/2026:04:17:55 +0000] "GET /wp-includes/wpf78988/edit.php?id=545071 HTTP/1.1" 200 20 "https://nfsin.com/wp-includes/wpf78988/edit.php?id=545071" "Mozilla/5.0 (Windows NT 10.0; Win64; x64) AppleWebKit/537.36 (KHTML, like Gecko) Chrome/58.0.3029.110 Safari/537.3"
74.7.243.236 - - [18/Mar/2026:04:19:41 +0000] "GET /goods.php?detail/2170358473739 HTTP/2.0" 200 85571 "https://nfsin.com/goods.php?detail/055047308307" "Mozilla/5.0 AppleWebKit/537.36 (KHTML, like Gecko; compatible; GPTBot/1.3; +https://openai.com/gptbot)"
74.7.243.236 - - [18/Mar/2026:04:20:05 +0000] "GET /goods.php?detail/005019445765 HTTP/2.0" 200 85139 "https://nfsin.com/goods.php?detail/201005721560" "Mozilla/5.0 AppleWebKit/537.36 (KHTML, like Gecko; compatible; GPTBot/1.3; +https://openai.com/gptbot)"
74.7.243.236 - - [18/Mar/2026:04:20:23 +0000] "GET /goods.php?detail/169048128955 HTTP/2.0" 200 86151 "https://nfsin.com/goods.php?detail/012003185551" "Mozilla/5.0 AppleWebKit/537.36 (KHTML, like Gecko; compatible; GPTBot/1.3; +https://openai.com/gptbot)"
74.7.243.236 - - [18/Mar/2026:04:20:40 +0000] "GET /goods.php?detail/011002339279 HTTP/2.0" 200 86467 "https://nfsin.com/goods.php?detail/203020296560" "Mozilla/5.0 AppleWebKit/537.36 (KHTML, like Gecko; compatible; GPTBot/1.3; +https://openai.com/gptbot)"
43.130.40.120 - - [18/Mar/2026:04:20:49 +0000] "GET / HTTP/1.1" 200 17796 "http://www.nfsin.com" "Mozilla/5.0 (iPhone; CPU iPhone OS 13_2_3 like Mac OS X) AppleWebKit/605.1.15 (KHTML, like Gecko) Version/13.0.3 Mobile/15E148 Safari/604.1"
69.197.179.242 - - [18/Mar/2026:04:19:27 +0000] "GET /wp-includes/wpf78988/edit.php?id=545071 HTTP/1.1" 200 20 "https://nfsin.com/wp-includes/wpf78988/edit.php?id=545071" "Mozilla/5.0 (Windows NT 10.0; Win64; x64) AppleWebKit/537.36 (KHTML, like Gecko) Chrome/58.0.3029.110 Safari/537.3"
74.7.243.236 - - [18/Mar/2026:04:20:57 +0000] "GET /goods.php?detail/156044064070 HTTP/2.0" 200 85650 "https://nfsin.com/goods.php?detail/156023450550" "Mozilla/5.0 AppleWebKit/537.36 (KHTML, like Gecko; compatible; GPTBot/1.3; +https://openai.com/gptbot)"
74.7.243.236 - - [18/Mar/2026:04:21:11 +0000] "GET /goods.php?detail/156044081406 HTTP/2.0" 200 85592 "https://nfsin.com/goods.php?detail/156023450550" "Mozilla/5.0 AppleWebKit/537.36 (KHTML, like Gecko; compatible; GPTBot/1.3; +https://openai.com/gptbot)"
74.7.243.236 - - [18/Mar/2026:04:21:25 +0000] "GET /goods.php?detail/156044056802 HTTP/2.0" 200 85653 "https://nfsin.com/goods.php?detail/156023450550" "Mozilla/5.0 AppleWebKit/537.36 (KHTML, like Gecko; compatible; GPTBot/1.3; +https://openai.com/gptbot)"
74.7.243.236 - - [18/Mar/2026:04:21:38 +0000] "GET /goods.php?detail/016000413181 HTTP/2.0" 200 86470 "https://nfsin.com/goods.php?detail/016039910026" "Mozilla/5.0 AppleWebKit/537.36 (KHTML, like Gecko; compatible; GPTBot/1.3; +https://openai.com/gptbot)"
74.7.243.236 - - [18/Mar/2026:04:21:54 +0000] "GET /goods.php?detail/050034151524 HTTP/2.0" 200 85491 "https://nfsin.com/goods.php?detail/016039910026" "Mozilla/5.0 AppleWebKit/537.36 (KHTML, like Gecko; compatible; GPTBot/1.3; +https://openai.com/gptbot)"
74.7.243.236 - - [18/Mar/2026:04:22:12 +0000] "GET /goods.php?detail/194011644831 HTTP/2.0" 200 85935 "https://nfsin.com/goods.php?detail/201017961668" "Mozilla/5.0 AppleWebKit/537.36 (KHTML, like Gecko; compatible; GPTBot/1.3; +https://openai.com/gptbot)"
74.7.243.236 - - [18/Mar/2026:04:22:26 +0000] "GET /goods.php?detail/280011207892 HTTP/2.0" 200 86326 "https://nfsin.com/goods.php?detail/280028211782" "Mozilla/5.0 AppleWebKit/537.36 (KHTML, like Gecko; compatible; GPTBot/1.3; +https://openai.com/gptbot)"
74.7.243.236 - - [18/Mar/2026:04:22:41 +0000] "GET /goods.php?detail/030032915950 HTTP/2.0" 200 85789 "https://nfsin.com/goods.php?detail/2170358473739" "Mozilla/5.0 AppleWebKit/537.36 (KHTML, like Gecko; compatible; GPTBot/1.3; +https://openai.com/gptbot)"
69.197.179.242 - - [18/Mar/2026:04:21:00 +0000] "GET /wp-includes/wpf78988/edit.php?id=545071 HTTP/1.1" 200 20 "https://nfsin.com/wp-includes/wpf78988/edit.php?id=545071" "Mozilla/5.0 (Windows NT 10.0; Win64; x64) AppleWebKit/537.36 (KHTML, like Gecko) Chrome/58.0.3029.110 Safari/537.3"
74.7.243.236 - - [18/Mar/2026:04:22:57 +0000] "GET /goods.php?category/1719/1/listing HTTP/2.0" 200 85731 "https://nfsin.com/goods.php?detail/005019445765" "Mozilla/5.0 AppleWebKit/537.36 (KHTML, like Gecko; compatible; GPTBot/1.3; +https://openai.com/gptbot)"
74.7.243.236 - - [18/Mar/2026:04:23:09 +0000] "GET /goods.php?detail/155046715920 HTTP/2.0" 200 85932 "https://nfsin.com/goods.php?detail/169048128955" "Mozilla/5.0 AppleWebKit/537.36 (KHTML, like Gecko; compatible; GPTBot/1.3; +https://openai.com/gptbot)"
74.7.243.236 - - [18/Mar/2026:04:23:25 +0000] "GET /goods.php?detail/011005351641 HTTP/2.0" 200 86455 "https://nfsin.com/goods.php?detail/011002339279" "Mozilla/5.0 AppleWebKit/537.36 (KHTML, like Gecko; compatible; GPTBot/1.3; +https://openai.com/gptbot)"
204.12.208.18 - - [18/Mar/2026:04:23:29 +0000] "GET /wp-includes/wpf78988/edit.php HTTP/1.1" 200 26 "https://nfsin.com/wp-includes/wpf78988/edit.php" "Mozilla/5.0 (compatible; MSIE 10.0; Windows NT 6.2; Win64; x64; Trident/6.0)"
74.7.243.236 - - [18/Mar/2026:04:23:42 +0000] "GET /goods.php?detail/021030217283 HTTP/2.0" 200 85836 "https://nfsin.com/goods.php?detail/011002339279" "Mozilla/5.0 AppleWebKit/537.36 (KHTML, like Gecko; compatible; GPTBot/1.3; +https://openai.com/gptbot)"
74.7.243.236 - - [18/Mar/2026:04:23:57 +0000] "GET /goods.php?detail/294018361398 HTTP/2.0" 200 86084 "https://nfsin.com/goods.php?detail/011002339279" "Mozilla/5.0 AppleWebKit/537.36 (KHTML, like Gecko; compatible; GPTBot/1.3; +https://openai.com/gptbot)"
