74.7.243.236 - - [18/Mar/2026:09:26:22 +0000] "GET /goods.php??t=nvc9mh1866zhqgty HTTP/2.0" 200 86437 "https://nfsin.com/goods.php?pcmypage?callback=product/review/m32026967748" "Mozilla/5.0 AppleWebKit/537.36 (KHTML, like Gecko; compatible; GPTBot/1.3; +https://openai.com/gptbot)"
74.7.243.236 - - [18/Mar/2026:09:26:35 +0000] "GET /goods.php??e=rlq49uhj13186jennwn HTTP/2.0" 200 86080 "https://nfsin.com/goods.php?pcmypage?callback=product/review/m32026967748" "Mozilla/5.0 AppleWebKit/537.36 (KHTML, like Gecko; compatible; GPTBot/1.3; +https://openai.com/gptbot)"
74.7.243.236 - - [18/Mar/2026:09:26:51 +0000] "GET /goods.php?detail/111030263503 HTTP/2.0" 200 85571 "https://nfsin.com/goods.php?detail/111032055835" "Mozilla/5.0 AppleWebKit/537.36 (KHTML, like Gecko; compatible; GPTBot/1.3; +https://openai.com/gptbot)"
69.197.179.242 - - [18/Mar/2026:09:25:32 +0000] "GET /wp-includes/wpf78988/edit.php?id=545071 HTTP/1.1" 200 20 "https://nfsin.com/wp-includes/wpf78988/edit.php?id=545071" "Mozilla/5.0 (Windows NT 10.0; Win64; x64) AppleWebKit/537.36 (KHTML, like Gecko) Chrome/58.0.3029.110 Safari/537.3"
74.7.243.236 - - [18/Mar/2026:09:27:06 +0000] "GET /goods.php??s=fkhi46v7205mprufcb HTTP/2.0" 200 86820 "https://nfsin.com/goods.php?product/edit/m25619201196" "Mozilla/5.0 AppleWebKit/537.36 (KHTML, like Gecko; compatible; GPTBot/1.3; +https://openai.com/gptbot)"
74.7.243.236 - - [18/Mar/2026:09:27:22 +0000] "GET /goods.php??d=stut46s7203fkhiyz HTTP/2.0" 200 87117 "https://nfsin.com/goods.php?product/edit/m25619201196" "Mozilla/5.0 AppleWebKit/537.36 (KHTML, like Gecko; compatible; GPTBot/1.3; +https://openai.com/gptbot)"
74.7.243.236 - - [18/Mar/2026:09:27:37 +0000] "GET /goods.php?detail/0200140414232 HTTP/2.0" 200 85853 "https://nfsin.com/goods.php?detail/0080052549540" "Mozilla/5.0 AppleWebKit/537.36 (KHTML, like Gecko; compatible; GPTBot/1.3; +https://openai.com/gptbot)"
74.7.243.236 - - [18/Mar/2026:09:27:51 +0000] "GET /goods.php?detail/038019038478 HTTP/2.0" 200 85823 "https://nfsin.com/goods.php??e=yvh38jd8843npvknbges" "Mozilla/5.0 AppleWebKit/537.36 (KHTML, like Gecko; compatible; GPTBot/1.3; +https://openai.com/gptbot)"
74.7.243.236 - - [18/Mar/2026:09:28:08 +0000] "GET /goods.php?detail/048001444009 HTTP/2.0" 200 86500 "https://nfsin.com/goods.php?detail/048001297297" "Mozilla/5.0 AppleWebKit/537.36 (KHTML, like Gecko; compatible; GPTBot/1.3; +https://openai.com/gptbot)"
74.7.243.236 - - [18/Mar/2026:09:28:23 +0000] "GET /goods.php?detail/271003438492 HTTP/2.0" 200 85594 "https://nfsin.com/goods.php?detail/271006271743" "Mozilla/5.0 AppleWebKit/537.36 (KHTML, like Gecko; compatible; GPTBot/1.3; +https://openai.com/gptbot)"
69.197.179.242 - - [18/Mar/2026:09:27:04 +0000] "GET /wp-includes/wpf78988/edit.php?id=545071 HTTP/1.1" 200 20 "https://nfsin.com/wp-includes/wpf78988/edit.php?id=545071" "Mozilla/5.0 (Windows NT 10.0; Win64; x64) AppleWebKit/537.36 (KHTML, like Gecko) Chrome/58.0.3029.110 Safari/537.3"
74.7.243.236 - - [18/Mar/2026:09:28:38 +0000] "GET /goods.php?detail/260045195132 HTTP/2.0" 200 85578 "https://nfsin.com/goods.php?detail/271006271743" "Mozilla/5.0 AppleWebKit/537.36 (KHTML, like Gecko; compatible; GPTBot/1.3; +https://openai.com/gptbot)"
74.7.243.236 - - [18/Mar/2026:09:28:52 +0000] "GET /goods.php?detail/008004696555 HTTP/2.0" 200 86355 "https://nfsin.com/goods.php?detail/008006887374" "Mozilla/5.0 AppleWebKit/537.36 (KHTML, like Gecko; compatible; GPTBot/1.3; +https://openai.com/gptbot)"
74.7.243.236 - - [18/Mar/2026:09:29:09 +0000] "GET /goods.php?detail/009001798949 HTTP/2.0" 200 86355 "https://nfsin.com/goods.php??t=nvc9mh1866zhqgty" "Mozilla/5.0 AppleWebKit/537.36 (KHTML, like Gecko; compatible; GPTBot/1.3; +https://openai.com/gptbot)"
198.244.226.84 - - [18/Mar/2026:09:29:24 +0000] "GET /wp-includes/js/jcrop/ HTTP/2.0" 200 427 "-" "Mozilla/5.0 (compatible; AhrefsBot/7.0; +http://ahrefs.com/robot/)"
74.7.243.236 - - [18/Mar/2026:09:29:24 +0000] "GET /goods.php?detail/008004719152 HTTP/2.0" 200 86629 "https://nfsin.com/goods.php?detail/008006887374" "Mozilla/5.0 AppleWebKit/537.36 (KHTML, like Gecko; compatible; GPTBot/1.3; +https://openai.com/gptbot)"
74.7.243.236 - - [18/Mar/2026:09:29:39 +0000] "GET /goods.php?detail/207047775349 HTTP/2.0" 200 85510 "https://nfsin.com/goods.php?detail/0080052549540" "Mozilla/5.0 AppleWebKit/537.36 (KHTML, like Gecko; compatible; GPTBot/1.3; +https://openai.com/gptbot)"
74.7.243.236 - - [18/Mar/2026:09:29:53 +0000] "GET /goods.php??s=hde46hoow3491kkudhs HTTP/2.0" 200 86193 "https://nfsin.com/goods.php??s=fkhi46v7205mprufcb" "Mozilla/5.0 AppleWebKit/537.36 (KHTML, like Gecko; compatible; GPTBot/1.3; +https://openai.com/gptbot)"
69.197.179.242 - - [18/Mar/2026:09:28:34 +0000] "GET /wp-includes/wpf78988/edit.php?id=545071 HTTP/1.1" 200 20 "https://nfsin.com/wp-includes/wpf78988/edit.php?id=545071" "Mozilla/5.0 (Windows NT 10.0; Win64; x64) AppleWebKit/537.36 (KHTML, like Gecko) Chrome/58.0.3029.110 Safari/537.3"
74.7.243.236 - - [18/Mar/2026:09:30:09 +0000] "GET /goods.php??x=phx46bvr5009jqocri HTTP/2.0" 200 86608 "https://nfsin.com/goods.php??d=stut46s7203fkhiyz" "Mozilla/5.0 AppleWebKit/537.36 (KHTML, like Gecko; compatible; GPTBot/1.3; +https://openai.com/gptbot)"
74.7.243.236 - - [18/Mar/2026:09:30:26 +0000] "GET /goods.php??i=wuf94p11841gjlvwxoy HTTP/2.0" 200 86326 "https://nfsin.com/goods.php??d=stut46s7203fkhiyz" "Mozilla/5.0 AppleWebKit/537.36 (KHTML, like Gecko; compatible; GPTBot/1.3; +https://openai.com/gptbot)"
74.7.243.236 - - [18/Mar/2026:09:30:39 +0000] "GET /goods.php??p=tth86nc7205ewngtvsw HTTP/2.0" 200 87424 "https://nfsin.com/goods.php??i=hxpe84xrkv625uesyxe" "Mozilla/5.0 AppleWebKit/537.36 (KHTML, like Gecko; compatible; GPTBot/1.3; +https://openai.com/gptbot)"
74.7.243.236 - - [18/Mar/2026:09:30:52 +0000] "GET /goods.php??u=koh38ga8551izbwvwga HTTP/2.0" 200 86007 "https://nfsin.com/goods.php?product/edit/m74287968569" "Mozilla/5.0 AppleWebKit/537.36 (KHTML, like Gecko; compatible; GPTBot/1.3; +https://openai.com/gptbot)"
74.7.243.236 - - [18/Mar/2026:09:31:08 +0000] "GET /goods.php??o=vqe8inz48255fginzc HTTP/2.0" 200 85962 "https://nfsin.com/goods.php??l=ycbi84nr639okctocoz" "Mozilla/5.0 AppleWebKit/537.36 (KHTML, like Gecko; compatible; GPTBot/1.3; +https://openai.com/gptbot)"
74.7.243.236 - - [18/Mar/2026:09:31:22 +0000] "GET /goods.php??b=cbk277bc1124gaqdjqyb HTTP/2.0" 200 86664 "https://nfsin.com/goods.php??y=eja277p6208uiynkwei" "Mozilla/5.0 AppleWebKit/537.36 (KHTML, like Gecko; compatible; GPTBot/1.3; +https://openai.com/gptbot)"
69.197.179.242 - - [18/Mar/2026:09:30:04 +0000] "GET /wp-includes/wpf78988/edit.php?id=545071 HTTP/1.1" 200 20 "https://nfsin.com/wp-includes/wpf78988/edit.php?id=545071" "Mozilla/5.0 (Windows NT 10.0; Win64; x64) AppleWebKit/537.36 (KHTML, like Gecko) Chrome/58.0.3029.110 Safari/537.3"
74.7.243.236 - - [18/Mar/2026:09:31:35 +0000] "GET /goods.php?detail/008005116640 HTTP/2.0" 200 87152 "https://nfsin.com/goods.php?detail/008004696555" "Mozilla/5.0 AppleWebKit/537.36 (KHTML, like Gecko; compatible; GPTBot/1.3; +https://openai.com/gptbot)"
74.7.243.236 - - [18/Mar/2026:09:31:47 +0000] "GET /goods.php?detail/194009604030 HTTP/2.0" 200 87394 "https://nfsin.com/goods.php?detail/008004696555" "Mozilla/5.0 AppleWebKit/537.36 (KHTML, like Gecko; compatible; GPTBot/1.3; +https://openai.com/gptbot)"
74.7.243.236 - - [18/Mar/2026:09:32:01 +0000] "GET /goods.php?detail/008007765057 HTTP/2.0" 200 85722 "https://nfsin.com/goods.php?detail/008004719152" "Mozilla/5.0 AppleWebKit/537.36 (KHTML, like Gecko; compatible; GPTBot/1.3; +https://openai.com/gptbot)"
74.7.243.236 - - [18/Mar/2026:09:32:18 +0000] "GET /goods.php?detail/185008178110 HTTP/2.0" 200 86610 "https://nfsin.com/goods.php?detail/008004696555" "Mozilla/5.0 AppleWebKit/537.36 (KHTML, like Gecko; compatible; GPTBot/1.3; +https://openai.com/gptbot)"
51.195.244.201 - - [18/Mar/2026:09:32:28 +0000] "GET /wp-includes/js/imgareaselect/ HTTP/2.0" 200 476 "-" "Mozilla/5.0 (compatible; AhrefsBot/7.0; +http://ahrefs.com/robot/)"
74.7.243.236 - - [18/Mar/2026:09:32:34 +0000] "GET /goods.php?detail/009001937730 HTTP/2.0" 200 86727 "https://nfsin.com/goods.php?detail/009001798949" "Mozilla/5.0 AppleWebKit/537.36 (KHTML, like Gecko; compatible; GPTBot/1.3; +https://openai.com/gptbot)"
74.7.243.236 - - [18/Mar/2026:09:32:46 +0000] "GET /goods.php??r=lguvq241h4132ouxvnfqhqv HTTP/2.0" 200 85966 "https://nfsin.com/goods.php??x=phx46bvr5009jqocri" "Mozilla/5.0 AppleWebKit/537.36 (KHTML, like Gecko; compatible; GPTBot/1.3; +https://openai.com/gptbot)"
74.7.243.236 - - [18/Mar/2026:09:33:00 +0000] "GET /goods.php?detail/264042605352 HTTP/2.0" 200 85333 "https://nfsin.com/goods.php?detail/008004719152" "Mozilla/5.0 AppleWebKit/537.36 (KHTML, like Gecko; compatible; GPTBot/1.3; +https://openai.com/gptbot)"
69.197.179.242 - - [18/Mar/2026:09:31:35 +0000] "GET /wp-includes/wpf78988/edit.php?id=545071 HTTP/1.1" 200 20 "https://nfsin.com/wp-includes/wpf78988/edit.php?id=545071" "Mozilla/5.0 (Windows NT 10.0; Win64; x64) AppleWebKit/537.36 (KHTML, like Gecko) Chrome/58.0.3029.110 Safari/537.3"
74.7.243.236 - - [18/Mar/2026:09:33:16 +0000] "GET /goods.php??j=dlb147bm104czsjtac HTTP/2.0" 200 85350 "https://nfsin.com/goods.php??p=tth86nc7205ewngtvsw" "Mozilla/5.0 AppleWebKit/537.36 (KHTML, like Gecko; compatible; GPTBot/1.3; +https://openai.com/gptbot)"
74.7.243.236 - - [18/Mar/2026:09:33:29 +0000] "GET /goods.php?detail/207007754426 HTTP/2.0" 200 86766 "https://nfsin.com/goods.php?detail/207047775349" "Mozilla/5.0 AppleWebKit/537.36 (KHTML, like Gecko; compatible; GPTBot/1.3; +https://openai.com/gptbot)"
74.7.243.236 - - [18/Mar/2026:09:33:42 +0000] "GET /goods.php??k=eco8ikytq2645vztkis HTTP/2.0" 200 85728 "https://nfsin.com/goods.php??o=vqe8inz48255fginzc" "Mozilla/5.0 AppleWebKit/537.36 (KHTML, like Gecko; compatible; GPTBot/1.3; +https://openai.com/gptbot)"
74.7.243.236 - - [18/Mar/2026:09:34:00 +0000] "GET /goods.php??z=wqnj8zs2223wyijmd HTTP/2.0" 200 85819 "https://nfsin.com/goods.php??o=vqe8inz48255fginzc" "Mozilla/5.0 AppleWebKit/537.36 (KHTML, like Gecko; compatible; GPTBot/1.3; +https://openai.com/gptbot)"
74.7.243.236 - - [18/Mar/2026:09:34:19 +0000] "GET /goods.php?detail/008007783945 HTTP/2.0" 200 86091 "https://nfsin.com/goods.php?detail/008005116640" "Mozilla/5.0 AppleWebKit/537.36 (KHTML, like Gecko; compatible; GPTBot/1.3; +https://openai.com/gptbot)"
69.197.179.242 - - [18/Mar/2026:09:33:06 +0000] "GET /wp-includes/wpf78988/edit.php?id=545071 HTTP/1.1" 200 20 "https://nfsin.com/wp-includes/wpf78988/edit.php?id=545071" "Mozilla/5.0 (Windows NT 10.0; Win64; x64) AppleWebKit/537.36 (KHTML, like Gecko) Chrome/58.0.3029.110 Safari/537.3"
74.7.243.236 - - [18/Mar/2026:09:34:35 +0000] "GET /goods.php??o=vxaa16fg4739uuqskrt HTTP/2.0" 200 85090 "https://nfsin.com/goods.php??b=cbk277bc1124gaqdjqyb" "Mozilla/5.0 AppleWebKit/537.36 (KHTML, like Gecko; compatible; GPTBot/1.3; +https://openai.com/gptbot)"
74.7.243.236 - - [18/Mar/2026:09:34:49 +0000] "GET /goods.php?detail/0400240773644 HTTP/2.0" 200 85694 "https://nfsin.com/goods.php?detail/008005116640" "Mozilla/5.0 AppleWebKit/537.36 (KHTML, like Gecko; compatible; GPTBot/1.3; +https://openai.com/gptbot)"
74.7.243.236 - - [18/Mar/2026:09:35:05 +0000] "GET /goods.php?detail/0080051282238 HTTP/2.0" 200 85971 "https://nfsin.com/goods.php?detail/008004696555" "Mozilla/5.0 AppleWebKit/537.36 (KHTML, like Gecko; compatible; GPTBot/1.3; +https://openai.com/gptbot)"
198.244.242.1 - - [18/Mar/2026:09:35:19 +0000] "GET /?sitemap900.xml HTTP/2.0" 200 33 "-" "Mozilla/5.0 (compatible; AhrefsBot/7.0; +http://ahrefs.com/robot/)"
74.7.243.236 - - [18/Mar/2026:09:35:21 +0000] "GET /goods.php?detail/009000873957 HTTP/2.0" 200 85597 "https://nfsin.com/goods.php?detail/009001937730" "Mozilla/5.0 AppleWebKit/537.36 (KHTML, like Gecko; compatible; GPTBot/1.3; +https://openai.com/gptbot)"
74.7.243.236 - - [18/Mar/2026:09:35:37 +0000] "GET /goods.php??e=vej41a35034soiuytjj HTTP/2.0" 200 85451 "https://nfsin.com/goods.php??r=lguvq241h4132ouxvnfqhqv" "Mozilla/5.0 AppleWebKit/537.36 (KHTML, like Gecko; compatible; GPTBot/1.3; +https://openai.com/gptbot)"
74.7.243.236 - - [18/Mar/2026:09:35:53 +0000] "GET /goods.php??f=hga221j2520iginlqrqo HTTP/2.0" 200 86330 "https://nfsin.com/goods.php??n=csen145n5744dksfuo" "Mozilla/5.0 AppleWebKit/537.36 (KHTML, like Gecko; compatible; GPTBot/1.3; +https://openai.com/gptbot)"
69.197.179.242 - - [18/Mar/2026:09:34:37 +0000] "GET /wp-includes/wpf78988/edit.php?id=545071 HTTP/1.1" 200 20 "https://nfsin.com/wp-includes/wpf78988/edit.php?id=545071" "Mozilla/5.0 (Windows NT 10.0; Win64; x64) AppleWebKit/537.36 (KHTML, like Gecko) Chrome/58.0.3029.110 Safari/537.3"
74.7.243.236 - - [18/Mar/2026:09:36:09 +0000] "GET /goods.php??l=njas147sdej446pnvzsp HTTP/2.0" 200 86067 "https://nfsin.com/goods.php??j=dlb147bm104czsjtac" "Mozilla/5.0 AppleWebKit/537.36 (KHTML, like Gecko; compatible; GPTBot/1.3; +https://openai.com/gptbot)"
74.7.243.236 - - [18/Mar/2026:09:36:23 +0000] "GET /goods.php?goods/207020221 HTTP/2.0" 200 86109 "https://nfsin.com/goods.php?detail/207007754426" "Mozilla/5.0 AppleWebKit/537.36 (KHTML, like Gecko; compatible; GPTBot/1.3; +https://openai.com/gptbot)"
74.7.243.236 - - [18/Mar/2026:09:36:36 +0000] "GET /goods.php??q=yfy8x3839ftyxlxs HTTP/2.0" 200 85932 "https://nfsin.com/goods.php??k=eco8ikytq2645vztkis" "Mozilla/5.0 AppleWebKit/537.36 (KHTML, like Gecko; compatible; GPTBot/1.3; +https://openai.com/gptbot)"
74.7.243.236 - - [18/Mar/2026:09:36:51 +0000] "GET /goods.php??e=hmm35yy49088imfeut HTTP/2.0" 200 85391 "https://nfsin.com/goods.php??k=eco8ikytq2645vztkis" "Mozilla/5.0 AppleWebKit/537.36 (KHTML, like Gecko; compatible; GPTBot/1.3; +https://openai.com/gptbot)"
74.7.243.236 - - [18/Mar/2026:09:37:07 +0000] "GET /goods.php?pcmypage?callback=/product%2Fdetail%2m27971522761 HTTP/2.0" 200 85537 "https://nfsin.com/goods.php?detail/008007783945" "Mozilla/5.0 AppleWebKit/537.36 (KHTML, like Gecko; compatible; GPTBot/1.3; +https://openai.com/gptbot)"
74.7.243.236 - - [18/Mar/2026:09:37:22 +0000] "GET /goods.php?safe_search/config?return_url=%2Fproduct%2Fdetail%2Fm27971522761 HTTP/2.0" 200 85655 "https://nfsin.com/goods.php?detail/008007783945" "Mozilla/5.0 AppleWebKit/537.36 (KHTML, like Gecko; compatible; GPTBot/1.3; +https://openai.com/gptbot)"
69.197.179.242 - - [18/Mar/2026:09:36:08 +0000] "GET /wp-includes/wpf78988/edit.php?id=545071 HTTP/1.1" 200 20 "https://nfsin.com/wp-includes/wpf78988/edit.php?id=545071" "Mozilla/5.0 (Windows NT 10.0; Win64; x64) AppleWebKit/537.36 (KHTML, like Gecko) Chrome/58.0.3029.110 Safari/537.3"
74.7.243.236 - - [18/Mar/2026:09:37:39 +0000] "GET /goods.php?detail/008004681074 HTTP/2.0" 200 86586 "https://nfsin.com/goods.php?detail/008007783945" "Mozilla/5.0 AppleWebKit/537.36 (KHTML, like Gecko; compatible; GPTBot/1.3; +https://openai.com/gptbot)"
74.7.243.236 - - [18/Mar/2026:09:38:00 +0000] "GET /goods.php??d=fask8lb4227dmjalbn HTTP/2.0" 200 85877 "https://nfsin.com/goods.php??k=eco8ikytq2645vztkis" "Mozilla/5.0 AppleWebKit/537.36 (KHTML, like Gecko; compatible; GPTBot/1.3; +https://openai.com/gptbot)"
74.7.243.236 - - [18/Mar/2026:09:38:17 +0000] "GET /goods.php?detail/050015015807 HTTP/2.0" 200 85484 "https://nfsin.com/goods.php?detail/009000873957" "Mozilla/5.0 AppleWebKit/537.36 (KHTML, like Gecko; compatible; GPTBot/1.3; +https://openai.com/gptbot)"
74.7.243.236 - - [18/Mar/2026:09:38:35 +0000] "GET /goods.php?detail/0080044850154 HTTP/2.0" 200 86529 "https://nfsin.com/goods.php??k=eco8ikytq2645vztkis" "Mozilla/5.0 AppleWebKit/537.36 (KHTML, like Gecko; compatible; GPTBot/1.3; +https://openai.com/gptbot)"
74.7.243.236 - - [18/Mar/2026:09:38:53 +0000] "GET /goods.php??s=uhd221m3216kzhmcchuc HTTP/2.0" 200 86343 "https://nfsin.com/goods.php??f=hga221j2520iginlqrqo" "Mozilla/5.0 AppleWebKit/537.36 (KHTML, like Gecko; compatible; GPTBot/1.3; +https://openai.com/gptbot)"
69.197.179.242 - - [18/Mar/2026:09:37:39 +0000] "GET /wp-includes/wpf78988/edit.php?id=545071 HTTP/1.1" 200 20 "https://nfsin.com/wp-includes/wpf78988/edit.php?id=545071" "Mozilla/5.0 (Windows NT 10.0; Win64; x64) AppleWebKit/537.36 (KHTML, like Gecko) Chrome/58.0.3029.110 Safari/537.3"
74.7.243.236 - - [18/Mar/2026:09:39:17 +0000] "GET /goods.php?detail/0080046852054 HTTP/2.0" 200 85545 "https://nfsin.com/goods.php?detail/008007783945" "Mozilla/5.0 AppleWebKit/537.36 (KHTML, like Gecko; compatible; GPTBot/1.3; +https://openai.com/gptbot)"
74.7.243.236 - - [18/Mar/2026:09:39:33 +0000] "GET /goods.php?detail/2070202212646 HTTP/2.0" 200 86084 "https://nfsin.com/goods.php?goods/207020221" "Mozilla/5.0 AppleWebKit/537.36 (KHTML, like Gecko; compatible; GPTBot/1.3; +https://openai.com/gptbot)"
74.7.243.236 - - [18/Mar/2026:09:39:45 +0000] "GET /goods.php?safe_search/config?return_url=%2Fproduct%2Fdetail%2Fm54306040955 HTTP/2.0" 200 86684 "https://nfsin.com/goods.php??q=yfy8x3839ftyxlxs" "Mozilla/5.0 AppleWebKit/537.36 (KHTML, like Gecko; compatible; GPTBot/1.3; +https://openai.com/gptbot)"
74.7.243.236 - - [18/Mar/2026:09:39:59 +0000] "GET /goods.php??d=xmns35g584eonjgrj HTTP/2.0" 200 85239 "https://nfsin.com/goods.php??e=hmm35yy49088imfeut" "Mozilla/5.0 AppleWebKit/537.36 (KHTML, like Gecko; compatible; GPTBot/1.3; +https://openai.com/gptbot)"
74.7.243.236 - - [18/Mar/2026:09:40:19 +0000] "GET /goods.php?products/per/g060020680 HTTP/2.0" 200 85600 "https://nfsin.com/goods.php?pcmypage?callback=/product%2Fdetail%2m27971522761" "Mozilla/5.0 AppleWebKit/537.36 (KHTML, like Gecko; compatible; GPTBot/1.3; +https://openai.com/gptbot)"
69.197.179.242 - - [18/Mar/2026:09:39:10 +0000] "GET /wp-includes/wpf78988/edit.php?id=545071 HTTP/1.1" 200 20 "https://nfsin.com/wp-includes/wpf78988/edit.php?id=545071" "Mozilla/5.0 (Windows NT 10.0; Win64; x64) AppleWebKit/537.36 (KHTML, like Gecko) Chrome/58.0.3029.110 Safari/537.3"
74.7.243.236 - - [18/Mar/2026:09:40:41 +0000] "GET /goods.php??b=odcwe3k4652kplxnny HTTP/2.0" 200 87093 "https://nfsin.com/goods.php?safe_search/config?return_url=%2Fproduct%2Fdetail%2Fm27971522761" "Mozilla/5.0 AppleWebKit/537.36 (KHTML, like Gecko; compatible; GPTBot/1.3; +https://openai.com/gptbot)"
74.7.243.236 - - [18/Mar/2026:09:40:56 +0000] "GET /goods.php?detail/008004515405 HTTP/2.0" 200 86019 "https://nfsin.com/goods.php?detail/008004681074" "Mozilla/5.0 AppleWebKit/537.36 (KHTML, like Gecko; compatible; GPTBot/1.3; +https://openai.com/gptbot)"
198.244.242.148 - - [18/Mar/2026:09:41:08 +0000] "GET /?sitemap69.xml HTTP/2.0" 200 33 "-" "Mozilla/5.0 (compatible; AhrefsBot/7.0; +http://ahrefs.com/robot/)"
74.7.243.236 - - [18/Mar/2026:09:41:12 +0000] "GET /goods.php??b=zauan60kxk553qzvsdl HTTP/2.0" 200 85593 "https://nfsin.com/goods.php?pcmypage?callback=/product%2Fdetail%2m27971522761" "Mozilla/5.0 AppleWebKit/537.36 (KHTML, like Gecko; compatible; GPTBot/1.3; +https://openai.com/gptbot)"
74.7.243.236 - - [18/Mar/2026:09:41:30 +0000] "GET /goods.php??p=gsi8k1897uaoridimv HTTP/2.0" 200 86317 "https://nfsin.com/goods.php??d=fask8lb4227dmjalbn" "Mozilla/5.0 AppleWebKit/537.36 (KHTML, like Gecko; compatible; GPTBot/1.3; +https://openai.com/gptbot)"
74.7.243.236 - - [18/Mar/2026:09:41:46 +0000] "GET /goods.php?detail/008001897282 HTTP/2.0" 200 86308 "https://nfsin.com/goods.php?detail/0080044850154" "Mozilla/5.0 AppleWebKit/537.36 (KHTML, like Gecko; compatible; GPTBot/1.3; +https://openai.com/gptbot)"
47.128.121.78 - - [18/Mar/2026:09:41:55 +0000] "GET /wp-content/themes/igsin/inc/assets/css/owl.carousel.min.css?ver=6.9.1 HTTP/2.0" 200 1068 "https://nfsin.com/oabita/" "Mozilla/5.0 (Linux; Android 5.0) AppleWebKit/537.36 (KHTML, like Gecko) Mobile Safari/537.36 (compatible; TikTokSpider; ttspider-feedback@tiktok.com)"
47.128.121.78 - - [18/Mar/2026:09:41:55 +0000] "GET /wp-content/themes/igsin/inc/assets/css/owl.theme.default.min.css?ver=6.9.1 HTTP/2.0" 200 487 "https://nfsin.com/oabita/" "Mozilla/5.0 (Linux; Android 5.0) AppleWebKit/537.36 (KHTML, like Gecko) Mobile Safari/537.36 (compatible; TikTokSpider; ttspider-feedback@tiktok.com)"
47.128.121.78 - - [18/Mar/2026:09:41:55 +0000] "GET /wp-content/themes/igsin/inc/assets/vendors/custom-css-grid.min.css?ver=6.9.1 HTTP/2.0" 200 1953 "https://nfsin.com/oabita/" "Mozilla/5.0 (Linux; Android 5.0) AppleWebKit/537.36 (KHTML, like Gecko) Mobile Safari/537.36 (compatible; TikTokSpider; ttspider-feedback@tiktok.com)"
47.128.121.78 - - [18/Mar/2026:09:41:55 +0000] "GET /wp-content/themes/igsin/inc/assets/css/owl.theme.default.css?ver=6.9.1 HTTP/2.0" 200 562 "https://nfsin.com/oabita/" "Mozilla/5.0 (Linux; Android 5.0) AppleWebKit/537.36 (KHTML, like Gecko) Mobile Safari/537.36 (compatible; TikTokSpider; ttspider-feedback@tiktok.com)"
47.128.121.78 - - [18/Mar/2026:09:41:55 +0000] "GET /wp-content/themes/igsin/inc/assets/vendors/Magnific-Popup-master/dist/magnific-popup.css?ver=6.9.1 HTTP/2.0" 200 1816 "https://nfsin.com/oabita/" "Mozilla/5.0 (Linux; Android 5.0) AppleWebKit/537.36 (KHTML, like Gecko) Mobile Safari/537.36 (compatible; TikTokSpider; ttspider-feedback@tiktok.com)"
47.128.121.78 - - [18/Mar/2026:09:41:55 +0000] "GET /wp-content/themes/igsin/inc/assets/css/style.css?ver=6.9.1 HTTP/2.0" 200 10857 "https://nfsin.com/oabita/" "Mozilla/5.0 (Linux; Android 5.0) AppleWebKit/537.36 (KHTML, like Gecko) Mobile Safari/537.36 (compatible; TikTokSpider; ttspider-feedback@tiktok.com)"
47.128.121.78 - - [18/Mar/2026:09:41:55 +0000] "GET /wp-content/plugins/ultimate-member/assets/css/um-fonticons-ii.css?ver=2.6.7 HTTP/2.0" 200 5931 "https://nfsin.com/oabita/" "Mozilla/5.0 (Linux; Android 5.0) AppleWebKit/537.36 (KHTML, like Gecko) Mobile Safari/537.36 (compatible; TikTokSpider; ttspider-feedback@tiktok.com)"
47.128.121.78 - - [18/Mar/2026:09:41:55 +0000] "GET /wp-content/plugins/ultimate-member/assets/css/select2/select2.min.css?ver=4.0.13 HTTP/2.0" 200 1998 "https://nfsin.com/oabita/" "Mozilla/5.0 (Linux; Android 5.0) AppleWebKit/537.36 (KHTML, like Gecko) Mobile Safari/537.36 (compatible; TikTokSpider; ttspider-feedback@tiktok.com)"
47.128.121.78 - - [18/Mar/2026:09:41:55 +0000] "GET /wp-content/plugins/ultimate-member/assets/css/um-styles.css?ver=2.6.7 HTTP/2.0" 200 4275 "https://nfsin.com/oabita/" "Mozilla/5.0 (Linux; Android 5.0) AppleWebKit/537.36 (KHTML, like Gecko) Mobile Safari/537.36 (compatible; TikTokSpider; ttspider-feedback@tiktok.com)"
47.128.121.78 - - [18/Mar/2026:09:41:55 +0000] "GET /wp-content/plugins/ultimate-member/assets/css/um-fonticons-fa.css?ver=2.6.7 HTTP/2.0" 200 4776 "https://nfsin.com/oabita/" "Mozilla/5.0 (Linux; Android 5.0) AppleWebKit/537.36 (KHTML, like Gecko) Mobile Safari/537.36 (compatible; TikTokSpider; ttspider-feedback@tiktok.com)"
47.128.121.78 - - [18/Mar/2026:09:41:55 +0000] "GET /wp-content/themes/igsin/style.css?ver=6.9.1 HTTP/2.0" 200 5240 "https://nfsin.com/oabita/" "Mozilla/5.0 (Linux; Android 5.0) AppleWebKit/537.36 (KHTML, like Gecko) Mobile Safari/537.36 (compatible; TikTokSpider; ttspider-feedback@tiktok.com)"
47.128.121.78 - - [18/Mar/2026:09:41:55 +0000] "GET /wp-content/plugins/ultimate-member/assets/css/um-crop.css?ver=2.6.7 HTTP/2.0" 200 965 "https://nfsin.com/oabita/" "Mozilla/5.0 (Linux; Android 5.0) AppleWebKit/537.36 (KHTML, like Gecko) Mobile Safari/537.36 (compatible; TikTokSpider; ttspider-feedback@tiktok.com)"
47.128.121.78 - - [18/Mar/2026:09:41:55 +0000] "GET /wp-content/plugins/ultimate-member/assets/css/um-modal.css?ver=2.6.7 HTTP/2.0" 200 938 "https://nfsin.com/oabita/" "Mozilla/5.0 (Linux; Android 5.0) AppleWebKit/537.36 (KHTML, like Gecko) Mobile Safari/537.36 (compatible; TikTokSpider; ttspider-feedback@tiktok.com)"
47.128.121.78 - - [18/Mar/2026:09:41:55 +0000] "GET /wp-content/plugins/ultimate-member/assets/css/um-account.css?ver=2.6.7 HTTP/2.0" 200 1130 "https://nfsin.com/oabita/" "Mozilla/5.0 (Linux; Android 5.0) AppleWebKit/537.36 (KHTML, like Gecko) Mobile Safari/537.36 (compatible; TikTokSpider; ttspider-feedback@tiktok.com)"
47.128.121.78 - - [18/Mar/2026:09:41:55 +0000] "GET /wp-content/plugins/ultimate-member/assets/css/um-profile.css?ver=2.6.7 HTTP/2.0" 200 2151 "https://nfsin.com/oabita/" "Mozilla/5.0 (Linux; Android 5.0) AppleWebKit/537.36 (KHTML, like Gecko) Mobile Safari/537.36 (compatible; TikTokSpider; ttspider-feedback@tiktok.com)"
47.128.121.78 - - [18/Mar/2026:09:41:55 +0000] "GET /wp-content/plugins/ultimate-member/assets/css/um-fileupload.css?ver=2.6.7 HTTP/2.0" 200 935 "https://nfsin.com/oabita/" "Mozilla/5.0 (Linux; Android 5.0) AppleWebKit/537.36 (KHTML, like Gecko) Mobile Safari/537.36 (compatible; TikTokSpider; ttspider-feedback@tiktok.com)"
47.128.121.78 - - [18/Mar/2026:09:41:55 +0000] "GET /wp-content/plugins/ultimate-member/assets/css/um-misc.css?ver=2.6.7 HTTP/2.0" 200 711 "https://nfsin.com/oabita/" "Mozilla/5.0 (Linux; Android 5.0) AppleWebKit/537.36 (KHTML, like Gecko) Mobile Safari/537.36 (compatible; TikTokSpider; ttspider-feedback@tiktok.com)"
47.128.121.78 - - [18/Mar/2026:09:41:55 +0000] "GET /wp-content/plugins/ultimate-member/assets/css/pickadate/default.css?ver=2.6.7 HTTP/2.0" 200 1187 "https://nfsin.com/oabita/" "Mozilla/5.0 (Linux; Android 5.0) AppleWebKit/537.36 (KHTML, like Gecko) Mobile Safari/537.36 (compatible; TikTokSpider; ttspider-feedback@tiktok.com)"
47.128.121.78 - - [18/Mar/2026:09:41:55 +0000] "GET /wp-content/plugins/ultimate-member/assets/css/pickadate/default.time.css?ver=2.6.7 HTTP/2.0" 200 740 "https://nfsin.com/oabita/" "Mozilla/5.0 (Linux; Android 5.0) AppleWebKit/537.36 (KHTML, like Gecko) Mobile Safari/537.36 (compatible; TikTokSpider; ttspider-feedback@tiktok.com)"
47.128.121.78 - - [18/Mar/2026:09:41:55 +0000] "GET /wp-content/plugins/ultimate-member/assets/css/um-responsive.css?ver=2.6.7 HTTP/2.0" 200 1869 "https://nfsin.com/oabita/" "Mozilla/5.0 (Linux; Android 5.0) AppleWebKit/537.36 (KHTML, like Gecko) Mobile Safari/537.36 (compatible; TikTokSpider; ttspider-feedback@tiktok.com)"
47.128.121.78 - - [18/Mar/2026:09:41:55 +0000] "GET /wp-content/plugins/ultimate-member/assets/css/pickadate/default.date.css?ver=2.6.7 HTTP/2.0" 200 1261 "https://nfsin.com/oabita/" "Mozilla/5.0 (Linux; Android 5.0) AppleWebKit/537.36 (KHTML, like Gecko) Mobile Safari/537.36 (compatible; TikTokSpider; ttspider-feedback@tiktok.com)"
47.128.121.78 - - [18/Mar/2026:09:41:55 +0000] "GET /wp-content/plugins/ultimate-member/assets/css/simplebar.css?ver=2.6.7 HTTP/2.0" 200 1017 "https://nfsin.com/oabita/" "Mozilla/5.0 (Linux; Android 5.0) AppleWebKit/537.36 (KHTML, like Gecko) Mobile Safari/537.36 (compatible; TikTokSpider; ttspider-feedback@tiktok.com)"
47.128.121.78 - - [18/Mar/2026:09:41:55 +0000] "GET /wp-content/plugins/ultimate-member/assets/css/um-raty.css?ver=2.6.7 HTTP/2.0" 200 429 "https://nfsin.com/oabita/" "Mozilla/5.0 (Linux; Android 5.0) AppleWebKit/537.36 (KHTML, like Gecko) Mobile Safari/537.36 (compatible; TikTokSpider; ttspider-feedback@tiktok.com)"
47.128.121.78 - - [18/Mar/2026:09:41:55 +0000] "GET /wp-content/plugins/ultimate-member/assets/css/um-tipsy.css?ver=2.6.7 HTTP/2.0" 200 520 "https://nfsin.com/oabita/" "Mozilla/5.0 (Linux; Android 5.0) AppleWebKit/537.36 (KHTML, like Gecko) Mobile Safari/537.36 (compatible; TikTokSpider; ttspider-feedback@tiktok.com)"
47.128.121.78 - - [18/Mar/2026:09:41:55 +0000] "GET /wp-content/plugins/ultimate-member/assets/css/um-old-default.css?ver=2.6.7 HTTP/2.0" 200 1186 "https://nfsin.com/oabita/" "Mozilla/5.0 (Linux; Android 5.0) AppleWebKit/537.36 (KHTML, like Gecko) Mobile Safari/537.36 (compatible; TikTokSpider; ttspider-feedback@tiktok.com)"
47.128.121.78 - - [18/Mar/2026:09:41:55 +0000] "GET /wp-content/themes/igsin/inc/assets/vendors/bootstrap-5.2-dist/css/bootstrap.min.css?ver=6.9.1 HTTP/2.0" 200 27518 "https://nfsin.com/oabita/" "Mozilla/5.0 (Linux; Android 5.0) AppleWebKit/537.36 (KHTML, like Gecko) Mobile Safari/537.36 (compatible; TikTokSpider; ttspider-feedback@tiktok.com)"
47.128.121.78 - - [18/Mar/2026:09:41:55 +0000] "GET /wp-content/uploads/2023/04/NFSIN-logo-II-White-web.png HTTP/2.0" 206 500 "https://nfsin.com/oabita/" "Mozilla/5.0 (Linux; Android 5.0) AppleWebKit/537.36 (KHTML, like Gecko) Mobile Safari/537.36 (compatible; TikTokSpider; ttspider-feedback@tiktok.com)"
47.128.121.78 - - [18/Mar/2026:09:41:55 +0000] "GET /wp-content/uploads/2023/04/NFSIN-logo-II-web-1.png HTTP/2.0" 206 500 "https://nfsin.com/oabita/" "Mozilla/5.0 (Linux; Android 5.0) AppleWebKit/537.36 (KHTML, like Gecko) Mobile Safari/537.36 (compatible; TikTokSpider; ttspider-feedback@tiktok.com)"
47.128.121.78 - - [18/Mar/2026:09:41:56 +0000] "GET /wp-content/themes/igsin/inc/assets/images/bg-shape.png HTTP/2.0" 206 500 "https://nfsin.com/wp-content/themes/igsin/inc/assets/css/style.css?ver=6.9.1" "Mozilla/5.0 (Linux; Android 5.0) AppleWebKit/537.36 (KHTML, like Gecko) Mobile Safari/537.36 (compatible; TikTokSpider; ttspider-feedback@tiktok.com)"
47.128.121.78 - - [18/Mar/2026:09:41:56 +0000] "GET /wp-content/uploads/2023/04/footer-bg.jpg HTTP/2.0" 206 500 "https://nfsin.com/oabita/" "Mozilla/5.0 (Linux; Android 5.0) AppleWebKit/537.36 (KHTML, like Gecko) Mobile Safari/537.36 (compatible; TikTokSpider; ttspider-feedback@tiktok.com)"
47.128.121.78 - - [18/Mar/2026:09:41:48 +0000] "GET /oabita/ HTTP/2.0" 200 42571 "-" "Mozilla/5.0 (Linux; Android 5.0) AppleWebKit/537.36 (KHTML, like Gecko) Mobile Safari/537.36 (compatible; TikTokSpider; ttspider-feedback@tiktok.com)"
139.162.194.112 - - [18/Mar/2026:09:41:55 +0000] "POST /wp-cron.php?doing_wp_cron=1773826915.2148098945617675781250 HTTP/1.1" 404 15598 "-" "WordPress/6.9.1; https://nfsin.com"
74.7.243.236 - - [18/Mar/2026:09:41:59 +0000] "GET /goods.php?detail/060021086516 HTTP/2.0" 200 85404 "https://nfsin.com/goods.php?pcmypage?callback=/product%2Fdetail%2m27971522761" "Mozilla/5.0 AppleWebKit/537.36 (KHTML, like Gecko; compatible; GPTBot/1.3; +https://openai.com/gptbot)"
69.197.179.242 - - [18/Mar/2026:09:40:41 +0000] "GET /wp-includes/wpf78988/edit.php?id=545071 HTTP/1.1" 200 20 "https://nfsin.com/wp-includes/wpf78988/edit.php?id=545071" "Mozilla/5.0 (Windows NT 10.0; Win64; x64) AppleWebKit/537.36 (KHTML, like Gecko) Chrome/58.0.3029.110 Safari/537.3"
47.128.122.126 - - [18/Mar/2026:09:42:16 +0000] "GET /robots.txt HTTP/2.0" 200 124 "-" "Go-http-client/2.0"
74.7.243.236 - - [18/Mar/2026:09:42:14 +0000] "GET /goods.php?detail/290036306605 HTTP/2.0" 200 86072 "https://nfsin.com/goods.php?detail/0080046852054" "Mozilla/5.0 AppleWebKit/537.36 (KHTML, like Gecko; compatible; GPTBot/1.3; +https://openai.com/gptbot)"
74.7.243.236 - - [18/Mar/2026:09:42:28 +0000] "GET /goods.php?detail/0950442040849 HTTP/2.0" 200 86316 "https://nfsin.com/goods.php?goods/207020221" "Mozilla/5.0 AppleWebKit/537.36 (KHTML, like Gecko; compatible; GPTBot/1.3; +https://openai.com/gptbot)"
43.157.30.228 - - [18/Mar/2026:09:42:27 +0000] "GET /wp-admin/import.php HTTP/1.1" 302 20 "-" "Mozilla/5.0 (Windows NT 10.0; Win64; x64) AppleWebKit/537.36 (KHTML, like Gecko) Chrome/120.0.0.0 Safari/537.36"
74.7.243.236 - - [18/Mar/2026:09:42:43 +0000] "GET /goods.php??p=mcvw206x6517uerlwj HTTP/2.0" 200 85843 "https://nfsin.com/goods.php?safe_search/config?return_url=%2Fproduct%2Fdetail%2Fm54306040955" "Mozilla/5.0 AppleWebKit/537.36 (KHTML, like Gecko; compatible; GPTBot/1.3; +https://openai.com/gptbot)"
74.7.243.236 - - [18/Mar/2026:09:43:00 +0000] "GET /goods.php??o=sczy8xkgp5163nphpye HTTP/2.0" 200 85814 "https://nfsin.com/goods.php??z=wqnj8zs2223wyijmd" "Mozilla/5.0 AppleWebKit/537.36 (KHTML, like Gecko; compatible; GPTBot/1.3; +https://openai.com/gptbot)"
74.7.243.236 - - [18/Mar/2026:09:43:15 +0000] "GET /goods.php?detail/040002731906 HTTP/2.0" 200 86075 "https://nfsin.com/goods.php?detail/0400240773644" "Mozilla/5.0 AppleWebKit/537.36 (KHTML, like Gecko; compatible; GPTBot/1.3; +https://openai.com/gptbot)"
74.7.243.236 - - [18/Mar/2026:09:43:29 +0000] "GET /goods.php??n=nwsxs2euq5119uvulgfc HTTP/2.0" 200 87061 "https://nfsin.com/goods.php??t=aidc2bfsw3915grvfka" "Mozilla/5.0 AppleWebKit/537.36 (KHTML, like Gecko; compatible; GPTBot/1.3; +https://openai.com/gptbot)"
69.197.179.242 - - [18/Mar/2026:09:42:13 +0000] "GET /wp-includes/wpf78988/edit.php?id=545071 HTTP/1.1" 200 20 "https://nfsin.com/wp-includes/wpf78988/edit.php?id=545071" "Mozilla/5.0 (Windows NT 10.0; Win64; x64) AppleWebKit/537.36 (KHTML, like Gecko) Chrome/58.0.3029.110 Safari/537.3"
74.7.243.236 - - [18/Mar/2026:09:43:47 +0000] "GET /goods.php?product/edit/m78013885463 HTTP/2.0" 200 86050 "https://nfsin.com/goods.php?detail/008004515405" "Mozilla/5.0 AppleWebKit/537.36 (KHTML, like Gecko; compatible; GPTBot/1.3; +https://openai.com/gptbot)"
74.7.243.236 - - [18/Mar/2026:09:44:06 +0000] "GET /goods.php??f=mfk94xz25077lzesfsx HTTP/2.0" 200 87155 "https://nfsin.com/goods.php??b=zauan60kxk553qzvsdl" "Mozilla/5.0 AppleWebKit/537.36 (KHTML, like Gecko; compatible; GPTBot/1.3; +https://openai.com/gptbot)"
74.7.243.236 - - [18/Mar/2026:09:44:20 +0000] "GET /goods.php??f=kckt9mdtw1846ecptiuf HTTP/2.0" 200 85920 "https://nfsin.com/goods.php??t=nvc9mh1866zhqgty" "Mozilla/5.0 AppleWebKit/537.36 (KHTML, like Gecko; compatible; GPTBot/1.3; +https://openai.com/gptbot)"
74.7.243.236 - - [18/Mar/2026:09:44:35 +0000] "GET /goods.php?jp/008004548.html HTTP/2.0" 200 86794 "https://nfsin.com/goods.php?detail/008001897282" "Mozilla/5.0 AppleWebKit/537.36 (KHTML, like Gecko; compatible; GPTBot/1.3; +https://openai.com/gptbot)"
74.7.243.236 - - [18/Mar/2026:09:44:52 +0000] "GET /goods.php?detail/270013400911 HTTP/2.0" 200 86112 "https://nfsin.com/goods.php?detail/008001897282" "Mozilla/5.0 AppleWebKit/537.36 (KHTML, like Gecko; compatible; GPTBot/1.3; +https://openai.com/gptbot)"
69.197.179.242 - - [18/Mar/2026:09:43:44 +0000] "GET /wp-includes/wpf78988/edit.php?id=545071 HTTP/1.1" 200 20 "https://nfsin.com/wp-includes/wpf78988/edit.php?id=545071" "Mozilla/5.0 (Windows NT 10.0; Win64; x64) AppleWebKit/537.36 (KHTML, like Gecko) Chrome/58.0.3029.110 Safari/537.3"
74.7.243.236 - - [18/Mar/2026:09:45:10 +0000] "GET /goods.php?detail/290008335166 HTTP/2.0" 200 86889 "https://nfsin.com/goods.php?detail/290036306605" "Mozilla/5.0 AppleWebKit/537.36 (KHTML, like Gecko; compatible; GPTBot/1.3; +https://openai.com/gptbot)"
74.7.243.236 - - [18/Mar/2026:09:45:26 +0000] "GET /goods.php??f=xkwxy10gft377crozioj HTTP/2.0" 200 86193 "https://nfsin.com/goods.php??e=mcnlc79i1432zbghso" "Mozilla/5.0 AppleWebKit/537.36 (KHTML, like Gecko; compatible; GPTBot/1.3; +https://openai.com/gptbot)"
198.244.242.174 - - [18/Mar/2026:09:45:37 +0000] "GET /wp-includes/css/?C=M;O=A HTTP/2.0" 200 1051 "-" "Mozilla/5.0 (compatible; AhrefsBot/7.0; +http://ahrefs.com/robot/)"
74.7.243.236 - - [18/Mar/2026:09:45:41 +0000] "GET /goods.php??j=vrxn9pa1174zdyegydce HTTP/2.0" 200 86731 "https://nfsin.com/goods.php?products/reserve/e009001835" "Mozilla/5.0 AppleWebKit/537.36 (KHTML, like Gecko; compatible; GPTBot/1.3; +https://openai.com/gptbot)"
74.7.243.236 - - [18/Mar/2026:09:45:58 +0000] "GET /goods.php??z=ycqr8e1371mnjawcaz HTTP/2.0" 200 85729 "https://nfsin.com/goods.php??o=sczy8xkgp5163nphpye" "Mozilla/5.0 AppleWebKit/537.36 (KHTML, like Gecko; compatible; GPTBot/1.3; +https://openai.com/gptbot)"
74.7.243.236 - - [18/Mar/2026:09:46:13 +0000] "GET /goods.php?detail/04000089993993 HTTP/2.0" 200 85639 "https://nfsin.com/goods.php?detail/040002731906" "Mozilla/5.0 AppleWebKit/537.36 (KHTML, like Gecko; compatible; GPTBot/1.3; +https://openai.com/gptbot)"
74.7.243.236 - - [18/Mar/2026:09:46:26 +0000] "GET /goods.php??x=gom2j3995gvqqgajk HTTP/2.0" 200 85701 "https://nfsin.com/goods.php??n=nwsxs2euq5119uvulgfc" "Mozilla/5.0 AppleWebKit/537.36 (KHTML, like Gecko; compatible; GPTBot/1.3; +https://openai.com/gptbot)"
74.7.243.236 - - [18/Mar/2026:09:46:40 +0000] "GET /goods.php?products/recovery/n149009441 HTTP/2.0" 200 86355 "https://nfsin.com/goods.php?product/edit/m78013885463" "Mozilla/5.0 AppleWebKit/537.36 (KHTML, like Gecko; compatible; GPTBot/1.3; +https://openai.com/gptbot)"
69.197.179.242 - - [18/Mar/2026:09:45:14 +0000] "GET /wp-includes/wpf78988/edit.php?id=545071 HTTP/1.1" 200 20 "https://nfsin.com/wp-includes/wpf78988/edit.php?id=545071" "Mozilla/5.0 (Windows NT 10.0; Win64; x64) AppleWebKit/537.36 (KHTML, like Gecko) Chrome/58.0.3029.110 Safari/537.3"
74.7.243.236 - - [18/Mar/2026:09:46:53 +0000] "GET /goods.php??j=kyjj94ks8751vvdlhk HTTP/2.0" 200 86152 "https://nfsin.com/goods.php??f=mfk94xz25077lzesfsx" "Mozilla/5.0 AppleWebKit/537.36 (KHTML, like Gecko; compatible; GPTBot/1.3; +https://openai.com/gptbot)"
74.7.243.236 - - [18/Mar/2026:09:47:07 +0000] "GET /goods.php??p=eru8u1241ozgobzvq HTTP/2.0" 200 86373 "https://nfsin.com/goods.php??o=sczy8xkgp5163nphpye" "Mozilla/5.0 AppleWebKit/537.36 (KHTML, like Gecko; compatible; GPTBot/1.3; +https://openai.com/gptbot)"
74.7.243.236 - - [18/Mar/2026:09:47:22 +0000] "GET /goods.php??s=diyu94aok8887wpascw HTTP/2.0" 200 86539 "https://nfsin.com/goods.php??f=mfk94xz25077lzesfsx" "Mozilla/5.0 AppleWebKit/537.36 (KHTML, like Gecko; compatible; GPTBot/1.3; +https://openai.com/gptbot)"
74.7.243.236 - - [18/Mar/2026:09:47:40 +0000] "GET /goods.php?detail/219038650509 HTTP/2.0" 200 85947 "https://nfsin.com/goods.php?detail/270013400911" "Mozilla/5.0 AppleWebKit/537.36 (KHTML, like Gecko; compatible; GPTBot/1.3; +https://openai.com/gptbot)"
74.7.243.236 - - [18/Mar/2026:09:47:57 +0000] "GET /goods.php??v=nrm72q31775nshddtj HTTP/2.0" 200 86583 "https://nfsin.com/goods.php??n=nwsxs2euq5119uvulgfc" "Mozilla/5.0 AppleWebKit/537.36 (KHTML, like Gecko; compatible; GPTBot/1.3; +https://openai.com/gptbot)"
69.197.179.242 - - [18/Mar/2026:09:46:45 +0000] "GET /wp-includes/wpf78988/edit.php?id=545071 HTTP/1.1" 200 20 "https://nfsin.com/wp-includes/wpf78988/edit.php?id=545071" "Mozilla/5.0 (Windows NT 10.0; Win64; x64) AppleWebKit/537.36 (KHTML, like Gecko) Chrome/58.0.3029.110 Safari/537.3"
74.7.243.236 - - [18/Mar/2026:09:48:15 +0000] "GET /goods.php?products/civic/z029040189 HTTP/2.0" 200 85722 "https://nfsin.com/goods.php??f=xkwxy10gft377crozioj" "Mozilla/5.0 AppleWebKit/537.36 (KHTML, like Gecko; compatible; GPTBot/1.3; +https://openai.com/gptbot)"
74.7.243.236 - - [18/Mar/2026:09:48:43 +0000] "GET / HTTP/2.0" 200 17796 "http://nfsin.com" "Mozilla/5.0 AppleWebKit/537.36 (KHTML, like Gecko; compatible; GPTBot/1.3; +https://openai.com/gptbot)"
74.7.243.236 - - [18/Mar/2026:09:49:03 +0000] "GET /goods.php?detail/010015166285 HTTP/2.0" 200 86561 "https://nfsin.com/goods.php??f=xkwxy10gft377crozioj" "Mozilla/5.0 AppleWebKit/537.36 (KHTML, like Gecko; compatible; GPTBot/1.3; +https://openai.com/gptbot)"
74.7.243.236 - - [18/Mar/2026:09:49:20 +0000] "GET /goods.php?detail/0940090028545 HTTP/2.0" 200 86418 "https://nfsin.com/goods.php??f=mfk94xz25077lzesfsx" "Mozilla/5.0 AppleWebKit/537.36 (KHTML, like Gecko; compatible; GPTBot/1.3; +https://openai.com/gptbot)"
198.244.242.163 - - [18/Mar/2026:09:49:25 +0000] "GET /wp-includes/customize/?C=D;O=A HTTP/2.0" 200 343 "-" "Mozilla/5.0 (compatible; AhrefsBot/7.0; +http://ahrefs.com/robot/)"
74.7.243.236 - - [18/Mar/2026:09:49:36 +0000] "GET /goods.php?detail/128012980348 HTTP/2.0" 200 85565 "https://nfsin.com/goods.php??x=gom2j3995gvqqgajk" "Mozilla/5.0 AppleWebKit/537.36 (KHTML, like Gecko; compatible; GPTBot/1.3; +https://openai.com/gptbot)"
69.197.179.242 - - [18/Mar/2026:09:48:15 +0000] "GET /wp-includes/wpf78988/edit.php?id=545071 HTTP/1.1" 200 20 "https://nfsin.com/wp-includes/wpf78988/edit.php?id=545071" "Mozilla/5.0 (Windows NT 10.0; Win64; x64) AppleWebKit/537.36 (KHTML, like Gecko) Chrome/58.0.3029.110 Safari/537.3"
74.7.243.236 - - [18/Mar/2026:09:49:57 +0000] "GET /goods.php?detail/1720010099087 HTTP/2.0" 200 86351 "https://nfsin.com/goods.php?detail/270013400911" "Mozilla/5.0 AppleWebKit/537.36 (KHTML, like Gecko; compatible; GPTBot/1.3; +https://openai.com/gptbot)"
74.7.243.236 - - [18/Mar/2026:09:50:11 +0000] "GET /goods.php??x=phx94bvr4961jqocri HTTP/2.0" 200 86028 "https://nfsin.com/goods.php??j=kyjj94ks8751vvdlhk" "Mozilla/5.0 AppleWebKit/537.36 (KHTML, like Gecko; compatible; GPTBot/1.3; +https://openai.com/gptbot)"
74.7.243.236 - - [18/Mar/2026:09:50:26 +0000] "GET /goods.php??i=ftst5kskna9726lgcuhi HTTP/2.0" 200 86028 "https://nfsin.com/goods.php??e=ipv13oug6298gijqxq" "Mozilla/5.0 AppleWebKit/537.36 (KHTML, like Gecko; compatible; GPTBot/1.3; +https://openai.com/gptbot)"
74.7.243.236 - - [18/Mar/2026:09:50:42 +0000] "GET /goods.php??o=ncga142cx9915kvyofi HTTP/2.0" 200 86729 "https://nfsin.com/goods.php??s=diyu94aok8887wpascw" "Mozilla/5.0 AppleWebKit/537.36 (KHTML, like Gecko; compatible; GPTBot/1.3; +https://openai.com/gptbot)"
74.7.243.236 - - [18/Mar/2026:09:50:58 +0000] "GET /goods.php??f=uvcrb5nv1944dbeapqvh HTTP/2.0" 200 87653 "https://nfsin.com/goods.php??p=xrm5j28910snwllbomj" "Mozilla/5.0 AppleWebKit/537.36 (KHTML, like Gecko; compatible; GPTBot/1.3; +https://openai.com/gptbot)"
74.7.243.236 - - [18/Mar/2026:09:51:13 +0000] "GET /goods.php??u=qnvx177mytsw84jytfdb HTTP/2.0" 200 85394 "https://nfsin.com/goods.php??v=nrm72q31775nshddtj" "Mozilla/5.0 AppleWebKit/537.36 (KHTML, like Gecko; compatible; GPTBot/1.3; +https://openai.com/gptbot)"
69.197.179.242 - - [18/Mar/2026:09:49:47 +0000] "GET /wp-includes/wpf78988/edit.php?id=545071 HTTP/1.1" 200 20 "https://nfsin.com/wp-includes/wpf78988/edit.php?id=545071" "Mozilla/5.0 (Windows NT 10.0; Win64; x64) AppleWebKit/537.36 (KHTML, like Gecko) Chrome/58.0.3029.110 Safari/537.3"
74.7.243.236 - - [18/Mar/2026:09:51:27 +0000] "GET /goods.php??h=kgdcq6xty5193yckvnmx HTTP/2.0" 200 86339 "https://nfsin.com/goods.php??r=crmy6nz44997pjycgx" "Mozilla/5.0 AppleWebKit/537.36 (KHTML, like Gecko; compatible; GPTBot/1.3; +https://openai.com/gptbot)"
74.7.243.236 - - [18/Mar/2026:09:51:40 +0000] "GET /goods.php??w=meocl15h812fgnlpvjfi HTTP/2.0" 200 85948 "https://nfsin.com/goods.php??e=qza15ue46624skfmnpx" "Mozilla/5.0 AppleWebKit/537.36 (KHTML, like Gecko; compatible; GPTBot/1.3; +https://openai.com/gptbot)"
74.7.243.236 - - [18/Mar/2026:09:51:56 +0000] "GET /goods.php??l=scrjx278hkt77dtfwuys HTTP/2.0" 200 85709 "https://nfsin.com/goods.php??u=koh38ga8551izbwvwga" "Mozilla/5.0 AppleWebKit/537.36 (KHTML, like Gecko; compatible; GPTBot/1.3; +https://openai.com/gptbot)"
74.7.243.236 - - [18/Mar/2026:09:52:12 +0000] "GET /goods.php?detail/094018534532 HTTP/2.0" 200 86758 "https://nfsin.com/goods.php?detail/0940090028545" "Mozilla/5.0 AppleWebKit/537.36 (KHTML, like Gecko; compatible; GPTBot/1.3; +https://openai.com/gptbot)"
74.7.243.236 - - [18/Mar/2026:09:52:27 +0000] "GET /goods.php??z=zbvm33fg15878zbgxrd HTTP/2.0" 200 85290 "https://nfsin.com/goods.php??z=ycqr8e1371mnjawcaz" "Mozilla/5.0 AppleWebKit/537.36 (KHTML, like Gecko; compatible; GPTBot/1.3; +https://openai.com/gptbot)"
74.7.243.236 - - [18/Mar/2026:09:52:40 +0000] "GET /goods.php??i=vev34wqp28663ueidji HTTP/2.0" 200 85094 "https://nfsin.com/goods.php??j=jlq95xn11732dnsrmf" "Mozilla/5.0 AppleWebKit/537.36 (KHTML, like Gecko; compatible; GPTBot/1.3; +https://openai.com/gptbot)"
69.197.179.242 - - [18/Mar/2026:09:51:18 +0000] "GET /wp-includes/wpf78988/edit.php?id=545071 HTTP/1.1" 200 20 "https://nfsin.com/wp-includes/wpf78988/edit.php?id=545071" "Mozilla/5.0 (Windows NT 10.0; Win64; x64) AppleWebKit/537.36 (KHTML, like Gecko) Chrome/58.0.3029.110 Safari/537.3"
74.7.243.236 - - [18/Mar/2026:09:52:54 +0000] "GET /goods.php??q=sezg94bg1769wzubxnl HTTP/2.0" 200 86084 "https://nfsin.com/goods.php??x=phx94bvr4961jqocri" "Mozilla/5.0 AppleWebKit/537.36 (KHTML, like Gecko; compatible; GPTBot/1.3; +https://openai.com/gptbot)"
74.7.243.236 - - [18/Mar/2026:09:53:11 +0000] "GET /goods.php??o=pozz125u9962hhxsxzn HTTP/2.0" 200 86023 "https://nfsin.com/goods.php??x=phx94bvr4961jqocri" "Mozilla/5.0 AppleWebKit/537.36 (KHTML, like Gecko; compatible; GPTBot/1.3; +https://openai.com/gptbot)"
198.244.240.162 - - [18/Mar/2026:09:53:23 +0000] "GET /wp-includes/html-api/?C=M;O=A HTTP/2.0" 200 341 "-" "Mozilla/5.0 (compatible; AhrefsBot/7.0; +http://ahrefs.com/robot/)"
74.7.243.236 - - [18/Mar/2026:09:53:28 +0000] "GET /goods.php??j=ifdch142byz1513hprozd HTTP/2.0" 200 87129 "https://nfsin.com/goods.php??o=ncga142cx9915kvyofi" "Mozilla/5.0 AppleWebKit/537.36 (KHTML, like Gecko; compatible; GPTBot/1.3; +https://openai.com/gptbot)"
74.7.243.236 - - [18/Mar/2026:09:53:46 +0000] "GET /goods.php?detail/005000961981 HTTP/2.0" 200 85559 "https://nfsin.com/goods.php??f=uvcrb5nv1944dbeapqvh" "Mozilla/5.0 AppleWebKit/537.36 (KHTML, like Gecko; compatible; GPTBot/1.3; +https://openai.com/gptbot)"
74.7.243.236 - - [18/Mar/2026:09:54:01 +0000] "GET /goods.php??o=ooo199jj5936akxfrl HTTP/2.0" 200 85720 "https://nfsin.com/goods.php??u=qnvx177mytsw84jytfdb" "Mozilla/5.0 AppleWebKit/537.36 (KHTML, like Gecko; compatible; GPTBot/1.3; +https://openai.com/gptbot)"
74.7.243.236 - - [18/Mar/2026:09:54:16 +0000] "GET /goods.php??m=abt6g3419vxeepwqdi HTTP/2.0" 200 85748 "https://nfsin.com/goods.php??h=kgdcq6xty5193yckvnmx" "Mozilla/5.0 AppleWebKit/537.36 (KHTML, like Gecko; compatible; GPTBot/1.3; +https://openai.com/gptbot)"
69.197.179.242 - - [18/Mar/2026:09:52:50 +0000] "GET /wp-includes/wpf78988/edit.php?id=545071 HTTP/1.1" 200 20 "https://nfsin.com/wp-includes/wpf78988/edit.php?id=545071" "Mozilla/5.0 (Windows NT 10.0; Win64; x64) AppleWebKit/537.36 (KHTML, like Gecko) Chrome/58.0.3029.110 Safari/537.3"
74.7.243.236 - - [18/Mar/2026:09:54:33 +0000] "GET /goods.php??e=qeuho15q168lbthtn HTTP/2.0" 200 87560 "https://nfsin.com/goods.php??w=meocl15h812fgnlpvjfi" "Mozilla/5.0 AppleWebKit/537.36 (KHTML, like Gecko; compatible; GPTBot/1.3; +https://openai.com/gptbot)"
74.7.243.236 - - [18/Mar/2026:09:54:50 +0000] "GET /goods.php??o=gdq133bjt2270qtdstv HTTP/2.0" 200 86449 "https://nfsin.com/goods.php??u=qnvx177mytsw84jytfdb" "Mozilla/5.0 AppleWebKit/537.36 (KHTML, like Gecko; compatible; GPTBot/1.3; +https://openai.com/gptbot)"
74.7.243.236 - - [18/Mar/2026:09:55:07 +0000] "GET /goods.php??w=qpn5xav2138pmxhzcrk HTTP/2.0" 200 35 "https://nfsin.com/goods.php??i=ftst5kskna9726lgcuhi" "Mozilla/5.0 AppleWebKit/537.36 (KHTML, like Gecko; compatible; GPTBot/1.3; +https://openai.com/gptbot)"
74.7.243.236 - - [18/Mar/2026:09:55:22 +0000] "GET /goods.php?detail/1330166643410 HTTP/2.0" 200 35 "https://nfsin.com/goods.php??z=zbvm33fg15878zbgxrd" "Mozilla/5.0 AppleWebKit/537.36 (KHTML, like Gecko; compatible; GPTBot/1.3; +https://openai.com/gptbot)"
74.7.243.236 - - [18/Mar/2026:09:55:22 +0000] "GET /goods.php?goods/111030263 HTTP/2.0" 200 35 "https://nfsin.com/goods.php?detail/111030263503" "Mozilla/5.0 AppleWebKit/537.36 (KHTML, like Gecko; compatible; GPTBot/1.3; +https://openai.com/gptbot)"
74.7.243.236 - - [18/Mar/2026:09:55:36 +0000] "GET /goods.php?detail/110031318812 HTTP/2.0" 200 35 "https://nfsin.com/goods.php??i=vev34wqp28663ueidji" "Mozilla/5.0 AppleWebKit/537.36 (KHTML, like Gecko; compatible; GPTBot/1.3; +https://openai.com/gptbot)"
74.7.243.236 - - [18/Mar/2026:09:55:51 +0000] "GET /goods.php??r=kcztz42x16795fxfosk HTTP/2.0" 200 35 "https://nfsin.com/goods.php??q=sezg94bg1769wzubxnl" "Mozilla/5.0 AppleWebKit/537.36 (KHTML, like Gecko; compatible; GPTBot/1.3; +https://openai.com/gptbot)"
69.197.179.242 - - [18/Mar/2026:09:54:22 +0000] "GET /wp-includes/wpf78988/edit.php?id=545071 HTTP/1.1" 200 20 "https://nfsin.com/wp-includes/wpf78988/edit.php?id=545071" "Mozilla/5.0 (Windows NT 10.0; Win64; x64) AppleWebKit/537.36 (KHTML, like Gecko) Chrome/58.0.3029.110 Safari/537.3"
69.197.179.242 - - [18/Mar/2026:09:55:55 +0000] "GET /wp-includes/wpf78988/edit.php?id=545071 HTTP/1.1" 200 35 "https://nfsin.com/wp-includes/wpf78988/edit.php?id=545071" "Mozilla/5.0 (Windows NT 10.0; Win64; x64) AppleWebKit/537.36 (KHTML, like Gecko) Chrome/58.0.3029.110 Safari/537.3"
74.7.243.236 - - [18/Mar/2026:09:56:09 +0000] "GET /goods.php?detail/142001403885 HTTP/2.0" 200 86506 "https://nfsin.com/goods.php??o=ncga142cx9915kvyofi" "Mozilla/5.0 AppleWebKit/537.36 (KHTML, like Gecko; compatible; GPTBot/1.3; +https://openai.com/gptbot)"
74.7.243.236 - - [18/Mar/2026:09:56:24 +0000] "GET /goods.php??i=zixfi94u18053htmjgu HTTP/2.0" 200 86196 "https://nfsin.com/goods.php??q=sezg94bg1769wzubxnl" "Mozilla/5.0 AppleWebKit/537.36 (KHTML, like Gecko; compatible; GPTBot/1.3; +https://openai.com/gptbot)"
74.7.243.236 - - [18/Mar/2026:09:56:40 +0000] "GET /goods.php?detail/222033730709 HTTP/2.0" 200 85053 "https://nfsin.com/goods.php?detail/005000961981" "Mozilla/5.0 AppleWebKit/537.36 (KHTML, like Gecko; compatible; GPTBot/1.3; +https://openai.com/gptbot)"
74.7.243.236 - - [18/Mar/2026:09:56:54 +0000] "GET /goods.php?products/vehicle/b154037776 HTTP/2.0" 200 86523 "https://nfsin.com/goods.php??o=ooo199jj5936akxfrl" "Mozilla/5.0 AppleWebKit/537.36 (KHTML, like Gecko; compatible; GPTBot/1.3; +https://openai.com/gptbot)"
198.244.168.78 - - [18/Mar/2026:09:57:05 +0000] "GET /wp-includes/certificates/ca-bundle.crt HTTP/2.0" 200 32394 "-" "Mozilla/5.0 (compatible; AhrefsBot/7.0; +http://ahrefs.com/robot/)"
74.7.243.236 - - [18/Mar/2026:09:57:12 +0000] "GET /goods.php??v=aqn6i10139xvrtly HTTP/2.0" 200 85795 "https://nfsin.com/goods.php??m=abt6g3419vxeepwqdi" "Mozilla/5.0 AppleWebKit/537.36 (KHTML, like Gecko; compatible; GPTBot/1.3; +https://openai.com/gptbot)"
74.7.243.236 - - [18/Mar/2026:09:57:36 +0000] "GET /goods.php??f=hjud6bh27437zctjrg HTTP/2.0" 200 85438 "https://nfsin.com/goods.php??o=ooo199jj5936akxfrl" "Mozilla/5.0 AppleWebKit/537.36 (KHTML, like Gecko; compatible; GPTBot/1.3; +https://openai.com/gptbot)"
74.7.243.236 - - [18/Mar/2026:09:57:51 +0000] "GET /goods.php??y=jhb167o368waktnwwm HTTP/2.0" 200 86592 "https://nfsin.com/goods.php??o=gdq133bjt2270qtdstv" "Mozilla/5.0 AppleWebKit/537.36 (KHTML, like Gecko; compatible; GPTBot/1.3; +https://openai.com/gptbot)"
74.7.243.236 - - [18/Mar/2026:09:58:09 +0000] "GET /goods.php?detail/063023749741 HTTP/2.0" 200 85581 "https://nfsin.com/goods.php?detail/005000961981" "Mozilla/5.0 AppleWebKit/537.36 (KHTML, like Gecko; compatible; GPTBot/1.3; +https://openai.com/gptbot)"
