74.7.243.236 - - [18/Mar/2026:11:15:09 +0000] "GET /goods.php?goods/143035545 HTTP/2.0" 200 87515 "https://nfsin.com/goods.php?detail/088042015415" "Mozilla/5.0 AppleWebKit/537.36 (KHTML, like Gecko; compatible; GPTBot/1.3; +https://openai.com/gptbot)"
69.197.179.242 - - [18/Mar/2026:11:13:47 +0000] "GET /wp-includes/wpf78988/edit.php?id=545071 HTTP/1.1" 200 20 "https://nfsin.com/wp-includes/wpf78988/edit.php?id=545071" "Mozilla/5.0 (Windows NT 10.0; Win64; x64) AppleWebKit/537.36 (KHTML, like Gecko) Chrome/58.0.3029.110 Safari/537.3"
74.7.243.236 - - [18/Mar/2026:11:15:21 +0000] "GET /goods.php?detail/002003477794 HTTP/2.0" 200 86792 "https://nfsin.com/goods.php?detail/002000584461" "Mozilla/5.0 AppleWebKit/537.36 (KHTML, like Gecko; compatible; GPTBot/1.3; +https://openai.com/gptbot)"
74.7.243.236 - - [18/Mar/2026:11:15:36 +0000] "GET /goods.php?detail/138040793845 HTTP/2.0" 200 85311 "https://nfsin.com/goods.php?detail/002000584461" "Mozilla/5.0 AppleWebKit/537.36 (KHTML, like Gecko; compatible; GPTBot/1.3; +https://openai.com/gptbot)"
74.7.243.236 - - [18/Mar/2026:11:15:53 +0000] "GET /goods.php?detail/019002027467 HTTP/2.0" 200 85636 "https://nfsin.com/goods.php?detail/019000987451" "Mozilla/5.0 AppleWebKit/537.36 (KHTML, like Gecko; compatible; GPTBot/1.3; +https://openai.com/gptbot)"
74.7.243.236 - - [18/Mar/2026:11:16:07 +0000] "GET /goods.php?detail/250042332557 HTTP/2.0" 200 86398 "https://nfsin.com/goods.php?detail/019000987451" "Mozilla/5.0 AppleWebKit/537.36 (KHTML, like Gecko; compatible; GPTBot/1.3; +https://openai.com/gptbot)"
74.7.243.236 - - [18/Mar/2026:11:16:20 +0000] "GET /goods.php?product/edit/m38523449272 HTTP/2.0" 200 85233 "https://nfsin.com/goods.php?detail/204002762729" "Mozilla/5.0 AppleWebKit/537.36 (KHTML, like Gecko; compatible; GPTBot/1.3; +https://openai.com/gptbot)"
74.7.243.236 - - [18/Mar/2026:11:16:34 +0000] "GET /goods.php?pcmypage?callback=/product%2Fdetail%2m25342452873 HTTP/2.0" 200 85854 "https://nfsin.com/goods.php??l=uwih103t6180vrtlblq" "Mozilla/5.0 AppleWebKit/537.36 (KHTML, like Gecko; compatible; GPTBot/1.3; +https://openai.com/gptbot)"
69.197.179.242 - - [18/Mar/2026:11:15:18 +0000] "GET /wp-includes/wpf78988/edit.php?id=545071 HTTP/1.1" 200 20 "https://nfsin.com/wp-includes/wpf78988/edit.php?id=545071" "Mozilla/5.0 (Windows NT 10.0; Win64; x64) AppleWebKit/537.36 (KHTML, like Gecko) Chrome/58.0.3029.110 Safari/537.3"
74.7.243.236 - - [18/Mar/2026:11:16:51 +0000] "GET /goods.php?detail/126011914109 HTTP/2.0" 200 85876 "https://nfsin.com/goods.php?detail/126031314007" "Mozilla/5.0 AppleWebKit/537.36 (KHTML, like Gecko; compatible; GPTBot/1.3; +https://openai.com/gptbot)"
74.7.243.236 - - [18/Mar/2026:11:17:04 +0000] "GET /goods.php?detail/218046368038 HTTP/2.0" 200 85784 "https://nfsin.com/goods.php?detail/088042015415" "Mozilla/5.0 AppleWebKit/537.36 (KHTML, like Gecko; compatible; GPTBot/1.3; +https://openai.com/gptbot)"
74.7.243.236 - - [18/Mar/2026:11:17:19 +0000] "GET /goods.php?detail/2760286627860 HTTP/2.0" 200 86570 "https://nfsin.com/goods.php?detail/204002762729" "Mozilla/5.0 AppleWebKit/537.36 (KHTML, like Gecko; compatible; GPTBot/1.3; +https://openai.com/gptbot)"
74.7.243.236 - - [18/Mar/2026:11:17:34 +0000] "GET /goods.php??q=angjg41de3804yfyhun HTTP/2.0" 200 85817 "https://nfsin.com/goods.php?safe_search/config?return_url=%2Fproduct%2Fdetail%2Fm55351904057" "Mozilla/5.0 AppleWebKit/537.36 (KHTML, like Gecko; compatible; GPTBot/1.3; +https://openai.com/gptbot)"
74.7.243.236 - - [18/Mar/2026:11:17:47 +0000] "GET /goods.php?detail/130030535722 HTTP/2.0" 200 85197 "https://nfsin.com/goods.php?goods/143035545" "Mozilla/5.0 AppleWebKit/537.36 (KHTML, like Gecko; compatible; GPTBot/1.3; +https://openai.com/gptbot)"
74.7.243.236 - - [18/Mar/2026:11:18:05 +0000] "GET /goods.php??u=pajl103htm2478ziajrg HTTP/2.0" 200 86290 "https://nfsin.com/goods.php??l=uwih103t6180vrtlblq" "Mozilla/5.0 AppleWebKit/537.36 (KHTML, like Gecko; compatible; GPTBot/1.3; +https://openai.com/gptbot)"
69.197.179.242 - - [18/Mar/2026:11:16:50 +0000] "GET /wp-includes/wpf78988/edit.php?id=545071 HTTP/1.1" 200 20 "https://nfsin.com/wp-includes/wpf78988/edit.php?id=545071" "Mozilla/5.0 (Windows NT 10.0; Win64; x64) AppleWebKit/537.36 (KHTML, like Gecko) Chrome/58.0.3029.110 Safari/537.3"
74.7.243.236 - - [18/Mar/2026:11:18:21 +0000] "GET /goods.php??n=clmn40lnp447tdprvfse HTTP/2.0" 200 85851 "https://nfsin.com/goods.php??j=nvmw40m2623khdole" "Mozilla/5.0 AppleWebKit/537.36 (KHTML, like Gecko; compatible; GPTBot/1.3; +https://openai.com/gptbot)"
74.7.243.236 - - [18/Mar/2026:11:18:38 +0000] "GET /goods.php?detail/013013459891 HTTP/2.0" 200 86309 "https://nfsin.com/goods.php?detail/126013586398" "Mozilla/5.0 AppleWebKit/537.36 (KHTML, like Gecko; compatible; GPTBot/1.3; +https://openai.com/gptbot)"
74.7.243.236 - - [18/Mar/2026:11:18:55 +0000] "GET /goods.php??f=qdw8oqywk5251vlfzbsu HTTP/2.0" 200 85634 "https://nfsin.com/goods.php?product/edit/m98162501423" "Mozilla/5.0 AppleWebKit/537.36 (KHTML, like Gecko; compatible; GPTBot/1.3; +https://openai.com/gptbot)"
74.7.243.236 - - [18/Mar/2026:11:19:09 +0000] "GET /goods.php??d=nrqro56d445tsdfyvqs HTTP/2.0" 200 85258 "https://nfsin.com/goods.php?product/edit/m38523449272" "Mozilla/5.0 AppleWebKit/537.36 (KHTML, like Gecko; compatible; GPTBot/1.3; +https://openai.com/gptbot)"
74.7.243.236 - - [18/Mar/2026:11:19:28 +0000] "GET /goods.php?detail/023026571377 HTTP/2.0" 200 86225 "https://nfsin.com/goods.php?pcmypage?callback=/product%2Fdetail%2m25342452873" "Mozilla/5.0 AppleWebKit/537.36 (KHTML, like Gecko; compatible; GPTBot/1.3; +https://openai.com/gptbot)"
74.7.243.236 - - [18/Mar/2026:11:19:42 +0000] "GET /goods.php?detail/126007777016 HTTP/2.0" 200 85804 "https://nfsin.com/goods.php?detail/126011914109" "Mozilla/5.0 AppleWebKit/537.36 (KHTML, like Gecko; compatible; GPTBot/1.3; +https://openai.com/gptbot)"
69.197.179.242 - - [18/Mar/2026:11:18:20 +0000] "GET /wp-includes/wpf78988/edit.php?id=545071 HTTP/1.1" 200 20 "https://nfsin.com/wp-includes/wpf78988/edit.php?id=545071" "Mozilla/5.0 (Windows NT 10.0; Win64; x64) AppleWebKit/537.36 (KHTML, like Gecko) Chrome/58.0.3029.110 Safari/537.3"
74.7.243.236 - - [18/Mar/2026:11:19:55 +0000] "GET /goods.php??z=rmjd87t27520gblzobn HTTP/2.0" 200 86425 "https://nfsin.com/goods.php?product/edit/m38523449272" "Mozilla/5.0 AppleWebKit/537.36 (KHTML, like Gecko; compatible; GPTBot/1.3; +https://openai.com/gptbot)"
74.7.243.236 - - [18/Mar/2026:11:20:08 +0000] "GET /goods.php?detail/059024032499 HTTP/2.0" 200 86053 "https://nfsin.com/goods.php?detail/2760286627860" "Mozilla/5.0 AppleWebKit/537.36 (KHTML, like Gecko; compatible; GPTBot/1.3; +https://openai.com/gptbot)"
74.7.243.236 - - [18/Mar/2026:11:20:23 +0000] "GET /goods.php?products/contact/v062047708 HTTP/2.0" 200 85829 "https://nfsin.com/goods.php??q=angjg41de3804yfyhun" "Mozilla/5.0 AppleWebKit/537.36 (KHTML, like Gecko; compatible; GPTBot/1.3; +https://openai.com/gptbot)"
74.7.243.236 - - [18/Mar/2026:11:20:40 +0000] "GET /goods.php?detail/261002853157 HTTP/2.0" 200 86145 "https://nfsin.com/goods.php?detail/261012617060" "Mozilla/5.0 AppleWebKit/537.36 (KHTML, like Gecko; compatible; GPTBot/1.3; +https://openai.com/gptbot)"
74.7.243.236 - - [18/Mar/2026:11:20:53 +0000] "GET /goods.php?detail/103001597370 HTTP/2.0" 200 85775 "https://nfsin.com/goods.php??u=pajl103htm2478ziajrg" "Mozilla/5.0 AppleWebKit/537.36 (KHTML, like Gecko; compatible; GPTBot/1.3; +https://openai.com/gptbot)"
74.7.243.236 - - [18/Mar/2026:11:21:05 +0000] "GET /goods.php?detail/231020794593 HTTP/2.0" 200 86883 "https://nfsin.com/goods.php?detail/019000987451" "Mozilla/5.0 AppleWebKit/537.36 (KHTML, like Gecko; compatible; GPTBot/1.3; +https://openai.com/gptbot)"
69.197.179.242 - - [18/Mar/2026:11:19:50 +0000] "GET /wp-includes/wpf78988/edit.php?id=545071 HTTP/1.1" 200 20 "https://nfsin.com/wp-includes/wpf78988/edit.php?id=545071" "Mozilla/5.0 (Windows NT 10.0; Win64; x64) AppleWebKit/537.36 (KHTML, like Gecko) Chrome/58.0.3029.110 Safari/537.3"
74.7.243.236 - - [18/Mar/2026:11:21:18 +0000] "GET /goods.php?detail/153016109190 HTTP/2.0" 200 85939 "https://nfsin.com/goods.php?detail/013013459891" "Mozilla/5.0 AppleWebKit/537.36 (KHTML, like Gecko; compatible; GPTBot/1.3; +https://openai.com/gptbot)"
74.7.243.236 - - [18/Mar/2026:11:21:34 +0000] "GET /goods.php?detail/161033482558 HTTP/2.0" 200 86174 "https://nfsin.com/goods.php??k=akmj71oe17326zigatg" "Mozilla/5.0 AppleWebKit/537.36 (KHTML, like Gecko; compatible; GPTBot/1.3; +https://openai.com/gptbot)"
74.7.243.236 - - [18/Mar/2026:11:21:50 +0000] "GET /goods.php?detail/056000445511 HTTP/2.0" 200 85199 "https://nfsin.com/goods.php??d=nrqro56d445tsdfyvqs" "Mozilla/5.0 AppleWebKit/537.36 (KHTML, like Gecko; compatible; GPTBot/1.3; +https://openai.com/gptbot)"
74.7.243.236 - - [18/Mar/2026:11:22:03 +0000] "GET /goods.php?detail/023002651052 HTTP/2.0" 200 85902 "https://nfsin.com/goods.php?detail/023026571377" "Mozilla/5.0 AppleWebKit/537.36 (KHTML, like Gecko; compatible; GPTBot/1.3; +https://openai.com/gptbot)"
74.7.243.236 - - [18/Mar/2026:11:22:16 +0000] "GET /goods.php??u=ooh227np8674snioit HTTP/2.0" 200 86270 "https://nfsin.com/goods.php??d=nrqro56d445tsdfyvqs" "Mozilla/5.0 AppleWebKit/537.36 (KHTML, like Gecko; compatible; GPTBot/1.3; +https://openai.com/gptbot)"
74.7.243.236 - - [18/Mar/2026:11:22:31 +0000] "GET /goods.php?detail/1260077060301 HTTP/2.0" 200 86706 "https://nfsin.com/goods.php?detail/126007777016" "Mozilla/5.0 AppleWebKit/537.36 (KHTML, like Gecko; compatible; GPTBot/1.3; +https://openai.com/gptbot)"
69.197.179.242 - - [18/Mar/2026:11:21:20 +0000] "GET /wp-includes/wpf78988/edit.php?id=545071 HTTP/1.1" 200 20 "https://nfsin.com/wp-includes/wpf78988/edit.php?id=545071" "Mozilla/5.0 (Windows NT 10.0; Win64; x64) AppleWebKit/537.36 (KHTML, like Gecko) Chrome/58.0.3029.110 Safari/537.3"
74.7.243.236 - - [18/Mar/2026:11:22:48 +0000] "GET /goods.php?detail/0180492849080 HTTP/2.0" 200 85741 "https://nfsin.com/goods.php?detail/059024032499" "Mozilla/5.0 AppleWebKit/537.36 (KHTML, like Gecko; compatible; GPTBot/1.3; +https://openai.com/gptbot)"
74.7.243.236 - - [18/Mar/2026:11:23:01 +0000] "GET /goods.php??v=abwm62fx633gadgsp HTTP/2.0" 200 85556 "https://nfsin.com/goods.php?products/contact/v062047708" "Mozilla/5.0 AppleWebKit/537.36 (KHTML, like Gecko; compatible; GPTBot/1.3; +https://openai.com/gptbot)"
74.7.243.236 - - [18/Mar/2026:11:23:15 +0000] "GET /goods.php?detail/079015412923 HTTP/2.0" 200 86490 "https://nfsin.com/goods.php?detail/265000424828" "Mozilla/5.0 AppleWebKit/537.36 (KHTML, like Gecko; compatible; GPTBot/1.3; +https://openai.com/gptbot)"
74.7.243.236 - - [18/Mar/2026:11:23:27 +0000] "GET /goods.php?pcmypage?callback=product/review/m11170302748 HTTP/2.0" 200 85844 "https://nfsin.com/goods.php?detail/103001597370" "Mozilla/5.0 AppleWebKit/537.36 (KHTML, like Gecko; compatible; GPTBot/1.3; +https://openai.com/gptbot)"
74.7.243.236 - - [18/Mar/2026:11:23:39 +0000] "GET /goods.php?detail/103005107050 HTTP/2.0" 200 87198 "https://nfsin.com/goods.php?detail/103001597370" "Mozilla/5.0 AppleWebKit/537.36 (KHTML, like Gecko; compatible; GPTBot/1.3; +https://openai.com/gptbot)"
74.7.243.236 - - [18/Mar/2026:11:23:57 +0000] "GET /goods.php?detail/164002972745 HTTP/2.0" 200 85852 "https://nfsin.com/goods.php?detail/002005438892" "Mozilla/5.0 AppleWebKit/537.36 (KHTML, like Gecko; compatible; GPTBot/1.3; +https://openai.com/gptbot)"
74.7.243.236 - - [18/Mar/2026:11:24:14 +0000] "GET /goods.php?detail/153002634467 HTTP/2.0" 200 85996 "https://nfsin.com/goods.php?detail/153016109190" "Mozilla/5.0 AppleWebKit/537.36 (KHTML, like Gecko; compatible; GPTBot/1.3; +https://openai.com/gptbot)"
69.197.179.242 - - [18/Mar/2026:11:22:51 +0000] "GET /wp-includes/wpf78988/edit.php?id=545071 HTTP/1.1" 200 20 "https://nfsin.com/wp-includes/wpf78988/edit.php?id=545071" "Mozilla/5.0 (Windows NT 10.0; Win64; x64) AppleWebKit/537.36 (KHTML, like Gecko) Chrome/58.0.3029.110 Safari/537.3"
74.7.243.236 - - [18/Mar/2026:11:24:26 +0000] "GET /goods.php??g=ifb92duzx2541lvunzdn HTTP/2.0" 200 85466 "https://nfsin.com/goods.php?pcmypage?callback=product/review/m43106911272" "Mozilla/5.0 AppleWebKit/537.36 (KHTML, like Gecko; compatible; GPTBot/1.3; +https://openai.com/gptbot)"
74.7.243.236 - - [18/Mar/2026:11:24:38 +0000] "GET /goods.php?detail/0230026215272 HTTP/2.0" 200 85678 "https://nfsin.com/goods.php?detail/023002651052" "Mozilla/5.0 AppleWebKit/537.36 (KHTML, like Gecko; compatible; GPTBot/1.3; +https://openai.com/gptbot)"
74.7.243.236 - - [18/Mar/2026:11:24:52 +0000] "GET /goods.php??d=nrqro172d329tsdfyvqs HTTP/2.0" 200 86266 "https://nfsin.com/goods.php??u=ooh227np8674snioit" "Mozilla/5.0 AppleWebKit/537.36 (KHTML, like Gecko; compatible; GPTBot/1.3; +https://openai.com/gptbot)"
74.7.243.236 - - [18/Mar/2026:11:25:09 +0000] "GET /goods.php?detail/1870029326879 HTTP/2.0" 200 86193 "https://nfsin.com/goods.php?detail/264042605352" "Mozilla/5.0 AppleWebKit/537.36 (KHTML, like Gecko; compatible; GPTBot/1.3; +https://openai.com/gptbot)"
74.7.243.236 - - [18/Mar/2026:11:25:25 +0000] "GET /goods.php?detail/0180079939101 HTTP/2.0" 200 85581 "https://nfsin.com/goods.php?detail/0180492849080" "Mozilla/5.0 AppleWebKit/537.36 (KHTML, like Gecko; compatible; GPTBot/1.3; +https://openai.com/gptbot)"
74.7.243.236 - - [18/Mar/2026:11:25:39 +0000] "GET /goods.php??n=dxi62nfy577atleseoy HTTP/2.0" 200 86596 "https://nfsin.com/goods.php??v=abwm62fx633gadgsp" "Mozilla/5.0 AppleWebKit/537.36 (KHTML, like Gecko; compatible; GPTBot/1.3; +https://openai.com/gptbot)"
69.197.179.242 - - [18/Mar/2026:11:24:21 +0000] "GET /wp-includes/wpf78988/edit.php?id=545071 HTTP/1.1" 200 20 "https://nfsin.com/wp-includes/wpf78988/edit.php?id=545071" "Mozilla/5.0 (Windows NT 10.0; Win64; x64) AppleWebKit/537.36 (KHTML, like Gecko) Chrome/58.0.3029.110 Safari/537.3"
74.7.243.236 - - [18/Mar/2026:11:25:52 +0000] "GET /goods.php?detail/079014794066 HTTP/2.0" 200 86547 "https://nfsin.com/goods.php?detail/079015412923" "Mozilla/5.0 AppleWebKit/537.36 (KHTML, like Gecko; compatible; GPTBot/1.3; +https://openai.com/gptbot)"
74.7.243.236 - - [18/Mar/2026:11:26:06 +0000] "GET /goods.php??o=mof11mx5402jdywpy HTTP/2.0" 200 86552 "https://nfsin.com/goods.php?pcmypage?callback=product/review/m11170302748" "Mozilla/5.0 AppleWebKit/537.36 (KHTML, like Gecko; compatible; GPTBot/1.3; +https://openai.com/gptbot)"
74.7.243.236 - - [18/Mar/2026:11:26:22 +0000] "GET /goods.php?detail/024043464017 HTTP/2.0" 200 85526 "https://nfsin.com/goods.php?detail/103005107050" "Mozilla/5.0 AppleWebKit/537.36 (KHTML, like Gecko; compatible; GPTBot/1.3; +https://openai.com/gptbot)"
74.7.243.236 - - [18/Mar/2026:11:26:39 +0000] "GET /goods.php??h=jhw89bjo1374sbjoaof HTTP/2.0" 200 84945 "https://nfsin.com/goods.php?pcmypage?callback=product/review/m11170302748" "Mozilla/5.0 AppleWebKit/537.36 (KHTML, like Gecko; compatible; GPTBot/1.3; +https://openai.com/gptbot)"
74.7.243.236 - - [18/Mar/2026:11:26:59 +0000] "GET /goods.php?detail/0180113224282 HTTP/2.0" 200 85500 "https://nfsin.com/goods.php?detail/0180492849080" "Mozilla/5.0 AppleWebKit/537.36 (KHTML, like Gecko; compatible; GPTBot/1.3; +https://openai.com/gptbot)"
69.197.179.242 - - [18/Mar/2026:11:25:52 +0000] "GET /wp-includes/wpf78988/edit.php?id=545071 HTTP/1.1" 200 20 "https://nfsin.com/wp-includes/wpf78988/edit.php?id=545071" "Mozilla/5.0 (Windows NT 10.0; Win64; x64) AppleWebKit/537.36 (KHTML, like Gecko) Chrome/58.0.3029.110 Safari/537.3"
74.7.243.236 - - [18/Mar/2026:11:27:17 +0000] "GET /goods.php??v=yze11yl6426lyjdxaigw HTTP/2.0" 200 85034 "https://nfsin.com/goods.php?pcmypage?callback=product/review/m11170302748" "Mozilla/5.0 AppleWebKit/537.36 (KHTML, like Gecko; compatible; GPTBot/1.3; +https://openai.com/gptbot)"
74.7.243.236 - - [18/Mar/2026:11:27:32 +0000] "GET /goods.php?detail/0970460816032 HTTP/2.0" 200 86034 "https://nfsin.com/goods.php?detail/194006612854" "Mozilla/5.0 AppleWebKit/537.36 (KHTML, like Gecko; compatible; GPTBot/1.3; +https://openai.com/gptbot)"
74.7.243.236 - - [18/Mar/2026:11:27:47 +0000] "GET /goods.php?detail/2750490652719 HTTP/2.0" 200 85775 "https://nfsin.com/goods.php?detail/130030535722" "Mozilla/5.0 AppleWebKit/537.36 (KHTML, like Gecko; compatible; GPTBot/1.3; +https://openai.com/gptbot)"
51.195.215.0 - - [18/Mar/2026:11:28:02 +0000] "GET /wp-includes/PHPMailer/?C=S;O=A HTTP/2.0" 200 343 "-" "Mozilla/5.0 (compatible; AhrefsBot/7.0; +http://ahrefs.com/robot/)"
74.7.243.236 - - [18/Mar/2026:11:28:02 +0000] "GET /goods.php?detail/2580358868794 HTTP/2.0" 200 86020 "https://nfsin.com/goods.php?detail/265000424828" "Mozilla/5.0 AppleWebKit/537.36 (KHTML, like Gecko; compatible; GPTBot/1.3; +https://openai.com/gptbot)"
74.7.243.236 - - [18/Mar/2026:11:28:15 +0000] "GET /goods.php?detail/263017667655 HTTP/2.0" 200 85224 "https://nfsin.com/goods.php?detail/0180079939101" "Mozilla/5.0 AppleWebKit/537.36 (KHTML, like Gecko; compatible; GPTBot/1.3; +https://openai.com/gptbot)"
74.7.243.236 - - [18/Mar/2026:11:28:29 +0000] "GET /goods.php??g=jmn62odlu517zhgynxz HTTP/2.0" 200 86204 "https://nfsin.com/goods.php??n=dxi62nfy577atleseoy" "Mozilla/5.0 AppleWebKit/537.36 (KHTML, like Gecko; compatible; GPTBot/1.3; +https://openai.com/gptbot)"
74.7.243.236 - - [18/Mar/2026:11:28:45 +0000] "GET /goods.php??y=bivu47a11276tsrdgswh HTTP/2.0" 200 87114 "https://nfsin.com/goods.php?product/edit/m57061056711" "Mozilla/5.0 AppleWebKit/537.36 (KHTML, like Gecko; compatible; GPTBot/1.3; +https://openai.com/gptbot)"
69.197.179.242 - - [18/Mar/2026:11:27:23 +0000] "GET /wp-includes/wpf78988/edit.php?id=545071 HTTP/1.1" 200 20 "https://nfsin.com/wp-includes/wpf78988/edit.php?id=545071" "Mozilla/5.0 (Windows NT 10.0; Win64; x64) AppleWebKit/537.36 (KHTML, like Gecko) Chrome/58.0.3029.110 Safari/537.3"
74.7.243.236 - - [18/Mar/2026:11:29:02 +0000] "GET /goods.php?detail/223012701391 HTTP/2.0" 200 86189 "https://nfsin.com/goods.php??o=mof11mx5402jdywpy" "Mozilla/5.0 AppleWebKit/537.36 (KHTML, like Gecko; compatible; GPTBot/1.3; +https://openai.com/gptbot)"
74.7.243.236 - - [18/Mar/2026:11:29:15 +0000] "GET /goods.php??v=ybgq72zvw40675abhivh HTTP/2.0" 200 85059 "https://nfsin.com/goods.php??f=fkpm24p1269tojkacmf" "Mozilla/5.0 AppleWebKit/537.36 (KHTML, like Gecko; compatible; GPTBot/1.3; +https://openai.com/gptbot)"
74.7.243.236 - - [18/Mar/2026:11:29:30 +0000] "GET /goods.php??v=xiq190xcp29515juozcber HTTP/2.0" 200 85833 "https://nfsin.com/goods.php??h=jhw89bjo1374sbjoaof" "Mozilla/5.0 AppleWebKit/537.36 (KHTML, like Gecko; compatible; GPTBot/1.3; +https://openai.com/gptbot)"
74.7.243.236 - - [18/Mar/2026:11:29:47 +0000] "GET /goods.php??b=odcwe131k4524kplxnny HTTP/2.0" 200 85747 "https://nfsin.com/goods.php?pcmypage?callback=product/review/m88420304240" "Mozilla/5.0 AppleWebKit/537.36 (KHTML, like Gecko; compatible; GPTBot/1.3; +https://openai.com/gptbot)"
74.7.243.236 - - [18/Mar/2026:11:30:05 +0000] "GET /goods.php?products/news/s206027662 HTTP/2.0" 200 86336 "https://nfsin.com/goods.php??v=yze11yl6426lyjdxaigw" "Mozilla/5.0 AppleWebKit/537.36 (KHTML, like Gecko; compatible; GPTBot/1.3; +https://openai.com/gptbot)"
74.7.243.236 - - [18/Mar/2026:11:30:21 +0000] "GET /goods.php?detail/279032828768 HTTP/2.0" 200 85839 "https://nfsin.com/goods.php?detail/0970460816032" "Mozilla/5.0 AppleWebKit/537.36 (KHTML, like Gecko; compatible; GPTBot/1.3; +https://openai.com/gptbot)"
69.197.179.242 - - [18/Mar/2026:11:28:54 +0000] "GET /wp-includes/wpf78988/edit.php?id=545071 HTTP/1.1" 200 20 "https://nfsin.com/wp-includes/wpf78988/edit.php?id=545071" "Mozilla/5.0 (Windows NT 10.0; Win64; x64) AppleWebKit/537.36 (KHTML, like Gecko) Chrome/58.0.3029.110 Safari/537.3"
74.7.243.236 - - [18/Mar/2026:11:30:38 +0000] "GET /goods.php?detail/098002248087 HTTP/2.0" 200 85522 "https://nfsin.com/goods.php?detail/2750490652719" "Mozilla/5.0 AppleWebKit/537.36 (KHTML, like Gecko; compatible; GPTBot/1.3; +https://openai.com/gptbot)"
74.7.243.236 - - [18/Mar/2026:11:30:57 +0000] "GET /goods.php?detail/159021595701 HTTP/2.0" 200 86908 "https://nfsin.com/goods.php?detail/2750490652719" "Mozilla/5.0 AppleWebKit/537.36 (KHTML, like Gecko; compatible; GPTBot/1.3; +https://openai.com/gptbot)"
74.7.243.236 - - [18/Mar/2026:11:31:19 +0000] "GET /goods.php??a=mben172rfz3213ussmuc HTTP/2.0" 200 85973 "https://nfsin.com/goods.php??g=eljs172bo5833ifyvvq" "Mozilla/5.0 AppleWebKit/537.36 (KHTML, like Gecko; compatible; GPTBot/1.3; +https://openai.com/gptbot)"
74.7.243.236 - - [18/Mar/2026:11:31:38 +0000] "GET /goods.php??v=pkg62qt111mwjofh HTTP/2.0" 200 85866 "https://nfsin.com/goods.php??g=jmn62odlu517zhgynxz" "Mozilla/5.0 AppleWebKit/537.36 (KHTML, like Gecko; compatible; GPTBot/1.3; +https://openai.com/gptbot)"
69.197.179.242 - - [18/Mar/2026:11:30:25 +0000] "GET /wp-includes/wpf78988/edit.php?id=545071 HTTP/1.1" 200 20 "https://nfsin.com/wp-includes/wpf78988/edit.php?id=545071" "Mozilla/5.0 (Windows NT 10.0; Win64; x64) AppleWebKit/537.36 (KHTML, like Gecko) Chrome/58.0.3029.110 Safari/537.3"
74.7.243.236 - - [18/Mar/2026:11:31:52 +0000] "GET /goods.php??q=klw47ljd3480zxilqlz HTTP/2.0" 200 85793 "https://nfsin.com/goods.php??y=bivu47a11276tsrdgswh" "Mozilla/5.0 AppleWebKit/537.36 (KHTML, like Gecko; compatible; GPTBot/1.3; +https://openai.com/gptbot)"
74.7.243.236 - - [18/Mar/2026:11:32:05 +0000] "GET /goods.php??v=iuc81y48842ltkmsqgih HTTP/2.0" 200 86196 "https://nfsin.com/goods.php?safe_search/config?return_url=%2Fproduct%2Fdetail%2Fm54306040955" "Mozilla/5.0 AppleWebKit/537.36 (KHTML, like Gecko; compatible; GPTBot/1.3; +https://openai.com/gptbot)"
74.7.243.236 - - [18/Mar/2026:11:32:25 +0000] "GET /goods.php??e=wsa52kw15845qrdmhixk HTTP/2.0" 200 86035 "https://nfsin.com/goods.php?pcmypage?callback=product%2Fdetail%2Fm71128431068" "Mozilla/5.0 AppleWebKit/537.36 (KHTML, like Gecko; compatible; GPTBot/1.3; +https://openai.com/gptbot)"
74.7.243.236 - - [18/Mar/2026:11:32:42 +0000] "GET /goods.php??p=icc142b1073iqhszmfxx HTTP/2.0" 200 85738 "https://nfsin.com/goods.php??f=fnuv142rft15nexhla" "Mozilla/5.0 AppleWebKit/537.36 (KHTML, like Gecko; compatible; GPTBot/1.3; +https://openai.com/gptbot)"
74.7.243.236 - - [18/Mar/2026:11:32:58 +0000] "GET /goods.php??s=ygemv201ra1822hwjlfr HTTP/2.0" 200 85672 "https://nfsin.com/goods.php?pcmypage?callback=product%2Fdetail%2Fm34640186730" "Mozilla/5.0 AppleWebKit/537.36 (KHTML, like Gecko; compatible; GPTBot/1.3; +https://openai.com/gptbot)"
74.7.243.236 - - [18/Mar/2026:11:33:14 +0000] "GET /goods.php?detail/2060230711211 HTTP/2.0" 200 85607 "https://nfsin.com/goods.php?products/news/s206027662" "Mozilla/5.0 AppleWebKit/537.36 (KHTML, like Gecko; compatible; GPTBot/1.3; +https://openai.com/gptbot)"
69.197.179.242 - - [18/Mar/2026:11:31:56 +0000] "GET /wp-includes/wpf78988/edit.php?id=545071 HTTP/1.1" 200 20 "https://nfsin.com/wp-includes/wpf78988/edit.php?id=545071" "Mozilla/5.0 (Windows NT 10.0; Win64; x64) AppleWebKit/537.36 (KHTML, like Gecko) Chrome/58.0.3029.110 Safari/537.3"
74.7.243.236 - - [18/Mar/2026:11:33:33 +0000] "GET /goods.php??a=uqv77it32922ygelcpcv HTTP/2.0" 200 86013 "https://nfsin.com/goods.php?products/whenever/y071002997" "Mozilla/5.0 AppleWebKit/537.36 (KHTML, like Gecko; compatible; GPTBot/1.3; +https://openai.com/gptbot)"
74.7.243.236 - - [18/Mar/2026:11:33:46 +0000] "GET /goods.php?detail/072044008141 HTTP/2.0" 200 85737 "https://nfsin.com/goods.php?detail/098002248087" "Mozilla/5.0 AppleWebKit/537.36 (KHTML, like Gecko; compatible; GPTBot/1.3; +https://openai.com/gptbot)"
74.7.243.236 - - [18/Mar/2026:11:33:59 +0000] "GET /goods.php?detail/2060306588330 HTTP/2.0" 200 86678 "https://nfsin.com/goods.php?detail/159021595701" "Mozilla/5.0 AppleWebKit/537.36 (KHTML, like Gecko; compatible; GPTBot/1.3; +https://openai.com/gptbot)"
74.7.243.236 - - [18/Mar/2026:11:34:12 +0000] "GET /goods.php??z=uig216uqqy5249ppleat HTTP/2.0" 200 86462 "https://nfsin.com/goods.php??p=gev84g2501jfgrko" "Mozilla/5.0 AppleWebKit/537.36 (KHTML, like Gecko; compatible; GPTBot/1.3; +https://openai.com/gptbot)"
74.7.243.236 - - [18/Mar/2026:11:34:28 +0000] "GET /goods.php??s=yug62r135xomxvbmi HTTP/2.0" 200 85839 "https://nfsin.com/goods.php??v=pkg62qt111mwjofh" "Mozilla/5.0 AppleWebKit/537.36 (KHTML, like Gecko; compatible; GPTBot/1.3; +https://openai.com/gptbot)"
74.7.243.236 - - [18/Mar/2026:11:34:48 +0000] "GET /goods.php?products/closest/d047003163 HTTP/2.0" 200 85738 "https://nfsin.com/goods.php??q=klw47ljd3480zxilqlz" "Mozilla/5.0 AppleWebKit/537.36 (KHTML, like Gecko; compatible; GPTBot/1.3; +https://openai.com/gptbot)"
69.197.179.242 - - [18/Mar/2026:11:33:28 +0000] "GET /wp-includes/wpf78988/edit.php?id=545071 HTTP/1.1" 200 20 "https://nfsin.com/wp-includes/wpf78988/edit.php?id=545071" "Mozilla/5.0 (Windows NT 10.0; Win64; x64) AppleWebKit/537.36 (KHTML, like Gecko) Chrome/58.0.3029.110 Safari/537.3"
74.7.243.236 - - [18/Mar/2026:11:35:02 +0000] "GET /goods.php??h=fxvf148pzo41719eoysapvn HTTP/2.0" 200 85364 "https://nfsin.com/goods.php??q=klw47ljd3480zxilqlz" "Mozilla/5.0 AppleWebKit/537.36 (KHTML, like Gecko; compatible; GPTBot/1.3; +https://openai.com/gptbot)"
74.7.243.236 - - [18/Mar/2026:11:35:17 +0000] "GET /goods.php?detail/047005570185 HTTP/2.0" 200 85844 "https://nfsin.com/goods.php??q=klw47ljd3480zxilqlz" "Mozilla/5.0 AppleWebKit/537.36 (KHTML, like Gecko; compatible; GPTBot/1.3; +https://openai.com/gptbot)"
74.7.243.236 - - [18/Mar/2026:11:35:32 +0000] "GET /goods.php??j=swvpm36u4903cefgik HTTP/2.0" 200 85027 "https://nfsin.com/goods.php??e=wsa52kw15845qrdmhixk" "Mozilla/5.0 AppleWebKit/537.36 (KHTML, like Gecko; compatible; GPTBot/1.3; +https://openai.com/gptbot)"
74.7.243.236 - - [18/Mar/2026:11:35:47 +0000] "GET /goods.php??p=tel201hybn388bkuwob HTTP/2.0" 200 86172 "https://nfsin.com/goods.php??s=ygemv201ra1822hwjlfr" "Mozilla/5.0 AppleWebKit/537.36 (KHTML, like Gecko; compatible; GPTBot/1.3; +https://openai.com/gptbot)"
74.7.243.236 - - [18/Mar/2026:11:35:59 +0000] "GET /goods.php??y=bvl144sj5673ioaxpeep HTTP/2.0" 200 86723 "https://nfsin.com/goods.php??v=yfj144u3461cblmlteng" "Mozilla/5.0 AppleWebKit/537.36 (KHTML, like Gecko; compatible; GPTBot/1.3; +https://openai.com/gptbot)"
74.7.243.236 - - [18/Mar/2026:11:36:11 +0000] "GET /goods.php??c=udz277obn1100ycqruxv HTTP/2.0" 200 86117 "https://nfsin.com/goods.php??y=eja277p6208uiynkwei" "Mozilla/5.0 AppleWebKit/537.36 (KHTML, like Gecko; compatible; GPTBot/1.3; +https://openai.com/gptbot)"
69.197.179.242 - - [18/Mar/2026:11:35:00 +0000] "GET /wp-includes/wpf78988/edit.php?id=545071 HTTP/1.1" 200 20 "https://nfsin.com/wp-includes/wpf78988/edit.php?id=545071" "Mozilla/5.0 (Windows NT 10.0; Win64; x64) AppleWebKit/537.36 (KHTML, like Gecko) Chrome/58.0.3029.110 Safari/537.3"
74.7.243.236 - - [18/Mar/2026:11:36:27 +0000] "GET /goods.php?detail/157015770984 HTTP/2.0" 200 85874 "https://nfsin.com/goods.php?detail/072044008141" "Mozilla/5.0 AppleWebKit/537.36 (KHTML, like Gecko; compatible; GPTBot/1.3; +https://openai.com/gptbot)"
74.7.243.236 - - [18/Mar/2026:11:36:42 +0000] "GET /goods.php??j=wugi80s24255tgvyuwan HTTP/2.0" 200 85540 "https://nfsin.com/goods.php??v=dfsi40h283rjkbelexw" "Mozilla/5.0 AppleWebKit/537.36 (KHTML, like Gecko; compatible; GPTBot/1.3; +https://openai.com/gptbot)"
74.7.243.236 - - [18/Mar/2026:11:36:53 +0000] "GET /goods.php??v=amrim216j6021mbekod HTTP/2.0" 200 86593 "https://nfsin.com/goods.php??z=uig216uqqy5249ppleat" "Mozilla/5.0 AppleWebKit/537.36 (KHTML, like Gecko; compatible; GPTBot/1.3; +https://openai.com/gptbot)"
74.7.243.236 - - [18/Mar/2026:11:37:12 +0000] "GET /goods.php??s=fqxn60kwm17687dekgxj HTTP/2.0" 200 86432 "https://nfsin.com/goods.php??u=bykbq60ga9619bsxzvgj" "Mozilla/5.0 AppleWebKit/537.36 (KHTML, like Gecko; compatible; GPTBot/1.3; +https://openai.com/gptbot)"
74.7.243.236 - - [18/Mar/2026:11:37:28 +0000] "GET /goods.php??i=bhxf119nav4838ihdjko HTTP/2.0" 200 86693 "https://nfsin.com/goods.php??s=vabu38xt26935ybsxfq" "Mozilla/5.0 AppleWebKit/537.36 (KHTML, like Gecko; compatible; GPTBot/1.3; +https://openai.com/gptbot)"
74.7.243.236 - - [18/Mar/2026:11:37:44 +0000] "GET /goods.php??w=bct45hg19062dkrcsheo HTTP/2.0" 200 86696 "https://nfsin.com/goods.php?products/nearby/x263041603" "Mozilla/5.0 AppleWebKit/537.36 (KHTML, like Gecko; compatible; GPTBot/1.3; +https://openai.com/gptbot)"
74.7.243.236 - - [18/Mar/2026:11:38:01 +0000] "GET /goods.php?detail/228001148185 HTTP/2.0" 200 87547 "https://nfsin.com/goods.php?detail/2060306588330" "Mozilla/5.0 AppleWebKit/537.36 (KHTML, like Gecko; compatible; GPTBot/1.3; +https://openai.com/gptbot)"
69.197.179.242 - - [18/Mar/2026:11:36:30 +0000] "GET /wp-includes/wpf78988/edit.php?id=545071 HTTP/1.1" 200 20 "https://nfsin.com/wp-includes/wpf78988/edit.php?id=545071" "Mozilla/5.0 (Windows NT 10.0; Win64; x64) AppleWebKit/537.36 (KHTML, like Gecko) Chrome/58.0.3029.110 Safari/537.3"
74.7.243.236 - - [18/Mar/2026:11:38:18 +0000] "GET /goods.php?detail/289022839674 HTTP/2.0" 200 85673 "https://nfsin.com/goods.php??j=swvpm36u4903cefgik" "Mozilla/5.0 AppleWebKit/537.36 (KHTML, like Gecko; compatible; GPTBot/1.3; +https://openai.com/gptbot)"
74.7.243.236 - - [18/Mar/2026:11:38:33 +0000] "GET /goods.php??b=matda13q11170scvach HTTP/2.0" 200 85332 "https://nfsin.com/goods.php??p=tel201hybn388bkuwob" "Mozilla/5.0 AppleWebKit/537.36 (KHTML, like Gecko; compatible; GPTBot/1.3; +https://openai.com/gptbot)"
74.7.243.236 - - [18/Mar/2026:11:38:46 +0000] "GET /goods.php?detail/091040831146 HTTP/2.0" 200 85662 "https://nfsin.com/goods.php?detail/130030535722" "Mozilla/5.0 AppleWebKit/537.36 (KHTML, like Gecko; compatible; GPTBot/1.3; +https://openai.com/gptbot)"
74.7.243.236 - - [18/Mar/2026:11:38:58 +0000] "GET /goods.php??l=jgfv78pe44869pantkfz HTTP/2.0" 200 85968 "https://nfsin.com/goods.php??c=udz277obn1100ycqruxv" "Mozilla/5.0 AppleWebKit/537.36 (KHTML, like Gecko; compatible; GPTBot/1.3; +https://openai.com/gptbot)"
74.7.243.236 - - [18/Mar/2026:11:39:11 +0000] "GET /goods.php?jp/157027032.html HTTP/2.0" 200 85320 "https://nfsin.com/goods.php?detail/157015770984" "Mozilla/5.0 AppleWebKit/537.36 (KHTML, like Gecko; compatible; GPTBot/1.3; +https://openai.com/gptbot)"
74.7.243.236 - - [18/Mar/2026:11:39:27 +0000] "GET /goods.php??i=rum225bu3892zwpwpj HTTP/2.0" 200 86469 "https://nfsin.com/goods.php??j=wugi80s24255tgvyuwan" "Mozilla/5.0 AppleWebKit/537.36 (KHTML, like Gecko; compatible; GPTBot/1.3; +https://openai.com/gptbot)"
74.7.243.236 - - [18/Mar/2026:11:39:43 +0000] "GET /goods.php??b=redc80ltp7707okauzo HTTP/2.0" 200 85624 "https://nfsin.com/goods.php??j=wugi80s24255tgvyuwan" "Mozilla/5.0 AppleWebKit/537.36 (KHTML, like Gecko; compatible; GPTBot/1.3; +https://openai.com/gptbot)"
69.197.179.242 - - [18/Mar/2026:11:38:19 +0000] "GET /wp-includes/wpf78988/edit.php?id=545071 HTTP/1.1" 200 20 "https://nfsin.com/wp-includes/wpf78988/edit.php?id=545071" "Mozilla/5.0 (Windows NT 10.0; Win64; x64) AppleWebKit/537.36 (KHTML, like Gecko) Chrome/58.0.3029.110 Safari/537.3"
74.7.243.236 - - [18/Mar/2026:11:39:57 +0000] "GET /goods.php??q=iwaem60d6259tnmyjvk HTTP/2.0" 200 85772 "https://nfsin.com/goods.php??s=fqxn60kwm17687dekgxj" "Mozilla/5.0 AppleWebKit/537.36 (KHTML, like Gecko; compatible; GPTBot/1.3; +https://openai.com/gptbot)"
74.7.243.236 - - [18/Mar/2026:11:40:08 +0000] "GET /goods.php?products/almost/n120044372 HTTP/2.0" 200 87293 "https://nfsin.com/goods.php??i=bhxf119nav4838ihdjko" "Mozilla/5.0 AppleWebKit/537.36 (KHTML, like Gecko; compatible; GPTBot/1.3; +https://openai.com/gptbot)"
74.7.243.236 - - [18/Mar/2026:11:40:21 +0000] "GET /goods.php??p=cuqq58t45377jjvbkgl HTTP/2.0" 200 87154 "https://nfsin.com/goods.php??w=bct45hg19062dkrcsheo" "Mozilla/5.0 AppleWebKit/537.36 (KHTML, like Gecko; compatible; GPTBot/1.3; +https://openai.com/gptbot)"
74.7.243.236 - - [18/Mar/2026:11:40:35 +0000] "GET /goods.php?detail/228005945990 HTTP/2.0" 200 85595 "https://nfsin.com/goods.php?detail/228001148185" "Mozilla/5.0 AppleWebKit/537.36 (KHTML, like Gecko; compatible; GPTBot/1.3; +https://openai.com/gptbot)"
74.7.243.236 - - [18/Mar/2026:11:40:47 +0000] "GET /goods.php?detail/2160217891315 HTTP/2.0" 200 85593 "https://nfsin.com/goods.php??v=amrim216j6021mbekod" "Mozilla/5.0 AppleWebKit/537.36 (KHTML, like Gecko; compatible; GPTBot/1.3; +https://openai.com/gptbot)"
74.7.243.236 - - [18/Mar/2026:11:40:57 +0000] "GET /goods.php?pcmypage?callback=/product%2Fdetail%2m96093224365 HTTP/2.0" 200 85374 "https://nfsin.com/goods.php??b=matda13q11170scvach" "Mozilla/5.0 AppleWebKit/537.36 (KHTML, like Gecko; compatible; GPTBot/1.3; +https://openai.com/gptbot)"
74.7.243.236 - - [18/Mar/2026:11:41:10 +0000] "GET /goods.php?detail/091000425585 HTTP/2.0" 200 85629 "https://nfsin.com/goods.php?detail/091040831146" "Mozilla/5.0 AppleWebKit/537.36 (KHTML, like Gecko; compatible; GPTBot/1.3; +https://openai.com/gptbot)"
69.197.179.242 - - [18/Mar/2026:11:39:51 +0000] "GET /wp-includes/wpf78988/edit.php?id=545071 HTTP/1.1" 200 20 "https://nfsin.com/wp-includes/wpf78988/edit.php?id=545071" "Mozilla/5.0 (Windows NT 10.0; Win64; x64) AppleWebKit/537.36 (KHTML, like Gecko) Chrome/58.0.3029.110 Safari/537.3"
74.7.243.236 - - [18/Mar/2026:11:41:22 +0000] "GET /goods.php??n=qrbwk13l23746zpfrdcj HTTP/2.0" 200 85657 "https://nfsin.com/goods.php??l=jgfv78pe44869pantkfz" "Mozilla/5.0 AppleWebKit/537.36 (KHTML, like Gecko; compatible; GPTBot/1.3; +https://openai.com/gptbot)"
74.7.243.236 - - [18/Mar/2026:11:41:33 +0000] "GET /goods.php?detail/1570270322373 HTTP/2.0" 200 85312 "https://nfsin.com/goods.php?jp/157027032.html" "Mozilla/5.0 AppleWebKit/537.36 (KHTML, like Gecko; compatible; GPTBot/1.3; +https://openai.com/gptbot)"
74.7.243.236 - - [18/Mar/2026:11:41:47 +0000] "GET /goods.php??f=nctnv204ah81pxmxvtu HTTP/2.0" 200 86978 "https://nfsin.com/goods.php??i=rum225bu3892zwpwpj" "Mozilla/5.0 AppleWebKit/537.36 (KHTML, like Gecko; compatible; GPTBot/1.3; +https://openai.com/gptbot)"
74.7.243.236 - - [18/Mar/2026:11:42:02 +0000] "GET /goods.php??m=oxoek200k4217meunng HTTP/2.0" 200 85230 "https://nfsin.com/goods.php??b=redc80ltp7707okauzo" "Mozilla/5.0 AppleWebKit/537.36 (KHTML, like Gecko; compatible; GPTBot/1.3; +https://openai.com/gptbot)"
74.7.243.236 - - [18/Mar/2026:11:42:21 +0000] "GET /goods.php??a=ebnu80ih5479gmxhlncv HTTP/2.0" 200 85598 "https://nfsin.com/goods.php??b=redc80ltp7707okauzo" "Mozilla/5.0 AppleWebKit/537.36 (KHTML, like Gecko; compatible; GPTBot/1.3; +https://openai.com/gptbot)"
74.7.243.236 - - [18/Mar/2026:11:42:35 +0000] "GET /goods.php??o=pueg149g2248zvebmfx HTTP/2.0" 200 85937 "https://nfsin.com/goods.php?products/almost/n120044372" "Mozilla/5.0 AppleWebKit/537.36 (KHTML, like Gecko; compatible; GPTBot/1.3; +https://openai.com/gptbot)"
74.7.243.236 - - [18/Mar/2026:11:42:47 +0000] "GET /goods.php?detail/026018135088 HTTP/2.0" 200 86425 "https://nfsin.com/goods.php?detail/020020913470" "Mozilla/5.0 AppleWebKit/537.36 (KHTML, like Gecko; compatible; GPTBot/1.3; +https://openai.com/gptbot)"
69.197.179.242 - - [18/Mar/2026:11:41:22 +0000] "GET /wp-includes/wpf78988/edit.php?id=545071 HTTP/1.1" 200 20 "https://nfsin.com/wp-includes/wpf78988/edit.php?id=545071" "Mozilla/5.0 (Windows NT 10.0; Win64; x64) AppleWebKit/537.36 (KHTML, like Gecko) Chrome/58.0.3029.110 Safari/537.3"
3.18.186.238 - - [18/Mar/2026:11:42:54 +0000] "GET / HTTP/1.1" 503 - "-" "visionheight.com/scan Mozilla/5.0 (Macintosh; Intel Mac OS X 10_15_7) Chrome/126.0.0.0 Safari/537.36"
74.7.243.236 - - [18/Mar/2026:11:42:57 +0000] "GET /goods.php?detail/175004654061 HTTP/2.0" 200 85706 "https://nfsin.com/goods.php?detail/032036440376" "Mozilla/5.0 AppleWebKit/537.36 (KHTML, like Gecko; compatible; GPTBot/1.3; +https://openai.com/gptbot)"
74.7.243.236 - - [18/Mar/2026:11:43:14 +0000] "GET /goods.php?goods/263004326 HTTP/2.0" 200 85828 "https://nfsin.com/goods.php?detail/2160217891315" "Mozilla/5.0 AppleWebKit/537.36 (KHTML, like Gecko; compatible; GPTBot/1.3; +https://openai.com/gptbot)"
74.7.243.236 - - [18/Mar/2026:11:43:33 +0000] "GET /goods.php?detail/007003670555 HTTP/2.0" 200 85580 "https://nfsin.com/goods.php?pcmypage?callback=/product%2Fdetail%2m96093224365" "Mozilla/5.0 AppleWebKit/537.36 (KHTML, like Gecko; compatible; GPTBot/1.3; +https://openai.com/gptbot)"
74.7.243.236 - - [18/Mar/2026:11:43:45 +0000] "GET /goods.php?detail/199008155696 HTTP/2.0" 200 85771 "https://nfsin.com/goods.php?detail/199002442969" "Mozilla/5.0 AppleWebKit/537.36 (KHTML, like Gecko; compatible; GPTBot/1.3; +https://openai.com/gptbot)"
74.7.243.236 - - [18/Mar/2026:11:44:00 +0000] "GET /goods.php??u=uwwom13t236dlbfsz HTTP/2.0" 200 86795 "https://nfsin.com/goods.php??n=qrbwk13l23746zpfrdcj" "Mozilla/5.0 AppleWebKit/537.36 (KHTML, like Gecko; compatible; GPTBot/1.3; +https://openai.com/gptbot)"
74.7.243.236 - - [18/Mar/2026:11:44:14 +0000] "GET /goods.php?detail/157015203733 HTTP/2.0" 200 85624 "https://nfsin.com/goods.php?detail/1570270322373" "Mozilla/5.0 AppleWebKit/537.36 (KHTML, like Gecko; compatible; GPTBot/1.3; +https://openai.com/gptbot)"
69.197.179.242 - - [18/Mar/2026:11:42:52 +0000] "GET /wp-includes/wpf78988/edit.php?id=545071 HTTP/1.1" 200 20 "https://nfsin.com/wp-includes/wpf78988/edit.php?id=545071" "Mozilla/5.0 (Windows NT 10.0; Win64; x64) AppleWebKit/537.36 (KHTML, like Gecko) Chrome/58.0.3029.110 Safari/537.3"
74.7.243.236 - - [18/Mar/2026:11:44:27 +0000] "GET /goods.php??u=gwuk13rltrr910zuggir HTTP/2.0" 200 85896 "https://nfsin.com/goods.php??n=qrbwk13l23746zpfrdcj" "Mozilla/5.0 AppleWebKit/537.36 (KHTML, like Gecko; compatible; GPTBot/1.3; +https://openai.com/gptbot)"
74.7.243.236 - - [18/Mar/2026:11:44:41 +0000] "GET /goods.php?detail/177027612205 HTTP/2.0" 200 85828 "https://nfsin.com/goods.php?detail/095005530547" "Mozilla/5.0 AppleWebKit/537.36 (KHTML, like Gecko; compatible; GPTBot/1.3; +https://openai.com/gptbot)"
74.7.243.236 - - [18/Mar/2026:11:44:53 +0000] "GET /goods.php?detail/241009180821 HTTP/2.0" 200 86122 "https://nfsin.com/goods.php?detail/10404359134109" "Mozilla/5.0 AppleWebKit/537.36 (KHTML, like Gecko; compatible; GPTBot/1.3; +https://openai.com/gptbot)"
74.7.243.236 - - [18/Mar/2026:11:45:07 +0000] "GET /goods.php?detail/014021783770 HTTP/2.0" 200 86533 "https://nfsin.com/goods.php?detail/265000453475" "Mozilla/5.0 AppleWebKit/537.36 (KHTML, like Gecko; compatible; GPTBot/1.3; +https://openai.com/gptbot)"
74.7.243.236 - - [18/Mar/2026:11:45:20 +0000] "GET /goods.php?detail/0260112562062 HTTP/2.0" 200 86164 "https://nfsin.com/goods.php?detail/026018135088" "Mozilla/5.0 AppleWebKit/537.36 (KHTML, like Gecko; compatible; GPTBot/1.3; +https://openai.com/gptbot)"
74.7.243.236 - - [18/Mar/2026:11:45:34 +0000] "GET /goods.php?detail/222012908489 HTTP/2.0" 200 85444 "https://nfsin.com/goods.php?detail/175004654061" "Mozilla/5.0 AppleWebKit/537.36 (KHTML, like Gecko; compatible; GPTBot/1.3; +https://openai.com/gptbot)"
74.7.243.236 - - [18/Mar/2026:11:45:47 +0000] "GET /goods.php?detail/093008053310 HTTP/2.0" 200 85399 "https://nfsin.com/goods.php?goods/263004326" "Mozilla/5.0 AppleWebKit/537.36 (KHTML, like Gecko; compatible; GPTBot/1.3; +https://openai.com/gptbot)"
69.197.179.242 - - [18/Mar/2026:11:44:23 +0000] "GET /wp-includes/wpf78988/edit.php?id=545071 HTTP/1.1" 200 20 "https://nfsin.com/wp-includes/wpf78988/edit.php?id=545071" "Mozilla/5.0 (Windows NT 10.0; Win64; x64) AppleWebKit/537.36 (KHTML, like Gecko) Chrome/58.0.3029.110 Safari/537.3"
74.7.243.236 - - [18/Mar/2026:11:46:00 +0000] "GET /goods.php?detail/007004270366 HTTP/2.0" 200 85296 "https://nfsin.com/goods.php?detail/007003670555" "Mozilla/5.0 AppleWebKit/537.36 (KHTML, like Gecko; compatible; GPTBot/1.3; +https://openai.com/gptbot)"
74.7.243.236 - - [18/Mar/2026:11:46:14 +0000] "GET /goods.php?detail/108035114211 HTTP/2.0" 200 85550 "https://nfsin.com/goods.php?detail/199008155696" "Mozilla/5.0 AppleWebKit/537.36 (KHTML, like Gecko; compatible; GPTBot/1.3; +https://openai.com/gptbot)"
74.7.243.236 - - [18/Mar/2026:11:46:35 +0000] "GET /goods.php?detail/246003337373 HTTP/2.0" 200 86395 "https://nfsin.com/goods.php?goods/263004326" "Mozilla/5.0 AppleWebKit/537.36 (KHTML, like Gecko; compatible; GPTBot/1.3; +https://openai.com/gptbot)"
74.7.243.236 - - [18/Mar/2026:11:46:56 +0000] "GET /goods.php?detail/157016776787 HTTP/2.0" 200 86025 "https://nfsin.com/goods.php?detail/157015203733" "Mozilla/5.0 AppleWebKit/537.36 (KHTML, like Gecko; compatible; GPTBot/1.3; +https://openai.com/gptbot)"
74.7.243.236 - - [18/Mar/2026:11:47:11 +0000] "GET /goods.php?detail/020018093025 HTTP/2.0" 200 85764 "https://nfsin.com/goods.php?detail/157015203733" "Mozilla/5.0 AppleWebKit/537.36 (KHTML, like Gecko; compatible; GPTBot/1.3; +https://openai.com/gptbot)"
69.197.179.242 - - [18/Mar/2026:11:45:55 +0000] "GET /wp-includes/wpf78988/edit.php?id=545071 HTTP/1.1" 200 20 "https://nfsin.com/wp-includes/wpf78988/edit.php?id=545071" "Mozilla/5.0 (Windows NT 10.0; Win64; x64) AppleWebKit/537.36 (KHTML, like Gecko) Chrome/58.0.3029.110 Safari/537.3"
74.7.243.236 - - [18/Mar/2026:11:47:29 +0000] "GET /goods.php?jp/048045187.html HTTP/2.0" 200 85527 "https://nfsin.com/goods.php?detail/177027612205" "Mozilla/5.0 AppleWebKit/537.36 (KHTML, like Gecko; compatible; GPTBot/1.3; +https://openai.com/gptbot)"
74.7.243.236 - - [18/Mar/2026:11:47:43 +0000] "GET /goods.php?goods/168039918 HTTP/2.0" 200 86325 "https://nfsin.com/goods.php?detail/241009180821" "Mozilla/5.0 AppleWebKit/537.36 (KHTML, like Gecko; compatible; GPTBot/1.3; +https://openai.com/gptbot)"
74.7.243.236 - - [18/Mar/2026:11:47:56 +0000] "GET /goods.php?detail/064012822202 HTTP/2.0" 200 85788 "https://nfsin.com/goods.php?detail/014021783770" "Mozilla/5.0 AppleWebKit/537.36 (KHTML, like Gecko; compatible; GPTBot/1.3; +https://openai.com/gptbot)"
74.7.243.236 - - [18/Mar/2026:11:48:08 +0000] "GET /goods.php?detail/174011712506 HTTP/2.0" 200 86389 "https://nfsin.com/goods.php?detail/241009180821" "Mozilla/5.0 AppleWebKit/537.36 (KHTML, like Gecko; compatible; GPTBot/1.3; +https://openai.com/gptbot)"
74.7.243.236 - - [18/Mar/2026:11:48:22 +0000] "GET /goods.php??z=yhzca44h36581bpxiqj HTTP/2.0" 200 85439 "https://nfsin.com/goods.php??u=gwuk13rltrr910zuggir" "Mozilla/5.0 AppleWebKit/537.36 (KHTML, like Gecko; compatible; GPTBot/1.3; +https://openai.com/gptbot)"
74.7.243.236 - - [18/Mar/2026:11:48:38 +0000] "GET /goods.php?jp/168008038.html HTTP/2.0" 200 86053 "https://nfsin.com/goods.php?detail/093008053310" "Mozilla/5.0 AppleWebKit/537.36 (KHTML, like Gecko; compatible; GPTBot/1.3; +https://openai.com/gptbot)"
69.197.179.242 - - [18/Mar/2026:11:47:25 +0000] "GET /wp-includes/wpf78988/edit.php?id=545071 HTTP/1.1" 200 20 "https://nfsin.com/wp-includes/wpf78988/edit.php?id=545071" "Mozilla/5.0 (Windows NT 10.0; Win64; x64) AppleWebKit/537.36 (KHTML, like Gecko) Chrome/58.0.3029.110 Safari/537.3"
74.7.243.236 - - [18/Mar/2026:11:48:57 +0000] "GET /goods.php?goods/093004979 HTTP/2.0" 200 85830 "https://nfsin.com/goods.php?detail/093008053310" "Mozilla/5.0 AppleWebKit/537.36 (KHTML, like Gecko; compatible; GPTBot/1.3; +https://openai.com/gptbot)"
74.7.243.236 - - [18/Mar/2026:11:49:15 +0000] "GET /goods.php?detail/093005293262 HTTP/2.0" 200 85156 "https://nfsin.com/goods.php?detail/093008053310" "Mozilla/5.0 AppleWebKit/537.36 (KHTML, like Gecko; compatible; GPTBot/1.3; +https://openai.com/gptbot)"
204.12.208.18 - - [18/Mar/2026:11:49:31 +0000] "GET /wp-includes/wpf78988/edit.php HTTP/1.1" 200 26 "https://nfsin.com/wp-includes/wpf78988/edit.php" "Mozilla/5.0 (Macintosh; Intel Mac OS X 10_6_8) AppleWebKit/535.1 (KHTML, like Gecko) Chrome/14.0.835.202 Safari/535.1"
74.7.243.236 - - [18/Mar/2026:11:49:33 +0000] "GET /goods.php?detail/097049900276 HTTP/2.0" 200 85856 "https://nfsin.com/goods.php?detail/108035114211" "Mozilla/5.0 AppleWebKit/537.36 (KHTML, like Gecko; compatible; GPTBot/1.3; +https://openai.com/gptbot)"
74.7.243.236 - - [18/Mar/2026:11:49:53 +0000] "GET /goods.php?detail/007000049255 HTTP/2.0" 200 85294 "https://nfsin.com/goods.php?detail/007004270366" "Mozilla/5.0 AppleWebKit/537.36 (KHTML, like Gecko; compatible; GPTBot/1.3; +https://openai.com/gptbot)"
74.7.243.236 - - [18/Mar/2026:11:50:07 +0000] "GET /goods.php?detail/079033407771 HTTP/2.0" 200 85914 "https://nfsin.com/goods.php?detail/020018093025" "Mozilla/5.0 AppleWebKit/537.36 (KHTML, like Gecko; compatible; GPTBot/1.3; +https://openai.com/gptbot)"
74.7.243.236 - - [18/Mar/2026:11:50:20 +0000] "GET /goods.php?detail/2530401430240 HTTP/2.0" 200 87387 "https://nfsin.com/goods.php?jp/048045187.html" "Mozilla/5.0 AppleWebKit/537.36 (KHTML, like Gecko; compatible; GPTBot/1.3; +https://openai.com/gptbot)"
69.197.179.242 - - [18/Mar/2026:11:48:55 +0000] "GET /wp-includes/wpf78988/edit.php?id=545071 HTTP/1.1" 200 20 "https://nfsin.com/wp-includes/wpf78988/edit.php?id=545071" "Mozilla/5.0 (Windows NT 10.0; Win64; x64) AppleWebKit/537.36 (KHTML, like Gecko) Chrome/58.0.3029.110 Safari/537.3"
74.7.243.236 - - [18/Mar/2026:11:50:35 +0000] "GET /goods.php??c=txz118do8043zoadpjk HTTP/2.0" 200 87001 "https://nfsin.com/goods.php??u=gwuk13rltrr910zuggir" "Mozilla/5.0 AppleWebKit/537.36 (KHTML, like Gecko; compatible; GPTBot/1.3; +https://openai.com/gptbot)"
74.7.243.236 - - [18/Mar/2026:11:50:46 +0000] "GET /goods.php?detail/177000408376 HTTP/2.0" 200 86510 "https://nfsin.com/goods.php?detail/177027612205" "Mozilla/5.0 AppleWebKit/537.36 (KHTML, like Gecko; compatible; GPTBot/1.3; +https://openai.com/gptbot)"
74.7.243.236 - - [18/Mar/2026:11:51:01 +0000] "GET /goods.php?detail/111028273622 HTTP/2.0" 200 86304 "https://nfsin.com/goods.php?goods/168039918" "Mozilla/5.0 AppleWebKit/537.36 (KHTML, like Gecko; compatible; GPTBot/1.3; +https://openai.com/gptbot)"
74.7.243.236 - - [18/Mar/2026:11:51:14 +0000] "GET /goods.php??i=mzhs44ri12477anhdgy HTTP/2.0" 200 85711 "https://nfsin.com/goods.php??z=yhzca44h36581bpxiqj" "Mozilla/5.0 AppleWebKit/537.36 (KHTML, like Gecko; compatible; GPTBot/1.3; +https://openai.com/gptbot)"
74.7.243.236 - - [18/Mar/2026:11:51:26 +0000] "GET /goods.php?category/95_969/1/listing HTTP/2.0" 200 87157 "https://nfsin.com/goods.php?jp/168008038.html" "Mozilla/5.0 AppleWebKit/537.36 (KHTML, like Gecko; compatible; GPTBot/1.3; +https://openai.com/gptbot)"
74.7.243.236 - - [18/Mar/2026:11:51:36 +0000] "GET /goods.php?detail/167001267655 HTTP/2.0" 200 85122 "https://nfsin.com/goods.php?jp/168008038.html" "Mozilla/5.0 AppleWebKit/537.36 (KHTML, like Gecko; compatible; GPTBot/1.3; +https://openai.com/gptbot)"
74.7.243.236 - - [18/Mar/2026:11:51:50 +0000] "GET /goods.php?detail/168015014799 HTTP/2.0" 200 85858 "https://nfsin.com/goods.php?jp/168008038.html" "Mozilla/5.0 AppleWebKit/537.36 (KHTML, like Gecko; compatible; GPTBot/1.3; +https://openai.com/gptbot)"
69.197.179.242 - - [18/Mar/2026:11:50:28 +0000] "GET /wp-includes/wpf78988/edit.php?id=545071 HTTP/1.1" 200 20 "https://nfsin.com/wp-includes/wpf78988/edit.php?id=545071" "Mozilla/5.0 (Windows NT 10.0; Win64; x64) AppleWebKit/537.36 (KHTML, like Gecko) Chrome/58.0.3029.110 Safari/537.3"
74.7.243.236 - - [18/Mar/2026:11:52:03 +0000] "GET /goods.php?detail/097005371876 HTTP/2.0" 200 85859 "https://nfsin.com/goods.php?detail/097049900276" "Mozilla/5.0 AppleWebKit/537.36 (KHTML, like Gecko; compatible; GPTBot/1.3; +https://openai.com/gptbot)"
74.7.243.236 - - [18/Mar/2026:11:52:15 +0000] "GET /goods.php?detail/093003787053 HTTP/2.0" 200 85404 "https://nfsin.com/goods.php?goods/093004979" "Mozilla/5.0 AppleWebKit/537.36 (KHTML, like Gecko; compatible; GPTBot/1.3; +https://openai.com/gptbot)"
74.7.243.236 - - [18/Mar/2026:11:52:28 +0000] "GET /goods.php??v=mfier70i7227spycxhf HTTP/2.0" 200 85827 "https://nfsin.com/goods.php??u=uwwom13t236dlbfsz" "Mozilla/5.0 AppleWebKit/537.36 (KHTML, like Gecko; compatible; GPTBot/1.3; +https://openai.com/gptbot)"
74.7.243.236 - - [18/Mar/2026:11:52:41 +0000] "GET /goods.php?detail/091038177846 HTTP/2.0" 200 85540 "https://nfsin.com/goods.php?detail/108035114211" "Mozilla/5.0 AppleWebKit/537.36 (KHTML, like Gecko; compatible; GPTBot/1.3; +https://openai.com/gptbot)"
74.7.243.236 - - [18/Mar/2026:11:52:54 +0000] "GET /goods.php?detail/032047825581 HTTP/2.0" 200 85713 "https://nfsin.com/goods.php?detail/007004270366" "Mozilla/5.0 AppleWebKit/537.36 (KHTML, like Gecko; compatible; GPTBot/1.3; +https://openai.com/gptbot)"
74.7.243.236 - - [18/Mar/2026:11:53:10 +0000] "GET /goods.php?detail/177000507663 HTTP/2.0" 200 86285 "https://nfsin.com/goods.php?detail/177000408376" "Mozilla/5.0 AppleWebKit/537.36 (KHTML, like Gecko; compatible; GPTBot/1.3; +https://openai.com/gptbot)"
74.7.243.236 - - [18/Mar/2026:11:53:24 +0000] "GET /goods.php?detail/012031933365 HTTP/2.0" 200 85660 "https://nfsin.com/goods.php?detail/111028273622" "Mozilla/5.0 AppleWebKit/537.36 (KHTML, like Gecko; compatible; GPTBot/1.3; +https://openai.com/gptbot)"
69.197.179.242 - - [18/Mar/2026:11:52:01 +0000] "GET /wp-includes/wpf78988/edit.php?id=545071 HTTP/1.1" 200 20 "https://nfsin.com/wp-includes/wpf78988/edit.php?id=545071" "Mozilla/5.0 (Windows NT 10.0; Win64; x64) AppleWebKit/537.36 (KHTML, like Gecko) Chrome/58.0.3029.110 Safari/537.3"
74.7.243.236 - - [18/Mar/2026:11:53:36 +0000] "GET /goods.php??k=smc44g10329aexonnj HTTP/2.0" 200 86640 "https://nfsin.com/goods.php??i=mzhs44ri12477anhdgy" "Mozilla/5.0 AppleWebKit/537.36 (KHTML, like Gecko; compatible; GPTBot/1.3; +https://openai.com/gptbot)"
74.7.243.236 - - [18/Mar/2026:11:53:48 +0000] "GET /goods.php??e=mcpb67m7938iepocqou HTTP/2.0" 200 87764 "https://nfsin.com/goods.php?category/95_969/1/listing" "Mozilla/5.0 AppleWebKit/537.36 (KHTML, like Gecko; compatible; GPTBot/1.3; +https://openai.com/gptbot)"
74.7.243.236 - - [18/Mar/2026:11:54:02 +0000] "GET /goods.php??f=jceeq12z43003jjooir HTTP/2.0" 200 86543 "https://nfsin.com/goods.php??i=mzhs44ri12477anhdgy" "Mozilla/5.0 AppleWebKit/537.36 (KHTML, like Gecko; compatible; GPTBot/1.3; +https://openai.com/gptbot)"
