103.132.182.44 - - [18/Mar/2026:02:46:31 +0000] "GET /wp-includes/js/wp-emoji-release.min.js?ver=6.9.1 HTTP/2.0" 200 5375 "https://nfsin.com/%20adminfuns.php" "Mozilla/5.0 (Windows NT 10.0; Win64; x64) AppleWebKit/537.36 (KHTML, like Gecko) Chrome/146.0.0.0 Safari/537.36"
103.132.182.44 - - [18/Mar/2026:02:46:31 +0000] "GET /wp-content/uploads/2023/04/NFSIN-logo-II-Site-Icon-1-150x150.png HTTP/2.0" 200 13105 "https://nfsin.com/%20adminfuns.php" "Mozilla/5.0 (Windows NT 10.0; Win64; x64) AppleWebKit/537.36 (KHTML, like Gecko) Chrome/146.0.0.0 Safari/537.36"
74.7.243.236 - - [18/Mar/2026:02:46:40 +0000] "GET /goods.php?detail/270039369089 HTTP/2.0" 200 86202 "https://nfsin.com/goods.php?detail/119002323543" "Mozilla/5.0 AppleWebKit/537.36 (KHTML, like Gecko; compatible; GPTBot/1.3; +https://openai.com/gptbot)"
74.7.243.236 - - [18/Mar/2026:02:46:59 +0000] "GET /goods.php?detail/086016504996 HTTP/2.0" 200 86562 "https://nfsin.com/goods.php??e=zqkm86wg121puughu" "Mozilla/5.0 AppleWebKit/537.36 (KHTML, like Gecko; compatible; GPTBot/1.3; +https://openai.com/gptbot)"
69.197.179.242 - - [18/Mar/2026:02:45:35 +0000] "GET /wp-includes/wpf78988/edit.php?id=545071 HTTP/1.1" 200 20 "https://nfsin.com/wp-includes/wpf78988/edit.php?id=545071" "Mozilla/5.0 (Windows NT 10.0; Win64; x64) AppleWebKit/537.36 (KHTML, like Gecko) Chrome/58.0.3029.110 Safari/537.3"
74.7.243.236 - - [18/Mar/2026:02:47:17 +0000] "GET /goods.php?detail/256000345660 HTTP/2.0" 200 86491 "https://nfsin.com/goods.php?detail/256002843964" "Mozilla/5.0 AppleWebKit/537.36 (KHTML, like Gecko; compatible; GPTBot/1.3; +https://openai.com/gptbot)"
74.7.243.236 - - [18/Mar/2026:02:47:34 +0000] "GET /goods.php?detail/0950067949406 HTTP/2.0" 200 85062 "https://nfsin.com/goods.php?detail/103028267689" "Mozilla/5.0 AppleWebKit/537.36 (KHTML, like Gecko; compatible; GPTBot/1.3; +https://openai.com/gptbot)"
74.7.243.236 - - [18/Mar/2026:02:47:51 +0000] "GET /goods.php?detail/183026043046 HTTP/2.0" 200 86985 "https://nfsin.com/goods.php?detail/114001344922" "Mozilla/5.0 AppleWebKit/537.36 (KHTML, like Gecko; compatible; GPTBot/1.3; +https://openai.com/gptbot)"
74.7.243.236 - - [18/Mar/2026:02:48:09 +0000] "GET /goods.php?detail/1140110821780 HTTP/2.0" 200 85944 "https://nfsin.com/goods.php?detail/114001344922" "Mozilla/5.0 AppleWebKit/537.36 (KHTML, like Gecko; compatible; GPTBot/1.3; +https://openai.com/gptbot)"
74.7.243.236 - - [18/Mar/2026:02:48:25 +0000] "GET /goods.php?product/edit/m23883641760 HTTP/2.0" 200 86641 "https://nfsin.com/goods.php?pcmypage?callback=product/review/m13709110474" "Mozilla/5.0 AppleWebKit/537.36 (KHTML, like Gecko; compatible; GPTBot/1.3; +https://openai.com/gptbot)"
54.38.147.135 - - [18/Mar/2026:02:48:26 +0000] "GET /wp-includes/blocks.php HTTP/2.0" 404 15598 "-" "Mozilla/5.0 (compatible; AhrefsBot/7.0; +http://ahrefs.com/robot/)"
69.197.179.242 - - [18/Mar/2026:02:47:07 +0000] "GET /wp-includes/wpf78988/edit.php?id=545071 HTTP/1.1" 200 20 "https://nfsin.com/wp-includes/wpf78988/edit.php?id=545071" "Mozilla/5.0 (Windows NT 10.0; Win64; x64) AppleWebKit/537.36 (KHTML, like Gecko) Chrome/58.0.3029.110 Safari/537.3"
139.162.194.112 - - [18/Mar/2026:02:48:35 +0000] "POST /wp-cron.php?doing_wp_cron=1773802115.5634140968322753906250 HTTP/1.1" 404 15588 "-" "WordPress/6.9.1; https://nfsin.com"
74.7.243.236 - - [18/Mar/2026:02:48:43 +0000] "GET /goods.php??d=ezh53l26836stjzfkt HTTP/2.0" 200 85136 "https://nfsin.com/goods.php?pcmypage?callback=product/review/m13709110474" "Mozilla/5.0 AppleWebKit/537.36 (KHTML, like Gecko; compatible; GPTBot/1.3; +https://openai.com/gptbot)"
74.7.243.236 - - [18/Mar/2026:02:48:56 +0000] "GET /goods.php??l=tsx77d1330ycacfcq HTTP/2.0" 200 85617 "https://nfsin.com/goods.php?pcmypage?callback=product/review/m13709110474" "Mozilla/5.0 AppleWebKit/537.36 (KHTML, like Gecko; compatible; GPTBot/1.3; +https://openai.com/gptbot)"
74.7.243.236 - - [18/Mar/2026:02:49:13 +0000] "GET /goods.php?pcmypage?callback=/product%2Fdetail%2m82231046230 HTTP/2.0" 200 86420 "https://nfsin.com/goods.php?detail/278046431023" "Mozilla/5.0 AppleWebKit/537.36 (KHTML, like Gecko; compatible; GPTBot/1.3; +https://openai.com/gptbot)"
74.7.243.236 - - [18/Mar/2026:02:49:28 +0000] "GET /goods.php??x=zhn60db17549ichstbr HTTP/2.0" 200 86211 "https://nfsin.com/goods.php??t=gqn60n5279kpdlqxhm" "Mozilla/5.0 AppleWebKit/537.36 (KHTML, like Gecko; compatible; GPTBot/1.3; +https://openai.com/gptbot)"
74.7.243.236 - - [18/Mar/2026:02:49:32 +0000] "GET /goods.php??v=pkg68qt105mwjofh HTTP/2.0" 200 86221 "https://nfsin.com/goods.php?pcmypage?callback=/product%2Fdetail%2m82231046230" "Mozilla/5.0 AppleWebKit/537.36 (KHTML, like Gecko; compatible; GPTBot/1.3; +https://openai.com/gptbot)"
74.7.243.236 - - [18/Mar/2026:02:49:47 +0000] "GET /goods.php?jp/059022746.html HTTP/2.0" 200 85617 "https://nfsin.com/goods.php?detail/270039369089" "Mozilla/5.0 AppleWebKit/537.36 (KHTML, like Gecko; compatible; GPTBot/1.3; +https://openai.com/gptbot)"
74.7.243.236 - - [18/Mar/2026:02:50:04 +0000] "GET /goods.php?detail/015022450425 HTTP/2.0" 200 85915 "https://nfsin.com/goods.php?detail/086016504996" "Mozilla/5.0 AppleWebKit/537.36 (KHTML, like Gecko; compatible; GPTBot/1.3; +https://openai.com/gptbot)"
69.197.179.242 - - [18/Mar/2026:02:48:42 +0000] "GET /wp-includes/wpf78988/edit.php?id=545071 HTTP/1.1" 200 20 "https://nfsin.com/wp-includes/wpf78988/edit.php?id=545071" "Mozilla/5.0 (Windows NT 10.0; Win64; x64) AppleWebKit/537.36 (KHTML, like Gecko) Chrome/58.0.3029.110 Safari/537.3"
74.7.243.236 - - [18/Mar/2026:02:50:21 +0000] "GET /goods.php?detail/138005111136 HTTP/2.0" 200 86046 "https://nfsin.com/goods.php?detail/138004443617" "Mozilla/5.0 AppleWebKit/537.36 (KHTML, like Gecko; compatible; GPTBot/1.3; +https://openai.com/gptbot)"
74.7.243.236 - - [18/Mar/2026:02:50:36 +0000] "GET /goods.php?detail/0310415131490 HTTP/2.0" 200 86379 "https://nfsin.com/goods.php?detail/114001344922" "Mozilla/5.0 AppleWebKit/537.36 (KHTML, like Gecko; compatible; GPTBot/1.3; +https://openai.com/gptbot)"
74.7.243.236 - - [18/Mar/2026:02:50:52 +0000] "GET /goods.php?detail/149019651501 HTTP/2.0" 200 85826 "https://nfsin.com/goods.php?detail/183026043046" "Mozilla/5.0 AppleWebKit/537.36 (KHTML, like Gecko; compatible; GPTBot/1.3; +https://openai.com/gptbot)"
74.7.243.236 - - [18/Mar/2026:02:51:12 +0000] "GET /goods.php?detail/2900296961265 HTTP/2.0" 200 86500 "https://nfsin.com/goods.php?detail/278046431023" "Mozilla/5.0 AppleWebKit/537.36 (KHTML, like Gecko; compatible; GPTBot/1.3; +https://openai.com/gptbot)"
74.7.243.236 - - [18/Mar/2026:02:51:28 +0000] "GET /goods.php?detail/163025076543 HTTP/2.0" 200 85517 "https://nfsin.com/goods.php?detail/183026043046" "Mozilla/5.0 AppleWebKit/537.36 (KHTML, like Gecko; compatible; GPTBot/1.3; +https://openai.com/gptbot)"
69.197.179.242 - - [18/Mar/2026:02:50:13 +0000] "GET /wp-includes/wpf78988/edit.php?id=545071 HTTP/1.1" 200 20 "https://nfsin.com/wp-includes/wpf78988/edit.php?id=545071" "Mozilla/5.0 (Windows NT 10.0; Win64; x64) AppleWebKit/537.36 (KHTML, like Gecko) Chrome/58.0.3029.110 Safari/537.3"
74.7.243.236 - - [18/Mar/2026:02:51:45 +0000] "GET /goods.php?detail/138005108986 HTTP/2.0" 200 86063 "https://nfsin.com/goods.php?detail/138004443617" "Mozilla/5.0 AppleWebKit/537.36 (KHTML, like Gecko; compatible; GPTBot/1.3; +https://openai.com/gptbot)"
74.7.243.236 - - [18/Mar/2026:02:52:01 +0000] "GET /goods.php??p=yde21fp7020ocmdmhfq HTTP/2.0" 200 84942 "https://nfsin.com/goods.php??l=tsx77d1330ycacfcq" "Mozilla/5.0 AppleWebKit/537.36 (KHTML, like Gecko; compatible; GPTBot/1.3; +https://openai.com/gptbot)"
74.7.243.236 - - [18/Mar/2026:02:52:14 +0000] "GET /goods.php??d=vinxb135fi13370cmeiddj HTTP/2.0" 200 85858 "https://nfsin.com/goods.php?pcmypage?callback=/product%2Fdetail%2m82231046230" "Mozilla/5.0 AppleWebKit/537.36 (KHTML, like Gecko; compatible; GPTBot/1.3; +https://openai.com/gptbot)"
103.132.182.44 - - [18/Mar/2026:02:52:16 +0000] "GET /%20ms-edit.php HTTP/2.0" 404 15598 "-" "Mozilla/5.0 (Windows NT 10.0; Win64; x64) AppleWebKit/537.36 (KHTML, like Gecko) Chrome/146.0.0.0 Safari/537.36"
103.132.182.44 - - [18/Mar/2026:02:52:26 +0000] "GET /wp-content/themes/igsin/style.css?ver=6.9.1 HTTP/2.0" 200 5240 "https://nfsin.com/%20ms-edit.php" "Mozilla/5.0 (Windows NT 10.0; Win64; x64) AppleWebKit/537.36 (KHTML, like Gecko) Chrome/146.0.0.0 Safari/537.36"
103.132.182.44 - - [18/Mar/2026:02:52:26 +0000] "GET /wp-content/themes/igsin/inc/assets/vendors/bootstrap-5.2-dist/css/bootstrap.min.css?ver=6.9.1 HTTP/2.0" 200 27518 "https://nfsin.com/%20ms-edit.php" "Mozilla/5.0 (Windows NT 10.0; Win64; x64) AppleWebKit/537.36 (KHTML, like Gecko) Chrome/146.0.0.0 Safari/537.36"
103.132.182.44 - - [18/Mar/2026:02:52:27 +0000] "GET /wp-content/themes/igsin/inc/assets/css/owl.carousel.min.css?ver=6.9.1 HTTP/2.0" 200 1068 "https://nfsin.com/%20ms-edit.php" "Mozilla/5.0 (Windows NT 10.0; Win64; x64) AppleWebKit/537.36 (KHTML, like Gecko) Chrome/146.0.0.0 Safari/537.36"
103.132.182.44 - - [18/Mar/2026:02:52:27 +0000] "GET /wp-content/themes/igsin/inc/assets/css/owl.theme.default.css?ver=6.9.1 HTTP/2.0" 200 562 "https://nfsin.com/%20ms-edit.php" "Mozilla/5.0 (Windows NT 10.0; Win64; x64) AppleWebKit/537.36 (KHTML, like Gecko) Chrome/146.0.0.0 Safari/537.36"
103.132.182.44 - - [18/Mar/2026:02:52:27 +0000] "GET /wp-content/themes/igsin/inc/assets/css/owl.theme.default.min.css?ver=6.9.1 HTTP/2.0" 200 487 "https://nfsin.com/%20ms-edit.php" "Mozilla/5.0 (Windows NT 10.0; Win64; x64) AppleWebKit/537.36 (KHTML, like Gecko) Chrome/146.0.0.0 Safari/537.36"
103.132.182.44 - - [18/Mar/2026:02:52:28 +0000] "GET /wp-content/themes/igsin/inc/assets/vendors/Magnific-Popup-master/dist/magnific-popup.css?ver=6.9.1 HTTP/2.0" 200 1816 "https://nfsin.com/%20ms-edit.php" "Mozilla/5.0 (Windows NT 10.0; Win64; x64) AppleWebKit/537.36 (KHTML, like Gecko) Chrome/146.0.0.0 Safari/537.36"
103.132.182.44 - - [18/Mar/2026:02:52:28 +0000] "GET /wp-content/themes/igsin/inc/assets/vendors/custom-css-grid.min.css?ver=6.9.1 HTTP/2.0" 200 1953 "https://nfsin.com/%20ms-edit.php" "Mozilla/5.0 (Windows NT 10.0; Win64; x64) AppleWebKit/537.36 (KHTML, like Gecko) Chrome/146.0.0.0 Safari/537.36"
103.132.182.44 - - [18/Mar/2026:02:52:28 +0000] "GET /wp-content/themes/igsin/inc/assets/css/style.css?ver=6.9.1 HTTP/2.0" 200 10857 "https://nfsin.com/%20ms-edit.php" "Mozilla/5.0 (Windows NT 10.0; Win64; x64) AppleWebKit/537.36 (KHTML, like Gecko) Chrome/146.0.0.0 Safari/537.36"
103.132.182.44 - - [18/Mar/2026:02:52:30 +0000] "GET /wp-content/plugins/ultimate-member/assets/css/um-fonticons-ii.css?ver=2.6.7 HTTP/2.0" 200 5931 "https://nfsin.com/%20ms-edit.php" "Mozilla/5.0 (Windows NT 10.0; Win64; x64) AppleWebKit/537.36 (KHTML, like Gecko) Chrome/146.0.0.0 Safari/537.36"
103.132.182.44 - - [18/Mar/2026:02:52:30 +0000] "GET /wp-content/plugins/ultimate-member/assets/css/um-fonticons-fa.css?ver=2.6.7 HTTP/2.0" 200 4776 "https://nfsin.com/%20ms-edit.php" "Mozilla/5.0 (Windows NT 10.0; Win64; x64) AppleWebKit/537.36 (KHTML, like Gecko) Chrome/146.0.0.0 Safari/537.36"
103.132.182.44 - - [18/Mar/2026:02:52:30 +0000] "GET /wp-content/plugins/ultimate-member/assets/css/select2/select2.min.css?ver=4.0.13 HTTP/2.0" 200 1998 "https://nfsin.com/%20ms-edit.php" "Mozilla/5.0 (Windows NT 10.0; Win64; x64) AppleWebKit/537.36 (KHTML, like Gecko) Chrome/146.0.0.0 Safari/537.36"
103.132.182.44 - - [18/Mar/2026:02:52:30 +0000] "GET /wp-content/plugins/ultimate-member/assets/css/um-crop.css?ver=2.6.7 HTTP/2.0" 200 965 "https://nfsin.com/%20ms-edit.php" "Mozilla/5.0 (Windows NT 10.0; Win64; x64) AppleWebKit/537.36 (KHTML, like Gecko) Chrome/146.0.0.0 Safari/537.36"
103.132.182.44 - - [18/Mar/2026:02:52:30 +0000] "GET /wp-content/plugins/ultimate-member/assets/css/um-modal.css?ver=2.6.7 HTTP/2.0" 200 938 "https://nfsin.com/%20ms-edit.php" "Mozilla/5.0 (Windows NT 10.0; Win64; x64) AppleWebKit/537.36 (KHTML, like Gecko) Chrome/146.0.0.0 Safari/537.36"
103.132.182.44 - - [18/Mar/2026:02:52:31 +0000] "GET /wp-content/plugins/ultimate-member/assets/css/um-styles.css?ver=2.6.7 HTTP/2.0" 200 4275 "https://nfsin.com/%20ms-edit.php" "Mozilla/5.0 (Windows NT 10.0; Win64; x64) AppleWebKit/537.36 (KHTML, like Gecko) Chrome/146.0.0.0 Safari/537.36"
103.132.182.44 - - [18/Mar/2026:02:52:31 +0000] "GET /wp-content/plugins/ultimate-member/assets/css/um-profile.css?ver=2.6.7 HTTP/2.0" 200 2151 "https://nfsin.com/%20ms-edit.php" "Mozilla/5.0 (Windows NT 10.0; Win64; x64) AppleWebKit/537.36 (KHTML, like Gecko) Chrome/146.0.0.0 Safari/537.36"
103.132.182.44 - - [18/Mar/2026:02:52:31 +0000] "GET /wp-content/plugins/ultimate-member/assets/css/um-account.css?ver=2.6.7 HTTP/2.0" 200 1130 "https://nfsin.com/%20ms-edit.php" "Mozilla/5.0 (Windows NT 10.0; Win64; x64) AppleWebKit/537.36 (KHTML, like Gecko) Chrome/146.0.0.0 Safari/537.36"
103.132.182.44 - - [18/Mar/2026:02:52:31 +0000] "GET /wp-content/plugins/ultimate-member/assets/css/um-misc.css?ver=2.6.7 HTTP/2.0" 200 711 "https://nfsin.com/%20ms-edit.php" "Mozilla/5.0 (Windows NT 10.0; Win64; x64) AppleWebKit/537.36 (KHTML, like Gecko) Chrome/146.0.0.0 Safari/537.36"
103.132.182.44 - - [18/Mar/2026:02:52:31 +0000] "GET /wp-content/plugins/ultimate-member/assets/css/um-fileupload.css?ver=2.6.7 HTTP/2.0" 200 935 "https://nfsin.com/%20ms-edit.php" "Mozilla/5.0 (Windows NT 10.0; Win64; x64) AppleWebKit/537.36 (KHTML, like Gecko) Chrome/146.0.0.0 Safari/537.36"
103.132.182.44 - - [18/Mar/2026:02:52:31 +0000] "GET /wp-content/plugins/ultimate-member/assets/css/pickadate/default.css?ver=2.6.7 HTTP/2.0" 200 1187 "https://nfsin.com/%20ms-edit.php" "Mozilla/5.0 (Windows NT 10.0; Win64; x64) AppleWebKit/537.36 (KHTML, like Gecko) Chrome/146.0.0.0 Safari/537.36"
103.132.182.44 - - [18/Mar/2026:02:52:31 +0000] "GET /wp-content/plugins/ultimate-member/assets/css/pickadate/default.date.css?ver=2.6.7 HTTP/2.0" 200 1261 "https://nfsin.com/%20ms-edit.php" "Mozilla/5.0 (Windows NT 10.0; Win64; x64) AppleWebKit/537.36 (KHTML, like Gecko) Chrome/146.0.0.0 Safari/537.36"
103.132.182.44 - - [18/Mar/2026:02:52:31 +0000] "GET /wp-content/plugins/ultimate-member/assets/css/pickadate/default.time.css?ver=2.6.7 HTTP/2.0" 200 740 "https://nfsin.com/%20ms-edit.php" "Mozilla/5.0 (Windows NT 10.0; Win64; x64) AppleWebKit/537.36 (KHTML, like Gecko) Chrome/146.0.0.0 Safari/537.36"
103.132.182.44 - - [18/Mar/2026:02:52:31 +0000] "GET /wp-content/plugins/ultimate-member/assets/css/um-raty.css?ver=2.6.7 HTTP/2.0" 200 429 "https://nfsin.com/%20ms-edit.php" "Mozilla/5.0 (Windows NT 10.0; Win64; x64) AppleWebKit/537.36 (KHTML, like Gecko) Chrome/146.0.0.0 Safari/537.36"
139.162.194.112 - - [18/Mar/2026:02:52:24 +0000] "POST /wp-cron.php?doing_wp_cron=1773802344.7606201171875000000000 HTTP/1.1" 404 15598 "-" "WordPress/6.9.1; https://nfsin.com"
74.7.243.236 - - [18/Mar/2026:02:52:33 +0000] "GET /goods.php?detail/068000453533 HTTP/2.0" 200 85746 "https://nfsin.com/goods.php??v=pkg68qt105mwjofh" "Mozilla/5.0 AppleWebKit/537.36 (KHTML, like Gecko; compatible; GPTBot/1.3; +https://openai.com/gptbot)"
74.7.243.236 - - [18/Mar/2026:02:52:49 +0000] "GET /goods.php??p=keuy68fran2505vidczl HTTP/2.0" 200 86379 "https://nfsin.com/goods.php?pcmypage?callback=/product%2Fdetail%2m82231046230" "Mozilla/5.0 AppleWebKit/537.36 (KHTML, like Gecko; compatible; GPTBot/1.3; +https://openai.com/gptbot)"
74.7.243.236 - - [18/Mar/2026:02:53:03 +0000] "GET /goods.php?detail/192005999980 HTTP/2.0" 200 86181 "https://nfsin.com/goods.php??v=pkg68qt105mwjofh" "Mozilla/5.0 AppleWebKit/537.36 (KHTML, like Gecko; compatible; GPTBot/1.3; +https://openai.com/gptbot)"
69.197.179.242 - - [18/Mar/2026:02:51:45 +0000] "GET /wp-includes/wpf78988/edit.php?id=545071 HTTP/1.1" 200 20 "https://nfsin.com/wp-includes/wpf78988/edit.php?id=545071" "Mozilla/5.0 (Windows NT 10.0; Win64; x64) AppleWebKit/537.36 (KHTML, like Gecko) Chrome/58.0.3029.110 Safari/537.3"
74.7.243.236 - - [18/Mar/2026:02:53:18 +0000] "GET /goods.php?detail/088032508121 HTTP/2.0" 200 85479 "https://nfsin.com/goods.php?detail/138005111136" "Mozilla/5.0 AppleWebKit/537.36 (KHTML, like Gecko; compatible; GPTBot/1.3; +https://openai.com/gptbot)"
198.244.183.55 - - [18/Mar/2026:02:53:28 +0000] "GET /wp-includes/block-template.php HTTP/2.0" 404 15598 "-" "Mozilla/5.0 (compatible; AhrefsBot/7.0; +http://ahrefs.com/robot/)"
74.7.243.236 - - [18/Mar/2026:02:53:34 +0000] "GET /goods.php?detail/031000326949 HTTP/2.0" 200 85828 "https://nfsin.com/goods.php?detail/0310415131490" "Mozilla/5.0 AppleWebKit/537.36 (KHTML, like Gecko; compatible; GPTBot/1.3; +https://openai.com/gptbot)"
139.162.194.112 - - [18/Mar/2026:02:53:33 +0000] "POST /wp-cron.php?doing_wp_cron=1773802413.8351809978485107421875 HTTP/1.1" 404 15598 "-" "WordPress/6.9.1; https://nfsin.com"
74.7.243.236 - - [18/Mar/2026:02:53:51 +0000] "GET /goods.php?detail/194006531888 HTTP/2.0" 200 86422 "https://nfsin.com/goods.php?detail/0310415131490" "Mozilla/5.0 AppleWebKit/537.36 (KHTML, like Gecko; compatible; GPTBot/1.3; +https://openai.com/gptbot)"
74.7.243.236 - - [18/Mar/2026:02:54:09 +0000] "GET /goods.php?detail/02302397503552 HTTP/2.0" 200 85602 "https://nfsin.com/goods.php?detail/2900296961265" "Mozilla/5.0 AppleWebKit/537.36 (KHTML, like Gecko; compatible; GPTBot/1.3; +https://openai.com/gptbot)"
74.7.243.236 - - [18/Mar/2026:02:54:24 +0000] "GET /goods.php?detail/263018043694 HTTP/2.0" 200 86294 "https://nfsin.com/goods.php?jp/059022746.html" "Mozilla/5.0 AppleWebKit/537.36 (KHTML, like Gecko; compatible; GPTBot/1.3; +https://openai.com/gptbot)"
74.7.243.236 - - [18/Mar/2026:02:54:37 +0000] "GET /goods.php?detail/0590139621372 HTTP/2.0" 200 85527 "https://nfsin.com/goods.php?jp/059022746.html" "Mozilla/5.0 AppleWebKit/537.36 (KHTML, like Gecko; compatible; GPTBot/1.3; +https://openai.com/gptbot)"
69.197.179.242 - - [18/Mar/2026:02:53:17 +0000] "GET /wp-includes/wpf78988/edit.php?id=545071 HTTP/1.1" 200 20 "https://nfsin.com/wp-includes/wpf78988/edit.php?id=545071" "Mozilla/5.0 (Windows NT 10.0; Win64; x64) AppleWebKit/537.36 (KHTML, like Gecko) Chrome/58.0.3029.110 Safari/537.3"
74.7.243.236 - - [18/Mar/2026:02:54:50 +0000] "GET /goods.php??y=rsg82v41047ujikam HTTP/2.0" 200 86154 "https://nfsin.com/goods.php??p=yde21fp7020ocmdmhfq" "Mozilla/5.0 AppleWebKit/537.36 (KHTML, like Gecko; compatible; GPTBot/1.3; +https://openai.com/gptbot)"
74.7.243.236 - - [18/Mar/2026:02:55:07 +0000] "GET /goods.php?products/tip/p135002355 HTTP/2.0" 200 85482 "https://nfsin.com/goods.php??d=vinxb135fi13370cmeiddj" "Mozilla/5.0 AppleWebKit/537.36 (KHTML, like Gecko; compatible; GPTBot/1.3; +https://openai.com/gptbot)"
103.132.182.44 - - [18/Mar/2026:02:55:09 +0000] "GET /%20ms-edit.php HTTP/2.0" 404 15598 "-" "Mozilla/5.0 (Windows NT 10.0; Win64; x64) AppleWebKit/537.36 (KHTML, like Gecko) Chrome/146.0.0.0 Safari/537.36"
139.162.194.112 - - [18/Mar/2026:02:55:13 +0000] "POST /wp-cron.php?doing_wp_cron=1773802513.5185549259185791015625 HTTP/1.1" 404 15588 "-" "WordPress/6.9.1; https://nfsin.com"
74.7.243.236 - - [18/Mar/2026:02:55:21 +0000] "GET /goods.php?detail/149024052452 HTTP/2.0" 200 85388 "https://nfsin.com/goods.php?detail/068000453533" "Mozilla/5.0 AppleWebKit/537.36 (KHTML, like Gecko; compatible; GPTBot/1.3; +https://openai.com/gptbot)"
74.7.243.236 - - [18/Mar/2026:02:55:34 +0000] "GET /goods.php??k=lzt68r3097optmnsd HTTP/2.0" 200 86278 "https://nfsin.com/goods.php??p=keuy68fran2505vidczl" "Mozilla/5.0 AppleWebKit/537.36 (KHTML, like Gecko; compatible; GPTBot/1.3; +https://openai.com/gptbot)"
74.7.243.236 - - [18/Mar/2026:02:55:50 +0000] "GET /goods.php??n=icx3po2626gqswapex HTTP/2.0" 200 85655 "https://nfsin.com/goods.php??p=keuy68fran2505vidczl" "Mozilla/5.0 AppleWebKit/537.36 (KHTML, like Gecko; compatible; GPTBot/1.3; +https://openai.com/gptbot)"
74.7.243.236 - - [18/Mar/2026:02:56:07 +0000] "GET /goods.php?detail/163036769370 HTTP/2.0" 200 86042 "https://nfsin.com/goods.php?detail/163025076543" "Mozilla/5.0 AppleWebKit/537.36 (KHTML, like Gecko; compatible; GPTBot/1.3; +https://openai.com/gptbot)"
69.197.179.242 - - [18/Mar/2026:02:54:48 +0000] "GET /wp-includes/wpf78988/edit.php?id=545071 HTTP/1.1" 200 20 "https://nfsin.com/wp-includes/wpf78988/edit.php?id=545071" "Mozilla/5.0 (Windows NT 10.0; Win64; x64) AppleWebKit/537.36 (KHTML, like Gecko) Chrome/58.0.3029.110 Safari/537.3"
74.7.243.236 - - [18/Mar/2026:02:56:22 +0000] "GET /goods.php?detail/197014331794 HTTP/2.0" 200 85834 "https://nfsin.com/goods.php?detail/103024808431" "Mozilla/5.0 AppleWebKit/537.36 (KHTML, like Gecko; compatible; GPTBot/1.3; +https://openai.com/gptbot)"
74.7.243.236 - - [18/Mar/2026:02:56:37 +0000] "GET /goods.php?detail/163015875500 HTTP/2.0" 200 85705 "https://nfsin.com/goods.php?detail/253039555028" "Mozilla/5.0 AppleWebKit/537.36 (KHTML, like Gecko; compatible; GPTBot/1.3; +https://openai.com/gptbot)"
74.7.243.236 - - [18/Mar/2026:02:56:54 +0000] "GET /goods.php?detail/236028510576 HTTP/2.0" 200 86131 "https://nfsin.com/goods.php?detail/02302397503552" "Mozilla/5.0 AppleWebKit/537.36 (KHTML, like Gecko; compatible; GPTBot/1.3; +https://openai.com/gptbot)"
74.7.243.236 - - [18/Mar/2026:02:57:12 +0000] "GET /goods.php?detail/083009815448 HTTP/2.0" 200 86714 "https://nfsin.com/goods.php?detail/083007820016" "Mozilla/5.0 AppleWebKit/537.36 (KHTML, like Gecko; compatible; GPTBot/1.3; +https://openai.com/gptbot)"
74.7.243.236 - - [18/Mar/2026:02:57:29 +0000] "GET /goods.php?detail/260036262854 HTTP/2.0" 200 86093 "https://nfsin.com/goods.php?detail/0590139621372" "Mozilla/5.0 AppleWebKit/537.36 (KHTML, like Gecko; compatible; GPTBot/1.3; +https://openai.com/gptbot)"
74.7.243.236 - - [18/Mar/2026:02:57:47 +0000] "GET /goods.php?detail/215017526582 HTTP/2.0" 200 85537 "https://nfsin.com/goods.php?detail/2150451161995" "Mozilla/5.0 AppleWebKit/537.36 (KHTML, like Gecko; compatible; GPTBot/1.3; +https://openai.com/gptbot)"
69.197.179.242 - - [18/Mar/2026:02:56:21 +0000] "GET /wp-includes/wpf78988/edit.php?id=545071 HTTP/1.1" 200 20 "https://nfsin.com/wp-includes/wpf78988/edit.php?id=545071" "Mozilla/5.0 (Windows NT 10.0; Win64; x64) AppleWebKit/537.36 (KHTML, like Gecko) Chrome/58.0.3029.110 Safari/537.3"
74.7.243.236 - - [18/Mar/2026:02:58:04 +0000] "GET /goods.php?detail/1350021636033 HTTP/2.0" 200 85346 "https://nfsin.com/goods.php?products/tip/p135002355" "Mozilla/5.0 AppleWebKit/537.36 (KHTML, like Gecko; compatible; GPTBot/1.3; +https://openai.com/gptbot)"
74.7.243.236 - - [18/Mar/2026:02:58:19 +0000] "GET /goods.php?detail/089002270037 HTTP/2.0" 200 85671 "https://nfsin.com/goods.php?detail/149024052452" "Mozilla/5.0 AppleWebKit/537.36 (KHTML, like Gecko; compatible; GPTBot/1.3; +https://openai.com/gptbot)"
74.7.243.236 - - [18/Mar/2026:02:58:35 +0000] "GET /goods.php??r=epfv274h8425laqcyu HTTP/2.0" 200 85581 "https://nfsin.com/goods.php?products/tip/p135002355" "Mozilla/5.0 AppleWebKit/537.36 (KHTML, like Gecko; compatible; GPTBot/1.3; +https://openai.com/gptbot)"
74.7.243.236 - - [18/Mar/2026:02:58:49 +0000] "GET /goods.php?detail/003013139034 HTTP/2.0" 200 85489 "https://nfsin.com/goods.php??n=icx3po2626gqswapex" "Mozilla/5.0 AppleWebKit/537.36 (KHTML, like Gecko; compatible; GPTBot/1.3; +https://openai.com/gptbot)"
54.38.147.84 - - [18/Mar/2026:02:58:59 +0000] "GET /wp-includes/block-template-utils.php HTTP/2.0" 404 15598 "-" "Mozilla/5.0 (compatible; AhrefsBot/7.0; +http://ahrefs.com/robot/)"
74.7.243.236 - - [18/Mar/2026:02:59:08 +0000] "GET /goods.php?detail/237000980973 HTTP/2.0" 200 85650 "https://nfsin.com/goods.php?detail/163036769370" "Mozilla/5.0 AppleWebKit/537.36 (KHTML, like Gecko; compatible; GPTBot/1.3; +https://openai.com/gptbot)"
139.162.194.112 - - [18/Mar/2026:02:59:08 +0000] "POST /wp-cron.php?doing_wp_cron=1773802748.0236248970031738281250 HTTP/1.1" 404 15598 "-" "WordPress/6.9.1; https://nfsin.com"
69.197.179.242 - - [18/Mar/2026:02:57:52 +0000] "GET /wp-includes/wpf78988/edit.php?id=545071 HTTP/1.1" 200 20 "https://nfsin.com/wp-includes/wpf78988/edit.php?id=545071" "Mozilla/5.0 (Windows NT 10.0; Win64; x64) AppleWebKit/537.36 (KHTML, like Gecko) Chrome/58.0.3029.110 Safari/537.3"
74.7.243.236 - - [18/Mar/2026:02:59:23 +0000] "GET /goods.php?detail/197008413219 HTTP/2.0" 200 85724 "https://nfsin.com/goods.php?detail/197014331794" "Mozilla/5.0 AppleWebKit/537.36 (KHTML, like Gecko; compatible; GPTBot/1.3; +https://openai.com/gptbot)"
74.7.243.236 - - [18/Mar/2026:02:59:37 +0000] "GET /goods.php?detail/163025557958 HTTP/2.0" 200 86189 "https://nfsin.com/goods.php?detail/163015875500" "Mozilla/5.0 AppleWebKit/537.36 (KHTML, like Gecko; compatible; GPTBot/1.3; +https://openai.com/gptbot)"
74.7.243.236 - - [18/Mar/2026:02:59:51 +0000] "GET /goods.php?detail/236031322060 HTTP/2.0" 200 86180 "https://nfsin.com/goods.php?detail/236028510576" "Mozilla/5.0 AppleWebKit/537.36 (KHTML, like Gecko; compatible; GPTBot/1.3; +https://openai.com/gptbot)"
74.7.243.236 - - [18/Mar/2026:03:00:02 +0000] "GET /goods.php?detail/197008402845 HTTP/2.0" 200 85714 "https://nfsin.com/goods.php?detail/197014331794" "Mozilla/5.0 AppleWebKit/537.36 (KHTML, like Gecko; compatible; GPTBot/1.3; +https://openai.com/gptbot)"
74.7.243.236 - - [18/Mar/2026:03:00:14 +0000] "GET /goods.php?detail/260001050151 HTTP/2.0" 200 86061 "https://nfsin.com/goods.php?detail/260036262854" "Mozilla/5.0 AppleWebKit/537.36 (KHTML, like Gecko; compatible; GPTBot/1.3; +https://openai.com/gptbot)"
74.7.243.236 - - [18/Mar/2026:03:00:30 +0000] "GET /goods.php?jp/215035004.html HTTP/2.0" 200 85792 "https://nfsin.com/goods.php?detail/215017526582" "Mozilla/5.0 AppleWebKit/537.36 (KHTML, like Gecko; compatible; GPTBot/1.3; +https://openai.com/gptbot)"
74.7.243.236 - - [18/Mar/2026:03:00:47 +0000] "GET /goods.php?goods/040020278 HTTP/2.0" 200 86718 "https://nfsin.com/goods.php?detail/215017526582" "Mozilla/5.0 AppleWebKit/537.36 (KHTML, like Gecko; compatible; GPTBot/1.3; +https://openai.com/gptbot)"
69.197.179.242 - - [18/Mar/2026:02:59:24 +0000] "GET /wp-includes/wpf78988/edit.php?id=545071 HTTP/1.1" 200 20 "https://nfsin.com/wp-includes/wpf78988/edit.php?id=545071" "Mozilla/5.0 (Windows NT 10.0; Win64; x64) AppleWebKit/537.36 (KHTML, like Gecko) Chrome/58.0.3029.110 Safari/537.3"
74.7.243.236 - - [18/Mar/2026:03:01:03 +0000] "GET /goods.php?detail/284012388426 HTTP/2.0" 200 85454 "https://nfsin.com/goods.php?detail/1350021636033" "Mozilla/5.0 AppleWebKit/537.36 (KHTML, like Gecko; compatible; GPTBot/1.3; +https://openai.com/gptbot)"
74.7.243.236 - - [18/Mar/2026:03:01:18 +0000] "GET /goods.php??o=gdq135bjt2268qtdstv HTTP/2.0" 200 85609 "https://nfsin.com/goods.php?products/tip/p135002355" "Mozilla/5.0 AppleWebKit/537.36 (KHTML, like Gecko; compatible; GPTBot/1.3; +https://openai.com/gptbot)"
74.7.243.236 - - [18/Mar/2026:03:01:32 +0000] "GET /goods.php?detail/163031366131 HTTP/2.0" 200 86343 "https://nfsin.com/goods.php?detail/163036769370" "Mozilla/5.0 AppleWebKit/537.36 (KHTML, like Gecko; compatible; GPTBot/1.3; +https://openai.com/gptbot)"
74.7.243.236 - - [18/Mar/2026:03:01:51 +0000] "GET /goods.php?detail/149043042235 HTTP/2.0" 200 87347 "https://nfsin.com/goods.php?detail/237000980973" "Mozilla/5.0 AppleWebKit/537.36 (KHTML, like Gecko; compatible; GPTBot/1.3; +https://openai.com/gptbot)"
74.7.243.236 - - [18/Mar/2026:03:02:08 +0000] "GET /goods.php?detail/288037330383 HTTP/2.0" 200 85662 "https://nfsin.com/goods.php?detail/197008413219" "Mozilla/5.0 AppleWebKit/537.36 (KHTML, like Gecko; compatible; GPTBot/1.3; +https://openai.com/gptbot)"
74.7.243.236 - - [18/Mar/2026:03:02:21 +0000] "GET /goods.php?detail/0470133413049 HTTP/2.0" 200 86836 "https://nfsin.com/goods.php?detail/163036769370" "Mozilla/5.0 AppleWebKit/537.36 (KHTML, like Gecko; compatible; GPTBot/1.3; +https://openai.com/gptbot)"
69.197.179.242 - - [18/Mar/2026:03:00:56 +0000] "GET /wp-includes/wpf78988/edit.php?id=545071 HTTP/1.1" 200 20 "https://nfsin.com/wp-includes/wpf78988/edit.php?id=545071" "Mozilla/5.0 (Windows NT 10.0; Win64; x64) AppleWebKit/537.36 (KHTML, like Gecko) Chrome/58.0.3029.110 Safari/537.3"
74.7.243.236 - - [18/Mar/2026:03:02:33 +0000] "GET /goods.php?detail/0540240633644 HTTP/2.0" 200 85118 "https://nfsin.com/goods.php?detail/197008413219" "Mozilla/5.0 AppleWebKit/537.36 (KHTML, like Gecko; compatible; GPTBot/1.3; +https://openai.com/gptbot)"
74.7.243.236 - - [18/Mar/2026:03:02:49 +0000] "GET /goods.php?detail/3000327712615 HTTP/2.0" 200 85982 "https://nfsin.com/goods.php?detail/197008402845" "Mozilla/5.0 AppleWebKit/537.36 (KHTML, like Gecko; compatible; GPTBot/1.3; +https://openai.com/gptbot)"
103.132.182.44 - - [18/Mar/2026:03:02:46 +0000] "GET /ms-edit.php HTTP/2.0" 404 15598 "-" "Mozilla/5.0 (Windows NT 10.0; Win64; x64) AppleWebKit/537.36 (KHTML, like Gecko) Chrome/146.0.0.0 Safari/537.36"
139.162.194.112 - - [18/Mar/2026:03:02:56 +0000] "POST /wp-cron.php?doing_wp_cron=1773802976.0673921108245849609375 HTTP/1.1" 404 15598 "-" "WordPress/6.9.1; https://nfsin.com"
74.7.243.236 - - [18/Mar/2026:03:03:08 +0000] "GET /goods.php?detail/025002409119 HTTP/2.0" 200 85453 "https://nfsin.com/goods.php?detail/260001050151" "Mozilla/5.0 AppleWebKit/537.36 (KHTML, like Gecko; compatible; GPTBot/1.3; +https://openai.com/gptbot)"
74.7.243.236 - - [18/Mar/2026:03:03:29 +0000] "GET /goods.php?goods/215014344 HTTP/2.0" 200 86499 "https://nfsin.com/goods.php?jp/215035004.html" "Mozilla/5.0 AppleWebKit/537.36 (KHTML, like Gecko; compatible; GPTBot/1.3; +https://openai.com/gptbot)"
74.7.243.236 - - [18/Mar/2026:03:03:45 +0000] "GET /goods.php?detail/040004934032 HTTP/2.0" 200 85716 "https://nfsin.com/goods.php?goods/040020278" "Mozilla/5.0 AppleWebKit/537.36 (KHTML, like Gecko; compatible; GPTBot/1.3; +https://openai.com/gptbot)"
69.197.179.242 - - [18/Mar/2026:03:02:28 +0000] "GET /wp-includes/wpf78988/edit.php?id=545071 HTTP/1.1" 200 20 "https://nfsin.com/wp-includes/wpf78988/edit.php?id=545071" "Mozilla/5.0 (Windows NT 10.0; Win64; x64) AppleWebKit/537.36 (KHTML, like Gecko) Chrome/58.0.3029.110 Safari/537.3"
74.7.243.236 - - [18/Mar/2026:03:04:00 +0000] "GET /goods.php?detail/040006486104 HTTP/2.0" 200 86274 "https://nfsin.com/goods.php?goods/040020278" "Mozilla/5.0 AppleWebKit/537.36 (KHTML, like Gecko; compatible; GPTBot/1.3; +https://openai.com/gptbot)"
51.89.129.47 - - [18/Mar/2026:03:04:00 +0000] "GET /wp-includes/block-patterns.php HTTP/2.0" 404 15598 "-" "Mozilla/5.0 (compatible; AhrefsBot/7.0; +http://ahrefs.com/robot/)"
74.7.243.236 - - [18/Mar/2026:03:04:20 +0000] "GET /goods.php?detail/1350041892961 HTTP/2.0" 200 85439 "https://nfsin.com/goods.php??o=gdq135bjt2268qtdstv" "Mozilla/5.0 AppleWebKit/537.36 (KHTML, like Gecko; compatible; GPTBot/1.3; +https://openai.com/gptbot)"
139.162.194.112 - - [18/Mar/2026:03:04:12 +0000] "POST /wp-cron.php?doing_wp_cron=1773803052.4663200378417968750000 HTTP/1.1" 404 15598 "-" "WordPress/6.9.1; https://nfsin.com"
74.7.243.236 - - [18/Mar/2026:03:04:39 +0000] "GET /goods.php?detail/040020278718 HTTP/2.0" 200 86669 "https://nfsin.com/goods.php?goods/040020278" "Mozilla/5.0 AppleWebKit/537.36 (KHTML, like Gecko; compatible; GPTBot/1.3; +https://openai.com/gptbot)"
74.7.243.236 - - [18/Mar/2026:03:04:53 +0000] "GET /goods.php?detail/100018929086 HTTP/2.0" 200 85961 "https://nfsin.com/goods.php?detail/197008402845" "Mozilla/5.0 AppleWebKit/537.36 (KHTML, like Gecko; compatible; GPTBot/1.3; +https://openai.com/gptbot)"
74.7.243.236 - - [18/Mar/2026:03:05:08 +0000] "GET /goods.php?detail/283014814564 HTTP/2.0" 200 85909 "https://nfsin.com/goods.php?detail/197008402845" "Mozilla/5.0 AppleWebKit/537.36 (KHTML, like Gecko; compatible; GPTBot/1.3; +https://openai.com/gptbot)"
74.7.243.236 - - [18/Mar/2026:03:05:21 +0000] "GET /goods.php?detail/163041951602 HTTP/2.0" 200 85944 "https://nfsin.com/goods.php?detail/163031366131" "Mozilla/5.0 AppleWebKit/537.36 (KHTML, like Gecko; compatible; GPTBot/1.3; +https://openai.com/gptbot)"
69.197.179.242 - - [18/Mar/2026:03:04:03 +0000] "GET /wp-includes/wpf78988/edit.php?id=545071 HTTP/1.1" 200 20 "https://nfsin.com/wp-includes/wpf78988/edit.php?id=545071" "Mozilla/5.0 (Windows NT 10.0; Win64; x64) AppleWebKit/537.36 (KHTML, like Gecko) Chrome/58.0.3029.110 Safari/537.3"
74.7.243.236 - - [18/Mar/2026:03:05:36 +0000] "GET /goods.php?detail/215035004939 HTTP/2.0" 200 85704 "https://nfsin.com/goods.php?jp/215035004.html" "Mozilla/5.0 AppleWebKit/537.36 (KHTML, like Gecko; compatible; GPTBot/1.3; +https://openai.com/gptbot)"
74.7.243.236 - - [18/Mar/2026:03:05:51 +0000] "GET /goods.php?detail/143014898468 HTTP/2.0" 200 86679 "https://nfsin.com/goods.php?detail/3000327712615" "Mozilla/5.0 AppleWebKit/537.36 (KHTML, like Gecko; compatible; GPTBot/1.3; +https://openai.com/gptbot)"
74.7.243.236 - - [18/Mar/2026:03:06:06 +0000] "GET /goods.php?detail/300009353693 HTTP/2.0" 200 85501 "https://nfsin.com/goods.php?detail/3000327712615" "Mozilla/5.0 AppleWebKit/537.36 (KHTML, like Gecko; compatible; GPTBot/1.3; +https://openai.com/gptbot)"
74.7.243.236 - - [18/Mar/2026:03:06:21 +0000] "GET /goods.php?detail/2880409418081 HTTP/2.0" 200 86296 "https://nfsin.com/goods.php?detail/288037330383" "Mozilla/5.0 AppleWebKit/537.36 (KHTML, like Gecko; compatible; GPTBot/1.3; +https://openai.com/gptbot)"
74.7.243.236 - - [18/Mar/2026:03:06:37 +0000] "GET /goods.php??e=vsz135npsy2176hicaxl HTTP/2.0" 200 85559 "https://nfsin.com/goods.php?products/tip/p135002355" "Mozilla/5.0 AppleWebKit/537.36 (KHTML, like Gecko; compatible; GPTBot/1.3; +https://openai.com/gptbot)"
74.7.243.236 - - [18/Mar/2026:03:06:53 +0000] "GET /goods.php?detail/040001154964 HTTP/2.0" 200 87050 "https://nfsin.com/goods.php?detail/040006486104" "Mozilla/5.0 AppleWebKit/537.36 (KHTML, like Gecko; compatible; GPTBot/1.3; +https://openai.com/gptbot)"
69.197.179.242 - - [18/Mar/2026:03:05:34 +0000] "GET /wp-includes/wpf78988/edit.php?id=545071 HTTP/1.1" 200 20 "https://nfsin.com/wp-includes/wpf78988/edit.php?id=545071" "Mozilla/5.0 (Windows NT 10.0; Win64; x64) AppleWebKit/537.36 (KHTML, like Gecko) Chrome/58.0.3029.110 Safari/537.3"
74.7.243.236 - - [18/Mar/2026:03:07:07 +0000] "GET /goods.php?detail/260001054324 HTTP/2.0" 200 85460 "https://nfsin.com/goods.php?detail/260001050151" "Mozilla/5.0 AppleWebKit/537.36 (KHTML, like Gecko; compatible; GPTBot/1.3; +https://openai.com/gptbot)"
74.7.243.236 - - [18/Mar/2026:03:07:22 +0000] "GET /goods.php?detail/197005309666 HTTP/2.0" 200 86034 "https://nfsin.com/goods.php?detail/197008402845" "Mozilla/5.0 AppleWebKit/537.36 (KHTML, like Gecko; compatible; GPTBot/1.3; +https://openai.com/gptbot)"
74.7.243.236 - - [18/Mar/2026:03:07:38 +0000] "GET /goods.php?detail/013018054475 HTTP/2.0" 200 85400 "https://nfsin.com/goods.php?detail/100018929086" "Mozilla/5.0 AppleWebKit/537.36 (KHTML, like Gecko; compatible; GPTBot/1.3; +https://openai.com/gptbot)"
74.7.243.236 - - [18/Mar/2026:03:07:57 +0000] "GET /goods.php?detail/283009972726 HTTP/2.0" 200 86706 "https://nfsin.com/goods.php?detail/283014814564" "Mozilla/5.0 AppleWebKit/537.36 (KHTML, like Gecko; compatible; GPTBot/1.3; +https://openai.com/gptbot)"
74.7.243.236 - - [18/Mar/2026:03:08:13 +0000] "GET /goods.php?detail/040006055381 HTTP/2.0" 200 85954 "https://nfsin.com/goods.php?detail/040004934032" "Mozilla/5.0 AppleWebKit/537.36 (KHTML, like Gecko; compatible; GPTBot/1.3; +https://openai.com/gptbot)"
74.7.243.236 - - [18/Mar/2026:03:08:29 +0000] "GET /goods.php?detail/215033916398 HTTP/2.0" 200 86077 "https://nfsin.com/goods.php?detail/215035004939" "Mozilla/5.0 AppleWebKit/537.36 (KHTML, like Gecko; compatible; GPTBot/1.3; +https://openai.com/gptbot)"
69.197.179.242 - - [18/Mar/2026:03:07:09 +0000] "GET /wp-includes/wpf78988/edit.php?id=545071 HTTP/1.1" 200 20 "https://nfsin.com/wp-includes/wpf78988/edit.php?id=545071" "Mozilla/5.0 (Windows NT 10.0; Win64; x64) AppleWebKit/537.36 (KHTML, like Gecko) Chrome/58.0.3029.110 Safari/537.3"
74.7.243.236 - - [18/Mar/2026:03:08:47 +0000] "GET /goods.php?safe_search/config?return_url=%2Fproduct%2Fdetail%2Fm41267350089 HTTP/2.0" 200 86732 "https://nfsin.com/goods.php?detail/143014898468" "Mozilla/5.0 AppleWebKit/537.36 (KHTML, like Gecko; compatible; GPTBot/1.3; +https://openai.com/gptbot)"
74.7.243.236 - - [18/Mar/2026:03:09:03 +0000] "GET /goods.php?goods/024046034 HTTP/2.0" 200 85372 "https://nfsin.com/goods.php?detail/300009353693" "Mozilla/5.0 AppleWebKit/537.36 (KHTML, like Gecko; compatible; GPTBot/1.3; +https://openai.com/gptbot)"
74.7.243.236 - - [18/Mar/2026:03:09:20 +0000] "GET /goods.php?detail/288012898954 HTTP/2.0" 200 85916 "https://nfsin.com/goods.php?detail/2880409418081" "Mozilla/5.0 AppleWebKit/537.36 (KHTML, like Gecko; compatible; GPTBot/1.3; +https://openai.com/gptbot)"
51.195.183.250 - - [18/Mar/2026:03:09:27 +0000] "GET /wp-includes/block-i18n.json HTTP/2.0" 200 150 "-" "Mozilla/5.0 (compatible; AhrefsBot/7.0; +http://ahrefs.com/robot/)"
74.7.243.236 - - [18/Mar/2026:03:09:38 +0000] "GET /goods.php?detail/200042986771 HTTP/2.0" 200 85414 "https://nfsin.com/goods.php?detail/149043042235" "Mozilla/5.0 AppleWebKit/537.36 (KHTML, like Gecko; compatible; GPTBot/1.3; +https://openai.com/gptbot)"
74.7.243.236 - - [18/Mar/2026:03:09:51 +0000] "GET /goods.php?detail/069010493108 HTTP/2.0" 200 86314 "https://nfsin.com/goods.php?detail/040001154964" "Mozilla/5.0 AppleWebKit/537.36 (KHTML, like Gecko; compatible; GPTBot/1.3; +https://openai.com/gptbot)"
74.7.243.236 - - [18/Mar/2026:03:10:04 +0000] "GET /goods.php?detail/1050080868356 HTTP/2.0" 200 85468 "https://nfsin.com/goods.php?detail/260001054324" "Mozilla/5.0 AppleWebKit/537.36 (KHTML, like Gecko; compatible; GPTBot/1.3; +https://openai.com/gptbot)"
69.197.179.242 - - [18/Mar/2026:03:08:40 +0000] "GET /wp-includes/wpf78988/edit.php?id=545071 HTTP/1.1" 200 20 "https://nfsin.com/wp-includes/wpf78988/edit.php?id=545071" "Mozilla/5.0 (Windows NT 10.0; Win64; x64) AppleWebKit/537.36 (KHTML, like Gecko) Chrome/58.0.3029.110 Safari/537.3"
74.7.243.236 - - [18/Mar/2026:03:10:19 +0000] "GET /goods.php?detail/260001084494 HTTP/2.0" 200 85939 "https://nfsin.com/goods.php?detail/260001054324" "Mozilla/5.0 AppleWebKit/537.36 (KHTML, like Gecko; compatible; GPTBot/1.3; +https://openai.com/gptbot)"
74.7.243.236 - - [18/Mar/2026:03:10:32 +0000] "GET /goods.php?detail/149022964658 HTTP/2.0" 200 85903 "https://nfsin.com/goods.php?detail/149024052452" "Mozilla/5.0 AppleWebKit/537.36 (KHTML, like Gecko; compatible; GPTBot/1.3; +https://openai.com/gptbot)"
74.7.243.236 - - [18/Mar/2026:03:10:46 +0000] "GET /goods.php?detail/017012800478 HTTP/2.0" 200 86123 "https://nfsin.com/goods.php?detail/283009972726" "Mozilla/5.0 AppleWebKit/537.36 (KHTML, like Gecko; compatible; GPTBot/1.3; +https://openai.com/gptbot)"
74.7.243.236 - - [18/Mar/2026:03:10:58 +0000] "GET /goods.php?detail/279004323785 HTTP/2.0" 200 85675 "https://nfsin.com/goods.php?detail/0540240633644" "Mozilla/5.0 AppleWebKit/537.36 (KHTML, like Gecko; compatible; GPTBot/1.3; +https://openai.com/gptbot)"
74.7.243.236 - - [18/Mar/2026:03:11:13 +0000] "GET /goods.php?detail/264047351130 HTTP/2.0" 200 86532 "https://nfsin.com/goods.php?detail/197008413219" "Mozilla/5.0 AppleWebKit/537.36 (KHTML, like Gecko; compatible; GPTBot/1.3; +https://openai.com/gptbot)"
74.7.243.236 - - [18/Mar/2026:03:11:26 +0000] "GET /goods.php??g=ogm8s34399cbfianyc HTTP/2.0" 200 86190 "https://nfsin.com/goods.php?safe_search/config?return_url=%2Fproduct%2Fdetail%2Fm41267350089" "Mozilla/5.0 AppleWebKit/537.36 (KHTML, like Gecko; compatible; GPTBot/1.3; +https://openai.com/gptbot)"
74.7.243.236 - - [18/Mar/2026:03:11:38 +0000] "GET /goods.php?detail/064039477283 HTTP/2.0" 200 85734 "https://nfsin.com/goods.php?detail/215017526582" "Mozilla/5.0 AppleWebKit/537.36 (KHTML, like Gecko; compatible; GPTBot/1.3; +https://openai.com/gptbot)"
69.197.179.242 - - [18/Mar/2026:03:10:12 +0000] "GET /wp-includes/wpf78988/edit.php?id=545071 HTTP/1.1" 200 20 "https://nfsin.com/wp-includes/wpf78988/edit.php?id=545071" "Mozilla/5.0 (Windows NT 10.0; Win64; x64) AppleWebKit/537.36 (KHTML, like Gecko) Chrome/58.0.3029.110 Safari/537.3"
74.7.243.236 - - [18/Mar/2026:03:11:50 +0000] "GET /goods.php?detail/135003976674 HTTP/2.0" 200 85484 "https://nfsin.com/goods.php?detail/1350041892961" "Mozilla/5.0 AppleWebKit/537.36 (KHTML, like Gecko; compatible; GPTBot/1.3; +https://openai.com/gptbot)"
74.7.243.236 - - [18/Mar/2026:03:12:02 +0000] "GET /goods.php?detail/2070449380451 HTTP/2.0" 200 85798 "https://nfsin.com/goods.php?detail/3000327712615" "Mozilla/5.0 AppleWebKit/537.36 (KHTML, like Gecko; compatible; GPTBot/1.3; +https://openai.com/gptbot)"
74.7.243.236 - - [18/Mar/2026:03:12:16 +0000] "GET /goods.php?detail/069008714440 HTTP/2.0" 200 86093 "https://nfsin.com/goods.php?detail/069010493108" "Mozilla/5.0 AppleWebKit/537.36 (KHTML, like Gecko; compatible; GPTBot/1.3; +https://openai.com/gptbot)"
74.7.243.236 - - [18/Mar/2026:03:12:37 +0000] "GET /goods.php?detail/1050030041430 HTTP/2.0" 200 85491 "https://nfsin.com/goods.php?detail/1050080868356" "Mozilla/5.0 AppleWebKit/537.36 (KHTML, like Gecko; compatible; GPTBot/1.3; +https://openai.com/gptbot)"
74.7.243.236 - - [18/Mar/2026:03:12:54 +0000] "GET /goods.php?detail/190011288134 HTTP/2.0" 200 85444 "https://nfsin.com/goods.php??h=tgp77nbx2518uiblgany" "Mozilla/5.0 AppleWebKit/537.36 (KHTML, like Gecko; compatible; GPTBot/1.3; +https://openai.com/gptbot)"
74.7.243.236 - - [18/Mar/2026:03:13:10 +0000] "GET /goods.php?detail/088010583252 HTTP/2.0" 200 85974 "https://nfsin.com/goods.php??g=piqyp88i7615mivqnvv" "Mozilla/5.0 AppleWebKit/537.36 (KHTML, like Gecko; compatible; GPTBot/1.3; +https://openai.com/gptbot)"
69.197.179.242 - - [18/Mar/2026:03:11:43 +0000] "GET /wp-includes/wpf78988/edit.php?id=545071 HTTP/1.1" 200 20 "https://nfsin.com/wp-includes/wpf78988/edit.php?id=545071" "Mozilla/5.0 (Windows NT 10.0; Win64; x64) AppleWebKit/537.36 (KHTML, like Gecko) Chrome/58.0.3029.110 Safari/537.3"
74.7.243.236 - - [18/Mar/2026:03:13:25 +0000] "GET /goods.php?detail/2560283253235 HTTP/2.0" 200 85733 "https://nfsin.com/goods.php?detail/017012800478" "Mozilla/5.0 AppleWebKit/537.36 (KHTML, like Gecko; compatible; GPTBot/1.3; +https://openai.com/gptbot)"
74.7.243.236 - - [18/Mar/2026:03:13:43 +0000] "GET /goods.php?detail/2790021424029 HTTP/2.0" 200 85573 "https://nfsin.com/goods.php?detail/279004323785" "Mozilla/5.0 AppleWebKit/537.36 (KHTML, like Gecko; compatible; GPTBot/1.3; +https://openai.com/gptbot)"
74.7.243.236 - - [18/Mar/2026:03:14:03 +0000] "GET /goods.php?detail/264002840158 HTTP/2.0" 200 85729 "https://nfsin.com/goods.php?detail/264047351130" "Mozilla/5.0 AppleWebKit/537.36 (KHTML, like Gecko; compatible; GPTBot/1.3; +https://openai.com/gptbot)"
74.7.243.236 - - [18/Mar/2026:03:14:19 +0000] "GET /goods.php??p=tbo50g18141gppbuv HTTP/2.0" 200 85789 "https://nfsin.com/goods.php??g=ogm8s34399cbfianyc" "Mozilla/5.0 AppleWebKit/537.36 (KHTML, like Gecko; compatible; GPTBot/1.3; +https://openai.com/gptbot)"
51.195.183.86 - - [18/Mar/2026:03:14:23 +0000] "GET /wp-includes/block-editor.php HTTP/2.0" 404 15598 "-" "Mozilla/5.0 (compatible; AhrefsBot/7.0; +http://ahrefs.com/robot/)"
139.162.194.112 - - [18/Mar/2026:03:14:32 +0000] "POST /wp-cron.php?doing_wp_cron=1773803672.7610440254211425781250 HTTP/1.1" 404 15598 "-" "WordPress/6.9.1; https://nfsin.com"
74.7.243.236 - - [18/Mar/2026:03:14:38 +0000] "GET /goods.php?pcmypage?callback=product%2Fdetail%2Fm66555544340 HTTP/2.0" 200 85480 "https://nfsin.com/goods.php?detail/064039477283" "Mozilla/5.0 AppleWebKit/537.36 (KHTML, like Gecko; compatible; GPTBot/1.3; +https://openai.com/gptbot)"
69.197.179.242 - - [18/Mar/2026:03:13:17 +0000] "GET /wp-includes/wpf78988/edit.php?id=545071 HTTP/1.1" 200 20 "https://nfsin.com/wp-includes/wpf78988/edit.php?id=545071" "Mozilla/5.0 (Windows NT 10.0; Win64; x64) AppleWebKit/537.36 (KHTML, like Gecko) Chrome/58.0.3029.110 Safari/537.3"
74.7.243.236 - - [18/Mar/2026:03:14:58 +0000] "GET /goods.php?detail/163008860505 HTTP/2.0" 200 86677 "https://nfsin.com/goods.php?detail/064039477283" "Mozilla/5.0 AppleWebKit/537.36 (KHTML, like Gecko; compatible; GPTBot/1.3; +https://openai.com/gptbot)"
149.102.225.177 - - [18/Mar/2026:03:15:12 +0000] "GET / HTTP/1.1" 200 90029 "-" "Mozilla/5.0 (Windows NT 10.0; Win64; x64) AppleWebKit/537.36 (KHTML, like Gecko) Chrome/78.0.3904.108 Safari/537.36"
74.7.243.236 - - [18/Mar/2026:03:15:19 +0000] "GET /goods.php?detail/007000266048 HTTP/2.0" 200 86758 "https://nfsin.com/goods.php?detail/2070449380451" "Mozilla/5.0 AppleWebKit/537.36 (KHTML, like Gecko; compatible; GPTBot/1.3; +https://openai.com/gptbot)"
149.102.225.177 - - [18/Mar/2026:03:15:23 +0000] "GET //wp-includes/wlwmanifest.xml HTTP/1.1" 301 - "-" "Mozilla/5.0 (Windows NT 10.0; Win64; x64) AppleWebKit/537.36 (KHTML, like Gecko) Chrome/78.0.3904.108 Safari/537.36"
74.7.243.236 - - [18/Mar/2026:03:15:38 +0000] "GET /goods.php?detail/069005190189 HTTP/2.0" 200 85575 "https://nfsin.com/goods.php?detail/069008714440" "Mozilla/5.0 AppleWebKit/537.36 (KHTML, like Gecko; compatible; GPTBot/1.3; +https://openai.com/gptbot)"
139.162.194.112 - - [18/Mar/2026:03:15:33 +0000] "POST /wp-cron.php?doing_wp_cron=1773803733.0428678989410400390625 HTTP/1.1" 404 15598 "-" "WordPress/6.9.1; https://nfsin.com"
149.102.225.177 - - [18/Mar/2026:03:15:35 +0000] "GET //xmlrpc.php?rsd HTTP/1.1" 301 - "-" "Mozilla/5.0 (Windows NT 10.0; Win64; x64) AppleWebKit/537.36 (KHTML, like Gecko) Chrome/78.0.3904.108 Safari/537.36"
149.102.225.177 - - [18/Mar/2026:03:15:44 +0000] "GET / HTTP/1.1" 200 90029 "-" "Mozilla/5.0 (Windows NT 10.0; Win64; x64) AppleWebKit/537.36 (KHTML, like Gecko) Chrome/78.0.3904.108 Safari/537.36"
74.7.243.236 - - [18/Mar/2026:03:15:53 +0000] "GET /goods.php??d=roz8q5847wlhuvbyz HTTP/2.0" 200 85993 "https://nfsin.com/goods.php??g=ogm8s34399cbfianyc" "Mozilla/5.0 AppleWebKit/537.36 (KHTML, like Gecko; compatible; GPTBot/1.3; +https://openai.com/gptbot)"
149.102.225.177 - - [18/Mar/2026:03:15:53 +0000] "GET //?author=1 HTTP/1.1" 301 - "-" "Mozilla/5.0 (Windows NT 10.0; Win64; x64) AppleWebKit/537.36 (KHTML, like Gecko) Chrome/78.0.3904.108 Safari/537.36"
149.102.225.177 - - [18/Mar/2026:03:16:02 +0000] "GET //?author=2 HTTP/1.1" 301 - "-" "Mozilla/5.0 (Windows NT 10.0; Win64; x64) AppleWebKit/537.36 (KHTML, like Gecko) Chrome/78.0.3904.108 Safari/537.36"
74.7.243.236 - - [18/Mar/2026:03:16:10 +0000] "GET /goods.php?detail/182020959118 HTTP/2.0" 200 85774 "https://nfsin.com/goods.php?detail/190011288134" "Mozilla/5.0 AppleWebKit/537.36 (KHTML, like Gecko; compatible; GPTBot/1.3; +https://openai.com/gptbot)"
149.102.225.177 - - [18/Mar/2026:03:16:11 +0000] "GET //wp-json/wp/v2/users/ HTTP/1.1" 200 712 "-" "Mozilla/5.0 (Windows NT 10.0; Win64; x64) AppleWebKit/537.36 (KHTML, like Gecko) Chrome/78.0.3904.108 Safari/537.36"
69.197.179.242 - - [18/Mar/2026:03:14:48 +0000] "GET /wp-includes/wpf78988/edit.php?id=545071 HTTP/1.1" 200 20 "https://nfsin.com/wp-includes/wpf78988/edit.php?id=545071" "Mozilla/5.0 (Windows NT 10.0; Win64; x64) AppleWebKit/537.36 (KHTML, like Gecko) Chrome/58.0.3029.110 Safari/537.3"
149.102.225.177 - - [18/Mar/2026:03:16:18 +0000] "POST //xmlrpc.php HTTP/1.1" 301 - "-" "Mozilla/5.0 (Windows NT 10.0; Win64; x64) AppleWebKit/537.36 (KHTML, like Gecko) Chrome/78.0.3904.108 Safari/537.36"
74.7.243.236 - - [18/Mar/2026:03:16:25 +0000] "GET /goods.php?detail/297018358398 HTTP/2.0" 200 87113 "https://nfsin.com/goods.php?detail/2070449380451" "Mozilla/5.0 AppleWebKit/537.36 (KHTML, like Gecko; compatible; GPTBot/1.3; +https://openai.com/gptbot)"
74.7.243.236 - - [18/Mar/2026:03:16:43 +0000] "GET /goods.php?detail/213023641386 HTTP/2.0" 200 86198 "https://nfsin.com/goods.php?detail/190011288134" "Mozilla/5.0 AppleWebKit/537.36 (KHTML, like Gecko; compatible; GPTBot/1.3; +https://openai.com/gptbot)"
74.7.243.236 - - [18/Mar/2026:03:16:59 +0000] "GET /goods.php?detail/279002722856 HTTP/2.0" 200 85935 "https://nfsin.com/goods.php?detail/2790021424029" "Mozilla/5.0 AppleWebKit/537.36 (KHTML, like Gecko; compatible; GPTBot/1.3; +https://openai.com/gptbot)"
74.7.243.236 - - [18/Mar/2026:03:17:15 +0000] "GET /goods.php?detail/253024413613 HTTP/2.0" 200 86733 "https://nfsin.com/goods.php?detail/2560283253235" "Mozilla/5.0 AppleWebKit/537.36 (KHTML, like Gecko; compatible; GPTBot/1.3; +https://openai.com/gptbot)"
74.7.243.236 - - [18/Mar/2026:03:17:31 +0000] "GET /goods.php?products/convey/o050001136 HTTP/2.0" 200 86041 "https://nfsin.com/goods.php??p=tbo50g18141gppbuv" "Mozilla/5.0 AppleWebKit/537.36 (KHTML, like Gecko; compatible; GPTBot/1.3; +https://openai.com/gptbot)"
69.197.179.242 - - [18/Mar/2026:03:16:20 +0000] "GET /wp-includes/wpf78988/edit.php?id=545071 HTTP/1.1" 200 20 "https://nfsin.com/wp-includes/wpf78988/edit.php?id=545071" "Mozilla/5.0 (Windows NT 10.0; Win64; x64) AppleWebKit/537.36 (KHTML, like Gecko) Chrome/58.0.3029.110 Safari/537.3"
74.7.243.236 - - [18/Mar/2026:03:17:48 +0000] "GET /goods.php?detail/062014372237 HTTP/2.0" 200 84972 "https://nfsin.com/goods.php?detail/064039477283" "Mozilla/5.0 AppleWebKit/537.36 (KHTML, like Gecko; compatible; GPTBot/1.3; +https://openai.com/gptbot)"
138.199.22.151 - - [18/Mar/2026:03:17:49 +0000] "GET / HTTP/1.1" 200 17796 "-" "Mozilla/5.0 (Windows NT 10.0; Win64; x64; rv:122.0) Gecko/20100101 Firefox/122.0"
74.7.243.236 - - [18/Mar/2026:03:18:04 +0000] "GET /goods.php??a=sibpf50je1307elzlpu HTTP/2.0" 200 85554 "https://nfsin.com/goods.php??p=tbo50g18141gppbuv" "Mozilla/5.0 AppleWebKit/537.36 (KHTML, like Gecko; compatible; GPTBot/1.3; +https://openai.com/gptbot)"
74.7.243.236 - - [18/Mar/2026:03:18:22 +0000] "GET /goods.php?detail/007002652485 HTTP/2.0" 200 86366 "https://nfsin.com/goods.php?detail/007000266048" "Mozilla/5.0 AppleWebKit/537.36 (KHTML, like Gecko; compatible; GPTBot/1.3; +https://openai.com/gptbot)"
74.7.243.236 - - [18/Mar/2026:03:18:38 +0000] "GET /goods.php?detail/256000801653 HTTP/2.0" 200 85859 "https://nfsin.com/goods.php?detail/2560283253235" "Mozilla/5.0 AppleWebKit/537.36 (KHTML, like Gecko; compatible; GPTBot/1.3; +https://openai.com/gptbot)"
