74.7.243.236 - - [18/Mar/2026:12:31:56 +0000] "GET /goods.php?goods/298033281 HTTP/2.0" 200 86394 "https://nfsin.com/goods.php?detail/298015003158" "Mozilla/5.0 AppleWebKit/537.36 (KHTML, like Gecko; compatible; GPTBot/1.3; +https://openai.com/gptbot)"
74.7.243.236 - - [18/Mar/2026:12:32:09 +0000] "GET /goods.php?detail/0550341150853 HTTP/2.0" 200 85163 "https://nfsin.com/goods.php?detail/223005112781" "Mozilla/5.0 AppleWebKit/537.36 (KHTML, like Gecko; compatible; GPTBot/1.3; +https://openai.com/gptbot)"
74.7.243.236 - - [18/Mar/2026:12:32:21 +0000] "GET /goods.php?detail/022020477560 HTTP/2.0" 200 85490 "https://nfsin.com/goods.php?detail/101046007035" "Mozilla/5.0 AppleWebKit/537.36 (KHTML, like Gecko; compatible; GPTBot/1.3; +https://openai.com/gptbot)"
74.7.243.236 - - [18/Mar/2026:12:32:32 +0000] "GET /goods.php?detail/220036073337 HTTP/2.0" 200 85264 "https://nfsin.com/goods.php?detail/020025387670" "Mozilla/5.0 AppleWebKit/537.36 (KHTML, like Gecko; compatible; GPTBot/1.3; +https://openai.com/gptbot)"
74.7.243.236 - - [18/Mar/2026:12:32:43 +0000] "GET /goods.php?detail/215014253115 HTTP/2.0" 200 86607 "https://nfsin.com/goods.php?detail/227022351333" "Mozilla/5.0 AppleWebKit/537.36 (KHTML, like Gecko; compatible; GPTBot/1.3; +https://openai.com/gptbot)"
74.7.243.236 - - [18/Mar/2026:12:32:53 +0000] "GET /goods.php?detail/024043702057 HTTP/2.0" 200 85569 "https://nfsin.com/goods.php?detail/279017521401" "Mozilla/5.0 AppleWebKit/537.36 (KHTML, like Gecko; compatible; GPTBot/1.3; +https://openai.com/gptbot)"
74.7.243.236 - - [18/Mar/2026:12:33:06 +0000] "GET /goods.php?detail/181008788719 HTTP/2.0" 200 85596 "https://nfsin.com/goods.php?detail/1810307158803" "Mozilla/5.0 AppleWebKit/537.36 (KHTML, like Gecko; compatible; GPTBot/1.3; +https://openai.com/gptbot)"
69.197.179.242 - - [18/Mar/2026:12:31:44 +0000] "GET /wp-includes/wpf78988/edit.php?id=545071 HTTP/1.1" 200 20 "https://nfsin.com/wp-includes/wpf78988/edit.php?id=545071" "Mozilla/5.0 (Windows NT 10.0; Win64; x64) AppleWebKit/537.36 (KHTML, like Gecko) Chrome/58.0.3029.110 Safari/537.3"
74.7.243.236 - - [18/Mar/2026:12:33:23 +0000] "GET /goods.php?detail/080001190698 HTTP/2.0" 200 86111 "https://nfsin.com/goods.php?detail/080031670393" "Mozilla/5.0 AppleWebKit/537.36 (KHTML, like Gecko; compatible; GPTBot/1.3; +https://openai.com/gptbot)"
74.7.243.236 - - [18/Mar/2026:12:33:39 +0000] "GET /goods.php?detail/1360162537314 HTTP/2.0" 200 85820 "https://nfsin.com/goods.php?goods/136038011" "Mozilla/5.0 AppleWebKit/537.36 (KHTML, like Gecko; compatible; GPTBot/1.3; +https://openai.com/gptbot)"
74.7.243.236 - - [18/Mar/2026:12:33:54 +0000] "GET /goods.php?detail/285049092190 HTTP/2.0" 200 86655 "https://nfsin.com/goods.php?detail/101046007035" "Mozilla/5.0 AppleWebKit/537.36 (KHTML, like Gecko; compatible; GPTBot/1.3; +https://openai.com/gptbot)"
74.7.243.236 - - [18/Mar/2026:12:34:08 +0000] "GET /goods.php?detail/142047818847 HTTP/2.0" 200 86676 "https://nfsin.com/goods.php?detail/1810307158803" "Mozilla/5.0 AppleWebKit/537.36 (KHTML, like Gecko; compatible; GPTBot/1.3; +https://openai.com/gptbot)"
74.7.243.236 - - [18/Mar/2026:12:34:22 +0000] "GET /goods.php?detail/230025731423 HTTP/2.0" 200 85643 "https://nfsin.com/goods.php?goods/136038011" "Mozilla/5.0 AppleWebKit/537.36 (KHTML, like Gecko; compatible; GPTBot/1.3; +https://openai.com/gptbot)"
74.7.243.236 - - [18/Mar/2026:12:34:39 +0000] "GET /goods.php?detail/033033532018 HTTP/2.0" 200 85130 "https://nfsin.com/goods.php?detail/0550341150853" "Mozilla/5.0 AppleWebKit/537.36 (KHTML, like Gecko; compatible; GPTBot/1.3; +https://openai.com/gptbot)"
69.197.179.242 - - [18/Mar/2026:12:33:15 +0000] "GET /wp-includes/wpf78988/edit.php?id=545071 HTTP/1.1" 200 20 "https://nfsin.com/wp-includes/wpf78988/edit.php?id=545071" "Mozilla/5.0 (Windows NT 10.0; Win64; x64) AppleWebKit/537.36 (KHTML, like Gecko) Chrome/58.0.3029.110 Safari/537.3"
74.7.243.236 - - [18/Mar/2026:12:34:55 +0000] "GET /goods.php?detail/162002762991 HTTP/2.0" 200 85832 "https://nfsin.com/goods.php?detail/162000251095" "Mozilla/5.0 AppleWebKit/537.36 (KHTML, like Gecko; compatible; GPTBot/1.3; +https://openai.com/gptbot)"
74.7.243.236 - - [18/Mar/2026:12:35:12 +0000] "GET /goods.php?detail/188007045680 HTTP/2.0" 200 85504 "https://nfsin.com/goods.php?detail/080031670393" "Mozilla/5.0 AppleWebKit/537.36 (KHTML, like Gecko; compatible; GPTBot/1.3; +https://openai.com/gptbot)"
74.7.243.236 - - [18/Mar/2026:12:35:28 +0000] "GET /goods.php?detail/29801657258731 HTTP/2.0" 200 86560 "https://nfsin.com/goods.php?goods/298033281" "Mozilla/5.0 AppleWebKit/537.36 (KHTML, like Gecko; compatible; GPTBot/1.3; +https://openai.com/gptbot)"
74.7.243.236 - - [18/Mar/2026:12:35:45 +0000] "GET /goods.php?detail/092008684060 HTTP/2.0" 200 86100 "https://nfsin.com/goods.php?goods/298033281" "Mozilla/5.0 AppleWebKit/537.36 (KHTML, like Gecko; compatible; GPTBot/1.3; +https://openai.com/gptbot)"
74.7.243.236 - - [18/Mar/2026:12:36:01 +0000] "GET /goods.php?detail/225020614028 HTTP/2.0" 200 85657 "https://nfsin.com/goods.php?detail/181008788719" "Mozilla/5.0 AppleWebKit/537.36 (KHTML, like Gecko; compatible; GPTBot/1.3; +https://openai.com/gptbot)"
69.197.179.242 - - [18/Mar/2026:12:34:46 +0000] "GET /wp-includes/wpf78988/edit.php?id=545071 HTTP/1.1" 200 20 "https://nfsin.com/wp-includes/wpf78988/edit.php?id=545071" "Mozilla/5.0 (Windows NT 10.0; Win64; x64) AppleWebKit/537.36 (KHTML, like Gecko) Chrome/58.0.3029.110 Safari/537.3"
74.7.243.236 - - [18/Mar/2026:12:36:15 +0000] "GET /goods.php?detail/080005527284 HTTP/2.0" 200 86144 "https://nfsin.com/goods.php?detail/080001190698" "Mozilla/5.0 AppleWebKit/537.36 (KHTML, like Gecko; compatible; GPTBot/1.3; +https://openai.com/gptbot)"
74.7.243.236 - - [18/Mar/2026:12:36:28 +0000] "GET /goods.php?detail/0200228958099 HTTP/2.0" 200 86234 "https://nfsin.com/goods.php?detail/020025387670" "Mozilla/5.0 AppleWebKit/537.36 (KHTML, like Gecko; compatible; GPTBot/1.3; +https://openai.com/gptbot)"
74.7.243.236 - - [18/Mar/2026:12:36:42 +0000] "GET /goods.php?detail/285027903286 HTTP/2.0" 200 85545 "https://nfsin.com/goods.php?detail/285049092190" "Mozilla/5.0 AppleWebKit/537.36 (KHTML, like Gecko; compatible; GPTBot/1.3; +https://openai.com/gptbot)"
74.7.243.236 - - [18/Mar/2026:12:36:59 +0000] "GET /goods.php?detail/2970434234934 HTTP/2.0" 200 86371 "https://nfsin.com/goods.php?detail/142047818847" "Mozilla/5.0 AppleWebKit/537.36 (KHTML, like Gecko; compatible; GPTBot/1.3; +https://openai.com/gptbot)"
74.7.243.236 - - [18/Mar/2026:12:37:14 +0000] "GET /goods.php?detail/030002894991 HTTP/2.0" 200 86798 "https://nfsin.com/goods.php?detail/030004648811" "Mozilla/5.0 AppleWebKit/537.36 (KHTML, like Gecko; compatible; GPTBot/1.3; +https://openai.com/gptbot)"
74.7.243.236 - - [18/Mar/2026:12:37:27 +0000] "GET /goods.php?detail/151017621109 HTTP/2.0" 200 85944 "https://nfsin.com/goods.php?detail/033033532018" "Mozilla/5.0 AppleWebKit/537.36 (KHTML, like Gecko; compatible; GPTBot/1.3; +https://openai.com/gptbot)"
74.7.243.236 - - [18/Mar/2026:12:37:40 +0000] "GET /goods.php?detail/142000519473 HTTP/2.0" 200 87039 "https://nfsin.com/goods.php?detail/142047818847" "Mozilla/5.0 AppleWebKit/537.36 (KHTML, like Gecko; compatible; GPTBot/1.3; +https://openai.com/gptbot)"
69.197.179.242 - - [18/Mar/2026:12:36:16 +0000] "GET /wp-includes/wpf78988/edit.php?id=545071 HTTP/1.1" 200 20 "https://nfsin.com/wp-includes/wpf78988/edit.php?id=545071" "Mozilla/5.0 (Windows NT 10.0; Win64; x64) AppleWebKit/537.36 (KHTML, like Gecko) Chrome/58.0.3029.110 Safari/537.3"
74.7.243.236 - - [18/Mar/2026:12:37:56 +0000] "GET /goods.php?goods/136002395 HTTP/2.0" 200 85714 "https://nfsin.com/goods.php?detail/188007045680" "Mozilla/5.0 AppleWebKit/537.36 (KHTML, like Gecko; compatible; GPTBot/1.3; +https://openai.com/gptbot)"
74.7.243.236 - - [18/Mar/2026:12:38:11 +0000] "GET /goods.php?detail/018041935429 HTTP/2.0" 200 85983 "https://nfsin.com/goods.php?jp/020010045.html" "Mozilla/5.0 AppleWebKit/537.36 (KHTML, like Gecko; compatible; GPTBot/1.3; +https://openai.com/gptbot)"
74.7.243.236 - - [18/Mar/2026:12:38:25 +0000] "GET /goods.php?detail/231032272147 HTTP/2.0" 200 85449 "https://nfsin.com/goods.php?detail/092008684060" "Mozilla/5.0 AppleWebKit/537.36 (KHTML, like Gecko; compatible; GPTBot/1.3; +https://openai.com/gptbot)"
74.7.243.236 - - [18/Mar/2026:12:38:38 +0000] "GET /goods.php?detail/225005352556 HTTP/2.0" 200 86277 "https://nfsin.com/goods.php?detail/225020614028" "Mozilla/5.0 AppleWebKit/537.36 (KHTML, like Gecko; compatible; GPTBot/1.3; +https://openai.com/gptbot)"
74.7.243.236 - - [18/Mar/2026:12:38:51 +0000] "GET /goods.php?goods/080006758 HTTP/2.0" 200 86845 "https://nfsin.com/goods.php?detail/080005527284" "Mozilla/5.0 AppleWebKit/537.36 (KHTML, like Gecko; compatible; GPTBot/1.3; +https://openai.com/gptbot)"
74.7.243.236 - - [18/Mar/2026:12:39:06 +0000] "GET /goods.php?detail/080006766043 HTTP/2.0" 200 85934 "https://nfsin.com/goods.php?detail/080005527284" "Mozilla/5.0 AppleWebKit/537.36 (KHTML, like Gecko; compatible; GPTBot/1.3; +https://openai.com/gptbot)"
69.197.179.242 - - [18/Mar/2026:12:37:47 +0000] "GET /wp-includes/wpf78988/edit.php?id=545071 HTTP/1.1" 200 20 "https://nfsin.com/wp-includes/wpf78988/edit.php?id=545071" "Mozilla/5.0 (Windows NT 10.0; Win64; x64) AppleWebKit/537.36 (KHTML, like Gecko) Chrome/58.0.3029.110 Safari/537.3"
74.7.243.236 - - [18/Mar/2026:12:39:21 +0000] "GET /goods.php?detail/1170144865330 HTTP/2.0" 200 85859 "https://nfsin.com/goods.php?detail/285027903286" "Mozilla/5.0 AppleWebKit/537.36 (KHTML, like Gecko; compatible; GPTBot/1.3; +https://openai.com/gptbot)"
74.7.243.236 - - [18/Mar/2026:12:39:37 +0000] "GET /goods.php?detail/140043433300 HTTP/2.0" 200 85891 "https://nfsin.com/goods.php?detail/225020614028" "Mozilla/5.0 AppleWebKit/537.36 (KHTML, like Gecko; compatible; GPTBot/1.3; +https://openai.com/gptbot)"
74.7.243.236 - - [18/Mar/2026:12:39:55 +0000] "GET /goods.php?detail/080006962412 HTTP/2.0" 200 85709 "https://nfsin.com/goods.php?detail/080005527284" "Mozilla/5.0 AppleWebKit/537.36 (KHTML, like Gecko; compatible; GPTBot/1.3; +https://openai.com/gptbot)"
74.7.243.236 - - [18/Mar/2026:12:40:09 +0000] "GET /goods.php?detail/101003301548 HTTP/2.0" 200 85295 "https://nfsin.com/goods.php?detail/151017621109" "Mozilla/5.0 AppleWebKit/537.36 (KHTML, like Gecko; compatible; GPTBot/1.3; +https://openai.com/gptbot)"
74.7.243.236 - - [18/Mar/2026:12:40:12 +0000] "GET /goods.php?goods/080006962 HTTP/2.0" 200 85723 "https://nfsin.com/goods.php?detail/080006962412" "Mozilla/5.0 AppleWebKit/537.36 (KHTML, like Gecko; compatible; GPTBot/1.3; +https://openai.com/gptbot)"
74.7.243.236 - - [18/Mar/2026:12:40:35 +0000] "GET /goods.php?detail/205016650296 HTTP/2.0" 200 86523 "https://nfsin.com/goods.php?detail/142000519473" "Mozilla/5.0 AppleWebKit/537.36 (KHTML, like Gecko; compatible; GPTBot/1.3; +https://openai.com/gptbot)"
69.197.179.242 - - [18/Mar/2026:12:39:18 +0000] "GET /wp-includes/wpf78988/edit.php?id=545071 HTTP/1.1" 200 20 "https://nfsin.com/wp-includes/wpf78988/edit.php?id=545071" "Mozilla/5.0 (Windows NT 10.0; Win64; x64) AppleWebKit/537.36 (KHTML, like Gecko) Chrome/58.0.3029.110 Safari/537.3"
74.7.243.236 - - [18/Mar/2026:12:40:52 +0000] "GET /goods.php?detail/298048631299 HTTP/2.0" 200 85595 "https://nfsin.com/goods.php?detail/151017621109" "Mozilla/5.0 AppleWebKit/537.36 (KHTML, like Gecko; compatible; GPTBot/1.3; +https://openai.com/gptbot)"
74.7.243.236 - - [18/Mar/2026:12:41:12 +0000] "GET /goods.php?detail/077019269545 HTTP/2.0" 200 87367 "https://nfsin.com/goods.php?detail/080005527284" "Mozilla/5.0 AppleWebKit/537.36 (KHTML, like Gecko; compatible; GPTBot/1.3; +https://openai.com/gptbot)"
74.7.243.236 - - [18/Mar/2026:12:41:29 +0000] "GET /goods.php?detail/231019910380 HTTP/2.0" 200 85871 "https://nfsin.com/goods.php?detail/231032272147" "Mozilla/5.0 AppleWebKit/537.36 (KHTML, like Gecko; compatible; GPTBot/1.3; +https://openai.com/gptbot)"
74.7.243.236 - - [18/Mar/2026:12:41:47 +0000] "GET /goods.php?detail/225029629019 HTTP/2.0" 200 86560 "https://nfsin.com/goods.php?detail/225005352556" "Mozilla/5.0 AppleWebKit/537.36 (KHTML, like Gecko; compatible; GPTBot/1.3; +https://openai.com/gptbot)"
74.7.243.236 - - [18/Mar/2026:12:42:03 +0000] "GET /goods.php?detail/0800240415045 HTTP/2.0" 200 85658 "https://nfsin.com/goods.php?detail/225005352556" "Mozilla/5.0 AppleWebKit/537.36 (KHTML, like Gecko; compatible; GPTBot/1.3; +https://openai.com/gptbot)"
69.197.179.242 - - [18/Mar/2026:12:40:50 +0000] "GET /wp-includes/wpf78988/edit.php?id=545071 HTTP/1.1" 200 20 "https://nfsin.com/wp-includes/wpf78988/edit.php?id=545071" "Mozilla/5.0 (Windows NT 10.0; Win64; x64) AppleWebKit/537.36 (KHTML, like Gecko) Chrome/58.0.3029.110 Safari/537.3"
74.7.243.236 - - [18/Mar/2026:12:42:17 +0000] "GET /goods.php?detail/080001391034 HTTP/2.0" 200 86430 "https://nfsin.com/goods.php?detail/080006766043" "Mozilla/5.0 AppleWebKit/537.36 (KHTML, like Gecko; compatible; GPTBot/1.3; +https://openai.com/gptbot)"
74.7.243.236 - - [18/Mar/2026:12:42:31 +0000] "GET /goods.php?detail/117016677306 HTTP/2.0" 200 86047 "https://nfsin.com/goods.php?detail/1170144865330" "Mozilla/5.0 AppleWebKit/537.36 (KHTML, like Gecko; compatible; GPTBot/1.3; +https://openai.com/gptbot)"
74.7.243.236 - - [18/Mar/2026:12:42:45 +0000] "GET /goods.php?detail/226038468741 HTTP/2.0" 200 85763 "https://nfsin.com/goods.php?detail/1170144865330" "Mozilla/5.0 AppleWebKit/537.36 (KHTML, like Gecko; compatible; GPTBot/1.3; +https://openai.com/gptbot)"
74.7.243.236 - - [18/Mar/2026:12:42:59 +0000] "GET /goods.php?goods/115002602 HTTP/2.0" 200 85862 "https://nfsin.com/goods.php?detail/080006962412" "Mozilla/5.0 AppleWebKit/537.36 (KHTML, like Gecko; compatible; GPTBot/1.3; +https://openai.com/gptbot)"
74.7.243.236 - - [18/Mar/2026:12:43:12 +0000] "GET /goods.php?detail/062021162780 HTTP/2.0" 200 85842 "https://nfsin.com/goods.php?detail/101003301548" "Mozilla/5.0 AppleWebKit/537.36 (KHTML, like Gecko; compatible; GPTBot/1.3; +https://openai.com/gptbot)"
74.7.243.236 - - [18/Mar/2026:12:43:25 +0000] "GET /goods.php?goods/205001118 HTTP/2.0" 200 86756 "https://nfsin.com/goods.php?detail/205016650296" "Mozilla/5.0 AppleWebKit/537.36 (KHTML, like Gecko; compatible; GPTBot/1.3; +https://openai.com/gptbot)"
74.7.243.236 - - [18/Mar/2026:12:43:39 +0000] "GET /goods.php?detail/203034731213 HTTP/2.0" 200 85508 "https://nfsin.com/goods.php?detail/298048631299" "Mozilla/5.0 AppleWebKit/537.36 (KHTML, like Gecko; compatible; GPTBot/1.3; +https://openai.com/gptbot)"
69.197.179.242 - - [18/Mar/2026:12:42:21 +0000] "GET /wp-includes/wpf78988/edit.php?id=545071 HTTP/1.1" 200 20 "https://nfsin.com/wp-includes/wpf78988/edit.php?id=545071" "Mozilla/5.0 (Windows NT 10.0; Win64; x64) AppleWebKit/537.36 (KHTML, like Gecko) Chrome/58.0.3029.110 Safari/537.3"
74.7.243.236 - - [18/Mar/2026:12:43:53 +0000] "GET /goods.php?detail/041032823217 HTTP/2.0" 200 86318 "https://nfsin.com/goods.php?detail/205016650296" "Mozilla/5.0 AppleWebKit/537.36 (KHTML, like Gecko; compatible; GPTBot/1.3; +https://openai.com/gptbot)"
74.7.243.236 - - [18/Mar/2026:12:44:11 +0000] "GET /goods.php?detail/2050016150190 HTTP/2.0" 200 87304 "https://nfsin.com/goods.php?detail/205016650296" "Mozilla/5.0 AppleWebKit/537.36 (KHTML, like Gecko; compatible; GPTBot/1.3; +https://openai.com/gptbot)"
74.7.243.236 - - [18/Mar/2026:12:44:27 +0000] "GET /goods.php?detail/284025453525 HTTP/2.0" 200 85389 "https://nfsin.com/goods.php?detail/225029629019" "Mozilla/5.0 AppleWebKit/537.36 (KHTML, like Gecko; compatible; GPTBot/1.3; +https://openai.com/gptbot)"
74.7.243.236 - - [18/Mar/2026:12:44:48 +0000] "GET /goods.php?detail/080004702519 HTTP/2.0" 200 85758 "https://nfsin.com/goods.php?goods/080006962" "Mozilla/5.0 AppleWebKit/537.36 (KHTML, like Gecko; compatible; GPTBot/1.3; +https://openai.com/gptbot)"
74.7.243.236 - - [18/Mar/2026:12:45:03 +0000] "GET /goods.php?jp/080002798.html HTTP/2.0" 200 86118 "https://nfsin.com/goods.php?detail/080001391034" "Mozilla/5.0 AppleWebKit/537.36 (KHTML, like Gecko; compatible; GPTBot/1.3; +https://openai.com/gptbot)"
74.7.243.236 - - [18/Mar/2026:12:45:17 +0000] "GET /goods.php?goods/101009610 HTTP/2.0" 200 85425 "https://nfsin.com/goods.php?detail/080001391034" "Mozilla/5.0 AppleWebKit/537.36 (KHTML, like Gecko; compatible; GPTBot/1.3; +https://openai.com/gptbot)"
69.197.179.242 - - [18/Mar/2026:12:43:53 +0000] "GET /wp-includes/wpf78988/edit.php?id=545071 HTTP/1.1" 200 20 "https://nfsin.com/wp-includes/wpf78988/edit.php?id=545071" "Mozilla/5.0 (Windows NT 10.0; Win64; x64) AppleWebKit/537.36 (KHTML, like Gecko) Chrome/58.0.3029.110 Safari/537.3"
74.7.243.236 - - [18/Mar/2026:12:45:33 +0000] "GET /goods.php?pcmypage?callback=product/review/m95697004003 HTTP/2.0" 200 86142 "https://nfsin.com/goods.php?detail/226038468741" "Mozilla/5.0 AppleWebKit/537.36 (KHTML, like Gecko; compatible; GPTBot/1.3; +https://openai.com/gptbot)"
74.7.243.236 - - [18/Mar/2026:12:45:49 +0000] "GET /goods.php?detail/080002901444 HTTP/2.0" 200 85709 "https://nfsin.com/goods.php?detail/080001391034" "Mozilla/5.0 AppleWebKit/537.36 (KHTML, like Gecko; compatible; GPTBot/1.3; +https://openai.com/gptbot)"
74.7.243.236 - - [18/Mar/2026:12:46:06 +0000] "GET /goods.php?detail/081030170320 HTTP/2.0" 200 86589 "https://nfsin.com/goods.php?detail/117016677306" "Mozilla/5.0 AppleWebKit/537.36 (KHTML, like Gecko; compatible; GPTBot/1.3; +https://openai.com/gptbot)"
74.7.243.236 - - [18/Mar/2026:12:46:23 +0000] "GET /goods.php?detail/106022001960 HTTP/2.0" 200 85856 "https://nfsin.com/goods.php?goods/205001118" "Mozilla/5.0 AppleWebKit/537.36 (KHTML, like Gecko; compatible; GPTBot/1.3; +https://openai.com/gptbot)"
74.7.243.236 - - [18/Mar/2026:12:46:39 +0000] "GET /goods.php?detail/226002658443 HTTP/2.0" 200 86977 "https://nfsin.com/goods.php?detail/226038468741" "Mozilla/5.0 AppleWebKit/537.36 (KHTML, like Gecko; compatible; GPTBot/1.3; +https://openai.com/gptbot)"
69.197.179.242 - - [18/Mar/2026:12:45:23 +0000] "GET /wp-includes/wpf78988/edit.php?id=545071 HTTP/1.1" 200 20 "https://nfsin.com/wp-includes/wpf78988/edit.php?id=545071" "Mozilla/5.0 (Windows NT 10.0; Win64; x64) AppleWebKit/537.36 (KHTML, like Gecko) Chrome/58.0.3029.110 Safari/537.3"
74.7.243.236 - - [18/Mar/2026:12:46:57 +0000] "GET /goods.php?detail/041005198046 HTTP/2.0" 200 86591 "https://nfsin.com/goods.php?detail/041032823217" "Mozilla/5.0 AppleWebKit/537.36 (KHTML, like Gecko; compatible; GPTBot/1.3; +https://openai.com/gptbot)"
74.7.243.236 - - [18/Mar/2026:12:47:10 +0000] "GET /goods.php?detail/115002996968 HTTP/2.0" 200 86912 "https://nfsin.com/goods.php?goods/115002602" "Mozilla/5.0 AppleWebKit/537.36 (KHTML, like Gecko; compatible; GPTBot/1.3; +https://openai.com/gptbot)"
74.7.243.236 - - [18/Mar/2026:12:47:28 +0000] "GET /goods.php?detail/1350053835831 HTTP/2.0" 200 85891 "https://nfsin.com/goods.php?detail/284025453525" "Mozilla/5.0 AppleWebKit/537.36 (KHTML, like Gecko; compatible; GPTBot/1.3; +https://openai.com/gptbot)"
74.7.243.236 - - [18/Mar/2026:12:47:50 +0000] "GET /goods.php?detail/080002123351 HTTP/2.0" 200 85776 "https://nfsin.com/goods.php?detail/080004702519" "Mozilla/5.0 AppleWebKit/537.36 (KHTML, like Gecko; compatible; GPTBot/1.3; +https://openai.com/gptbot)"
74.7.243.236 - - [18/Mar/2026:12:48:11 +0000] "GET /goods.php?detail/080002798017 HTTP/2.0" 200 86126 "https://nfsin.com/goods.php?jp/080002798.html" "Mozilla/5.0 AppleWebKit/537.36 (KHTML, like Gecko; compatible; GPTBot/1.3; +https://openai.com/gptbot)"
69.197.179.242 - - [18/Mar/2026:12:46:54 +0000] "GET /wp-includes/wpf78988/edit.php?id=545071 HTTP/1.1" 200 20 "https://nfsin.com/wp-includes/wpf78988/edit.php?id=545071" "Mozilla/5.0 (Windows NT 10.0; Win64; x64) AppleWebKit/537.36 (KHTML, like Gecko) Chrome/58.0.3029.110 Safari/537.3"
74.7.243.236 - - [18/Mar/2026:12:48:32 +0000] "GET /goods.php?detail/0030193065006 HTTP/2.0" 200 85405 "https://nfsin.com/goods.php?jp/080002798.html" "Mozilla/5.0 AppleWebKit/537.36 (KHTML, like Gecko; compatible; GPTBot/1.3; +https://openai.com/gptbot)"
74.7.243.236 - - [18/Mar/2026:12:48:51 +0000] "GET /goods.php??l=bnd17t960xmcyrjvn HTTP/2.0" 200 86022 "https://nfsin.com/goods.php?pcmypage?callback=product/review/m95697004003" "Mozilla/5.0 AppleWebKit/537.36 (KHTML, like Gecko; compatible; GPTBot/1.3; +https://openai.com/gptbot)"
74.7.243.236 - - [18/Mar/2026:12:49:13 +0000] "GET /goods.php?jp/080000415.html HTTP/2.0" 200 85502 "https://nfsin.com/goods.php?detail/080002901444" "Mozilla/5.0 AppleWebKit/537.36 (KHTML, like Gecko; compatible; GPTBot/1.3; +https://openai.com/gptbot)"
74.7.243.236 - - [18/Mar/2026:12:49:37 +0000] "GET /goods.php?goods/083035038 HTTP/2.0" 200 85491 "https://nfsin.com/goods.php?detail/081030170320" "Mozilla/5.0 AppleWebKit/537.36 (KHTML, like Gecko; compatible; GPTBot/1.3; +https://openai.com/gptbot)"
69.197.179.242 - - [18/Mar/2026:12:48:25 +0000] "GET /wp-includes/wpf78988/edit.php?id=545071 HTTP/1.1" 200 20 "https://nfsin.com/wp-includes/wpf78988/edit.php?id=545071" "Mozilla/5.0 (Windows NT 10.0; Win64; x64) AppleWebKit/537.36 (KHTML, like Gecko) Chrome/58.0.3029.110 Safari/537.3"
74.7.243.236 - - [18/Mar/2026:12:50:03 +0000] "GET /goods.php??i=zvyn17tbc950porosil HTTP/2.0" 200 86379 "https://nfsin.com/goods.php?pcmypage?callback=product/review/m95697004003" "Mozilla/5.0 AppleWebKit/537.36 (KHTML, like Gecko; compatible; GPTBot/1.3; +https://openai.com/gptbot)"
74.7.243.236 - - [18/Mar/2026:12:50:27 +0000] "GET /goods.php?detail/280035351856 HTTP/2.0" 200 85972 "https://nfsin.com/goods.php?detail/080002901444" "Mozilla/5.0 AppleWebKit/537.36 (KHTML, like Gecko; compatible; GPTBot/1.3; +https://openai.com/gptbot)"
74.7.243.236 - - [18/Mar/2026:12:50:52 +0000] "GET /goods.php?detail/2800262240780 HTTP/2.0" 200 86176 "https://nfsin.com/goods.php?detail/081030170320" "Mozilla/5.0 AppleWebKit/537.36 (KHTML, like Gecko; compatible; GPTBot/1.3; +https://openai.com/gptbot)"
74.7.243.236 - - [18/Mar/2026:12:51:16 +0000] "GET /goods.php?detail/240006271555 HTTP/2.0" 200 85772 "https://nfsin.com/goods.php?detail/080006962412" "Mozilla/5.0 AppleWebKit/537.36 (KHTML, like Gecko; compatible; GPTBot/1.3; +https://openai.com/gptbot)"
69.197.179.242 - - [18/Mar/2026:12:49:56 +0000] "GET /wp-includes/wpf78988/edit.php?id=545071 HTTP/1.1" 200 20 "https://nfsin.com/wp-includes/wpf78988/edit.php?id=545071" "Mozilla/5.0 (Windows NT 10.0; Win64; x64) AppleWebKit/537.36 (KHTML, like Gecko) Chrome/58.0.3029.110 Safari/537.3"
74.7.243.236 - - [18/Mar/2026:12:51:36 +0000] "GET /goods.php?detail/205000991137 HTTP/2.0" 200 85510 "https://nfsin.com/goods.php?detail/205016650296" "Mozilla/5.0 AppleWebKit/537.36 (KHTML, like Gecko; compatible; GPTBot/1.3; +https://openai.com/gptbot)"
54.38.147.183 - - [18/Mar/2026:12:51:44 +0000] "GET /wp-includes/fonts/?C=N;O=A HTTP/2.0" 200 437 "-" "Mozilla/5.0 (compatible; AhrefsBot/7.0; +http://ahrefs.com/robot/)"
74.7.243.236 - - [18/Mar/2026:12:52:02 +0000] "GET /goods.php?detail/244023382833 HTTP/2.0" 200 86709 "https://nfsin.com/goods.php?detail/080002123351" "Mozilla/5.0 AppleWebKit/537.36 (KHTML, like Gecko; compatible; GPTBot/1.3; +https://openai.com/gptbot)"
74.7.243.236 - - [18/Mar/2026:12:52:19 +0000] "GET /goods.php?detail/0650010025280 HTTP/2.0" 200 85555 "https://nfsin.com/goods.php?detail/080002798017" "Mozilla/5.0 AppleWebKit/537.36 (KHTML, like Gecko; compatible; GPTBot/1.3; +https://openai.com/gptbot)"
74.7.243.236 - - [18/Mar/2026:12:52:35 +0000] "GET /goods.php?detail/0460440415421 HTTP/2.0" 200 85654 "https://nfsin.com/goods.php?detail/080002798017" "Mozilla/5.0 AppleWebKit/537.36 (KHTML, like Gecko; compatible; GPTBot/1.3; +https://openai.com/gptbot)"
69.197.179.242 - - [18/Mar/2026:12:51:27 +0000] "GET /wp-includes/wpf78988/edit.php?id=545071 HTTP/1.1" 200 20 "https://nfsin.com/wp-includes/wpf78988/edit.php?id=545071" "Mozilla/5.0 (Windows NT 10.0; Win64; x64) AppleWebKit/537.36 (KHTML, like Gecko) Chrome/58.0.3029.110 Safari/537.3"
74.7.243.236 - - [18/Mar/2026:12:52:58 +0000] "GET /goods.php?detail/204014848476 HTTP/2.0" 200 85725 "https://nfsin.com/goods.php?detail/0030193065006" "Mozilla/5.0 AppleWebKit/537.36 (KHTML, like Gecko; compatible; GPTBot/1.3; +https://openai.com/gptbot)"
74.7.243.236 - - [18/Mar/2026:12:53:17 +0000] "GET /goods.php?detail/235023599005 HTTP/2.0" 200 84727 "https://nfsin.com/goods.php?jp/080000415.html" "Mozilla/5.0 AppleWebKit/537.36 (KHTML, like Gecko; compatible; GPTBot/1.3; +https://openai.com/gptbot)"
74.7.243.236 - - [18/Mar/2026:12:53:33 +0000] "GET /goods.php?detail/225010936363 HTTP/2.0" 200 85700 "https://nfsin.com/goods.php?detail/077019269545" "Mozilla/5.0 AppleWebKit/537.36 (KHTML, like Gecko; compatible; GPTBot/1.3; +https://openai.com/gptbot)"
74.7.243.236 - - [18/Mar/2026:12:53:48 +0000] "GET /goods.php??p=wew17h1178pislgxq HTTP/2.0" 200 86519 "https://nfsin.com/goods.php??i=zvyn17tbc950porosil" "Mozilla/5.0 AppleWebKit/537.36 (KHTML, like Gecko; compatible; GPTBot/1.3; +https://openai.com/gptbot)"
74.7.243.236 - - [18/Mar/2026:12:54:06 +0000] "GET /goods.php??v=wtlc12h23939hdulgs HTTP/2.0" 200 85747 "https://nfsin.com/goods.php??i=zvyn17tbc950porosil" "Mozilla/5.0 AppleWebKit/537.36 (KHTML, like Gecko; compatible; GPTBot/1.3; +https://openai.com/gptbot)"
74.7.243.236 - - [18/Mar/2026:12:54:23 +0000] "GET /goods.php?detail/2800087827078 HTTP/2.0" 200 85606 "https://nfsin.com/goods.php?detail/2800262240780" "Mozilla/5.0 AppleWebKit/537.36 (KHTML, like Gecko; compatible; GPTBot/1.3; +https://openai.com/gptbot)"
69.197.179.242 - - [18/Mar/2026:12:53:00 +0000] "GET /wp-includes/wpf78988/edit.php?id=545071 HTTP/1.1" 200 20 "https://nfsin.com/wp-includes/wpf78988/edit.php?id=545071" "Mozilla/5.0 (Windows NT 10.0; Win64; x64) AppleWebKit/537.36 (KHTML, like Gecko) Chrome/58.0.3029.110 Safari/537.3"
74.7.243.236 - - [18/Mar/2026:12:54:37 +0000] "GET /goods.php?detail/280009261297 HTTP/2.0" 200 86187 "https://nfsin.com/goods.php?detail/280035351856" "Mozilla/5.0 AppleWebKit/537.36 (KHTML, like Gecko; compatible; GPTBot/1.3; +https://openai.com/gptbot)"
74.7.243.236 - - [18/Mar/2026:12:54:49 +0000] "GET /goods.php?detail/0060088101979 HTTP/2.0" 200 85526 "https://nfsin.com/goods.php?detail/205000991137" "Mozilla/5.0 AppleWebKit/537.36 (KHTML, like Gecko; compatible; GPTBot/1.3; +https://openai.com/gptbot)"
74.7.243.236 - - [18/Mar/2026:12:55:02 +0000] "GET /goods.php?pcmypage?callback=product%2Fdetail%2Fm25842221199 HTTP/2.0" 200 86824 "https://nfsin.com/goods.php?detail/244023382833" "Mozilla/5.0 AppleWebKit/537.36 (KHTML, like Gecko; compatible; GPTBot/1.3; +https://openai.com/gptbot)"
74.7.243.236 - - [18/Mar/2026:12:55:18 +0000] "GET /goods.php?detail/280009306872 HTTP/2.0" 200 85813 "https://nfsin.com/goods.php?detail/280035351856" "Mozilla/5.0 AppleWebKit/537.36 (KHTML, like Gecko; compatible; GPTBot/1.3; +https://openai.com/gptbot)"
20.222.18.47 - - [18/Mar/2026:12:55:26 +0000] "GET /.trash7206/index.php HTTP/1.1" 301 20 "-" "Mozilla/5.0 (Windows NT 10.0; Win64; x64) AppleWebKit/537.36 (KHTML, like Gecko) Chrome/120.0.0.0 Safari/537.36"
74.7.243.236 - - [18/Mar/2026:12:55:31 +0000] "GET /goods.php?detail/240003242175 HTTP/2.0" 200 85748 "https://nfsin.com/goods.php?detail/240006271555" "Mozilla/5.0 AppleWebKit/537.36 (KHTML, like Gecko; compatible; GPTBot/1.3; +https://openai.com/gptbot)"
139.162.194.112 - - [18/Mar/2026:12:55:33 +0000] "POST /wp-cron.php?doing_wp_cron=1773838533.6797819137573242187500 HTTP/1.1" 404 15599 "-" "WordPress/6.9.1; https://nfsin.com"
20.222.18.47 - - [18/Mar/2026:12:55:35 +0000] "GET /.well-known/logs233/index.php?p= HTTP/1.1" 301 20 "-" "Mozilla/5.0 (Windows NT 10.0; Win64; x64) AppleWebKit/537.36 (KHTML, like Gecko) Chrome/120.0.0.0 Safari/537.36"
20.222.18.47 - - [18/Mar/2026:12:55:43 +0000] "GET /wp-content/themes/haha.php HTTP/1.1" 404 15599 "-" "Mozilla/5.0 (Windows NT 10.0; Win64; x64) AppleWebKit/537.36 (KHTML, like Gecko) Chrome/120.0.0.0 Safari/537.36"
74.7.243.236 - - [18/Mar/2026:12:55:46 +0000] "GET /goods.php?detail/204000269667 HTTP/2.0" 200 86856 "https://nfsin.com/goods.php?detail/204014848476" "Mozilla/5.0 AppleWebKit/537.36 (KHTML, like Gecko; compatible; GPTBot/1.3; +https://openai.com/gptbot)"
20.222.18.47 - - [18/Mar/2026:12:55:50 +0000] "GET /wp-content/themes/theme/about.php HTTP/1.1" 404 15599 "-" "Mozilla/5.0 (Windows NT 10.0; Win64; x64) AppleWebKit/537.36 (KHTML, like Gecko) Chrome/120.0.0.0 Safari/537.36"
20.222.18.47 - - [18/Mar/2026:12:55:56 +0000] "GET /wp-content/plugins/plugin/index.php HTTP/1.1" 301 20 "-" "Mozilla/5.0 (Windows NT 10.0; Win64; x64) AppleWebKit/537.36 (KHTML, like Gecko) Chrome/120.0.0.0 Safari/537.36"
74.7.243.236 - - [18/Mar/2026:12:56:00 +0000] "GET /goods.php?detail/166009451853 HTTP/2.0" 200 85481 "https://nfsin.com/goods.php?detail/080001391034" "Mozilla/5.0 AppleWebKit/537.36 (KHTML, like Gecko; compatible; GPTBot/1.3; +https://openai.com/gptbot)"
20.222.18.47 - - [18/Mar/2026:12:56:01 +0000] "GET /xmr.php HTTP/1.1" 404 15599 "-" "Mozilla/5.0 (Windows NT 10.0; Win64; x64) AppleWebKit/537.36 (KHTML, like Gecko) Chrome/120.0.0.0 Safari/537.36"
20.222.18.47 - - [18/Mar/2026:12:56:06 +0000] "GET /about.php HTTP/1.1" 200 20 "-" "Mozilla/5.0 (Windows NT 10.0; Win64; x64) AppleWebKit/537.36 (KHTML, like Gecko) Chrome/120.0.0.0 Safari/537.36"
20.222.18.47 - - [18/Mar/2026:12:56:07 +0000] "GET /admin.php HTTP/1.1" 404 15599 "-" "Mozilla/5.0 (Windows NT 10.0; Win64; x64) AppleWebKit/537.36 (KHTML, like Gecko) Chrome/120.0.0.0 Safari/537.36"
20.222.18.47 - - [18/Mar/2026:12:56:11 +0000] "GET /adminfuns.php HTTP/1.1" 404 15599 "-" "Mozilla/5.0 (Windows NT 10.0; Win64; x64) AppleWebKit/537.36 (KHTML, like Gecko) Chrome/120.0.0.0 Safari/537.36"
74.7.243.236 - - [18/Mar/2026:12:56:14 +0000] "GET /goods.php?detail/225000989460 HTTP/2.0" 200 86298 "https://nfsin.com/goods.php?detail/225010936363" "Mozilla/5.0 AppleWebKit/537.36 (KHTML, like Gecko; compatible; GPTBot/1.3; +https://openai.com/gptbot)"
20.222.18.47 - - [18/Mar/2026:12:56:16 +0000] "GET /as.php HTTP/1.1" 404 15599 "-" "Mozilla/5.0 (Windows NT 10.0; Win64; x64) AppleWebKit/537.36 (KHTML, like Gecko) Chrome/120.0.0.0 Safari/537.36"
69.197.179.242 - - [18/Mar/2026:12:54:31 +0000] "GET /wp-includes/wpf78988/edit.php?id=545071 HTTP/1.1" 200 20 "https://nfsin.com/wp-includes/wpf78988/edit.php?id=545071" "Mozilla/5.0 (Windows NT 10.0; Win64; x64) AppleWebKit/537.36 (KHTML, like Gecko) Chrome/58.0.3029.110 Safari/537.3"
20.222.18.47 - - [18/Mar/2026:12:56:21 +0000] "GET /bolt.php HTTP/1.1" 404 15599 "-" "Mozilla/5.0 (Windows NT 10.0; Win64; x64) AppleWebKit/537.36 (KHTML, like Gecko) Chrome/120.0.0.0 Safari/537.36"
20.222.18.47 - - [18/Mar/2026:12:56:29 +0000] "GET /cgi-bin/ HTTP/1.1" 404 15599 "-" "Mozilla/5.0 (Windows NT 10.0; Win64; x64) AppleWebKit/537.36 (KHTML, like Gecko) Chrome/120.0.0.0 Safari/537.36"
74.7.243.236 - - [18/Mar/2026:12:56:33 +0000] "GET /goods.php??f=nbwd17x756zccmfq HTTP/2.0" 200 87560 "https://nfsin.com/goods.php??p=wew17h1178pislgxq" "Mozilla/5.0 AppleWebKit/537.36 (KHTML, like Gecko; compatible; GPTBot/1.3; +https://openai.com/gptbot)"
139.162.194.112 - - [18/Mar/2026:12:56:33 +0000] "POST /wp-cron.php?doing_wp_cron=1773838593.8747370243072509765625 HTTP/1.1" 404 15589 "-" "WordPress/6.9.1; https://nfsin.com"
20.222.18.47 - - [18/Mar/2026:12:56:35 +0000] "GET /class-t.api.php HTTP/1.1" 404 15599 "-" "Mozilla/5.0 (Windows NT 10.0; Win64; x64) AppleWebKit/537.36 (KHTML, like Gecko) Chrome/120.0.0.0 Safari/537.36"
20.222.18.47 - - [18/Mar/2026:12:56:40 +0000] "GET /edit.php HTTP/1.1" 404 15599 "-" "Mozilla/5.0 (Windows NT 10.0; Win64; x64) AppleWebKit/537.36 (KHTML, like Gecko) Chrome/120.0.0.0 Safari/537.36"
20.222.18.47 - - [18/Mar/2026:12:56:45 +0000] "GET /ff1.php HTTP/1.1" 404 15599 "-" "Mozilla/5.0 (Windows NT 10.0; Win64; x64) AppleWebKit/537.36 (KHTML, like Gecko) Chrome/120.0.0.0 Safari/537.36"
74.7.243.236 - - [18/Mar/2026:12:56:48 +0000] "GET /goods.php?detail/017000569461 HTTP/2.0" 200 85791 "https://nfsin.com/goods.php??p=wew17h1178pislgxq" "Mozilla/5.0 AppleWebKit/537.36 (KHTML, like Gecko; compatible; GPTBot/1.3; +https://openai.com/gptbot)"
20.222.18.47 - - [18/Mar/2026:12:56:50 +0000] "GET /fff.php HTTP/1.1" 404 15599 "-" "Mozilla/5.0 (Windows NT 10.0; Win64; x64) AppleWebKit/537.36 (KHTML, like Gecko) Chrome/120.0.0.0 Safari/537.36"
20.222.18.47 - - [18/Mar/2026:12:56:54 +0000] "GET /inputs.php?p= HTTP/1.1" 301 20 "-" "Mozilla/5.0 (Windows NT 10.0; Win64; x64) AppleWebKit/537.36 (KHTML, like Gecko) Chrome/120.0.0.0 Safari/537.36"
20.222.18.47 - - [18/Mar/2026:12:56:59 +0000] "GET /ioxi-o.php HTTP/1.1" 404 15599 "-" "Mozilla/5.0 (Windows NT 10.0; Win64; x64) AppleWebKit/537.36 (KHTML, like Gecko) Chrome/120.0.0.0 Safari/537.36"
74.7.243.236 - - [18/Mar/2026:12:57:07 +0000] "GET /goods.php?detail/280004210853 HTTP/2.0" 200 86583 "https://nfsin.com/goods.php?detail/2800087827078" "Mozilla/5.0 AppleWebKit/537.36 (KHTML, like Gecko; compatible; GPTBot/1.3; +https://openai.com/gptbot)"
20.222.18.47 - - [18/Mar/2026:12:57:05 +0000] "GET /lite.php HTTP/1.1" 404 15599 "-" "Mozilla/5.0 (Windows NT 10.0; Win64; x64) AppleWebKit/537.36 (KHTML, like Gecko) Chrome/120.0.0.0 Safari/537.36"
20.222.18.47 - - [18/Mar/2026:12:57:11 +0000] "GET /ms-edit.php HTTP/1.1" 404 15599 "-" "Mozilla/5.0 (Windows NT 10.0; Win64; x64) AppleWebKit/537.36 (KHTML, like Gecko) Chrome/120.0.0.0 Safari/537.36"
20.222.18.47 - - [18/Mar/2026:12:57:18 +0000] "GET /rip.php HTTP/1.1" 404 15599 "-" "Mozilla/5.0 (Windows NT 10.0; Win64; x64) AppleWebKit/537.36 (KHTML, like Gecko) Chrome/120.0.0.0 Safari/537.36"
74.7.243.236 - - [18/Mar/2026:12:57:24 +0000] "GET /goods.php??a=txizd17fn644hyxqznvq HTTP/2.0" 200 86479 "https://nfsin.com/goods.php??p=wew17h1178pislgxq" "Mozilla/5.0 AppleWebKit/537.36 (KHTML, like Gecko; compatible; GPTBot/1.3; +https://openai.com/gptbot)"
20.222.18.47 - - [18/Mar/2026:12:57:26 +0000] "GET /update/da222.php HTTP/1.1" 404 15599 "-" "Mozilla/5.0 (Windows NT 10.0; Win64; x64) AppleWebKit/537.36 (KHTML, like Gecko) Chrome/120.0.0.0 Safari/537.36"
20.222.18.47 - - [18/Mar/2026:12:57:31 +0000] "GET /upload.php HTTP/1.1" 404 15599 "-" "Mozilla/5.0 (Windows NT 10.0; Win64; x64) AppleWebKit/537.36 (KHTML, like Gecko) Chrome/120.0.0.0 Safari/537.36"
139.162.194.112 - - [18/Mar/2026:12:57:34 +0000] "POST /wp-cron.php?doing_wp_cron=1773838654.5029599666595458984375 HTTP/1.1" 404 15599 "-" "WordPress/6.9.1; https://nfsin.com"
74.7.243.236 - - [18/Mar/2026:12:57:37 +0000] "GET /goods.php?goods/116008675 HTTP/2.0" 200 86819 "https://nfsin.com/goods.php?detail/0060088101979" "Mozilla/5.0 AppleWebKit/537.36 (KHTML, like Gecko; compatible; GPTBot/1.3; +https://openai.com/gptbot)"
20.222.18.47 - - [18/Mar/2026:12:57:36 +0000] "GET /wk/index.php HTTP/1.1" 301 20 "-" "Mozilla/5.0 (Windows NT 10.0; Win64; x64) AppleWebKit/537.36 (KHTML, like Gecko) Chrome/120.0.0.0 Safari/537.36"
20.222.18.47 - - [18/Mar/2026:12:57:41 +0000] "GET /wp-act.php HTTP/1.1" 404 15599 "-" "Mozilla/5.0 (Windows NT 10.0; Win64; x64) AppleWebKit/537.36 (KHTML, like Gecko) Chrome/120.0.0.0 Safari/537.36"
20.222.18.47 - - [18/Mar/2026:12:57:46 +0000] "GET /wp-admin/css/bolt.php HTTP/1.1" 404 15599 "-" "Mozilla/5.0 (Windows NT 10.0; Win64; x64) AppleWebKit/537.36 (KHTML, like Gecko) Chrome/120.0.0.0 Safari/537.36"
20.222.18.47 - - [18/Mar/2026:12:57:52 +0000] "GET /wp-admin/js/ HTTP/1.1" 200 1990 "-" "Mozilla/5.0 (Windows NT 10.0; Win64; x64) AppleWebKit/537.36 (KHTML, like Gecko) Chrome/120.0.0.0 Safari/537.36"
20.222.18.47 - - [18/Mar/2026:12:57:53 +0000] "GET /wp-admin/js/widgets/ HTTP/1.1" 200 623 "-" "Mozilla/5.0 (Windows NT 10.0; Win64; x64) AppleWebKit/537.36 (KHTML, like Gecko) Chrome/120.0.0.0 Safari/537.36"
20.222.18.47 - - [18/Mar/2026:12:57:53 +0000] "GET /wp-admin/maint/ HTTP/1.1" 200 371 "-" "Mozilla/5.0 (Windows NT 10.0; Win64; x64) AppleWebKit/537.36 (KHTML, like Gecko) Chrome/120.0.0.0 Safari/537.36"
20.222.18.47 - - [18/Mar/2026:12:57:54 +0000] "GET /wp-admin/ HTTP/1.1" 302 20 "-" "Mozilla/5.0 (Windows NT 10.0; Win64; x64) AppleWebKit/537.36 (KHTML, like Gecko) Chrome/120.0.0.0 Safari/537.36"
20.222.18.47 - - [18/Mar/2026:12:58:00 +0000] "GET /wp-content/themes/ HTTP/1.1" 200 20 "-" "Mozilla/5.0 (Windows NT 10.0; Win64; x64) AppleWebKit/537.36 (KHTML, like Gecko) Chrome/120.0.0.0 Safari/537.36"
20.222.18.47 - - [18/Mar/2026:12:58:01 +0000] "GET /wp-content/themes/admin.php HTTP/1.1" 404 15599 "-" "Mozilla/5.0 (Windows NT 10.0; Win64; x64) AppleWebKit/537.36 (KHTML, like Gecko) Chrome/120.0.0.0 Safari/537.36"
20.222.18.47 - - [18/Mar/2026:12:58:06 +0000] "GET /wp-content/uploads/ HTTP/1.1" 200 464 "-" "Mozilla/5.0 (Windows NT 10.0; Win64; x64) AppleWebKit/537.36 (KHTML, like Gecko) Chrome/120.0.0.0 Safari/537.36"
74.7.243.236 - - [18/Mar/2026:12:58:04 +0000] "GET /goods.php?jp/249025619.html HTTP/2.0" 200 86239 "https://nfsin.com/goods.php?detail/0060088101979" "Mozilla/5.0 AppleWebKit/537.36 (KHTML, like Gecko; compatible; GPTBot/1.3; +https://openai.com/gptbot)"
20.222.18.47 - - [18/Mar/2026:12:58:07 +0000] "GET /wp-content/uploads/admin.php HTTP/1.1" 404 15599 "-" "Mozilla/5.0 (Windows NT 10.0; Win64; x64) AppleWebKit/537.36 (KHTML, like Gecko) Chrome/120.0.0.0 Safari/537.36"
20.222.18.47 - - [18/Mar/2026:12:58:11 +0000] "GET /wp-includes/ HTTP/1.1" 200 868 "-" "Mozilla/5.0 (Windows NT 10.0; Win64; x64) AppleWebKit/537.36 (KHTML, like Gecko) Chrome/120.0.0.0 Safari/537.36"
20.222.18.47 - - [18/Mar/2026:12:58:12 +0000] "GET /wp-includes/js/crop/ HTTP/1.1" 200 477 "-" "Mozilla/5.0 (Windows NT 10.0; Win64; x64) AppleWebKit/537.36 (KHTML, like Gecko) Chrome/120.0.0.0 Safari/537.36"
20.222.18.47 - - [18/Mar/2026:12:58:13 +0000] "GET /wp-links-opml.php HTTP/1.1" 404 15599 "-" "Mozilla/5.0 (Windows NT 10.0; Win64; x64) AppleWebKit/537.36 (KHTML, like Gecko) Chrome/120.0.0.0 Safari/537.36"
74.7.243.236 - - [18/Mar/2026:12:58:17 +0000] "GET /goods.php??y=nxu271d9302vjfobkeu HTTP/2.0" 200 86071 "https://nfsin.com/goods.php?pcmypage?callback=product%2Fdetail%2Fm25842221199" "Mozilla/5.0 AppleWebKit/537.36 (KHTML, like Gecko; compatible; GPTBot/1.3; +https://openai.com/gptbot)"
74.7.243.236 - - [18/Mar/2026:12:58:28 +0000] "GET /goods.php?detail/006008803263 HTTP/2.0" 200 85475 "https://nfsin.com/goods.php?detail/0060088101979" "Mozilla/5.0 AppleWebKit/537.36 (KHTML, like Gecko; compatible; GPTBot/1.3; +https://openai.com/gptbot)"
74.7.243.236 - - [18/Mar/2026:12:58:39 +0000] "GET /goods.php?detail/188047609800 HTTP/2.0" 200 85396 "https://nfsin.com/goods.php?detail/280009306872" "Mozilla/5.0 AppleWebKit/537.36 (KHTML, like Gecko; compatible; GPTBot/1.3; +https://openai.com/gptbot)"
74.7.243.236 - - [18/Mar/2026:12:58:56 +0000] "GET /goods.php?detail/166022664216 HTTP/2.0" 200 85481 "https://nfsin.com/goods.php?detail/166009451853" "Mozilla/5.0 AppleWebKit/537.36 (KHTML, like Gecko; compatible; GPTBot/1.3; +https://openai.com/gptbot)"
74.7.243.236 - - [18/Mar/2026:12:59:13 +0000] "GET /goods.php?goods/225033812 HTTP/2.0" 200 86426 "https://nfsin.com/goods.php?detail/225000989460" "Mozilla/5.0 AppleWebKit/537.36 (KHTML, like Gecko; compatible; GPTBot/1.3; +https://openai.com/gptbot)"
74.7.243.236 - - [18/Mar/2026:12:59:29 +0000] "GET /goods.php?detail/280014858087 HTTP/2.0" 200 85835 "https://nfsin.com/goods.php?detail/280009306872" "Mozilla/5.0 AppleWebKit/537.36 (KHTML, like Gecko; compatible; GPTBot/1.3; +https://openai.com/gptbot)"
74.7.243.236 - - [18/Mar/2026:12:59:43 +0000] "GET /goods.php?detail/028022292285 HTTP/2.0" 200 85704 "https://nfsin.com/goods.php?detail/225000989460" "Mozilla/5.0 AppleWebKit/537.36 (KHTML, like Gecko; compatible; GPTBot/1.3; +https://openai.com/gptbot)"
74.7.243.236 - - [18/Mar/2026:12:59:56 +0000] "GET /goods.php?detail/169038196590 HTTP/2.0" 200 85595 "https://nfsin.com/goods.php?detail/240003242175" "Mozilla/5.0 AppleWebKit/537.36 (KHTML, like Gecko; compatible; GPTBot/1.3; +https://openai.com/gptbot)"
74.7.243.236 - - [18/Mar/2026:13:00:11 +0000] "GET /goods.php?detail/002025569844 HTTP/2.0" 200 85633 "https://nfsin.com/goods.php?detail/0060088101979" "Mozilla/5.0 AppleWebKit/537.36 (KHTML, like Gecko; compatible; GPTBot/1.3; +https://openai.com/gptbot)"
74.7.243.236 - - [18/Mar/2026:13:00:26 +0000] "GET /goods.php??b=ydj17cyrmm552zissxs HTTP/2.0" 200 85762 "https://nfsin.com/goods.php??a=txizd17fn644hyxqznvq" "Mozilla/5.0 AppleWebKit/537.36 (KHTML, like Gecko; compatible; GPTBot/1.3; +https://openai.com/gptbot)"
74.7.243.236 - - [18/Mar/2026:13:00:44 +0000] "GET /goods.php?detail/2400128452540 HTTP/2.0" 200 85596 "https://nfsin.com/goods.php?detail/240003242175" "Mozilla/5.0 AppleWebKit/537.36 (KHTML, like Gecko; compatible; GPTBot/1.3; +https://openai.com/gptbot)"
74.7.243.236 - - [18/Mar/2026:13:01:06 +0000] "GET /goods.php?detail/240010423335 HTTP/2.0" 200 85698 "https://nfsin.com/goods.php?detail/240003242175" "Mozilla/5.0 AppleWebKit/537.36 (KHTML, like Gecko; compatible; GPTBot/1.3; +https://openai.com/gptbot)"
74.7.243.236 - - [18/Mar/2026:13:01:26 +0000] "GET /goods.php?goods/006001004 HTTP/2.0" 200 85532 "https://nfsin.com/goods.php?detail/006008803263" "Mozilla/5.0 AppleWebKit/537.36 (KHTML, like Gecko; compatible; GPTBot/1.3; +https://openai.com/gptbot)"
74.7.243.236 - - [18/Mar/2026:13:01:40 +0000] "GET /goods.php?detail/0060043315650 HTTP/2.0" 200 85646 "https://nfsin.com/goods.php?detail/006008803263" "Mozilla/5.0 AppleWebKit/537.36 (KHTML, like Gecko; compatible; GPTBot/1.3; +https://openai.com/gptbot)"
74.7.243.236 - - [18/Mar/2026:13:02:01 +0000] "GET /goods.php?detail/0060040346811 HTTP/2.0" 200 85557 "https://nfsin.com/goods.php?detail/006008803263" "Mozilla/5.0 AppleWebKit/537.36 (KHTML, like Gecko; compatible; GPTBot/1.3; +https://openai.com/gptbot)"
74.7.243.236 - - [18/Mar/2026:13:02:18 +0000] "GET /goods.php?detail/190019895330 HTTP/2.0" 200 85329 "https://nfsin.com/goods.php?goods/225033812" "Mozilla/5.0 AppleWebKit/537.36 (KHTML, like Gecko; compatible; GPTBot/1.3; +https://openai.com/gptbot)"
117.235.103.70 - - [18/Mar/2026:13:02:22 +0000] "POST /xmlrpc.php HTTP/1.1" 404 15720 "-" "Mozilla/5.0 (Linux; Android 10; arm64) AppleWebKit/537.36 (KHTML, like Gecko) Firefox/86.0.0.0 Safari/537.36"
74.7.243.236 - - [18/Mar/2026:13:02:32 +0000] "GET /goods.php?detail/281037402193 HTTP/2.0" 200 86109 "https://nfsin.com/goods.php?detail/280009261297" "Mozilla/5.0 AppleWebKit/537.36 (KHTML, like Gecko; compatible; GPTBot/1.3; +https://openai.com/gptbot)"
74.7.243.236 - - [18/Mar/2026:13:02:45 +0000] "GET /goods.php?pcmypage?callback=product/review/m96617468137 HTTP/2.0" 200 86183 "https://nfsin.com/goods.php?detail/028022292285" "Mozilla/5.0 AppleWebKit/537.36 (KHTML, like Gecko; compatible; GPTBot/1.3; +https://openai.com/gptbot)"
171.4.228.205 - - [18/Mar/2026:13:02:44 +0000] "POST /xmlrpc.php HTTP/1.1" 404 15697 "-" "Mozilla/5.0 (Macintosh; Intel Mac OS X 10_15_7; x64) AppleWebKit/537.36 (KHTML, like Gecko) Firefox/80.0.0.0 Safari/537.36"
74.7.243.236 - - [18/Mar/2026:13:03:01 +0000] "GET /goods.php?safe_search/config?return_url=%2Fproduct%2Fdetail%2Fm96617468137 HTTP/2.0" 200 86864 "https://nfsin.com/goods.php?detail/028022292285" "Mozilla/5.0 AppleWebKit/537.36 (KHTML, like Gecko; compatible; GPTBot/1.3; +https://openai.com/gptbot)"
74.7.243.236 - - [18/Mar/2026:13:03:19 +0000] "GET /goods.php?detail/002002316352 HTTP/2.0" 200 85398 "https://nfsin.com/goods.php?detail/002025569844" "Mozilla/5.0 AppleWebKit/537.36 (KHTML, like Gecko; compatible; GPTBot/1.3; +https://openai.com/gptbot)"
74.7.243.236 - - [18/Mar/2026:13:03:30 +0000] "GET /goods.php?detail/129006154254 HTTP/2.0" 200 86746 "https://nfsin.com/goods.php?detail/028022292285" "Mozilla/5.0 AppleWebKit/537.36 (KHTML, like Gecko; compatible; GPTBot/1.3; +https://openai.com/gptbot)"
74.7.243.236 - - [18/Mar/2026:13:03:44 +0000] "GET /goods.php?detail/125007267989 HTTP/2.0" 200 85727 "https://nfsin.com/goods.php?detail/0800240415045" "Mozilla/5.0 AppleWebKit/537.36 (KHTML, like Gecko; compatible; GPTBot/1.3; +https://openai.com/gptbot)"
74.7.243.236 - - [18/Mar/2026:13:03:59 +0000] "GET /goods.php?detail/204021020780 HTTP/2.0" 200 85803 "https://nfsin.com/goods.php?detail/240010423335" "Mozilla/5.0 AppleWebKit/537.36 (KHTML, like Gecko; compatible; GPTBot/1.3; +https://openai.com/gptbot)"
74.7.243.236 - - [18/Mar/2026:13:04:13 +0000] "GET /goods.php?detail/006001004373 HTTP/2.0" 200 85568 "https://nfsin.com/goods.php?goods/006001004" "Mozilla/5.0 AppleWebKit/537.36 (KHTML, like Gecko; compatible; GPTBot/1.3; +https://openai.com/gptbot)"
74.7.243.236 - - [18/Mar/2026:13:04:25 +0000] "GET /goods.php?detail/192028852872 HTTP/2.0" 200 85487 "https://nfsin.com/goods.php?goods/006001004" "Mozilla/5.0 AppleWebKit/537.36 (KHTML, like Gecko; compatible; GPTBot/1.3; +https://openai.com/gptbot)"
74.7.243.236 - - [18/Mar/2026:13:04:37 +0000] "GET /goods.php?detail/006008011734 HTTP/2.0" 200 85846 "https://nfsin.com/goods.php?detail/0060043315650" "Mozilla/5.0 AppleWebKit/537.36 (KHTML, like Gecko; compatible; GPTBot/1.3; +https://openai.com/gptbot)"
74.7.243.236 - - [18/Mar/2026:13:04:50 +0000] "GET /goods.php?detail/276036362016 HTTP/2.0" 200 86035 "https://nfsin.com/goods.php?detail/190019895330" "Mozilla/5.0 AppleWebKit/537.36 (KHTML, like Gecko; compatible; GPTBot/1.3; +https://openai.com/gptbot)"
74.7.243.236 - - [18/Mar/2026:13:05:03 +0000] "GET /goods.php?detail/240009849698 HTTP/2.0" 200 85687 "https://nfsin.com/goods.php?detail/240010423335" "Mozilla/5.0 AppleWebKit/537.36 (KHTML, like Gecko; compatible; GPTBot/1.3; +https://openai.com/gptbot)"
74.7.243.236 - - [18/Mar/2026:13:05:16 +0000] "GET /goods.php??e=lkfx89m49498hsoektee HTTP/2.0" 200 85261 "https://nfsin.com/goods.php?pcmypage?callback=product/review/m96617468137" "Mozilla/5.0 AppleWebKit/537.36 (KHTML, like Gecko; compatible; GPTBot/1.3; +https://openai.com/gptbot)"
74.7.243.236 - - [18/Mar/2026:13:05:30 +0000] "GET /goods.php??a=lce9kj1932jhyxaia HTTP/2.0" 200 85997 "https://nfsin.com/goods.php?safe_search/config?return_url=%2Fproduct%2Fdetail%2Fm96617468137" "Mozilla/5.0 AppleWebKit/537.36 (KHTML, like Gecko; compatible; GPTBot/1.3; +https://openai.com/gptbot)"
74.7.243.236 - - [18/Mar/2026:13:05:44 +0000] "GET /goods.php??a=dgdd283o2864wwfrorqr HTTP/2.0" 200 85813 "https://nfsin.com/goods.php?pcmypage?callback=product/review/m96617468137" "Mozilla/5.0 AppleWebKit/537.36 (KHTML, like Gecko; compatible; GPTBot/1.3; +https://openai.com/gptbot)"
74.7.243.236 - - [18/Mar/2026:13:05:59 +0000] "GET /goods.php?detail/283010941246 HTTP/2.0" 200 86104 "https://nfsin.com/goods.php?detail/280009261297" "Mozilla/5.0 AppleWebKit/537.36 (KHTML, like Gecko; compatible; GPTBot/1.3; +https://openai.com/gptbot)"
74.7.243.236 - - [18/Mar/2026:13:06:15 +0000] "GET /goods.php?detail/127026299209 HTTP/2.0" 200 85676 "https://nfsin.com/goods.php?detail/125007267989" "Mozilla/5.0 AppleWebKit/537.36 (KHTML, like Gecko; compatible; GPTBot/1.3; +https://openai.com/gptbot)"
74.7.243.236 - - [18/Mar/2026:13:06:34 +0000] "GET /goods.php?detail/276033655987 HTTP/2.0" 200 85959 "https://nfsin.com/goods.php?detail/080005527284" "Mozilla/5.0 AppleWebKit/537.36 (KHTML, like Gecko; compatible; GPTBot/1.3; +https://openai.com/gptbot)"
74.7.243.236 - - [18/Mar/2026:13:06:51 +0000] "GET /goods.php?detail/118000522699 HTTP/2.0" 200 85143 "https://nfsin.com/goods.php?detail/284025453525" "Mozilla/5.0 AppleWebKit/537.36 (KHTML, like Gecko; compatible; GPTBot/1.3; +https://openai.com/gptbot)"
74.7.243.236 - - [18/Mar/2026:13:07:12 +0000] "GET /goods.php?detail/004038078784 HTTP/2.0" 200 85246 "https://nfsin.com/goods.php?detail/192028852872" "Mozilla/5.0 AppleWebKit/537.36 (KHTML, like Gecko; compatible; GPTBot/1.3; +https://openai.com/gptbot)"
74.7.243.236 - - [18/Mar/2026:13:07:28 +0000] "GET /goods.php?detail/192027429246 HTTP/2.0" 200 85493 "https://nfsin.com/goods.php?detail/192028852872" "Mozilla/5.0 AppleWebKit/537.36 (KHTML, like Gecko; compatible; GPTBot/1.3; +https://openai.com/gptbot)"
74.7.243.236 - - [18/Mar/2026:13:07:40 +0000] "GET /goods.php?detail/280004217641 HTTP/2.0" 200 85938 "https://nfsin.com/goods.php?detail/2800087827078" "Mozilla/5.0 AppleWebKit/537.36 (KHTML, like Gecko; compatible; GPTBot/1.3; +https://openai.com/gptbot)"
74.7.243.236 - - [18/Mar/2026:13:08:03 +0000] "GET /goods.php?detail/100025946461 HTTP/2.0" 200 85531 "https://nfsin.com/goods.php?detail/129006154254" "Mozilla/5.0 AppleWebKit/537.36 (KHTML, like Gecko; compatible; GPTBot/1.3; +https://openai.com/gptbot)"
74.7.243.236 - - [18/Mar/2026:13:08:20 +0000] "GET /goods.php?detail/162000364427 HTTP/2.0" 200 85448 "https://nfsin.com/goods.php?detail/162047795679" "Mozilla/5.0 AppleWebKit/537.36 (KHTML, like Gecko; compatible; GPTBot/1.3; +https://openai.com/gptbot)"
74.7.243.236 - - [18/Mar/2026:13:08:36 +0000] "GET /goods.php?products/hundred/o009002053 HTTP/2.0" 200 86573 "https://nfsin.com/goods.php??a=lce9kj1932jhyxaia" "Mozilla/5.0 AppleWebKit/537.36 (KHTML, like Gecko; compatible; GPTBot/1.3; +https://openai.com/gptbot)"
204.12.208.18 - - [18/Mar/2026:13:08:39 +0000] "GET /wp-includes/wpf78988/edit.php HTTP/1.1" 200 26 "https://nfsin.com/wp-includes/wpf78988/edit.php" "Mozilla/5.0 (Macintosh; U; Intel Mac OS X 10_5_3; ja-jp) AppleWebKit/525.18 (KHTML, like Gecko) Version/3.1.1 Safari/525.20"
74.7.243.236 - - [18/Mar/2026:13:08:51 +0000] "GET /goods.php??l=oebb9b2052jjzptig HTTP/2.0" 200 86156 "https://nfsin.com/goods.php??a=lce9kj1932jhyxaia" "Mozilla/5.0 AppleWebKit/537.36 (KHTML, like Gecko; compatible; GPTBot/1.3; +https://openai.com/gptbot)"
74.7.243.236 - - [18/Mar/2026:13:09:15 +0000] "GET /goods.php?detail/180002521085 HTTP/2.0" 200 86406 "https://nfsin.com/goods.php?detail/283010941246" "Mozilla/5.0 AppleWebKit/537.36 (KHTML, like Gecko; compatible; GPTBot/1.3; +https://openai.com/gptbot)"
