69.197.179.242 - - [17/Mar/2026:17:39:15 +0000] "GET /wp-includes/wpf78988/edit.php?id=545071 HTTP/1.1" 200 20 "https://nfsin.com/wp-includes/wpf78988/edit.php?id=545071" "Mozilla/5.0 (Windows NT 10.0; Win64; x64) AppleWebKit/537.36 (KHTML, like Gecko) Chrome/58.0.3029.110 Safari/537.3"
74.7.243.236 - - [17/Mar/2026:17:40:47 +0000] "GET /goods.php?detail/249008083119 HTTP/2.0" 200 86532 "https://nfsin.com/goods.php?detail/249003463703" "Mozilla/5.0 AppleWebKit/537.36 (KHTML, like Gecko; compatible; GPTBot/1.3; +https://openai.com/gptbot)"
74.7.243.236 - - [17/Mar/2026:17:41:03 +0000] "GET /goods.php?detail/0060071818388 HTTP/2.0" 200 87432 "https://nfsin.com/goods.php?detail/006009721641" "Mozilla/5.0 AppleWebKit/537.36 (KHTML, like Gecko; compatible; GPTBot/1.3; +https://openai.com/gptbot)"
74.7.243.236 - - [17/Mar/2026:17:41:18 +0000] "GET /goods.php?pcmypage?callback=product/review/m94188375215 HTTP/2.0" 200 86016 "https://nfsin.com/goods.php??e=tnp9lu24124jwkqzjt" "Mozilla/5.0 AppleWebKit/537.36 (KHTML, like Gecko; compatible; GPTBot/1.3; +https://openai.com/gptbot)"
74.7.243.236 - - [17/Mar/2026:17:41:34 +0000] "GET /goods.php?detail/153001505881 HTTP/2.0" 200 86270 "https://nfsin.com/goods.php?detail/153002053572" "Mozilla/5.0 AppleWebKit/537.36 (KHTML, like Gecko; compatible; GPTBot/1.3; +https://openai.com/gptbot)"
74.7.243.236 - - [17/Mar/2026:17:41:51 +0000] "GET /goods.php?detail/024002482211 HTTP/2.0" 200 85505 "https://nfsin.com/goods.php?detail/024012798248" "Mozilla/5.0 AppleWebKit/537.36 (KHTML, like Gecko; compatible; GPTBot/1.3; +https://openai.com/gptbot)"
74.7.243.236 - - [17/Mar/2026:17:42:08 +0000] "GET /goods.php?detail/024005990023 HTTP/2.0" 200 86858 "https://nfsin.com/goods.php?detail/249049220095" "Mozilla/5.0 AppleWebKit/537.36 (KHTML, like Gecko; compatible; GPTBot/1.3; +https://openai.com/gptbot)"
69.197.179.242 - - [17/Mar/2026:17:40:46 +0000] "GET /wp-includes/wpf78988/edit.php?id=545071 HTTP/1.1" 200 20 "https://nfsin.com/wp-includes/wpf78988/edit.php?id=545071" "Mozilla/5.0 (Windows NT 10.0; Win64; x64) AppleWebKit/537.36 (KHTML, like Gecko) Chrome/58.0.3029.110 Safari/537.3"
74.7.243.236 - - [17/Mar/2026:17:42:27 +0000] "GET /goods.php?detail/275027227198 HTTP/2.0" 200 86036 "https://nfsin.com/goods.php?detail/249049220095" "Mozilla/5.0 AppleWebKit/537.36 (KHTML, like Gecko; compatible; GPTBot/1.3; +https://openai.com/gptbot)"
74.7.243.236 - - [17/Mar/2026:17:42:40 +0000] "GET /goods.php?detail/179037374047 HTTP/2.0" 200 85123 "https://nfsin.com/goods.php?detail/271001152061" "Mozilla/5.0 AppleWebKit/537.36 (KHTML, like Gecko; compatible; GPTBot/1.3; +https://openai.com/gptbot)"
74.7.243.236 - - [17/Mar/2026:17:42:56 +0000] "GET /goods.php?detail/0060118513045 HTTP/2.0" 200 85886 "https://nfsin.com/goods.php?detail/006000185122" "Mozilla/5.0 AppleWebKit/537.36 (KHTML, like Gecko; compatible; GPTBot/1.3; +https://openai.com/gptbot)"
74.7.243.236 - - [17/Mar/2026:17:43:12 +0000] "GET /goods.php?detail/255049045797 HTTP/2.0" 200 85513 "https://nfsin.com/goods.php?goods/280038431" "Mozilla/5.0 AppleWebKit/537.36 (KHTML, like Gecko; compatible; GPTBot/1.3; +https://openai.com/gptbot)"
74.7.243.236 - - [17/Mar/2026:17:43:33 +0000] "GET /goods.php?detail/280006868028 HTTP/2.0" 200 86022 "https://nfsin.com/goods.php?goods/280038431" "Mozilla/5.0 AppleWebKit/537.36 (KHTML, like Gecko; compatible; GPTBot/1.3; +https://openai.com/gptbot)"
69.197.179.242 - - [17/Mar/2026:17:42:19 +0000] "GET /wp-includes/wpf78988/edit.php?id=545071 HTTP/1.1" 200 20 "https://nfsin.com/wp-includes/wpf78988/edit.php?id=545071" "Mozilla/5.0 (Windows NT 10.0; Win64; x64) AppleWebKit/537.36 (KHTML, like Gecko) Chrome/58.0.3029.110 Safari/537.3"
74.7.243.236 - - [17/Mar/2026:17:43:52 +0000] "GET /goods.php?detail/006011838087 HTTP/2.0" 200 86954 "https://nfsin.com/goods.php?detail/006000185122" "Mozilla/5.0 AppleWebKit/537.36 (KHTML, like Gecko; compatible; GPTBot/1.3; +https://openai.com/gptbot)"
74.7.243.236 - - [17/Mar/2026:17:44:06 +0000] "GET /goods.php?detail/249028154959 HTTP/2.0" 200 86750 "https://nfsin.com/goods.php?detail/249008083119" "Mozilla/5.0 AppleWebKit/537.36 (KHTML, like Gecko; compatible; GPTBot/1.3; +https://openai.com/gptbot)"
74.7.243.236 - - [17/Mar/2026:17:44:23 +0000] "GET /goods.php?detail/1280180020052 HTTP/2.0" 200 86581 "https://nfsin.com/goods.php?detail/0060071818388" "Mozilla/5.0 AppleWebKit/537.36 (KHTML, like Gecko; compatible; GPTBot/1.3; +https://openai.com/gptbot)"
94.23.188.200 - - [17/Mar/2026:17:44:33 +0000] "GET /?sitemap69.xml HTTP/2.0" 200 33 "-" "Mozilla/5.0 (compatible; AhrefsBot/7.0; +http://ahrefs.com/robot/)"
74.7.243.236 - - [17/Mar/2026:17:44:43 +0000] "GET /goods.php?product/edit/m41396002782 HTTP/2.0" 200 87143 "https://nfsin.com/goods.php?detail/153001505881" "Mozilla/5.0 AppleWebKit/537.36 (KHTML, like Gecko; compatible; GPTBot/1.3; +https://openai.com/gptbot)"
74.7.243.236 - - [17/Mar/2026:17:44:58 +0000] "GET /goods.php?detail/024004489008 HTTP/2.0" 200 86171 "https://nfsin.com/goods.php?detail/024002482211" "Mozilla/5.0 AppleWebKit/537.36 (KHTML, like Gecko; compatible; GPTBot/1.3; +https://openai.com/gptbot)"
69.197.179.242 - - [17/Mar/2026:17:43:50 +0000] "GET /wp-includes/wpf78988/edit.php?id=545071 HTTP/1.1" 200 20 "https://nfsin.com/wp-includes/wpf78988/edit.php?id=545071" "Mozilla/5.0 (Windows NT 10.0; Win64; x64) AppleWebKit/537.36 (KHTML, like Gecko) Chrome/58.0.3029.110 Safari/537.3"
74.7.243.236 - - [17/Mar/2026:17:45:20 +0000] "GET /goods.php?pcmypage?callback=product%2Fdetail%2Fm92740045717 HTTP/2.0" 200 85962 "https://nfsin.com/goods.php?detail/024005990023" "Mozilla/5.0 AppleWebKit/537.36 (KHTML, like Gecko; compatible; GPTBot/1.3; +https://openai.com/gptbot)"
74.7.243.236 - - [17/Mar/2026:17:45:40 +0000] "GET /goods.php?detail/271025101031 HTTP/2.0" 200 86595 "https://nfsin.com/goods.php?detail/024002482211" "Mozilla/5.0 AppleWebKit/537.36 (KHTML, like Gecko; compatible; GPTBot/1.3; +https://openai.com/gptbot)"
74.7.243.236 - - [17/Mar/2026:17:45:44 +0000] "GET /goods.php??i=jyt53h210nawbfol HTTP/2.0" 200 85946 "https://nfsin.com/goods.php?pcmypage?callback=product%2Fdetail%2Fm92740045717" "Mozilla/5.0 AppleWebKit/537.36 (KHTML, like Gecko; compatible; GPTBot/1.3; +https://openai.com/gptbot)"
74.7.243.236 - - [17/Mar/2026:17:45:59 +0000] "GET /goods.php?detail/133007603990 HTTP/2.0" 200 86183 "https://nfsin.com/goods.php?detail/024002482211" "Mozilla/5.0 AppleWebKit/537.36 (KHTML, like Gecko; compatible; GPTBot/1.3; +https://openai.com/gptbot)"
74.7.243.236 - - [17/Mar/2026:17:46:15 +0000] "GET /goods.php?detail/0510018513850 HTTP/2.0" 200 85455 "https://nfsin.com/goods.php?detail/153001505881" "Mozilla/5.0 AppleWebKit/537.36 (KHTML, like Gecko; compatible; GPTBot/1.3; +https://openai.com/gptbot)"
74.7.243.236 - - [17/Mar/2026:17:46:31 +0000] "GET /goods.php?detail/255006606865 HTTP/2.0" 200 85952 "https://nfsin.com/goods.php?detail/255049045797" "Mozilla/5.0 AppleWebKit/537.36 (KHTML, like Gecko; compatible; GPTBot/1.3; +https://openai.com/gptbot)"
74.7.243.236 - - [17/Mar/2026:17:46:46 +0000] "GET /goods.php?detail/2800090314960 HTTP/2.0" 200 85628 "https://nfsin.com/goods.php?detail/280006868028" "Mozilla/5.0 AppleWebKit/537.36 (KHTML, like Gecko; compatible; GPTBot/1.3; +https://openai.com/gptbot)"
69.197.179.242 - - [17/Mar/2026:17:45:24 +0000] "GET /wp-includes/wpf78988/edit.php?id=545071 HTTP/1.1" 200 20 "https://nfsin.com/wp-includes/wpf78988/edit.php?id=545071" "Mozilla/5.0 (Windows NT 10.0; Win64; x64) AppleWebKit/537.36 (KHTML, like Gecko) Chrome/58.0.3029.110 Safari/537.3"
74.7.243.236 - - [17/Mar/2026:17:47:00 +0000] "GET /goods.php?safe_search/config?return_url=%2Fproduct%2Fdetail%2Fm53361089517 HTTP/2.0" 200 86592 "https://nfsin.com/goods.php?detail/006011838087" "Mozilla/5.0 AppleWebKit/537.36 (KHTML, like Gecko; compatible; GPTBot/1.3; +https://openai.com/gptbot)"
74.7.243.236 - - [17/Mar/2026:17:47:17 +0000] "GET /goods.php?detail/280008847837 HTTP/2.0" 200 86383 "https://nfsin.com/goods.php?detail/280006868028" "Mozilla/5.0 AppleWebKit/537.36 (KHTML, like Gecko; compatible; GPTBot/1.3; +https://openai.com/gptbot)"
74.7.243.236 - - [17/Mar/2026:17:47:32 +0000] "GET /goods.php?detail/182027265653 HTTP/2.0" 200 86309 "https://nfsin.com/goods.php?detail/249028154959" "Mozilla/5.0 AppleWebKit/537.36 (KHTML, like Gecko; compatible; GPTBot/1.3; +https://openai.com/gptbot)"
74.7.243.236 - - [17/Mar/2026:17:47:47 +0000] "GET /goods.php??q=lswz12m8245bwwmnnf HTTP/2.0" 200 86402 "https://nfsin.com/goods.php?product/edit/m41396002782" "Mozilla/5.0 AppleWebKit/537.36 (KHTML, like Gecko; compatible; GPTBot/1.3; +https://openai.com/gptbot)"
74.7.243.236 - - [17/Mar/2026:17:48:03 +0000] "GET /goods.php?detail/0060094045698 HTTP/2.0" 200 85779 "https://nfsin.com/goods.php?detail/006014146272" "Mozilla/5.0 AppleWebKit/537.36 (KHTML, like Gecko; compatible; GPTBot/1.3; +https://openai.com/gptbot)"
74.7.243.236 - - [17/Mar/2026:17:48:18 +0000] "GET /goods.php??i=jyt53h210nawbfol HTTP/2.0" 200 86003 "https://nfsin.com/goods.php?pcmypage?callback=product%2Fdetail%2Fm92740045717" "Mozilla/5.0 AppleWebKit/537.36 (KHTML, like Gecko; compatible; GPTBot/1.3; +https://openai.com/gptbot)"
69.197.179.242 - - [17/Mar/2026:17:46:57 +0000] "GET /wp-includes/wpf78988/edit.php?id=545071 HTTP/1.1" 200 20 "https://nfsin.com/wp-includes/wpf78988/edit.php?id=545071" "Mozilla/5.0 (Windows NT 10.0; Win64; x64) AppleWebKit/537.36 (KHTML, like Gecko) Chrome/58.0.3029.110 Safari/537.3"
74.7.243.236 - - [17/Mar/2026:17:48:36 +0000] "GET /goods.php??a=vgrog53zm2710jbabzy HTTP/2.0" 200 85955 "https://nfsin.com/goods.php??i=jyt53h210nawbfol" "Mozilla/5.0 AppleWebKit/537.36 (KHTML, like Gecko; compatible; GPTBot/1.3; +https://openai.com/gptbot)"
74.7.243.236 - - [17/Mar/2026:17:48:51 +0000] "GET /goods.php??z=umt280zu721ijamgqan HTTP/2.0" 200 85466 "https://nfsin.com/goods.php?pcmypage?callback=product%2Fdetail%2Fm92740045717" "Mozilla/5.0 AppleWebKit/537.36 (KHTML, like Gecko; compatible; GPTBot/1.3; +https://openai.com/gptbot)"
74.7.243.236 - - [17/Mar/2026:17:49:07 +0000] "GET /goods.php?detail/051010438058 HTTP/2.0" 200 85573 "https://nfsin.com/goods.php?detail/0510018513850" "Mozilla/5.0 AppleWebKit/537.36 (KHTML, like Gecko; compatible; GPTBot/1.3; +https://openai.com/gptbot)"
51.68.247.201 - - [17/Mar/2026:17:49:10 +0000] "GET /wp-includes/theme-previews.php HTTP/2.0" 404 15598 "-" "Mozilla/5.0 (compatible; AhrefsBot/7.0; +http://ahrefs.com/robot/)"
139.162.194.112 - - [17/Mar/2026:17:49:16 +0000] "POST /wp-cron.php?doing_wp_cron=1773769756.4783930778503417968750 HTTP/1.1" 404 15598 "-" "WordPress/6.9.1; https://nfsin.com"
74.7.243.236 - - [17/Mar/2026:17:49:22 +0000] "GET /goods.php?detail/0530027100127 HTTP/2.0" 200 85771 "https://nfsin.com/goods.php?pcmypage?callback=product%2Fdetail%2Fm92740045717" "Mozilla/5.0 AppleWebKit/537.36 (KHTML, like Gecko; compatible; GPTBot/1.3; +https://openai.com/gptbot)"
74.7.243.236 - - [17/Mar/2026:17:49:39 +0000] "GET /goods.php??s=rco53gm1232vustnw HTTP/2.0" 200 85597 "https://nfsin.com/goods.php?pcmypage?callback=product%2Fdetail%2Fm92740045717" "Mozilla/5.0 AppleWebKit/537.36 (KHTML, like Gecko; compatible; GPTBot/1.3; +https://openai.com/gptbot)"
74.7.243.236 - - [17/Mar/2026:17:49:52 +0000] "GET /goods.php?detail/219028001488 HTTP/2.0" 200 86026 "https://nfsin.com/goods.php?safe_search/config?return_url=%2Fproduct%2Fdetail%2Fm53361089517" "Mozilla/5.0 AppleWebKit/537.36 (KHTML, like Gecko; compatible; GPTBot/1.3; +https://openai.com/gptbot)"
69.197.179.242 - - [17/Mar/2026:17:48:30 +0000] "GET /wp-includes/wpf78988/edit.php?id=545071 HTTP/1.1" 200 20 "https://nfsin.com/wp-includes/wpf78988/edit.php?id=545071" "Mozilla/5.0 (Windows NT 10.0; Win64; x64) AppleWebKit/537.36 (KHTML, like Gecko) Chrome/58.0.3029.110 Safari/537.3"
74.7.243.236 - - [17/Mar/2026:17:50:08 +0000] "GET /goods.php?goods/280009049 HTTP/2.0" 200 85749 "https://nfsin.com/goods.php?detail/280008847837" "Mozilla/5.0 AppleWebKit/537.36 (KHTML, like Gecko; compatible; GPTBot/1.3; +https://openai.com/gptbot)"
74.7.243.236 - - [17/Mar/2026:17:50:23 +0000] "GET /goods.php??c=utf19kif1582tbqqdzh HTTP/2.0" 200 86898 "https://nfsin.com/goods.php?safe_search/config?return_url=%2Fproduct%2Fdetail%2Fm53361089517" "Mozilla/5.0 AppleWebKit/537.36 (KHTML, like Gecko; compatible; GPTBot/1.3; +https://openai.com/gptbot)"
74.7.243.236 - - [17/Mar/2026:17:50:38 +0000] "GET /goods.php??w=vhfn9raq43982vwxxou HTTP/2.0" 200 86343 "https://nfsin.com/goods.php?safe_search/config?return_url=%2Fproduct%2Fdetail%2Fm53361089517" "Mozilla/5.0 AppleWebKit/537.36 (KHTML, like Gecko; compatible; GPTBot/1.3; +https://openai.com/gptbot)"
74.7.243.236 - - [17/Mar/2026:17:50:55 +0000] "GET /goods.php?detail/006003446049 HTTP/2.0" 200 86121 "https://nfsin.com/goods.php?detail/0060094045698" "Mozilla/5.0 AppleWebKit/537.36 (KHTML, like Gecko; compatible; GPTBot/1.3; +https://openai.com/gptbot)"
74.7.243.236 - - [17/Mar/2026:17:51:10 +0000] "GET /goods.php?detail/104003612204 HTTP/2.0" 200 86210 "https://nfsin.com/goods.php?detail/0060094045698" "Mozilla/5.0 AppleWebKit/537.36 (KHTML, like Gecko; compatible; GPTBot/1.3; +https://openai.com/gptbot)"
74.7.243.236 - - [17/Mar/2026:17:51:21 +0000] "GET /goods.php?pcmypage?callback=product%2Fdetail%2Fm80397042390 HTTP/2.0" 200 85807 "https://nfsin.com/goods.php??a=vgrog53zm2710jbabzy" "Mozilla/5.0 AppleWebKit/537.36 (KHTML, like Gecko; compatible; GPTBot/1.3; +https://openai.com/gptbot)"
69.197.179.242 - - [17/Mar/2026:17:50:02 +0000] "GET /wp-includes/wpf78988/edit.php?id=545071 HTTP/1.1" 200 20 "https://nfsin.com/wp-includes/wpf78988/edit.php?id=545071" "Mozilla/5.0 (Windows NT 10.0; Win64; x64) AppleWebKit/537.36 (KHTML, like Gecko) Chrome/58.0.3029.110 Safari/537.3"
74.7.243.236 - - [17/Mar/2026:17:51:41 +0000] "GET /goods.php??g=jhuf19yrg954pyglsi HTTP/2.0" 200 86185 "https://nfsin.com/goods.php?safe_search/config?return_url=%2Fproduct%2Fdetail%2Fm53361089517" "Mozilla/5.0 AppleWebKit/537.36 (KHTML, like Gecko; compatible; GPTBot/1.3; +https://openai.com/gptbot)"
74.7.243.236 - - [17/Mar/2026:17:52:02 +0000] "GET /goods.php??v=laxdq53t4092vebnprxn HTTP/2.0" 200 85992 "https://nfsin.com/goods.php?pcmypage?callback=product%2Fdetail%2Fm92740045717" "Mozilla/5.0 AppleWebKit/537.36 (KHTML, like Gecko; compatible; GPTBot/1.3; +https://openai.com/gptbot)"
74.7.243.236 - - [17/Mar/2026:17:52:18 +0000] "GET /goods.php?detail/130000917980 HTTP/2.0" 200 85505 "https://nfsin.com/goods.php?detail/215021680590" "Mozilla/5.0 AppleWebKit/537.36 (KHTML, like Gecko; compatible; GPTBot/1.3; +https://openai.com/gptbot)"
74.7.243.236 - - [17/Mar/2026:17:52:36 +0000] "GET /goods.php??f=mwiw53ux3244licgegh HTTP/2.0" 200 85768 "https://nfsin.com/goods.php?pcmypage?callback=product%2Fdetail%2Fm92740045717" "Mozilla/5.0 AppleWebKit/537.36 (KHTML, like Gecko; compatible; GPTBot/1.3; +https://openai.com/gptbot)"
74.7.243.236 - - [17/Mar/2026:17:52:51 +0000] "GET /goods.php?detail/034012104069 HTTP/2.0" 200 86401 "https://nfsin.com/goods.php?detail/219028001488" "Mozilla/5.0 AppleWebKit/537.36 (KHTML, like Gecko; compatible; GPTBot/1.3; +https://openai.com/gptbot)"
74.7.243.236 - - [17/Mar/2026:17:53:08 +0000] "GET /goods.php?detail/0850335292505 HTTP/2.0" 200 85485 "https://nfsin.com/goods.php?detail/133007603990" "Mozilla/5.0 AppleWebKit/537.36 (KHTML, like Gecko; compatible; GPTBot/1.3; +https://openai.com/gptbot)"
92.222.108.120 - - [17/Mar/2026:17:53:18 +0000] "GET /wp-includes/theme-i18n.json HTTP/2.0" 200 425 "-" "Mozilla/5.0 (compatible; AhrefsBot/7.0; +http://ahrefs.com/robot/)"
74.7.243.236 - - [17/Mar/2026:17:53:27 +0000] "GET /goods.php??y=lohy19r1984crodtidcu HTTP/2.0" 200 86697 "https://nfsin.com/goods.php??c=utf19kif1582tbqqdzh" "Mozilla/5.0 AppleWebKit/537.36 (KHTML, like Gecko; compatible; GPTBot/1.3; +https://openai.com/gptbot)"
74.7.243.236 - - [17/Mar/2026:17:53:45 +0000] "GET /goods.php?detail/1560159496151 HTTP/2.0" 200 85615 "https://nfsin.com/goods.php?detail/156015459526" "Mozilla/5.0 AppleWebKit/537.36 (KHTML, like Gecko; compatible; GPTBot/1.3; +https://openai.com/gptbot)"
74.7.243.236 - - [17/Mar/2026:17:54:03 +0000] "GET /goods.php?detail/156015630346 HTTP/2.0" 200 86511 "https://nfsin.com/goods.php?detail/156047701581" "Mozilla/5.0 AppleWebKit/537.36 (KHTML, like Gecko; compatible; GPTBot/1.3; +https://openai.com/gptbot)"
74.7.243.236 - - [17/Mar/2026:17:54:19 +0000] "GET /goods.php?goods/104015438 HTTP/2.0" 200 85903 "https://nfsin.com/goods.php?detail/104003612204" "Mozilla/5.0 AppleWebKit/537.36 (KHTML, like Gecko; compatible; GPTBot/1.3; +https://openai.com/gptbot)"
74.7.243.236 - - [17/Mar/2026:17:54:36 +0000] "GET /goods.php??d=cpyl3jh216ygenevc HTTP/2.0" 200 85907 "https://nfsin.com/goods.php?pcmypage?callback=product%2Fdetail%2Fm80397042390" "Mozilla/5.0 AppleWebKit/537.36 (KHTML, like Gecko; compatible; GPTBot/1.3; +https://openai.com/gptbot)"
74.7.243.236 - - [17/Mar/2026:17:54:54 +0000] "GET /goods.php?pcmypage?callback=/product%2Fdetail%2m95438702379 HTTP/2.0" 200 85303 "https://nfsin.com/goods.php??g=jhuf19yrg954pyglsi" "Mozilla/5.0 AppleWebKit/537.36 (KHTML, like Gecko; compatible; GPTBot/1.3; +https://openai.com/gptbot)"
74.7.243.236 - - [17/Mar/2026:17:55:16 +0000] "GET /goods.php??g=tss10dd24385azsidu HTTP/2.0" 200 86644 "https://nfsin.com/goods.php?pcmypage?callback=product%2Fdetail%2Fm80397042390" "Mozilla/5.0 AppleWebKit/537.36 (KHTML, like Gecko; compatible; GPTBot/1.3; +https://openai.com/gptbot)"
74.7.243.236 - - [17/Mar/2026:17:55:35 +0000] "GET /goods.php?goods/054047423 HTTP/2.0" 200 85756 "https://nfsin.com/goods.php?detail/130000917980" "Mozilla/5.0 AppleWebKit/537.36 (KHTML, like Gecko; compatible; GPTBot/1.3; +https://openai.com/gptbot)"
74.7.243.236 - - [17/Mar/2026:17:55:54 +0000] "GET /goods.php?detail/082006423642 HTTP/2.0" 200 86757 "https://nfsin.com/goods.php?detail/153002053572" "Mozilla/5.0 AppleWebKit/537.36 (KHTML, like Gecko; compatible; GPTBot/1.3; +https://openai.com/gptbot)"
74.7.243.236 - - [17/Mar/2026:17:56:14 +0000] "GET /goods.php?detail/003031767103 HTTP/2.0" 200 86695 "https://nfsin.com/goods.php?detail/034012104069" "Mozilla/5.0 AppleWebKit/537.36 (KHTML, like Gecko; compatible; GPTBot/1.3; +https://openai.com/gptbot)"
74.7.243.236 - - [17/Mar/2026:17:56:30 +0000] "GET /goods.php?pcmypage?callback=product/review/m46452487782 HTTP/2.0" 200 85914 "https://nfsin.com/goods.php?detail/0850335292505" "Mozilla/5.0 AppleWebKit/537.36 (KHTML, like Gecko; compatible; GPTBot/1.3; +https://openai.com/gptbot)"
74.7.243.236 - - [17/Mar/2026:17:56:48 +0000] "GET /goods.php?detail/024024967300 HTTP/2.0" 200 85476 "https://nfsin.com/goods.php?goods/066045152" "Mozilla/5.0 AppleWebKit/537.36 (KHTML, like Gecko; compatible; GPTBot/1.3; +https://openai.com/gptbot)"
74.7.243.236 - - [17/Mar/2026:17:57:15 +0000] "GET /goods.php?detail/15602136119491 HTTP/2.0" 200 85824 "https://nfsin.com/goods.php?detail/1560159496151" "Mozilla/5.0 AppleWebKit/537.36 (KHTML, like Gecko; compatible; GPTBot/1.3; +https://openai.com/gptbot)"
74.7.243.236 - - [17/Mar/2026:17:57:32 +0000] "GET /goods.php?detail/002025354965 HTTP/2.0" 200 86047 "https://nfsin.com/goods.php?detail/1560159496151" "Mozilla/5.0 AppleWebKit/537.36 (KHTML, like Gecko; compatible; GPTBot/1.3; +https://openai.com/gptbot)"
92.222.108.115 - - [17/Mar/2026:17:57:36 +0000] "GET /wp-includes/compat.php HTTP/2.0" 404 15598 "-" "Mozilla/5.0 (compatible; AhrefsBot/7.0; +http://ahrefs.com/robot/)"
139.162.194.112 - - [17/Mar/2026:17:57:44 +0000] "POST /wp-cron.php?doing_wp_cron=1773770264.2391180992126464843750 HTTP/1.1" 404 15598 "-" "WordPress/6.9.1; https://nfsin.com"
74.7.243.236 - - [17/Mar/2026:17:57:49 +0000] "GET /goods.php?detail/156039853456 HTTP/2.0" 200 85713 "https://nfsin.com/goods.php?detail/156015630346" "Mozilla/5.0 AppleWebKit/537.36 (KHTML, like Gecko; compatible; GPTBot/1.3; +https://openai.com/gptbot)"
74.7.243.236 - - [17/Mar/2026:17:58:09 +0000] "GET /goods.php??p=ptyag95f25644apcqduup HTTP/2.0" 200 86332 "https://nfsin.com/goods.php??d=cpyl3jh216ygenevc" "Mozilla/5.0 AppleWebKit/537.36 (KHTML, like Gecko; compatible; GPTBot/1.3; +https://openai.com/gptbot)"
74.7.243.236 - - [17/Mar/2026:17:58:33 +0000] "GET /goods.php??c=akuj211b9778vbfqhgopy HTTP/2.0" 200 85470 "https://nfsin.com/goods.php??d=cpyl3jh216ygenevc" "Mozilla/5.0 AppleWebKit/537.36 (KHTML, like Gecko; compatible; GPTBot/1.3; +https://openai.com/gptbot)"
74.7.243.236 - - [17/Mar/2026:17:58:50 +0000] "GET /goods.php?safe_search/config?return_url=%2Fproduct%2Fdetail%2Fm91814193805 HTTP/2.0" 200 86070 "https://nfsin.com/goods.php??g=tss10dd24385azsidu" "Mozilla/5.0 AppleWebKit/537.36 (KHTML, like Gecko; compatible; GPTBot/1.3; +https://openai.com/gptbot)"
74.7.243.236 - - [17/Mar/2026:17:59:06 +0000] "GET /goods.php??e=wfid13wk134wtwrjvu HTTP/2.0" 200 85171 "https://nfsin.com/goods.php?pcmypage?callback=/product%2Fdetail%2m95438702379" "Mozilla/5.0 AppleWebKit/537.36 (KHTML, like Gecko; compatible; GPTBot/1.3; +https://openai.com/gptbot)"
74.7.243.236 - - [17/Mar/2026:17:59:30 +0000] "GET /goods.php?detail/1040155805574 HTTP/2.0" 200 85716 "https://nfsin.com/goods.php?goods/104015438" "Mozilla/5.0 AppleWebKit/537.36 (KHTML, like Gecko; compatible; GPTBot/1.3; +https://openai.com/gptbot)"
74.7.243.236 - - [17/Mar/2026:17:59:48 +0000] "GET /goods.php?detail/006003452793 HTTP/2.0" 200 86775 "https://nfsin.com/goods.php?detail/0060094045698" "Mozilla/5.0 AppleWebKit/537.36 (KHTML, like Gecko; compatible; GPTBot/1.3; +https://openai.com/gptbot)"
74.7.243.236 - - [17/Mar/2026:18:00:04 +0000] "GET /goods.php?detail/054001299927 HTTP/2.0" 200 86193 "https://nfsin.com/goods.php?goods/054047423" "Mozilla/5.0 AppleWebKit/537.36 (KHTML, like Gecko; compatible; GPTBot/1.3; +https://openai.com/gptbot)"
74.7.243.236 - - [17/Mar/2026:18:00:24 +0000] "GET /goods.php?detail/240040488806 HTTP/2.0" 200 85633 "https://nfsin.com/goods.php?detail/024024967300" "Mozilla/5.0 AppleWebKit/537.36 (KHTML, like Gecko; compatible; GPTBot/1.3; +https://openai.com/gptbot)"
161.129.164.255 - - [17/Mar/2026:18:00:25 +0000] "GET / HTTP/1.1" 200 17796 "http://www.nfsin.com" "Mozilla/5.0 (X11; Linux x86_64) AppleWebKit/537.36 (KHTML, like Gecko) Chrome/145.0.0.0 Safari/537.36"
62.101.190.92 - - [17/Mar/2026:18:00:37 +0000] "GET /ads.txt HTTP/1.1" 404 15598 "-" "Mozilla/5.0 (X11; Linux x86_64) AppleWebKit/537.36 (KHTML, like Gecko) Chrome/145.0.0.0 Safari/537.36"
74.7.243.236 - - [17/Mar/2026:18:00:39 +0000] "GET /goods.php?detail/024010811153 HTTP/2.0" 200 86875 "https://nfsin.com/goods.php?detail/024002482211" "Mozilla/5.0 AppleWebKit/537.36 (KHTML, like Gecko; compatible; GPTBot/1.3; +https://openai.com/gptbot)"
74.7.243.236 - - [17/Mar/2026:18:00:42 +0000] "GET /goods.php?jp/240040488.html HTTP/2.0" 200 85677 "https://nfsin.com/goods.php?detail/240040488806" "Mozilla/5.0 AppleWebKit/537.36 (KHTML, like Gecko; compatible; GPTBot/1.3; +https://openai.com/gptbot)"
74.7.243.236 - - [17/Mar/2026:18:00:59 +0000] "GET /goods.php?detail/002004191958 HTTP/2.0" 200 85378 "https://nfsin.com/goods.php?detail/002025354965" "Mozilla/5.0 AppleWebKit/537.36 (KHTML, like Gecko; compatible; GPTBot/1.3; +https://openai.com/gptbot)"
74.7.243.236 - - [17/Mar/2026:18:01:19 +0000] "GET /goods.php?detail/046032039720 HTTP/2.0" 200 85806 "https://nfsin.com/goods.php?detail/156039853456" "Mozilla/5.0 AppleWebKit/537.36 (KHTML, like Gecko; compatible; GPTBot/1.3; +https://openai.com/gptbot)"
74.7.243.236 - - [17/Mar/2026:18:01:40 +0000] "GET /goods.php?detail/179004111423 HTTP/2.0" 200 85958 "https://nfsin.com/goods.php?detail/179037374047" "Mozilla/5.0 AppleWebKit/537.36 (KHTML, like Gecko; compatible; GPTBot/1.3; +https://openai.com/gptbot)"
54.37.118.88 - - [17/Mar/2026:18:01:38 +0000] "GET /wp-includes/class-wp-user-request.php HTTP/2.0" 404 15598 "-" "Mozilla/5.0 (compatible; AhrefsBot/7.0; +http://ahrefs.com/robot/)"
139.162.194.112 - - [17/Mar/2026:18:01:44 +0000] "POST /wp-cron.php?doing_wp_cron=1773770504.0111680030822753906250 HTTP/1.1" 404 15588 "-" "WordPress/6.9.1; https://nfsin.com"
74.7.243.236 - - [17/Mar/2026:18:01:57 +0000] "GET /goods.php?detail/006000188937 HTTP/2.0" 200 86478 "https://nfsin.com/goods.php?detail/006007186197" "Mozilla/5.0 AppleWebKit/537.36 (KHTML, like Gecko; compatible; GPTBot/1.3; +https://openai.com/gptbot)"
74.7.243.236 - - [17/Mar/2026:18:02:13 +0000] "GET /goods.php??f=zqkf20qp995lzgkmrf HTTP/2.0" 200 86149 "https://nfsin.com/goods.php?safe_search/config?return_url=%2Fproduct%2Fdetail%2Fm91814193805" "Mozilla/5.0 AppleWebKit/537.36 (KHTML, like Gecko; compatible; GPTBot/1.3; +https://openai.com/gptbot)"
74.7.243.236 - - [17/Mar/2026:18:02:31 +0000] "GET /goods.php?detail/280003895744 HTTP/2.0" 200 85850 "https://nfsin.com/goods.php?detail/2800090314960" "Mozilla/5.0 AppleWebKit/537.36 (KHTML, like Gecko; compatible; GPTBot/1.3; +https://openai.com/gptbot)"
74.7.243.236 - - [17/Mar/2026:18:02:52 +0000] "GET /goods.php??e=jqj3gz4870tsiwqzsjt HTTP/2.0" 200 86492 "https://nfsin.com/goods.php??d=cpyl3jh216ygenevc" "Mozilla/5.0 AppleWebKit/537.36 (KHTML, like Gecko; compatible; GPTBot/1.3; +https://openai.com/gptbot)"
74.7.243.236 - - [17/Mar/2026:18:03:12 +0000] "GET /goods.php?detail/031008002950 HTTP/2.0" 200 85506 "https://nfsin.com/goods.php?detail/006003452793" "Mozilla/5.0 AppleWebKit/537.36 (KHTML, like Gecko; compatible; GPTBot/1.3; +https://openai.com/gptbot)"
74.7.243.236 - - [17/Mar/2026:18:03:36 +0000] "GET /goods.php?detail/083018258355 HTTP/2.0" 200 85710 "https://nfsin.com/goods.php?detail/006003452793" "Mozilla/5.0 AppleWebKit/537.36 (KHTML, like Gecko; compatible; GPTBot/1.3; +https://openai.com/gptbot)"
74.7.243.236 - - [17/Mar/2026:18:03:55 +0000] "GET /goods.php?detail/232012792117 HTTP/2.0" 200 85518 "https://nfsin.com/goods.php?detail/054001299927" "Mozilla/5.0 AppleWebKit/537.36 (KHTML, like Gecko; compatible; GPTBot/1.3; +https://openai.com/gptbot)"
74.7.243.236 - - [17/Mar/2026:18:04:13 +0000] "GET /goods.php?detail/257007592548 HTTP/2.0" 200 86086 "https://nfsin.com/goods.php?detail/054001299927" "Mozilla/5.0 AppleWebKit/537.36 (KHTML, like Gecko; compatible; GPTBot/1.3; +https://openai.com/gptbot)"
74.7.243.236 - - [17/Mar/2026:18:04:32 +0000] "GET /goods.php?detail/101002810158 HTTP/2.0" 200 85701 "https://nfsin.com/goods.php?detail/002004191958" "Mozilla/5.0 AppleWebKit/537.36 (KHTML, like Gecko; compatible; GPTBot/1.3; +https://openai.com/gptbot)"
74.7.243.236 - - [17/Mar/2026:18:04:49 +0000] "GET /goods.php?detail/046002373100 HTTP/2.0" 200 87147 "https://nfsin.com/goods.php?detail/046032039720" "Mozilla/5.0 AppleWebKit/537.36 (KHTML, like Gecko; compatible; GPTBot/1.3; +https://openai.com/gptbot)"
74.7.243.236 - - [17/Mar/2026:18:05:12 +0000] "GET /goods.php?detail/064014468674 HTTP/2.0" 200 85718 "https://nfsin.com/goods.php?detail/046032039720" "Mozilla/5.0 AppleWebKit/537.36 (KHTML, like Gecko; compatible; GPTBot/1.3; +https://openai.com/gptbot)"
74.7.243.236 - - [17/Mar/2026:18:05:28 +0000] "GET /goods.php?detail/046002377620 HTTP/2.0" 200 86443 "https://nfsin.com/goods.php?detail/046032039720" "Mozilla/5.0 AppleWebKit/537.36 (KHTML, like Gecko; compatible; GPTBot/1.3; +https://openai.com/gptbot)"
74.7.243.236 - - [17/Mar/2026:18:05:44 +0000] "GET /goods.php??r=fay118x2373gmjjnye HTTP/2.0" 200 84960 "https://nfsin.com/goods.php??f=zqkf20qp995lzgkmrf" "Mozilla/5.0 AppleWebKit/537.36 (KHTML, like Gecko; compatible; GPTBot/1.3; +https://openai.com/gptbot)"
54.37.118.90 - - [17/Mar/2026:18:05:45 +0000] "GET /wp-includes/class-wp-theme-json-data.php HTTP/2.0" 404 15598 "-" "Mozilla/5.0 (compatible; AhrefsBot/7.0; +http://ahrefs.com/robot/)"
139.162.194.112 - - [17/Mar/2026:18:05:51 +0000] "POST /wp-cron.php?doing_wp_cron=1773770751.3993260860443115234375 HTTP/1.1" 404 15598 "-" "WordPress/6.9.1; https://nfsin.com"
74.7.243.236 - - [17/Mar/2026:18:06:03 +0000] "GET /goods.php??k=dmwv42e9537auclqjkl HTTP/2.0" 200 85192 "https://nfsin.com/goods.php??f=zqkf20qp995lzgkmrf" "Mozilla/5.0 AppleWebKit/537.36 (KHTML, like Gecko; compatible; GPTBot/1.3; +https://openai.com/gptbot)"
74.7.243.236 - - [17/Mar/2026:18:06:20 +0000] "GET /goods.php??q=lklq24rha4259pwzbyj HTTP/2.0" 200 85506 "https://nfsin.com/goods.php??f=zqkf20qp995lzgkmrf" "Mozilla/5.0 AppleWebKit/537.36 (KHTML, like Gecko; compatible; GPTBot/1.3; +https://openai.com/gptbot)"
74.7.243.236 - - [17/Mar/2026:18:06:35 +0000] "GET /goods.php?detail/021013983652 HTTP/2.0" 200 86442 "https://nfsin.com/goods.php?detail/031008002950" "Mozilla/5.0 AppleWebKit/537.36 (KHTML, like Gecko; compatible; GPTBot/1.3; +https://openai.com/gptbot)"
74.7.243.236 - - [17/Mar/2026:18:07:04 +0000] "GET /goods.php?detail/2400144870048 HTTP/2.0" 200 85617 "https://nfsin.com/goods.php?detail/240040488806" "Mozilla/5.0 AppleWebKit/537.36 (KHTML, like Gecko; compatible; GPTBot/1.3; +https://openai.com/gptbot)"
74.7.243.236 - - [17/Mar/2026:18:07:18 +0000] "GET /goods.php?detail/280001420370 HTTP/2.0" 200 85791 "https://nfsin.com/goods.php?detail/280003895744" "Mozilla/5.0 AppleWebKit/537.36 (KHTML, like Gecko; compatible; GPTBot/1.3; +https://openai.com/gptbot)"
74.7.243.236 - - [17/Mar/2026:18:07:31 +0000] "GET /goods.php?detail/097035567019 HTTP/2.0" 200 85044 "https://nfsin.com/goods.php?detail/257007592548" "Mozilla/5.0 AppleWebKit/537.36 (KHTML, like Gecko; compatible; GPTBot/1.3; +https://openai.com/gptbot)"
74.7.243.236 - - [17/Mar/2026:18:07:48 +0000] "GET /goods.php?detail/0340106062026 HTTP/2.0" 200 86629 "https://nfsin.com/goods.php?detail/257007592548" "Mozilla/5.0 AppleWebKit/537.36 (KHTML, like Gecko; compatible; GPTBot/1.3; +https://openai.com/gptbot)"
74.7.243.236 - - [17/Mar/2026:18:08:04 +0000] "GET /goods.php?detail/0460069447047 HTTP/2.0" 200 85803 "https://nfsin.com/goods.php?detail/046002373100" "Mozilla/5.0 AppleWebKit/537.36 (KHTML, like Gecko; compatible; GPTBot/1.3; +https://openai.com/gptbot)"
74.7.243.236 - - [17/Mar/2026:18:08:19 +0000] "GET /goods.php?detail/080004592877 HTTP/2.0" 200 85390 "https://nfsin.com/goods.php?detail/006000188937" "Mozilla/5.0 AppleWebKit/537.36 (KHTML, like Gecko; compatible; GPTBot/1.3; +https://openai.com/gptbot)"
74.7.243.236 - - [17/Mar/2026:18:08:34 +0000] "GET /goods.php?detail/102028937960 HTTP/2.0" 200 85610 "https://nfsin.com/goods.php?detail/046002377620" "Mozilla/5.0 AppleWebKit/537.36 (KHTML, like Gecko; compatible; GPTBot/1.3; +https://openai.com/gptbot)"
74.7.243.236 - - [17/Mar/2026:18:08:47 +0000] "GET /goods.php?detail/046001639099 HTTP/2.0" 200 87483 "https://nfsin.com/goods.php?detail/046002377620" "Mozilla/5.0 AppleWebKit/537.36 (KHTML, like Gecko; compatible; GPTBot/1.3; +https://openai.com/gptbot)"
74.7.243.236 - - [17/Mar/2026:18:08:59 +0000] "GET /goods.php?detail/046001648436 HTTP/2.0" 200 85486 "https://nfsin.com/goods.php?detail/046002377620" "Mozilla/5.0 AppleWebKit/537.36 (KHTML, like Gecko; compatible; GPTBot/1.3; +https://openai.com/gptbot)"
74.7.243.236 - - [17/Mar/2026:18:09:12 +0000] "GET /goods.php??h=buqo42u365arptwhwc HTTP/2.0" 200 86124 "https://nfsin.com/goods.php??q=lklq24rha4259pwzbyj" "Mozilla/5.0 AppleWebKit/537.36 (KHTML, like Gecko; compatible; GPTBot/1.3; +https://openai.com/gptbot)"
74.7.243.236 - - [17/Mar/2026:18:09:25 +0000] "GET /goods.php?detail/275047475785 HTTP/2.0" 200 86440 "https://nfsin.com/goods.php?detail/021013983652" "Mozilla/5.0 AppleWebKit/537.36 (KHTML, like Gecko; compatible; GPTBot/1.3; +https://openai.com/gptbot)"
5.39.1.225 - - [17/Mar/2026:18:09:32 +0000] "GET /wp-includes/class-wp-text-diff-renderer-table.php HTTP/2.0" 404 15598 "-" "Mozilla/5.0 (compatible; AhrefsBot/7.0; +http://ahrefs.com/robot/)"
74.7.243.236 - - [17/Mar/2026:18:09:40 +0000] "GET /goods.php?detail/037018970396 HTTP/2.0" 200 85998 "https://nfsin.com/goods.php?detail/046002377620" "Mozilla/5.0 AppleWebKit/537.36 (KHTML, like Gecko; compatible; GPTBot/1.3; +https://openai.com/gptbot)"
43.166.238.12 - - [17/Mar/2026:18:09:39 +0000] "GET / HTTP/1.1" 200 17796 "http://www.nfsin.com" "Mozilla/5.0 (iPhone; CPU iPhone OS 13_2_3 like Mac OS X) AppleWebKit/605.1.15 (KHTML, like Gecko) Version/13.0.3 Mobile/15E148 Safari/604.1"
139.162.194.112 - - [17/Mar/2026:18:09:40 +0000] "POST /wp-cron.php?doing_wp_cron=1773770979.9416720867156982421875 HTTP/1.1" 404 15588 "-" "WordPress/6.9.1; https://nfsin.com"
74.7.243.236 - - [17/Mar/2026:18:10:03 +0000] "GET /goods.php?jp/280001420.html HTTP/2.0" 200 85681 "https://nfsin.com/goods.php?detail/280001420370" "Mozilla/5.0 AppleWebKit/537.36 (KHTML, like Gecko; compatible; GPTBot/1.3; +https://openai.com/gptbot)"
74.7.243.236 - - [17/Mar/2026:18:10:22 +0000] "GET /goods.php?detail/085013222252 HTTP/2.0" 200 85597 "https://nfsin.com/goods.php?detail/2400144870048" "Mozilla/5.0 AppleWebKit/537.36 (KHTML, like Gecko; compatible; GPTBot/1.3; +https://openai.com/gptbot)"
74.7.243.236 - - [17/Mar/2026:18:10:36 +0000] "GET /goods.php?detail/240001706730 HTTP/2.0" 200 86084 "https://nfsin.com/goods.php?jp/240040488.html" "Mozilla/5.0 AppleWebKit/537.36 (KHTML, like Gecko; compatible; GPTBot/1.3; +https://openai.com/gptbot)"
74.7.243.236 - - [17/Mar/2026:18:10:49 +0000] "GET /goods.php?detail/052004770555 HTTP/2.0" 200 85709 "https://nfsin.com/goods.php?detail/0460069447047" "Mozilla/5.0 AppleWebKit/537.36 (KHTML, like Gecko; compatible; GPTBot/1.3; +https://openai.com/gptbot)"
74.7.243.236 - - [17/Mar/2026:18:11:04 +0000] "GET /goods.php?detail/046001054447 HTTP/2.0" 200 86363 "https://nfsin.com/goods.php?detail/0460069447047" "Mozilla/5.0 AppleWebKit/537.36 (KHTML, like Gecko; compatible; GPTBot/1.3; +https://openai.com/gptbot)"
74.7.243.236 - - [17/Mar/2026:18:11:23 +0000] "GET /goods.php?jp/264039486.html HTTP/2.0" 200 85627 "https://nfsin.com/goods.php?detail/102028937960" "Mozilla/5.0 AppleWebKit/537.36 (KHTML, like Gecko; compatible; GPTBot/1.3; +https://openai.com/gptbot)"
74.7.243.236 - - [17/Mar/2026:18:11:36 +0000] "GET /goods.php?detail/220007102843 HTTP/2.0" 200 85893 "https://nfsin.com/goods.php?detail/002004191958" "Mozilla/5.0 AppleWebKit/537.36 (KHTML, like Gecko; compatible; GPTBot/1.3; +https://openai.com/gptbot)"
74.7.243.236 - - [17/Mar/2026:18:11:48 +0000] "GET /goods.php?detail/300038322779 HTTP/2.0" 200 87231 "https://nfsin.com/goods.php?jp/240040488.html" "Mozilla/5.0 AppleWebKit/537.36 (KHTML, like Gecko; compatible; GPTBot/1.3; +https://openai.com/gptbot)"
74.7.243.236 - - [17/Mar/2026:18:12:08 +0000] "GET /goods.php??o=gsnd290nus253lpdmwgh HTTP/2.0" 200 85648 "https://nfsin.com/goods.php??h=buqo42u365arptwhwc" "Mozilla/5.0 AppleWebKit/537.36 (KHTML, like Gecko; compatible; GPTBot/1.3; +https://openai.com/gptbot)"
74.7.243.236 - - [17/Mar/2026:18:12:23 +0000] "GET /goods.php?detail/011029278501 HTTP/2.0" 200 85726 "https://nfsin.com/goods.php?detail/275047475785" "Mozilla/5.0 AppleWebKit/537.36 (KHTML, like Gecko; compatible; GPTBot/1.3; +https://openai.com/gptbot)"
74.7.243.236 - - [17/Mar/2026:18:12:37 +0000] "GET /goods.php??k=aayk42ijm3023wkpyrq HTTP/2.0" 200 87010 "https://nfsin.com/goods.php??h=buqo42u365arptwhwc" "Mozilla/5.0 AppleWebKit/537.36 (KHTML, like Gecko; compatible; GPTBot/1.3; +https://openai.com/gptbot)"
74.7.243.236 - - [17/Mar/2026:18:12:52 +0000] "GET /goods.php??c=ociuu42xj2969jbbcsxp HTTP/2.0" 200 86260 "https://nfsin.com/goods.php??h=buqo42u365arptwhwc" "Mozilla/5.0 AppleWebKit/537.36 (KHTML, like Gecko; compatible; GPTBot/1.3; +https://openai.com/gptbot)"
74.7.243.236 - - [17/Mar/2026:18:13:10 +0000] "GET /goods.php?goods/075005003 HTTP/2.0" 200 85990 "https://nfsin.com/goods.php?detail/085013222252" "Mozilla/5.0 AppleWebKit/537.36 (KHTML, like Gecko; compatible; GPTBot/1.3; +https://openai.com/gptbot)"
74.7.243.236 - - [17/Mar/2026:18:13:25 +0000] "GET /goods.php?detail/0040099126019 HTTP/2.0" 200 86305 "https://nfsin.com/goods.php?detail/240001706730" "Mozilla/5.0 AppleWebKit/537.36 (KHTML, like Gecko; compatible; GPTBot/1.3; +https://openai.com/gptbot)"
74.7.243.236 - - [17/Mar/2026:18:13:39 +0000] "GET /goods.php?safe_search/config?return_url=%2Fproduct%2Fdetail%2Fm68346469227 HTTP/2.0" 200 85487 "https://nfsin.com/goods.php?detail/052004770555" "Mozilla/5.0 AppleWebKit/537.36 (KHTML, like Gecko; compatible; GPTBot/1.3; +https://openai.com/gptbot)"
74.7.243.236 - - [17/Mar/2026:18:13:54 +0000] "GET /goods.php?detail/051020293927 HTTP/2.0" 200 85909 "https://nfsin.com/goods.php?detail/052004770555" "Mozilla/5.0 AppleWebKit/537.36 (KHTML, like Gecko; compatible; GPTBot/1.3; +https://openai.com/gptbot)"
74.7.243.236 - - [17/Mar/2026:18:14:09 +0000] "GET /goods.php?detail/143048981530 HTTP/2.0" 200 85331 "https://nfsin.com/goods.php?jp/280001420.html" "Mozilla/5.0 AppleWebKit/537.36 (KHTML, like Gecko; compatible; GPTBot/1.3; +https://openai.com/gptbot)"
92.222.104.203 - - [17/Mar/2026:18:14:11 +0000] "GET /wp-includes/class-wp-site-query.php HTTP/2.0" 404 15598 "-" "Mozilla/5.0 (compatible; AhrefsBot/7.0; +http://ahrefs.com/robot/)"
139.162.194.112 - - [17/Mar/2026:18:14:17 +0000] "POST /wp-cron.php?doing_wp_cron=1773771257.0806009769439697265625 HTTP/1.1" 404 15598 "-" "WordPress/6.9.1; https://nfsin.com"
74.7.243.236 - - [17/Mar/2026:18:14:25 +0000] "GET /goods.php?detail/261043045429 HTTP/2.0" 200 86719 "https://nfsin.com/goods.php?detail/220007102843" "Mozilla/5.0 AppleWebKit/537.36 (KHTML, like Gecko; compatible; GPTBot/1.3; +https://openai.com/gptbot)"
74.7.243.236 - - [17/Mar/2026:18:14:40 +0000] "GET /goods.php?detail/167026762855 HTTP/2.0" 200 85733 "https://nfsin.com/goods.php?detail/300038322779" "Mozilla/5.0 AppleWebKit/537.36 (KHTML, like Gecko; compatible; GPTBot/1.3; +https://openai.com/gptbot)"
74.7.243.236 - - [17/Mar/2026:18:14:55 +0000] "GET /goods.php?detail/0420404383201 HTTP/2.0" 200 85432 "https://nfsin.com/goods.php?detail/300038322779" "Mozilla/5.0 AppleWebKit/537.36 (KHTML, like Gecko; compatible; GPTBot/1.3; +https://openai.com/gptbot)"
74.7.243.236 - - [17/Mar/2026:18:15:08 +0000] "GET /goods.php?product/edit/m96530650259 HTTP/2.0" 200 85695 "https://nfsin.com/goods.php?detail/011029278501" "Mozilla/5.0 AppleWebKit/537.36 (KHTML, like Gecko; compatible; GPTBot/1.3; +https://openai.com/gptbot)"
74.7.243.236 - - [17/Mar/2026:18:15:25 +0000] "GET /goods.php??o=rvsr42j1579pyvpekt HTTP/2.0" 200 86514 "https://nfsin.com/goods.php??k=aayk42ijm3023wkpyrq" "Mozilla/5.0 AppleWebKit/537.36 (KHTML, like Gecko; compatible; GPTBot/1.3; +https://openai.com/gptbot)"
74.7.243.236 - - [17/Mar/2026:18:15:46 +0000] "GET /goods.php??f=rqz84u8465shullp HTTP/2.0" 200 86540 "https://nfsin.com/goods.php??c=ociuu42xj2969jbbcsxp" "Mozilla/5.0 AppleWebKit/537.36 (KHTML, like Gecko; compatible; GPTBot/1.3; +https://openai.com/gptbot)"
74.7.243.236 - - [17/Mar/2026:18:16:06 +0000] "GET /goods.php?detail/240002393658 HTTP/2.0" 200 85298 "https://nfsin.com/goods.php?jp/240040488.html" "Mozilla/5.0 AppleWebKit/537.36 (KHTML, like Gecko; compatible; GPTBot/1.3; +https://openai.com/gptbot)"
74.7.243.236 - - [17/Mar/2026:18:16:24 +0000] "GET /goods.php?detail/170002334280 HTTP/2.0" 200 85771 "https://nfsin.com/goods.php?detail/0040099126019" "Mozilla/5.0 AppleWebKit/537.36 (KHTML, like Gecko; compatible; GPTBot/1.3; +https://openai.com/gptbot)"
74.7.243.236 - - [17/Mar/2026:18:16:43 +0000] "GET /goods.php??f=elh50d1785iffpwlxhfp HTTP/2.0" 200 85726 "https://nfsin.com/goods.php?safe_search/config?return_url=%2Fproduct%2Fdetail%2Fm68346469227" "Mozilla/5.0 AppleWebKit/537.36 (KHTML, like Gecko; compatible; GPTBot/1.3; +https://openai.com/gptbot)"
74.7.243.236 - - [17/Mar/2026:18:17:01 +0000] "GET /goods.php?detail/024019878649 HTTP/2.0" 200 86701 "https://nfsin.com/goods.php?detail/024005990023" "Mozilla/5.0 AppleWebKit/537.36 (KHTML, like Gecko; compatible; GPTBot/1.3; +https://openai.com/gptbot)"
74.7.243.236 - - [17/Mar/2026:18:17:21 +0000] "GET /goods.php?detail/147009482587 HTTP/2.0" 200 85875 "https://nfsin.com/goods.php?detail/156015630346" "Mozilla/5.0 AppleWebKit/537.36 (KHTML, like Gecko; compatible; GPTBot/1.3; +https://openai.com/gptbot)"
74.7.243.236 - - [17/Mar/2026:18:17:42 +0000] "GET /goods.php?detail/281017225259 HTTP/2.0" 200 85802 "https://nfsin.com/goods.php?detail/261043045429" "Mozilla/5.0 AppleWebKit/537.36 (KHTML, like Gecko; compatible; GPTBot/1.3; +https://openai.com/gptbot)"
92.222.108.100 - - [17/Mar/2026:18:17:43 +0000] "GET /wp-includes/class-wp-post.php HTTP/2.0" 404 15598 "-" "Mozilla/5.0 (compatible; AhrefsBot/7.0; +http://ahrefs.com/robot/)"
139.162.194.112 - - [17/Mar/2026:18:17:54 +0000] "POST /wp-cron.php?doing_wp_cron=1773771474.4165489673614501953125 HTTP/1.1" 404 15598 "-" "WordPress/6.9.1; https://nfsin.com"
74.7.243.236 - - [17/Mar/2026:18:18:03 +0000] "GET /goods.php?detail/037012356719 HTTP/2.0" 200 85722 "https://nfsin.com/goods.php?detail/037018970396" "Mozilla/5.0 AppleWebKit/537.36 (KHTML, like Gecko; compatible; GPTBot/1.3; +https://openai.com/gptbot)"
74.7.243.236 - - [17/Mar/2026:18:18:30 +0000] "GET /goods.php?detail/042003350880 HTTP/2.0" 200 86126 "https://nfsin.com/goods.php?detail/0420404383201" "Mozilla/5.0 AppleWebKit/537.36 (KHTML, like Gecko; compatible; GPTBot/1.3; +https://openai.com/gptbot)"
74.7.243.236 - - [17/Mar/2026:18:18:53 +0000] "GET /goods.php??d=xfq68rt2371fmrwug HTTP/2.0" 200 86289 "https://nfsin.com/goods.php?product/edit/m96530650259" "Mozilla/5.0 AppleWebKit/537.36 (KHTML, like Gecko; compatible; GPTBot/1.3; +https://openai.com/gptbot)"
74.7.243.236 - - [17/Mar/2026:18:19:15 +0000] "GET /goods.php??h=wsga172k1799kaftsm HTTP/2.0" 200 87111 "https://nfsin.com/goods.php??o=rvsr42j1579pyvpekt" "Mozilla/5.0 AppleWebKit/537.36 (KHTML, like Gecko; compatible; GPTBot/1.3; +https://openai.com/gptbot)"
74.7.243.236 - - [17/Mar/2026:18:19:45 +0000] "GET /goods.php??z=opzuq84b1671vxlsnm HTTP/2.0" 200 85859 "https://nfsin.com/goods.php??f=rqz84u8465shullp" "Mozilla/5.0 AppleWebKit/537.36 (KHTML, like Gecko; compatible; GPTBot/1.3; +https://openai.com/gptbot)"
74.7.243.236 - - [17/Mar/2026:18:20:05 +0000] "GET /goods.php??u=fyi44b7667qmrbuwkj HTTP/2.0" 200 86781 "https://nfsin.com/goods.php??f=rqz84u8465shullp" "Mozilla/5.0 AppleWebKit/537.36 (KHTML, like Gecko; compatible; GPTBot/1.3; +https://openai.com/gptbot)"
74.7.243.236 - - [17/Mar/2026:18:20:29 +0000] "GET /goods.php??e=mcnlc84i1427zbghso HTTP/2.0" 200 86001 "https://nfsin.com/goods.php??f=rqz84u8465shullp" "Mozilla/5.0 AppleWebKit/537.36 (KHTML, like Gecko; compatible; GPTBot/1.3; +https://openai.com/gptbot)"
74.7.243.236 - - [17/Mar/2026:18:20:49 +0000] "GET /goods.php??j=ija50ckuir953bnmcbs HTTP/2.0" 200 85558 "https://nfsin.com/goods.php??f=elh50d1785iffpwlxhfp" "Mozilla/5.0 AppleWebKit/537.36 (KHTML, like Gecko; compatible; GPTBot/1.3; +https://openai.com/gptbot)"
74.7.243.236 - - [17/Mar/2026:18:21:13 +0000] "GET /goods.php?detail/006003817027 HTTP/2.0" 200 85677 "https://nfsin.com/goods.php?detail/170002334280" "Mozilla/5.0 AppleWebKit/537.36 (KHTML, like Gecko; compatible; GPTBot/1.3; +https://openai.com/gptbot)"
74.7.243.236 - - [17/Mar/2026:18:21:39 +0000] "GET /goods.php?detail/136032614161 HTTP/2.0" 200 85960 "https://nfsin.com/goods.php?detail/147009482587" "Mozilla/5.0 AppleWebKit/537.36 (KHTML, like Gecko; compatible; GPTBot/1.3; +https://openai.com/gptbot)"
74.7.243.236 - - [17/Mar/2026:18:22:06 +0000] "GET /goods.php??h=bbss50cii829rruibhdr HTTP/2.0" 200 85545 "https://nfsin.com/goods.php??f=elh50d1785iffpwlxhfp" "Mozilla/5.0 AppleWebKit/537.36 (KHTML, like Gecko; compatible; GPTBot/1.3; +https://openai.com/gptbot)"
74.7.243.236 - - [17/Mar/2026:18:22:36 +0000] "GET /goods.php?detail/281021815395 HTTP/2.0" 200 85534 "https://nfsin.com/goods.php?detail/281017225259" "Mozilla/5.0 AppleWebKit/537.36 (KHTML, like Gecko; compatible; GPTBot/1.3; +https://openai.com/gptbot)"
74.7.243.236 - - [17/Mar/2026:18:22:55 +0000] "GET /goods.php??u=hrr50bbt47775puzmds HTTP/2.0" 200 85893 "https://nfsin.com/goods.php?product/edit/m96530650259" "Mozilla/5.0 AppleWebKit/537.36 (KHTML, like Gecko; compatible; GPTBot/1.3; +https://openai.com/gptbot)"
74.7.243.236 - - [17/Mar/2026:18:23:18 +0000] "GET /goods.php??r=ndcq50r467phnfblsr HTTP/2.0" 200 85716 "https://nfsin.com/goods.php??f=elh50d1785iffpwlxhfp" "Mozilla/5.0 AppleWebKit/537.36 (KHTML, like Gecko; compatible; GPTBot/1.3; +https://openai.com/gptbot)"
74.7.243.236 - - [17/Mar/2026:18:23:37 +0000] "GET /goods.php??u=whop26r11221yhyyui HTTP/2.0" 200 85828 "https://nfsin.com/goods.php??h=wsga172k1799kaftsm" "Mozilla/5.0 AppleWebKit/537.36 (KHTML, like Gecko; compatible; GPTBot/1.3; +https://openai.com/gptbot)"
74.7.243.236 - - [17/Mar/2026:18:23:57 +0000] "GET /goods.php?detail/0840024019441 HTTP/2.0" 200 86429 "https://nfsin.com/goods.php??z=opzuq84b1671vxlsnm" "Mozilla/5.0 AppleWebKit/537.36 (KHTML, like Gecko; compatible; GPTBot/1.3; +https://openai.com/gptbot)"
204.12.208.18 - - [17/Mar/2026:18:24:20 +0000] "GET /wp-includes/wpf78988/edit.php HTTP/1.1" 200 26 "https://nfsin.com/wp-includes/wpf78988/edit.php" "Mozilla/5.0 (Windows NT 5.1) AppleWebKit/534.30 (KHTML, like Gecko) Chrome/12.0.742.122 Safari/534.30 ChromePlus/1.6.3.1"
74.7.243.236 - - [17/Mar/2026:18:24:20 +0000] "GET /goods.php?detail/0440115611408 HTTP/2.0" 200 85838 "https://nfsin.com/goods.php??u=fyi44b7667qmrbuwkj" "Mozilla/5.0 AppleWebKit/537.36 (KHTML, like Gecko; compatible; GPTBot/1.3; +https://openai.com/gptbot)"
74.7.243.236 - - [17/Mar/2026:18:24:43 +0000] "GET /goods.php?detail/084000651744 HTTP/2.0" 200 86120 "https://nfsin.com/goods.php??f=rqz84u8465shullp" "Mozilla/5.0 AppleWebKit/537.36 (KHTML, like Gecko; compatible; GPTBot/1.3; +https://openai.com/gptbot)"
74.7.243.236 - - [17/Mar/2026:18:25:05 +0000] "GET /goods.php?detail/172003447858 HTTP/2.0" 200 87235 "https://nfsin.com/goods.php??h=wsga172k1799kaftsm" "Mozilla/5.0 AppleWebKit/537.36 (KHTML, like Gecko; compatible; GPTBot/1.3; +https://openai.com/gptbot)"
74.7.243.236 - - [17/Mar/2026:18:25:24 +0000] "GET /goods.php?detail/006011126980 HTTP/2.0" 200 85825 "https://nfsin.com/goods.php?detail/006003817027" "Mozilla/5.0 AppleWebKit/537.36 (KHTML, like Gecko; compatible; GPTBot/1.3; +https://openai.com/gptbot)"
204.12.208.18 - - [17/Mar/2026:18:24:00 +0000] "GET /wp-includes/wpf78988/edit.php HTTP/1.1" 200 20 "https://nfsin.com/wp-includes/wpf78988/edit.php" "Mozilla/4.0 (compatible; GoogleToolbar 5.0.2124.2070; Windows 6.0; MSIE 8.0.6001.18241)"
74.7.243.236 - - [17/Mar/2026:18:25:42 +0000] "GET /goods.php?detail/073041919127 HTTP/2.0" 200 85562 "https://nfsin.com/goods.php?detail/006003817027" "Mozilla/5.0 AppleWebKit/537.36 (KHTML, like Gecko; compatible; GPTBot/1.3; +https://openai.com/gptbot)"
74.7.244.5 - - [17/Mar/2026:18:26:01 +0000] "GET /robots.txt HTTP/2.0" 200 26 "-" "Mozilla/5.0 (Macintosh; Intel Mac OS X 10_15_7) AppleWebKit/537.36 (KHTML, like Gecko) Chrome/131.0.0.0 Safari/537.36; compatible; OAI-SearchBot/1.3; robots.txt; +https://openai.com/searchbot"
74.7.244.25 - - [17/Mar/2026:18:26:04 +0000] "GET /robots.txt HTTP/2.0" 401 52 "-" "Mozilla/5.0 (Macintosh; Intel Mac OS X 10_15_7) AppleWebKit/537.36 (KHTML, like Gecko) Chrome/131.0.0.0 Safari/537.36; compatible; OAI-SearchBot/1.3; robots.txt; +https://openai.com/searchbot"
74.7.227.142 - - [17/Mar/2026:18:26:04 +0000] "GET / HTTP/2.0" 401 52 "-" "Mozilla/5.0 AppleWebKit/537.36 (KHTML, like Gecko; compatible; GPTBot/1.3; +https://openai.com/gptbot)"
74.7.243.236 - - [17/Mar/2026:18:26:06 +0000] "GET /goods.php??e=hrp35x30378egolgj HTTP/2.0" 200 87607 "https://nfsin.com/goods.php??h=bbss50cii829rruibhdr" "Mozilla/5.0 AppleWebKit/537.36 (KHTML, like Gecko; compatible; GPTBot/1.3; +https://openai.com/gptbot)"
51.68.247.202 - - [17/Mar/2026:18:26:01 +0000] "GET /wp-includes/class-wp-http-encoding.php HTTP/2.0" 404 15598 "-" "Mozilla/5.0 (compatible; AhrefsBot/7.0; +http://ahrefs.com/robot/)"
139.162.194.112 - - [17/Mar/2026:18:26:15 +0000] "POST /wp-cron.php?doing_wp_cron=1773771975.4617168903350830078125 HTTP/1.1" 404 15598 "-" "WordPress/6.9.1; https://nfsin.com"
74.7.243.236 - - [17/Mar/2026:18:26:33 +0000] "GET /goods.php?detail/28101286312151 HTTP/2.0" 200 85552 "https://nfsin.com/goods.php?detail/281021815395" "Mozilla/5.0 AppleWebKit/537.36 (KHTML, like Gecko; compatible; GPTBot/1.3; +https://openai.com/gptbot)"
74.7.243.236 - - [17/Mar/2026:18:26:55 +0000] "GET /goods.php??n=dpvc216jt17661jgrmdhvylw HTTP/2.0" 200 87821 "https://nfsin.com/goods.php??u=hrr50bbt47775puzmds" "Mozilla/5.0 AppleWebKit/537.36 (KHTML, like Gecko; compatible; GPTBot/1.3; +https://openai.com/gptbot)"
69.197.179.242 - - [17/Mar/2026:18:25:32 +0000] "GET /wp-includes/wpf78988/edit.php?id=545071 HTTP/1.1" 200 20 "https://nfsin.com/wp-includes/wpf78988/edit.php?id=545071" "Mozilla/5.0 (Windows NT 10.0; Win64; x64) AppleWebKit/537.36 (KHTML, like Gecko) Chrome/58.0.3029.110 Safari/537.3"
74.7.243.236 - - [17/Mar/2026:18:27:21 +0000] "GET /goods.php??w=cpxg50z1629onnkvrev HTTP/2.0" 200 85527 "https://nfsin.com/goods.php??h=bbss50cii829rruibhdr" "Mozilla/5.0 AppleWebKit/537.36 (KHTML, like Gecko; compatible; GPTBot/1.3; +https://openai.com/gptbot)"
74.7.243.236 - - [17/Mar/2026:18:27:42 +0000] "GET /goods.php??s=kdqy276c1945mngsvti HTTP/2.0" 200 86220 "https://nfsin.com/goods.php??u=whop26r11221yhyyui" "Mozilla/5.0 AppleWebKit/537.36 (KHTML, like Gecko; compatible; GPTBot/1.3; +https://openai.com/gptbot)"
74.7.243.236 - - [17/Mar/2026:18:28:04 +0000] "GET /goods.php??c=nawb26ol239rpmfqib HTTP/2.0" 200 86105 "https://nfsin.com/goods.php??u=whop26r11221yhyyui" "Mozilla/5.0 AppleWebKit/537.36 (KHTML, like Gecko; compatible; GPTBot/1.3; +https://openai.com/gptbot)"
74.7.243.236 - - [17/Mar/2026:18:28:28 +0000] "GET /goods.php?detail/044009634104 HTTP/2.0" 200 86072 "https://nfsin.com/goods.php?detail/0440115611408" "Mozilla/5.0 AppleWebKit/537.36 (KHTML, like Gecko; compatible; GPTBot/1.3; +https://openai.com/gptbot)"
