74.7.243.236 - - [18/Mar/2026:10:37:22 +0000] "GET /goods.php?jp/170005555.html HTTP/2.0" 200 85903 "https://nfsin.com/goods.php?detail/1850180322696" "Mozilla/5.0 AppleWebKit/537.36 (KHTML, like Gecko; compatible; GPTBot/1.3; +https://openai.com/gptbot)"
74.7.243.236 - - [18/Mar/2026:10:37:35 +0000] "GET /goods.php??h=yhk84i3295pseanykff HTTP/2.0" 200 87206 "https://nfsin.com/goods.php??s=lyn84d243scsejtqal" "Mozilla/5.0 AppleWebKit/537.36 (KHTML, like Gecko; compatible; GPTBot/1.3; +https://openai.com/gptbot)"
74.7.243.236 - - [18/Mar/2026:10:37:49 +0000] "GET /goods.php??g=bvj84qbwi3289pezyxlf HTTP/2.0" 200 87296 "https://nfsin.com/goods.php??s=lyn84d243scsejtqal" "Mozilla/5.0 AppleWebKit/537.36 (KHTML, like Gecko; compatible; GPTBot/1.3; +https://openai.com/gptbot)"
74.7.243.236 - - [18/Mar/2026:10:38:02 +0000] "GET /goods.php?detail/005000740640 HTTP/2.0" 200 85777 "https://nfsin.com/goods.php?detail/005040671544" "Mozilla/5.0 AppleWebKit/537.36 (KHTML, like Gecko; compatible; GPTBot/1.3; +https://openai.com/gptbot)"
74.7.243.236 - - [18/Mar/2026:10:38:13 +0000] "GET /goods.php??t=umrfg84p3351uhdpmobb HTTP/2.0" 200 86747 "https://nfsin.com/goods.php??s=lyn84d243scsejtqal" "Mozilla/5.0 AppleWebKit/537.36 (KHTML, like Gecko; compatible; GPTBot/1.3; +https://openai.com/gptbot)"
74.7.243.236 - - [18/Mar/2026:10:38:25 +0000] "GET /goods.php?detail/036002576669 HTTP/2.0" 200 85888 "https://nfsin.com/goods.php?detail/0360012550052" "Mozilla/5.0 AppleWebKit/537.36 (KHTML, like Gecko; compatible; GPTBot/1.3; +https://openai.com/gptbot)"
74.7.243.236 - - [18/Mar/2026:10:38:36 +0000] "GET /goods.php??a=egw34frm6293natzrtt HTTP/2.0" 200 86017 "https://nfsin.com/goods.php?products/connect/l034032790" "Mozilla/5.0 AppleWebKit/537.36 (KHTML, like Gecko; compatible; GPTBot/1.3; +https://openai.com/gptbot)"
69.197.179.242 - - [18/Mar/2026:10:37:18 +0000] "GET /wp-includes/wpf78988/edit.php?id=545071 HTTP/1.1" 200 20 "https://nfsin.com/wp-includes/wpf78988/edit.php?id=545071" "Mozilla/5.0 (Windows NT 10.0; Win64; x64) AppleWebKit/537.36 (KHTML, like Gecko) Chrome/58.0.3029.110 Safari/537.3"
74.7.243.236 - - [18/Mar/2026:10:38:49 +0000] "GET /goods.php?pcmypage?callback=product%2Fdetail%2Fm31915874876 HTTP/2.0" 200 86319 "https://nfsin.com/goods.php?detail/0140182880684" "Mozilla/5.0 AppleWebKit/537.36 (KHTML, like Gecko; compatible; GPTBot/1.3; +https://openai.com/gptbot)"
74.7.243.236 - - [18/Mar/2026:10:39:05 +0000] "GET /goods.php?detail/265035403093 HTTP/2.0" 200 87393 "https://nfsin.com/goods.php?detail/0140182880684" "Mozilla/5.0 AppleWebKit/537.36 (KHTML, like Gecko; compatible; GPTBot/1.3; +https://openai.com/gptbot)"
74.7.243.236 - - [18/Mar/2026:10:39:19 +0000] "GET /goods.php?detail/014012129435 HTTP/2.0" 200 85578 "https://nfsin.com/goods.php?detail/0140182880684" "Mozilla/5.0 AppleWebKit/537.36 (KHTML, like Gecko; compatible; GPTBot/1.3; +https://openai.com/gptbot)"
74.7.243.236 - - [18/Mar/2026:10:39:32 +0000] "GET /goods.php?pcmypage?callback=product%2Fdetail%2Fm94206696190 HTTP/2.0" 200 85466 "https://nfsin.com/goods.php?detail/131021090353" "Mozilla/5.0 AppleWebKit/537.36 (KHTML, like Gecko; compatible; GPTBot/1.3; +https://openai.com/gptbot)"
74.7.243.236 - - [18/Mar/2026:10:39:44 +0000] "GET /goods.php?detail/019003780201 HTTP/2.0" 200 85686 "https://nfsin.com/goods.php?jp/170005555.html" "Mozilla/5.0 AppleWebKit/537.36 (KHTML, like Gecko; compatible; GPTBot/1.3; +https://openai.com/gptbot)"
74.7.243.236 - - [18/Mar/2026:10:39:58 +0000] "GET /goods.php??k=zjby84c1965vphdqngk HTTP/2.0" 200 86190 "https://nfsin.com/goods.php??h=yhk84i3295pseanykff" "Mozilla/5.0 AppleWebKit/537.36 (KHTML, like Gecko; compatible; GPTBot/1.3; +https://openai.com/gptbot)"
198.244.242.110 - - [18/Mar/2026:10:40:01 +0000] "GET /wp-includes/interactivity-api/?C=S;O=A HTTP/2.0" 200 382 "-" "Mozilla/5.0 (compatible; AhrefsBot/7.0; +http://ahrefs.com/robot/)"
74.7.243.236 - - [18/Mar/2026:10:40:14 +0000] "GET /goods.php?detail/131013854564 HTTP/2.0" 200 85769 "https://nfsin.com/goods.php?detail/131021090353" "Mozilla/5.0 AppleWebKit/537.36 (KHTML, like Gecko; compatible; GPTBot/1.3; +https://openai.com/gptbot)"
69.197.179.242 - - [18/Mar/2026:10:38:48 +0000] "GET /wp-includes/wpf78988/edit.php?id=545071 HTTP/1.1" 200 20 "https://nfsin.com/wp-includes/wpf78988/edit.php?id=545071" "Mozilla/5.0 (Windows NT 10.0; Win64; x64) AppleWebKit/537.36 (KHTML, like Gecko) Chrome/58.0.3029.110 Safari/537.3"
74.7.243.236 - - [18/Mar/2026:10:40:28 +0000] "GET /goods.php?detail/005001094922 HTTP/2.0" 200 85872 "https://nfsin.com/goods.php?detail/005000740640" "Mozilla/5.0 AppleWebKit/537.36 (KHTML, like Gecko; compatible; GPTBot/1.3; +https://openai.com/gptbot)"
74.7.243.236 - - [18/Mar/2026:10:40:41 +0000] "GET /goods.php??q=xxqo40tda5235iaqyvb HTTP/2.0" 200 85858 "https://nfsin.com/goods.php??l=xlagg40ndxx821tlllwz" "Mozilla/5.0 AppleWebKit/537.36 (KHTML, like Gecko; compatible; GPTBot/1.3; +https://openai.com/gptbot)"
74.7.243.236 - - [18/Mar/2026:10:40:54 +0000] "GET /goods.php??q=sarhi40nr5127ypxsvbj HTTP/2.0" 200 85673 "https://nfsin.com/goods.php??l=xlagg40ndxx821tlllwz" "Mozilla/5.0 AppleWebKit/537.36 (KHTML, like Gecko; compatible; GPTBot/1.3; +https://openai.com/gptbot)"
74.7.243.236 - - [18/Mar/2026:10:41:13 +0000] "GET /goods.php?detail/126013586398 HTTP/2.0" 200 85365 "https://nfsin.com/goods.php?detail/005000740640" "Mozilla/5.0 AppleWebKit/537.36 (KHTML, like Gecko; compatible; GPTBot/1.3; +https://openai.com/gptbot)"
74.7.243.236 - - [18/Mar/2026:10:41:30 +0000] "GET /goods.php?detail/00200232754330 HTTP/2.0" 200 87272 "https://nfsin.com/goods.php?pcmypage?callback=product%2Fdetail%2Fm31915874876" "Mozilla/5.0 AppleWebKit/537.36 (KHTML, like Gecko; compatible; GPTBot/1.3; +https://openai.com/gptbot)"
74.7.243.236 - - [18/Mar/2026:10:41:41 +0000] "GET /goods.php??z=psx2n2285weidugdy HTTP/2.0" 200 86086 "https://nfsin.com/goods.php?pcmypage?callback=product%2Fdetail%2Fm31915874876" "Mozilla/5.0 AppleWebKit/537.36 (KHTML, like Gecko; compatible; GPTBot/1.3; +https://openai.com/gptbot)"
69.197.179.242 - - [18/Mar/2026:10:40:19 +0000] "GET /wp-includes/wpf78988/edit.php?id=545071 HTTP/1.1" 200 20 "https://nfsin.com/wp-includes/wpf78988/edit.php?id=545071" "Mozilla/5.0 (Windows NT 10.0; Win64; x64) AppleWebKit/537.36 (KHTML, like Gecko) Chrome/58.0.3029.110 Safari/537.3"
74.7.243.236 - - [18/Mar/2026:10:41:56 +0000] "GET /goods.php?detail/109047862809 HTTP/2.0" 200 86100 "https://nfsin.com/goods.php?detail/265035403093" "Mozilla/5.0 AppleWebKit/537.36 (KHTML, like Gecko; compatible; GPTBot/1.3; +https://openai.com/gptbot)"
74.7.243.236 - - [18/Mar/2026:10:42:12 +0000] "GET /goods.php?detail/265000453475 HTTP/2.0" 200 85595 "https://nfsin.com/goods.php?detail/265035403093" "Mozilla/5.0 AppleWebKit/537.36 (KHTML, like Gecko; compatible; GPTBot/1.3; +https://openai.com/gptbot)"
74.7.243.236 - - [18/Mar/2026:10:42:25 +0000] "GET /goods.php?jp/019000267.html HTTP/2.0" 200 86314 "https://nfsin.com/goods.php?detail/019003780201" "Mozilla/5.0 AppleWebKit/537.36 (KHTML, like Gecko; compatible; GPTBot/1.3; +https://openai.com/gptbot)"
74.7.243.236 - - [18/Mar/2026:10:42:37 +0000] "GET /goods.php?detail/046020222090 HTTP/2.0" 200 85392 "https://nfsin.com/goods.php?detail/019003780201" "Mozilla/5.0 AppleWebKit/537.36 (KHTML, like Gecko; compatible; GPTBot/1.3; +https://openai.com/gptbot)"
74.7.243.236 - - [18/Mar/2026:10:42:49 +0000] "GET /goods.php?detail/107031772150 HTTP/2.0" 200 85175 "https://nfsin.com/goods.php?detail/131013854564" "Mozilla/5.0 AppleWebKit/537.36 (KHTML, like Gecko; compatible; GPTBot/1.3; +https://openai.com/gptbot)"
198.244.226.155 - - [18/Mar/2026:10:43:09 +0000] "GET /wp-includes/html-api/?C=N;O=A HTTP/2.0" 200 340 "-" "Mozilla/5.0 (compatible; AhrefsBot/7.0; +http://ahrefs.com/robot/)"
74.7.243.236 - - [18/Mar/2026:10:43:06 +0000] "GET /goods.php?detail/019000254048 HTTP/2.0" 200 85801 "https://nfsin.com/goods.php?detail/019003780201" "Mozilla/5.0 AppleWebKit/537.36 (KHTML, like Gecko; compatible; GPTBot/1.3; +https://openai.com/gptbot)"
69.197.179.242 - - [18/Mar/2026:10:41:51 +0000] "GET /wp-includes/wpf78988/edit.php?id=545071 HTTP/1.1" 200 20 "https://nfsin.com/wp-includes/wpf78988/edit.php?id=545071" "Mozilla/5.0 (Windows NT 10.0; Win64; x64) AppleWebKit/537.36 (KHTML, like Gecko) Chrome/58.0.3029.110 Safari/537.3"
74.7.243.236 - - [18/Mar/2026:10:43:25 +0000] "GET /goods.php??y=tospc40i8855sojyii HTTP/2.0" 200 86756 "https://nfsin.com/goods.php??q=xxqo40tda5235iaqyvb" "Mozilla/5.0 AppleWebKit/537.36 (KHTML, like Gecko; compatible; GPTBot/1.3; +https://openai.com/gptbot)"
74.7.243.236 - - [18/Mar/2026:10:43:44 +0000] "GET /goods.php??u=ooh40np8861snioit HTTP/2.0" 200 85990 "https://nfsin.com/goods.php??q=xxqo40tda5235iaqyvb" "Mozilla/5.0 AppleWebKit/537.36 (KHTML, like Gecko; compatible; GPTBot/1.3; +https://openai.com/gptbot)"
74.7.243.236 - - [18/Mar/2026:10:43:59 +0000] "GET /goods.php??w=kpxw40e1439thsukgxs HTTP/2.0" 200 85567 "https://nfsin.com/goods.php??q=sarhi40nr5127ypxsvbj" "Mozilla/5.0 AppleWebKit/537.36 (KHTML, like Gecko; compatible; GPTBot/1.3; +https://openai.com/gptbot)"
74.7.243.236 - - [18/Mar/2026:10:44:15 +0000] "GET /goods.php?detail/0020051077518 HTTP/2.0" 200 86219 "https://nfsin.com/goods.php?detail/00200232754330" "Mozilla/5.0 AppleWebKit/537.36 (KHTML, like Gecko; compatible; GPTBot/1.3; +https://openai.com/gptbot)"
74.7.243.236 - - [18/Mar/2026:10:44:27 +0000] "GET /goods.php??m=itr2anun3775wnwetz HTTP/2.0" 200 86922 "https://nfsin.com/goods.php??z=psx2n2285weidugdy" "Mozilla/5.0 AppleWebKit/537.36 (KHTML, like Gecko; compatible; GPTBot/1.3; +https://openai.com/gptbot)"
74.7.243.236 - - [18/Mar/2026:10:44:39 +0000] "GET /goods.php?pcmypage?callback=product/review/m61888815592 HTTP/2.0" 200 86054 "https://nfsin.com/goods.php?detail/109047862809" "Mozilla/5.0 AppleWebKit/537.36 (KHTML, like Gecko; compatible; GPTBot/1.3; +https://openai.com/gptbot)"
69.197.179.242 - - [18/Mar/2026:10:43:21 +0000] "GET /wp-includes/wpf78988/edit.php?id=545071 HTTP/1.1" 200 20 "https://nfsin.com/wp-includes/wpf78988/edit.php?id=545071" "Mozilla/5.0 (Windows NT 10.0; Win64; x64) AppleWebKit/537.36 (KHTML, like Gecko) Chrome/58.0.3029.110 Safari/537.3"
74.7.243.236 - - [18/Mar/2026:10:44:52 +0000] "GET /goods.php??x=clb87tka5588drsion HTTP/2.0" 200 86525 "https://nfsin.com/goods.php??z=psx2n2285weidugdy" "Mozilla/5.0 AppleWebKit/537.36 (KHTML, like Gecko; compatible; GPTBot/1.3; +https://openai.com/gptbot)"
74.7.243.236 - - [18/Mar/2026:10:45:02 +0000] "GET /goods.php?detail/019002525659 HTTP/2.0" 200 86344 "https://nfsin.com/goods.php?jp/019000267.html" "Mozilla/5.0 AppleWebKit/537.36 (KHTML, like Gecko; compatible; GPTBot/1.3; +https://openai.com/gptbot)"
74.7.243.236 - - [18/Mar/2026:10:45:15 +0000] "GET /goods.php?detail/019002120326 HTTP/2.0" 200 86117 "https://nfsin.com/goods.php?jp/019000267.html" "Mozilla/5.0 AppleWebKit/537.36 (KHTML, like Gecko; compatible; GPTBot/1.3; +https://openai.com/gptbot)"
74.7.243.236 - - [18/Mar/2026:10:45:29 +0000] "GET /goods.php?detail/1070491979563 HTTP/2.0" 200 85699 "https://nfsin.com/goods.php?detail/107031772150" "Mozilla/5.0 AppleWebKit/537.36 (KHTML, like Gecko; compatible; GPTBot/1.3; +https://openai.com/gptbot)"
74.7.243.236 - - [18/Mar/2026:10:45:45 +0000] "GET /goods.php?goods/159016731 HTTP/2.0" 200 85493 "https://nfsin.com/goods.php?detail/107031772150" "Mozilla/5.0 AppleWebKit/537.36 (KHTML, like Gecko; compatible; GPTBot/1.3; +https://openai.com/gptbot)"
74.7.243.236 - - [18/Mar/2026:10:46:03 +0000] "GET /goods.php?products/whenever/y071002997 HTTP/2.0" 200 85832 "https://nfsin.com/goods.php??y=tospc40i8855sojyii" "Mozilla/5.0 AppleWebKit/537.36 (KHTML, like Gecko; compatible; GPTBot/1.3; +https://openai.com/gptbot)"
69.197.179.242 - - [18/Mar/2026:10:44:52 +0000] "GET /wp-includes/wpf78988/edit.php?id=545071 HTTP/1.1" 200 20 "https://nfsin.com/wp-includes/wpf78988/edit.php?id=545071" "Mozilla/5.0 (Windows NT 10.0; Win64; x64) AppleWebKit/537.36 (KHTML, like Gecko) Chrome/58.0.3029.110 Safari/537.3"
74.7.243.236 - - [18/Mar/2026:10:46:22 +0000] "GET /goods.php?detail/019000964136 HTTP/2.0" 200 85691 "https://nfsin.com/goods.php?detail/019000254048" "Mozilla/5.0 AppleWebKit/537.36 (KHTML, like Gecko; compatible; GPTBot/1.3; +https://openai.com/gptbot)"
74.7.243.236 - - [18/Mar/2026:10:46:35 +0000] "GET /goods.php??j=uiiz40j1863gsivxbq HTTP/2.0" 200 85577 "https://nfsin.com/goods.php??w=kpxw40e1439thsukgxs" "Mozilla/5.0 AppleWebKit/537.36 (KHTML, like Gecko; compatible; GPTBot/1.3; +https://openai.com/gptbot)"
74.7.243.236 - - [18/Mar/2026:10:46:47 +0000] "GET /goods.php?goods/288011686 HTTP/2.0" 200 86135 "https://nfsin.com/goods.php?detail/0020051077518" "Mozilla/5.0 AppleWebKit/537.36 (KHTML, like Gecko; compatible; GPTBot/1.3; +https://openai.com/gptbot)"
74.7.243.236 - - [18/Mar/2026:10:47:03 +0000] "GET /goods.php?detail/002001360141 HTTP/2.0" 200 85706 "https://nfsin.com/goods.php?detail/0020051077518" "Mozilla/5.0 AppleWebKit/537.36 (KHTML, like Gecko; compatible; GPTBot/1.3; +https://openai.com/gptbot)"
198.244.240.136 - - [18/Mar/2026:10:47:08 +0000] "GET /wp-includes/customize/?C=N;O=A HTTP/2.0" 200 343 "-" "Mozilla/5.0 (compatible; AhrefsBot/7.0; +http://ahrefs.com/robot/)"
74.7.243.236 - - [18/Mar/2026:10:47:17 +0000] "GET /goods.php??z=kmr95a16470cefknybz HTTP/2.0" 200 87233 "https://nfsin.com/goods.php?pcmypage?callback=product/review/m61888815592" "Mozilla/5.0 AppleWebKit/537.36 (KHTML, like Gecko; compatible; GPTBot/1.3; +https://openai.com/gptbot)"
74.7.243.236 - - [18/Mar/2026:10:47:29 +0000] "GET /goods.php?detail/207036493549 HTTP/2.0" 200 85470 "https://nfsin.com/goods.php?pcmypage?callback=product/review/m61888815592" "Mozilla/5.0 AppleWebKit/537.36 (KHTML, like Gecko; compatible; GPTBot/1.3; +https://openai.com/gptbot)"
74.7.243.236 - - [18/Mar/2026:10:47:46 +0000] "GET /goods.php??g=tawy46f3863hcodoz HTTP/2.0" 200 85991 "https://nfsin.com/goods.php?pcmypage?callback=product/review/m61888815592" "Mozilla/5.0 AppleWebKit/537.36 (KHTML, like Gecko; compatible; GPTBot/1.3; +https://openai.com/gptbot)"
69.197.179.242 - - [18/Mar/2026:10:46:23 +0000] "GET /wp-includes/wpf78988/edit.php?id=545071 HTTP/1.1" 200 20 "https://nfsin.com/wp-includes/wpf78988/edit.php?id=545071" "Mozilla/5.0 (Windows NT 10.0; Win64; x64) AppleWebKit/537.36 (KHTML, like Gecko) Chrome/58.0.3029.110 Safari/537.3"
74.7.243.236 - - [18/Mar/2026:10:47:59 +0000] "GET /goods.php?detail/019002094621 HTTP/2.0" 200 86018 "https://nfsin.com/goods.php?jp/019000267.html" "Mozilla/5.0 AppleWebKit/537.36 (KHTML, like Gecko; compatible; GPTBot/1.3; +https://openai.com/gptbot)"
74.7.243.236 - - [18/Mar/2026:10:48:11 +0000] "GET /goods.php?goods/107038969 HTTP/2.0" 200 86554 "https://nfsin.com/goods.php?detail/1070491979563" "Mozilla/5.0 AppleWebKit/537.36 (KHTML, like Gecko; compatible; GPTBot/1.3; +https://openai.com/gptbot)"
74.7.243.236 - - [18/Mar/2026:10:48:23 +0000] "GET /goods.php?detail/0020037560310 HTTP/2.0" 200 86499 "https://nfsin.com/goods.php??z=psx2n2285weidugdy" "Mozilla/5.0 AppleWebKit/537.36 (KHTML, like Gecko; compatible; GPTBot/1.3; +https://openai.com/gptbot)"
74.7.243.236 - - [18/Mar/2026:10:48:34 +0000] "GET /goods.php??h=ynx71a3042ufawhr HTTP/2.0" 200 85779 "https://nfsin.com/goods.php?products/whenever/y071002997" "Mozilla/5.0 AppleWebKit/537.36 (KHTML, like Gecko; compatible; GPTBot/1.3; +https://openai.com/gptbot)"
74.7.243.236 - - [18/Mar/2026:10:48:49 +0000] "GET /goods.php??a=dgdd71o3076wwfrorqr HTTP/2.0" 200 85710 "https://nfsin.com/goods.php?products/whenever/y071002997" "Mozilla/5.0 AppleWebKit/537.36 (KHTML, like Gecko; compatible; GPTBot/1.3; +https://openai.com/gptbot)"
74.7.243.236 - - [18/Mar/2026:10:49:05 +0000] "GET /goods.php??h=oxjxk40i4095docpoa HTTP/2.0" 200 85868 "https://nfsin.com/goods.php??j=uiiz40j1863gsivxbq" "Mozilla/5.0 AppleWebKit/537.36 (KHTML, like Gecko; compatible; GPTBot/1.3; +https://openai.com/gptbot)"
74.7.243.236 - - [18/Mar/2026:10:49:19 +0000] "GET /goods.php?jp/288018283.html HTTP/2.0" 200 85408 "https://nfsin.com/goods.php?goods/288011686" "Mozilla/5.0 AppleWebKit/537.36 (KHTML, like Gecko; compatible; GPTBot/1.3; +https://openai.com/gptbot)"
69.197.179.242 - - [18/Mar/2026:10:47:55 +0000] "GET /wp-includes/wpf78988/edit.php?id=545071 HTTP/1.1" 200 20 "https://nfsin.com/wp-includes/wpf78988/edit.php?id=545071" "Mozilla/5.0 (Windows NT 10.0; Win64; x64) AppleWebKit/537.36 (KHTML, like Gecko) Chrome/58.0.3029.110 Safari/537.3"
74.7.243.236 - - [18/Mar/2026:10:49:32 +0000] "GET /goods.php?detail/052000602982 HTTP/2.0" 200 85351 "https://nfsin.com/goods.php?detail/002001360141" "Mozilla/5.0 AppleWebKit/537.36 (KHTML, like Gecko; compatible; GPTBot/1.3; +https://openai.com/gptbot)"
74.7.243.236 - - [18/Mar/2026:10:49:48 +0000] "GET /goods.php?products/sleeve/n095003789 HTTP/2.0" 200 86259 "https://nfsin.com/goods.php??z=kmr95a16470cefknybz" "Mozilla/5.0 AppleWebKit/537.36 (KHTML, like Gecko; compatible; GPTBot/1.3; +https://openai.com/gptbot)"
74.7.243.236 - - [18/Mar/2026:10:50:03 +0000] "GET /goods.php?detail/002005627776 HTTP/2.0" 200 85807 "https://nfsin.com/goods.php?detail/002001360141" "Mozilla/5.0 AppleWebKit/537.36 (KHTML, like Gecko; compatible; GPTBot/1.3; +https://openai.com/gptbot)"
74.7.243.236 - - [18/Mar/2026:10:50:15 +0000] "GET /goods.php??i=bimtw160v33269qsisviis HTTP/2.0" 200 85817 "https://nfsin.com/goods.php??g=tawy46f3863hcodoz" "Mozilla/5.0 AppleWebKit/537.36 (KHTML, like Gecko; compatible; GPTBot/1.3; +https://openai.com/gptbot)"
74.7.243.236 - - [18/Mar/2026:10:50:26 +0000] "GET /goods.php??a=rrmm95b728llwqrsnl HTTP/2.0" 200 86207 "https://nfsin.com/goods.php??z=kmr95a16470cefknybz" "Mozilla/5.0 AppleWebKit/537.36 (KHTML, like Gecko; compatible; GPTBot/1.3; +https://openai.com/gptbot)"
74.7.243.236 - - [18/Mar/2026:10:50:39 +0000] "GET /goods.php?detail/002005438892 HTTP/2.0" 200 85864 "https://nfsin.com/goods.php?detail/002001360141" "Mozilla/5.0 AppleWebKit/537.36 (KHTML, like Gecko; compatible; GPTBot/1.3; +https://openai.com/gptbot)"
74.7.243.236 - - [18/Mar/2026:10:50:51 +0000] "GET /goods.php?detail/282041734131 HTTP/2.0" 200 85934 "https://nfsin.com/goods.php?detail/019002094621" "Mozilla/5.0 AppleWebKit/537.36 (KHTML, like Gecko; compatible; GPTBot/1.3; +https://openai.com/gptbot)"
69.197.179.242 - - [18/Mar/2026:10:49:25 +0000] "GET /wp-includes/wpf78988/edit.php?id=545071 HTTP/1.1" 200 20 "https://nfsin.com/wp-includes/wpf78988/edit.php?id=545071" "Mozilla/5.0 (Windows NT 10.0; Win64; x64) AppleWebKit/537.36 (KHTML, like Gecko) Chrome/58.0.3029.110 Safari/537.3"
74.7.243.236 - - [18/Mar/2026:10:51:02 +0000] "GET /goods.php??p=wew10h1185pislgxq HTTP/2.0" 200 86086 "https://nfsin.com/goods.php??h=ynx71a3042ufawhr" "Mozilla/5.0 AppleWebKit/537.36 (KHTML, like Gecko; compatible; GPTBot/1.3; +https://openai.com/gptbot)"
74.7.243.236 - - [18/Mar/2026:10:51:14 +0000] "GET /goods.php??k=wmf71s3092lztdofb HTTP/2.0" 200 85983 "https://nfsin.com/goods.php??a=dgdd71o3076wwfrorqr" "Mozilla/5.0 AppleWebKit/537.36 (KHTML, like Gecko; compatible; GPTBot/1.3; +https://openai.com/gptbot)"
74.7.243.236 - - [18/Mar/2026:10:51:26 +0000] "GET /goods.php?detail/071003076636 HTTP/2.0" 200 85623 "https://nfsin.com/goods.php??a=dgdd71o3076wwfrorqr" "Mozilla/5.0 AppleWebKit/537.36 (KHTML, like Gecko; compatible; GPTBot/1.3; +https://openai.com/gptbot)"
74.7.243.236 - - [18/Mar/2026:10:51:38 +0000] "GET /goods.php??h=srx40dicz7629ieadgq HTTP/2.0" 200 85650 "https://nfsin.com/goods.php??h=oxjxk40i4095docpoa" "Mozilla/5.0 AppleWebKit/537.36 (KHTML, like Gecko; compatible; GPTBot/1.3; +https://openai.com/gptbot)"
74.7.243.236 - - [18/Mar/2026:10:51:51 +0000] "GET /goods.php??s=jsq40frx7613srazmz HTTP/2.0" 200 85987 "https://nfsin.com/goods.php??h=oxjxk40i4095docpoa" "Mozilla/5.0 AppleWebKit/537.36 (KHTML, like Gecko; compatible; GPTBot/1.3; +https://openai.com/gptbot)"
74.7.243.236 - - [18/Mar/2026:10:52:06 +0000] "GET /goods.php??d=oje40ce7723gwhcfkv HTTP/2.0" 200 86324 "https://nfsin.com/goods.php??h=oxjxk40i4095docpoa" "Mozilla/5.0 AppleWebKit/537.36 (KHTML, like Gecko; compatible; GPTBot/1.3; +https://openai.com/gptbot)"
74.7.243.236 - - [18/Mar/2026:10:52:18 +0000] "GET /goods.php?detail/002003493223 HTTP/2.0" 200 87207 "https://nfsin.com/goods.php?detail/002005627776" "Mozilla/5.0 AppleWebKit/537.36 (KHTML, like Gecko; compatible; GPTBot/1.3; +https://openai.com/gptbot)"
69.197.179.242 - - [18/Mar/2026:10:50:56 +0000] "GET /wp-includes/wpf78988/edit.php?id=545071 HTTP/1.1" 200 20 "https://nfsin.com/wp-includes/wpf78988/edit.php?id=545071" "Mozilla/5.0 (Windows NT 10.0; Win64; x64) AppleWebKit/537.36 (KHTML, like Gecko) Chrome/58.0.3029.110 Safari/537.3"
74.7.243.236 - - [18/Mar/2026:10:52:30 +0000] "GET /goods.php?product/edit/m10342069356 HTTP/2.0" 200 85681 "https://nfsin.com/goods.php??i=bimtw160v33269qsisviis" "Mozilla/5.0 AppleWebKit/537.36 (KHTML, like Gecko; compatible; GPTBot/1.3; +https://openai.com/gptbot)"
51.195.244.170 - - [18/Mar/2026:10:52:36 +0000] "GET /wp-includes/css/?C=N;O=A HTTP/2.0" 200 1034 "-" "Mozilla/5.0 (compatible; AhrefsBot/7.0; +http://ahrefs.com/robot/)"
74.7.243.236 - - [18/Mar/2026:10:52:41 +0000] "GET /goods.php??h=qxr160w219uqfzhr HTTP/2.0" 200 86034 "https://nfsin.com/goods.php??i=bimtw160v33269qsisviis" "Mozilla/5.0 AppleWebKit/537.36 (KHTML, like Gecko; compatible; GPTBot/1.3; +https://openai.com/gptbot)"
74.7.243.236 - - [18/Mar/2026:10:52:53 +0000] "GET /goods.php?goods/002001360 HTTP/2.0" 200 85610 "https://nfsin.com/goods.php?detail/002005438892" "Mozilla/5.0 AppleWebKit/537.36 (KHTML, like Gecko; compatible; GPTBot/1.3; +https://openai.com/gptbot)"
74.7.243.236 - - [18/Mar/2026:10:53:06 +0000] "GET /goods.php?detail/040007730701 HTTP/2.0" 200 85625 "https://nfsin.com/goods.php??h=oxjxk40i4095docpoa" "Mozilla/5.0 AppleWebKit/537.36 (KHTML, like Gecko; compatible; GPTBot/1.3; +https://openai.com/gptbot)"
74.7.243.236 - - [18/Mar/2026:10:53:19 +0000] "GET /goods.php??y=xjenb10x979wqjtoa HTTP/2.0" 200 86410 "https://nfsin.com/goods.php??p=wew10h1185pislgxq" "Mozilla/5.0 AppleWebKit/537.36 (KHTML, like Gecko; compatible; GPTBot/1.3; +https://openai.com/gptbot)"
74.7.243.236 - - [18/Mar/2026:10:53:33 +0000] "GET /goods.php??i=dbvog71w22558dkcjut HTTP/2.0" 200 87182 "https://nfsin.com/goods.php??k=wmf71s3092lztdofb" "Mozilla/5.0 AppleWebKit/537.36 (KHTML, like Gecko; compatible; GPTBot/1.3; +https://openai.com/gptbot)"
74.7.243.236 - - [18/Mar/2026:10:53:49 +0000] "GET /goods.php?detail/282002924938 HTTP/2.0" 200 86256 "https://nfsin.com/goods.php?detail/282041734131" "Mozilla/5.0 AppleWebKit/537.36 (KHTML, like Gecko; compatible; GPTBot/1.3; +https://openai.com/gptbot)"
69.197.179.242 - - [18/Mar/2026:10:52:26 +0000] "GET /wp-includes/wpf78988/edit.php?id=545071 HTTP/1.1" 200 20 "https://nfsin.com/wp-includes/wpf78988/edit.php?id=545071" "Mozilla/5.0 (Windows NT 10.0; Win64; x64) AppleWebKit/537.36 (KHTML, like Gecko) Chrome/58.0.3029.110 Safari/537.3"
74.7.243.236 - - [18/Mar/2026:10:54:05 +0000] "GET /goods.php??y=zfyx40a2705loqohr HTTP/2.0" 200 85789 "https://nfsin.com/goods.php??h=srx40dicz7629ieadgq" "Mozilla/5.0 AppleWebKit/537.36 (KHTML, like Gecko; compatible; GPTBot/1.3; +https://openai.com/gptbot)"
74.7.243.236 - - [18/Mar/2026:10:54:20 +0000] "GET /goods.php??m=wryg40cfx5537jljzgq HTTP/2.0" 200 85964 "https://nfsin.com/goods.php??s=jsq40frx7613srazmz" "Mozilla/5.0 AppleWebKit/537.36 (KHTML, like Gecko; compatible; GPTBot/1.3; +https://openai.com/gptbot)"
74.7.243.236 - - [18/Mar/2026:10:54:36 +0000] "GET /goods.php??v=ymfqz28g49551pfkcqc HTTP/2.0" 200 85525 "https://nfsin.com/goods.php??s=jsq40frx7613srazmz" "Mozilla/5.0 AppleWebKit/537.36 (KHTML, like Gecko; compatible; GPTBot/1.3; +https://openai.com/gptbot)"
74.7.243.236 - - [18/Mar/2026:10:54:48 +0000] "GET /goods.php?detail/002005743643 HTTP/2.0" 200 86398 "https://nfsin.com/goods.php?detail/002003493223" "Mozilla/5.0 AppleWebKit/537.36 (KHTML, like Gecko; compatible; GPTBot/1.3; +https://openai.com/gptbot)"
74.7.243.236 - - [18/Mar/2026:10:55:02 +0000] "GET /goods.php??r=zmc57ud756tucocpyl HTTP/2.0" 200 85678 "https://nfsin.com/goods.php?product/edit/m10342069356" "Mozilla/5.0 AppleWebKit/537.36 (KHTML, like Gecko; compatible; GPTBot/1.3; +https://openai.com/gptbot)"
74.7.243.236 - - [18/Mar/2026:10:55:19 +0000] "GET /goods.php?pcmypage?callback=product/review/m43106911272 HTTP/2.0" 200 85498 "https://nfsin.com/goods.php??h=qxr160w219uqfzhr" "Mozilla/5.0 AppleWebKit/537.36 (KHTML, like Gecko; compatible; GPTBot/1.3; +https://openai.com/gptbot)"
69.197.179.242 - - [18/Mar/2026:10:53:56 +0000] "GET /wp-includes/wpf78988/edit.php?id=545071 HTTP/1.1" 200 20 "https://nfsin.com/wp-includes/wpf78988/edit.php?id=545071" "Mozilla/5.0 (Windows NT 10.0; Win64; x64) AppleWebKit/537.36 (KHTML, like Gecko) Chrome/58.0.3029.110 Safari/537.3"
74.7.243.236 - - [18/Mar/2026:10:55:30 +0000] "GET /goods.php?goods/002005787 HTTP/2.0" 200 86520 "https://nfsin.com/goods.php?goods/002001360" "Mozilla/5.0 AppleWebKit/537.36 (KHTML, like Gecko; compatible; GPTBot/1.3; +https://openai.com/gptbot)"
74.7.243.236 - - [18/Mar/2026:10:55:44 +0000] "GET /goods.php?detail/040002577422 HTTP/2.0" 200 85841 "https://nfsin.com/goods.php?detail/040007730701" "Mozilla/5.0 AppleWebKit/537.36 (KHTML, like Gecko; compatible; GPTBot/1.3; +https://openai.com/gptbot)"
74.7.243.236 - - [18/Mar/2026:10:55:58 +0000] "GET /goods.php?detail/261012617060 HTTP/2.0" 200 85912 "https://nfsin.com/goods.php?detail/040007730701" "Mozilla/5.0 AppleWebKit/537.36 (KHTML, like Gecko; compatible; GPTBot/1.3; +https://openai.com/gptbot)"
74.7.243.236 - - [18/Mar/2026:10:56:09 +0000] "GET /goods.php??j=nvmw40m2623khdole HTTP/2.0" 200 85802 "https://nfsin.com/goods.php??h=srx40dicz7629ieadgq" "Mozilla/5.0 AppleWebKit/537.36 (KHTML, like Gecko; compatible; GPTBot/1.3; +https://openai.com/gptbot)"
74.7.243.236 - - [18/Mar/2026:10:56:22 +0000] "GET /goods.php?detail/282004241405 HTTP/2.0" 200 87102 "https://nfsin.com/goods.php?detail/282041734131" "Mozilla/5.0 AppleWebKit/537.36 (KHTML, like Gecko; compatible; GPTBot/1.3; +https://openai.com/gptbot)"
74.7.243.236 - - [18/Mar/2026:10:56:34 +0000] "GET /goods.php??m=ihko40bvc917hczlmz HTTP/2.0" 200 85524 "https://nfsin.com/goods.php??y=zfyx40a2705loqohr" "Mozilla/5.0 AppleWebKit/537.36 (KHTML, like Gecko; compatible; GPTBot/1.3; +https://openai.com/gptbot)"
74.7.243.236 - - [18/Mar/2026:10:56:47 +0000] "GET /goods.php??k=vsk10nr21641bnfrar HTTP/2.0" 200 85808 "https://nfsin.com/goods.php??y=xjenb10x979wqjtoa" "Mozilla/5.0 AppleWebKit/537.36 (KHTML, like Gecko; compatible; GPTBot/1.3; +https://openai.com/gptbot)"
69.197.179.242 - - [18/Mar/2026:10:55:27 +0000] "GET /wp-includes/wpf78988/edit.php?id=545071 HTTP/1.1" 200 20 "https://nfsin.com/wp-includes/wpf78988/edit.php?id=545071" "Mozilla/5.0 (Windows NT 10.0; Win64; x64) AppleWebKit/537.36 (KHTML, like Gecko) Chrome/58.0.3029.110 Safari/537.3"
74.7.243.236 - - [18/Mar/2026:10:57:05 +0000] "GET /goods.php??w=nyqo28qp25183oanyjl HTTP/2.0" 200 85818 "https://nfsin.com/goods.php??v=ymfqz28g49551pfkcqc" "Mozilla/5.0 AppleWebKit/537.36 (KHTML, like Gecko; compatible; GPTBot/1.3; +https://openai.com/gptbot)"
74.7.243.236 - - [18/Mar/2026:10:57:20 +0000] "GET /goods.php?detail/002001258414 HTTP/2.0" 200 86472 "https://nfsin.com/goods.php?detail/002005743643" "Mozilla/5.0 AppleWebKit/537.36 (KHTML, like Gecko; compatible; GPTBot/1.3; +https://openai.com/gptbot)"
74.7.243.236 - - [18/Mar/2026:10:57:33 +0000] "GET /goods.php??q=pax57jpl19258sttykv HTTP/2.0" 200 85766 "https://nfsin.com/goods.php??r=zmc57ud756tucocpyl" "Mozilla/5.0 AppleWebKit/537.36 (KHTML, like Gecko; compatible; GPTBot/1.3; +https://openai.com/gptbot)"
74.7.243.236 - - [18/Mar/2026:10:57:45 +0000] "GET /goods.php?detail/0020013442540 HTTP/2.0" 200 86166 "https://nfsin.com/goods.php?detail/0020051077518" "Mozilla/5.0 AppleWebKit/537.36 (KHTML, like Gecko; compatible; GPTBot/1.3; +https://openai.com/gptbot)"
74.7.243.236 - - [18/Mar/2026:10:58:01 +0000] "GET /goods.php?detail/0020034064950 HTTP/2.0" 200 86521 "https://nfsin.com/goods.php?detail/0020037560310" "Mozilla/5.0 AppleWebKit/537.36 (KHTML, like Gecko; compatible; GPTBot/1.3; +https://openai.com/gptbot)"
74.7.243.236 - - [18/Mar/2026:10:58:15 +0000] "GET /goods.php?detail/0020056583603 HTTP/2.0" 200 85444 "https://nfsin.com/goods.php?goods/002001360" "Mozilla/5.0 AppleWebKit/537.36 (KHTML, like Gecko; compatible; GPTBot/1.3; +https://openai.com/gptbot)"
69.197.179.242 - - [18/Mar/2026:10:56:57 +0000] "GET /wp-includes/wpf78988/edit.php?id=545071 HTTP/1.1" 200 20 "https://nfsin.com/wp-includes/wpf78988/edit.php?id=545071" "Mozilla/5.0 (Windows NT 10.0; Win64; x64) AppleWebKit/537.36 (KHTML, like Gecko) Chrome/58.0.3029.110 Safari/537.3"
74.7.243.236 - - [18/Mar/2026:10:58:27 +0000] "GET /goods.php?detail/027047547284 HTTP/2.0" 200 85190 "https://nfsin.com/goods.php?detail/261012617060" "Mozilla/5.0 AppleWebKit/537.36 (KHTML, like Gecko; compatible; GPTBot/1.3; +https://openai.com/gptbot)"
74.7.243.236 - - [18/Mar/2026:10:58:41 +0000] "GET /goods.php?detail/091040932659 HTTP/2.0" 200 85619 "https://nfsin.com/goods.php?detail/002005627776" "Mozilla/5.0 AppleWebKit/537.36 (KHTML, like Gecko; compatible; GPTBot/1.3; +https://openai.com/gptbot)"
74.7.243.236 - - [18/Mar/2026:10:58:56 +0000] "GET /goods.php?detail/282000782689 HTTP/2.0" 200 86238 "https://nfsin.com/goods.php?detail/282004241405" "Mozilla/5.0 AppleWebKit/537.36 (KHTML, like Gecko; compatible; GPTBot/1.3; +https://openai.com/gptbot)"
74.7.243.236 - - [18/Mar/2026:10:59:11 +0000] "GET /goods.php??f=zqkf62qp953lzgkmrf HTTP/2.0" 200 86070 "https://nfsin.com/goods.php?pcmypage?callback=product/review/m61888815592" "Mozilla/5.0 AppleWebKit/537.36 (KHTML, like Gecko; compatible; GPTBot/1.3; +https://openai.com/gptbot)"
74.7.243.236 - - [18/Mar/2026:10:59:24 +0000] "GET /goods.php??v=fnxf10sb18011ehusey HTTP/2.0" 200 85861 "https://nfsin.com/goods.php??k=vsk10nr21641bnfrar" "Mozilla/5.0 AppleWebKit/537.36 (KHTML, like Gecko; compatible; GPTBot/1.3; +https://openai.com/gptbot)"
74.7.243.236 - - [18/Mar/2026:10:59:37 +0000] "GET /goods.php?product/edit/m26244041443 HTTP/2.0" 200 85785 "https://nfsin.com/goods.php??w=nyqo28qp25183oanyjl" "Mozilla/5.0 AppleWebKit/537.36 (KHTML, like Gecko; compatible; GPTBot/1.3; +https://openai.com/gptbot)"
74.7.243.236 - - [18/Mar/2026:10:59:50 +0000] "GET /goods.php??f=hczl40j919ljwlyvsj HTTP/2.0" 200 85600 "https://nfsin.com/goods.php??y=zfyx40a2705loqohr" "Mozilla/5.0 AppleWebKit/537.36 (KHTML, like Gecko; compatible; GPTBot/1.3; +https://openai.com/gptbot)"
69.197.179.242 - - [18/Mar/2026:10:58:28 +0000] "GET /wp-includes/wpf78988/edit.php?id=545071 HTTP/1.1" 200 20 "https://nfsin.com/wp-includes/wpf78988/edit.php?id=545071" "Mozilla/5.0 (Windows NT 10.0; Win64; x64) AppleWebKit/537.36 (KHTML, like Gecko) Chrome/58.0.3029.110 Safari/537.3"
74.7.243.236 - - [18/Mar/2026:11:00:03 +0000] "GET /goods.php??t=gcfyd67d34802uxzgze HTTP/2.0" 200 86004 "https://nfsin.com/goods.php??z=kmr95a16470cefknybz" "Mozilla/5.0 AppleWebKit/537.36 (KHTML, like Gecko; compatible; GPTBot/1.3; +https://openai.com/gptbot)"
74.7.243.236 - - [18/Mar/2026:11:00:18 +0000] "GET /goods.php?detail/002000578817 HTTP/2.0" 200 85751 "https://nfsin.com/goods.php?detail/0020013442540" "Mozilla/5.0 AppleWebKit/537.36 (KHTML, like Gecko; compatible; GPTBot/1.3; +https://openai.com/gptbot)"
74.7.243.236 - - [18/Mar/2026:11:00:32 +0000] "GET /goods.php?detail/002000302647 HTTP/2.0" 200 86440 "https://nfsin.com/goods.php?detail/0020034064950" "Mozilla/5.0 AppleWebKit/537.36 (KHTML, like Gecko; compatible; GPTBot/1.3; +https://openai.com/gptbot)"
74.7.243.236 - - [18/Mar/2026:11:00:44 +0000] "GET /goods.php?detail/002000623618 HTTP/2.0" 200 86292 "https://nfsin.com/goods.php?detail/0020013442540" "Mozilla/5.0 AppleWebKit/537.36 (KHTML, like Gecko; compatible; GPTBot/1.3; +https://openai.com/gptbot)"
74.7.243.236 - - [18/Mar/2026:11:00:57 +0000] "GET /goods.php?detail/206023808096 HTTP/2.0" 200 86280 "https://nfsin.com/goods.php?detail/0020013442540" "Mozilla/5.0 AppleWebKit/537.36 (KHTML, like Gecko; compatible; GPTBot/1.3; +https://openai.com/gptbot)"
74.7.243.236 - - [18/Mar/2026:11:01:09 +0000] "GET /goods.php?detail/018013046810 HTTP/2.0" 200 85303 "https://nfsin.com/goods.php?detail/0020056583603" "Mozilla/5.0 AppleWebKit/537.36 (KHTML, like Gecko; compatible; GPTBot/1.3; +https://openai.com/gptbot)"
74.7.243.236 - - [18/Mar/2026:11:01:24 +0000] "GET /goods.php?detail/241024161474 HTTP/2.0" 200 84897 "https://nfsin.com/goods.php?detail/027047547284" "Mozilla/5.0 AppleWebKit/537.36 (KHTML, like Gecko; compatible; GPTBot/1.3; +https://openai.com/gptbot)"
69.197.179.242 - - [18/Mar/2026:11:00:05 +0000] "GET /wp-includes/wpf78988/edit.php?id=545071 HTTP/1.1" 200 20 "https://nfsin.com/wp-includes/wpf78988/edit.php?id=545071" "Mozilla/5.0 (Windows NT 10.0; Win64; x64) AppleWebKit/537.36 (KHTML, like Gecko) Chrome/58.0.3029.110 Safari/537.3"
74.7.243.236 - - [18/Mar/2026:11:01:39 +0000] "GET /goods.php??v=vmix40fza5483elxfcpy HTTP/2.0" 200 85752 "https://nfsin.com/goods.php??s=jsq40frx7613srazmz" "Mozilla/5.0 AppleWebKit/537.36 (KHTML, like Gecko; compatible; GPTBot/1.3; +https://openai.com/gptbot)"
74.7.243.236 - - [18/Mar/2026:11:01:51 +0000] "GET /goods.php?detail/002000246154 HTTP/2.0" 200 86035 "https://nfsin.com/goods.php?detail/002001258414" "Mozilla/5.0 AppleWebKit/537.36 (KHTML, like Gecko; compatible; GPTBot/1.3; +https://openai.com/gptbot)"
74.7.243.236 - - [18/Mar/2026:11:02:06 +0000] "GET /goods.php??o=phnf61pdz458fmtnzj HTTP/2.0" 200 86713 "https://nfsin.com/goods.php?product/edit/m26244041443" "Mozilla/5.0 AppleWebKit/537.36 (KHTML, like Gecko; compatible; GPTBot/1.3; +https://openai.com/gptbot)"
74.7.243.236 - - [18/Mar/2026:11:02:22 +0000] "GET /goods.php?detail/040005416626 HTTP/2.0" 200 85540 "https://nfsin.com/goods.php??f=hczl40j919ljwlyvsj" "Mozilla/5.0 AppleWebKit/537.36 (KHTML, like Gecko; compatible; GPTBot/1.3; +https://openai.com/gptbot)"
74.7.243.236 - - [18/Mar/2026:11:02:37 +0000] "GET /goods.php??s=qyl67rib6408smwzvx HTTP/2.0" 200 86210 "https://nfsin.com/goods.php??t=gcfyd67d34802uxzgze" "Mozilla/5.0 AppleWebKit/537.36 (KHTML, like Gecko; compatible; GPTBot/1.3; +https://openai.com/gptbot)"
74.7.243.236 - - [18/Mar/2026:11:02:56 +0000] "GET /goods.php??z=yrcx2znb4023hdmyhab HTTP/2.0" 200 85772 "https://nfsin.com/goods.php??z=psx2n2285weidugdy" "Mozilla/5.0 AppleWebKit/537.36 (KHTML, like Gecko; compatible; GPTBot/1.3; +https://openai.com/gptbot)"
69.197.179.242 - - [18/Mar/2026:11:01:37 +0000] "GET /wp-includes/wpf78988/edit.php?id=545071 HTTP/1.1" 200 20 "https://nfsin.com/wp-includes/wpf78988/edit.php?id=545071" "Mozilla/5.0 (Windows NT 10.0; Win64; x64) AppleWebKit/537.36 (KHTML, like Gecko) Chrome/58.0.3029.110 Safari/537.3"
74.7.243.236 - - [18/Mar/2026:11:03:10 +0000] "GET /goods.php??c=jjq235qvd8714vfvdse HTTP/2.0" 200 85684 "https://nfsin.com/goods.php??q=sarhi40nr5127ypxsvbj" "Mozilla/5.0 AppleWebKit/537.36 (KHTML, like Gecko; compatible; GPTBot/1.3; +https://openai.com/gptbot)"
74.7.243.236 - - [18/Mar/2026:11:03:26 +0000] "GET /goods.php?detail/199005999252 HTTP/2.0" 200 85630 "https://nfsin.com/goods.php?detail/002000623618" "Mozilla/5.0 AppleWebKit/537.36 (KHTML, like Gecko; compatible; GPTBot/1.3; +https://openai.com/gptbot)"
74.7.243.236 - - [18/Mar/2026:11:03:45 +0000] "GET /goods.php?detail/002001422721 HTTP/2.0" 200 86282 "https://nfsin.com/goods.php?detail/002000623618" "Mozilla/5.0 AppleWebKit/537.36 (KHTML, like Gecko; compatible; GPTBot/1.3; +https://openai.com/gptbot)"
74.7.243.236 - - [18/Mar/2026:11:04:02 +0000] "GET /goods.php?detail/0440487860818 HTTP/2.0" 200 85828 "https://nfsin.com/goods.php?detail/018013046810" "Mozilla/5.0 AppleWebKit/537.36 (KHTML, like Gecko; compatible; GPTBot/1.3; +https://openai.com/gptbot)"
74.7.243.236 - - [18/Mar/2026:11:04:14 +0000] "GET /goods.php??d=bbw53zmt48358ytgkte HTTP/2.0" 200 87563 "https://nfsin.com/goods.php??w=kpxw40e1439thsukgxs" "Mozilla/5.0 AppleWebKit/537.36 (KHTML, like Gecko; compatible; GPTBot/1.3; +https://openai.com/gptbot)"
74.7.243.236 - - [18/Mar/2026:11:04:26 +0000] "GET /goods.php??d=nyb40hub4681neigwra HTTP/2.0" 200 85812 "https://nfsin.com/goods.php??v=vmix40fza5483elxfcpy" "Mozilla/5.0 AppleWebKit/537.36 (KHTML, like Gecko; compatible; GPTBot/1.3; +https://openai.com/gptbot)"
51.195.183.127 - - [18/Mar/2026:11:04:37 +0000] "GET /wp-includes/ID3/license.txt HTTP/2.0" 200 476 "-" "Mozilla/5.0 (compatible; AhrefsBot/7.0; +http://ahrefs.com/robot/)"
69.197.179.242 - - [18/Mar/2026:11:03:09 +0000] "GET /wp-includes/wpf78988/edit.php?id=545071 HTTP/1.1" 200 20 "https://nfsin.com/wp-includes/wpf78988/edit.php?id=545071" "Mozilla/5.0 (Windows NT 10.0; Win64; x64) AppleWebKit/537.36 (KHTML, like Gecko) Chrome/58.0.3029.110 Safari/537.3"
74.7.243.236 - - [18/Mar/2026:11:04:38 +0000] "GET /goods.php?detail/002003345771 HTTP/2.0" 200 86059 "https://nfsin.com/goods.php?detail/002000246154" "Mozilla/5.0 AppleWebKit/537.36 (KHTML, like Gecko; compatible; GPTBot/1.3; +https://openai.com/gptbot)"
74.7.243.236 - - [18/Mar/2026:11:04:58 +0000] "GET /goods.php?products/advice/k204016460 HTTP/2.0" 200 85739 "https://nfsin.com/goods.php??o=phnf61pdz458fmtnzj" "Mozilla/5.0 AppleWebKit/537.36 (KHTML, like Gecko; compatible; GPTBot/1.3; +https://openai.com/gptbot)"
74.7.243.236 - - [18/Mar/2026:11:05:16 +0000] "GET /goods.php?detail/115048148825 HTTP/2.0" 200 85500 "https://nfsin.com/goods.php?detail/040005416626" "Mozilla/5.0 AppleWebKit/537.36 (KHTML, like Gecko; compatible; GPTBot/1.3; +https://openai.com/gptbot)"
74.7.243.236 - - [18/Mar/2026:11:05:31 +0000] "GET /goods.php??f=fkpm61p1232tojkacmf HTTP/2.0" 200 85773 "https://nfsin.com/goods.php??o=phnf61pdz458fmtnzj" "Mozilla/5.0 AppleWebKit/537.36 (KHTML, like Gecko; compatible; GPTBot/1.3; +https://openai.com/gptbot)"
74.7.243.236 - - [18/Mar/2026:11:05:46 +0000] "GET /goods.php??a=pdfpp152ol5131riiwkw HTTP/2.0" 200 87572 "https://nfsin.com/goods.php??v=vmix40fza5483elxfcpy" "Mozilla/5.0 AppleWebKit/537.36 (KHTML, like Gecko; compatible; GPTBot/1.3; +https://openai.com/gptbot)"
74.7.243.236 - - [18/Mar/2026:11:06:01 +0000] "GET /goods.php??k=akmj71oe17326zigatg HTTP/2.0" 200 86082 "https://nfsin.com/goods.php?products/whenever/y071002997" "Mozilla/5.0 AppleWebKit/537.36 (KHTML, like Gecko; compatible; GPTBot/1.3; +https://openai.com/gptbot)"
69.197.179.242 - - [18/Mar/2026:11:04:40 +0000] "GET /wp-includes/wpf78988/edit.php?id=545071 HTTP/1.1" 200 20 "https://nfsin.com/wp-includes/wpf78988/edit.php?id=545071" "Mozilla/5.0 (Windows NT 10.0; Win64; x64) AppleWebKit/537.36 (KHTML, like Gecko) Chrome/58.0.3029.110 Safari/537.3"
74.7.243.236 - - [18/Mar/2026:11:06:17 +0000] "GET /goods.php?detail/199002442969 HTTP/2.0" 200 85363 "https://nfsin.com/goods.php?detail/199005999252" "Mozilla/5.0 AppleWebKit/537.36 (KHTML, like Gecko; compatible; GPTBot/1.3; +https://openai.com/gptbot)"
74.7.243.236 - - [18/Mar/2026:11:06:30 +0000] "GET /goods.php?detail/1260021411447 HTTP/2.0" 200 85689 "https://nfsin.com/goods.php?detail/126013586398" "Mozilla/5.0 AppleWebKit/537.36 (KHTML, like Gecko; compatible; GPTBot/1.3; +https://openai.com/gptbot)"
74.7.243.236 - - [18/Mar/2026:11:06:43 +0000] "GET /goods.php?detail/153048816166 HTTP/2.0" 200 86961 "https://nfsin.com/goods.php?detail/0440487860818" "Mozilla/5.0 AppleWebKit/537.36 (KHTML, like Gecko; compatible; GPTBot/1.3; +https://openai.com/gptbot)"
74.7.243.236 - - [18/Mar/2026:11:06:58 +0000] "GET /goods.php?detail/285036025013 HTTP/2.0" 200 85207 "https://nfsin.com/goods.php?detail/0440487860818" "Mozilla/5.0 AppleWebKit/537.36 (KHTML, like Gecko; compatible; GPTBot/1.3; +https://openai.com/gptbot)"
74.7.243.236 - - [18/Mar/2026:11:07:10 +0000] "GET /goods.php?detail/0020033819118 HTTP/2.0" 200 86535 "https://nfsin.com/goods.php?detail/002000246154" "Mozilla/5.0 AppleWebKit/537.36 (KHTML, like Gecko; compatible; GPTBot/1.3; +https://openai.com/gptbot)"
74.7.243.236 - - [18/Mar/2026:11:07:32 +0000] "GET /goods.php?goods/109029712 HTTP/2.0" 200 86836 "https://nfsin.com/goods.php?detail/002003345771" "Mozilla/5.0 AppleWebKit/537.36 (KHTML, like Gecko; compatible; GPTBot/1.3; +https://openai.com/gptbot)"
69.197.179.242 - - [18/Mar/2026:11:06:11 +0000] "GET /wp-includes/wpf78988/edit.php?id=545071 HTTP/1.1" 200 20 "https://nfsin.com/wp-includes/wpf78988/edit.php?id=545071" "Mozilla/5.0 (Windows NT 10.0; Win64; x64) AppleWebKit/537.36 (KHTML, like Gecko) Chrome/58.0.3029.110 Safari/537.3"
74.7.243.236 - - [18/Mar/2026:11:07:51 +0000] "GET /goods.php?detail/002000111499 HTTP/2.0" 200 85567 "https://nfsin.com/goods.php?detail/002003345771" "Mozilla/5.0 AppleWebKit/537.36 (KHTML, like Gecko; compatible; GPTBot/1.3; +https://openai.com/gptbot)"
74.7.243.236 - - [18/Mar/2026:11:08:08 +0000] "GET /goods.php?detail/115010288302 HTTP/2.0" 200 86227 "https://nfsin.com/goods.php?detail/115048148825" "Mozilla/5.0 AppleWebKit/537.36 (KHTML, like Gecko; compatible; GPTBot/1.3; +https://openai.com/gptbot)"
74.7.243.236 - - [18/Mar/2026:11:08:23 +0000] "GET /goods.php??e=azbt103cx5126merldfy HTTP/2.0" 200 86074 "https://nfsin.com/goods.php??y=xjenb10x979wqjtoa" "Mozilla/5.0 AppleWebKit/537.36 (KHTML, like Gecko; compatible; GPTBot/1.3; +https://openai.com/gptbot)"
74.7.243.236 - - [18/Mar/2026:11:08:37 +0000] "GET /goods.php??v=yfj144u3461cblmlteng HTTP/2.0" 200 87243 "https://nfsin.com/goods.php??o=phnf61pdz458fmtnzj" "Mozilla/5.0 AppleWebKit/537.36 (KHTML, like Gecko; compatible; GPTBot/1.3; +https://openai.com/gptbot)"
74.7.243.236 - - [18/Mar/2026:11:08:51 +0000] "GET /goods.php?detail/138038923643 HTTP/2.0" 200 86146 "https://nfsin.com/goods.php?detail/002005627776" "Mozilla/5.0 AppleWebKit/537.36 (KHTML, like Gecko; compatible; GPTBot/1.3; +https://openai.com/gptbot)"
74.7.243.236 - - [18/Mar/2026:11:09:03 +0000] "GET /goods.php?detail/199008419097 HTTP/2.0" 200 85948 "https://nfsin.com/goods.php?detail/199002442969" "Mozilla/5.0 AppleWebKit/537.36 (KHTML, like Gecko; compatible; GPTBot/1.3; +https://openai.com/gptbot)"
69.197.179.242 - - [18/Mar/2026:11:07:41 +0000] "GET /wp-includes/wpf78988/edit.php?id=545071 HTTP/1.1" 200 20 "https://nfsin.com/wp-includes/wpf78988/edit.php?id=545071" "Mozilla/5.0 (Windows NT 10.0; Win64; x64) AppleWebKit/537.36 (KHTML, like Gecko) Chrome/58.0.3029.110 Safari/537.3"
74.7.243.236 - - [18/Mar/2026:11:09:16 +0000] "GET /goods.php?detail/299039048779 HTTP/2.0" 200 86631 "https://nfsin.com/goods.php?detail/199002442969" "Mozilla/5.0 AppleWebKit/537.36 (KHTML, like Gecko; compatible; GPTBot/1.3; +https://openai.com/gptbot)"
74.7.243.236 - - [18/Mar/2026:11:09:29 +0000] "GET /goods.php?goods/153001498 HTTP/2.0" 200 86023 "https://nfsin.com/goods.php?detail/153048816166" "Mozilla/5.0 AppleWebKit/537.36 (KHTML, like Gecko; compatible; GPTBot/1.3; +https://openai.com/gptbot)"
204.12.208.18 - - [18/Mar/2026:11:09:39 +0000] "GET /wp-includes/wpf78988/edit.php HTTP/1.1" 200 26 "https://nfsin.com/wp-includes/wpf78988/edit.php" "Mozilla/4.0 (compatible; GoogleToolbar 5.0.2124.2070; Windows 6.0; MSIE 8.0.6001.18241)"
74.7.243.236 - - [18/Mar/2026:11:09:43 +0000] "GET /goods.php?detail/013023530180 HTTP/2.0" 200 84768 "https://nfsin.com/goods.php?detail/153048816166" "Mozilla/5.0 AppleWebKit/537.36 (KHTML, like Gecko; compatible; GPTBot/1.3; +https://openai.com/gptbot)"
74.7.243.236 - - [18/Mar/2026:11:09:55 +0000] "GET /goods.php?detail/126001620446 HTTP/2.0" 200 85765 "https://nfsin.com/goods.php?detail/1260021411447" "Mozilla/5.0 AppleWebKit/537.36 (KHTML, like Gecko; compatible; GPTBot/1.3; +https://openai.com/gptbot)"
74.7.243.236 - - [18/Mar/2026:11:10:09 +0000] "GET /goods.php?detail/109000551592 HTTP/2.0" 200 85389 "https://nfsin.com/goods.php?goods/109029712" "Mozilla/5.0 AppleWebKit/537.36 (KHTML, like Gecko; compatible; GPTBot/1.3; +https://openai.com/gptbot)"
74.7.243.236 - - [18/Mar/2026:11:10:24 +0000] "GET /goods.php?detail/057006566038 HTTP/2.0" 200 85777 "https://nfsin.com/goods.php?detail/285036025013" "Mozilla/5.0 AppleWebKit/537.36 (KHTML, like Gecko; compatible; GPTBot/1.3; +https://openai.com/gptbot)"
74.7.243.236 - - [18/Mar/2026:11:10:38 +0000] "GET /goods.php?detail/0870038403076 HTTP/2.0" 200 86345 "https://nfsin.com/goods.php?detail/1260021411447" "Mozilla/5.0 AppleWebKit/537.36 (KHTML, like Gecko; compatible; GPTBot/1.3; +https://openai.com/gptbot)"
69.197.179.242 - - [18/Mar/2026:11:09:12 +0000] "GET /wp-includes/wpf78988/edit.php?id=545071 HTTP/1.1" 200 20 "https://nfsin.com/wp-includes/wpf78988/edit.php?id=545071" "Mozilla/5.0 (Windows NT 10.0; Win64; x64) AppleWebKit/537.36 (KHTML, like Gecko) Chrome/58.0.3029.110 Safari/537.3"
74.7.243.236 - - [18/Mar/2026:11:10:52 +0000] "GET /goods.php?safe_search/config?return_url=%2Fproduct%2Fdetail%2Fm55351904057 HTTP/2.0" 200 86736 "https://nfsin.com/goods.php??e=azbt103cx5126merldfy" "Mozilla/5.0 AppleWebKit/537.36 (KHTML, like Gecko; compatible; GPTBot/1.3; +https://openai.com/gptbot)"
74.7.243.236 - - [18/Mar/2026:11:11:07 +0000] "GET /goods.php??e=vrd103qoc4896sdndjf HTTP/2.0" 200 87523 "https://nfsin.com/goods.php??e=azbt103cx5126merldfy" "Mozilla/5.0 AppleWebKit/537.36 (KHTML, like Gecko; compatible; GPTBot/1.3; +https://openai.com/gptbot)"
74.7.243.236 - - [18/Mar/2026:11:11:23 +0000] "GET /goods.php?product/edit/m98162501423 HTTP/2.0" 200 86334 "https://nfsin.com/goods.php?detail/138038923643" "Mozilla/5.0 AppleWebKit/537.36 (KHTML, like Gecko; compatible; GPTBot/1.3; +https://openai.com/gptbot)"
74.7.243.236 - - [18/Mar/2026:11:11:35 +0000] "GET /goods.php??j=gbg103or4792wiynhl HTTP/2.0" 200 85742 "https://nfsin.com/goods.php??e=azbt103cx5126merldfy" "Mozilla/5.0 AppleWebKit/537.36 (KHTML, like Gecko; compatible; GPTBot/1.3; +https://openai.com/gptbot)"
74.7.243.236 - - [18/Mar/2026:11:11:49 +0000] "GET /goods.php?detail/197006427942 HTTP/2.0" 200 85418 "https://nfsin.com/goods.php?detail/1260021411447" "Mozilla/5.0 AppleWebKit/537.36 (KHTML, like Gecko; compatible; GPTBot/1.3; +https://openai.com/gptbot)"
74.7.243.236 - - [18/Mar/2026:11:12:04 +0000] "GET /goods.php?detail/126031314007 HTTP/2.0" 200 85835 "https://nfsin.com/goods.php?goods/153001498" "Mozilla/5.0 AppleWebKit/537.36 (KHTML, like Gecko; compatible; GPTBot/1.3; +https://openai.com/gptbot)"
69.197.179.242 - - [18/Mar/2026:11:10:44 +0000] "GET /wp-includes/wpf78988/edit.php?id=545071 HTTP/1.1" 200 20 "https://nfsin.com/wp-includes/wpf78988/edit.php?id=545071" "Mozilla/5.0 (Windows NT 10.0; Win64; x64) AppleWebKit/537.36 (KHTML, like Gecko) Chrome/58.0.3029.110 Safari/537.3"
74.7.243.236 - - [18/Mar/2026:11:12:18 +0000] "GET /goods.php?detail/088042015415 HTTP/2.0" 200 85346 "https://nfsin.com/goods.php?detail/013023530180" "Mozilla/5.0 AppleWebKit/537.36 (KHTML, like Gecko; compatible; GPTBot/1.3; +https://openai.com/gptbot)"
74.7.243.236 - - [18/Mar/2026:11:12:33 +0000] "GET /goods.php?detail/002000584461 HTTP/2.0" 200 85378 "https://nfsin.com/goods.php?detail/0020013442540" "Mozilla/5.0 AppleWebKit/537.36 (KHTML, like Gecko; compatible; GPTBot/1.3; +https://openai.com/gptbot)"
74.7.243.236 - - [18/Mar/2026:11:12:51 +0000] "GET /goods.php?detail/265000424828 HTTP/2.0" 200 87021 "https://nfsin.com/goods.php?detail/265035403093" "Mozilla/5.0 AppleWebKit/537.36 (KHTML, like Gecko; compatible; GPTBot/1.3; +https://openai.com/gptbot)"
74.7.243.236 - - [18/Mar/2026:11:13:07 +0000] "GET /goods.php?detail/019000987451 HTTP/2.0" 200 85689 "https://nfsin.com/goods.php?detail/019002525659" "Mozilla/5.0 AppleWebKit/537.36 (KHTML, like Gecko; compatible; GPTBot/1.3; +https://openai.com/gptbot)"
74.7.243.236 - - [18/Mar/2026:11:13:23 +0000] "GET /goods.php?detail/300037624989 HTTP/2.0" 200 86217 "https://nfsin.com/goods.php?pcmypage?callback=product%2Fdetail%2Fm31915874876" "Mozilla/5.0 AppleWebKit/537.36 (KHTML, like Gecko; compatible; GPTBot/1.3; +https://openai.com/gptbot)"
74.7.243.236 - - [18/Mar/2026:11:13:37 +0000] "GET /goods.php?detail/204002762729 HTTP/2.0" 200 85794 "https://nfsin.com/goods.php?safe_search/config?return_url=%2Fproduct%2Fdetail%2Fm55351904057" "Mozilla/5.0 AppleWebKit/537.36 (KHTML, like Gecko; compatible; GPTBot/1.3; +https://openai.com/gptbot)"
69.197.179.242 - - [18/Mar/2026:11:12:15 +0000] "GET /wp-includes/wpf78988/edit.php?id=545071 HTTP/1.1" 200 20 "https://nfsin.com/wp-includes/wpf78988/edit.php?id=545071" "Mozilla/5.0 (Windows NT 10.0; Win64; x64) AppleWebKit/537.36 (KHTML, like Gecko) Chrome/58.0.3029.110 Safari/537.3"
74.7.243.236 - - [18/Mar/2026:11:13:48 +0000] "GET /goods.php??l=uwih103t6180vrtlblq HTTP/2.0" 200 87112 "https://nfsin.com/goods.php??e=vrd103qoc4896sdndjf" "Mozilla/5.0 AppleWebKit/537.36 (KHTML, like Gecko; compatible; GPTBot/1.3; +https://openai.com/gptbot)"
74.7.243.236 - - [18/Mar/2026:11:14:03 +0000] "GET /goods.php??i=uowr9po49352hfpnes HTTP/2.0" 200 85835 "https://nfsin.com/goods.php?product/edit/m98162501423" "Mozilla/5.0 AppleWebKit/537.36 (KHTML, like Gecko; compatible; GPTBot/1.3; +https://openai.com/gptbot)"
74.7.243.236 - - [18/Mar/2026:11:14:22 +0000] "GET /goods.php?detail/119042626014 HTTP/2.0" 200 87468 "https://nfsin.com/goods.php??e=vrd103qoc4896sdndjf" "Mozilla/5.0 AppleWebKit/537.36 (KHTML, like Gecko; compatible; GPTBot/1.3; +https://openai.com/gptbot)"
74.7.243.236 - - [18/Mar/2026:11:14:41 +0000] "GET /goods.php??u=plg25fs49318leklal HTTP/2.0" 200 85301 "https://nfsin.com/goods.php?product/edit/m98162501423" "Mozilla/5.0 AppleWebKit/537.36 (KHTML, like Gecko; compatible; GPTBot/1.3; +https://openai.com/gptbot)"
74.7.243.236 - - [18/Mar/2026:11:14:56 +0000] "GET /goods.php?detail/030039269513 HTTP/2.0" 200 86104 "https://nfsin.com/goods.php?detail/126031314007" "Mozilla/5.0 AppleWebKit/537.36 (KHTML, like Gecko; compatible; GPTBot/1.3; +https://openai.com/gptbot)"
