46.101.96.32 - - [03/Feb/2026:20:19:04 +0000] "POST /xmlrpc.php HTTP/1.1" 200 403 "-" "Mozilla/5.0 (Windows NT 10.0; Win64; x64) AppleWebKit/537.36 (KHTML, like Gecko) Chrome/129.0.6668.89 Safari/537.36"
103.228.36.130 - - [03/Feb/2026:20:19:21 +0000] "POST /xmlrpc.php HTTP/1.1" 200 403 "-" "Mozilla/5.0 (Macintosh; Intel Mac OS X 15_0_1) AppleWebKit/605.1.15 (KHTML, like Gecko) Version/18.0.1 Safari/605.1.15"
57.130.20.252 - - [03/Feb/2026:20:19:24 +0000] "POST /xmlrpc.php HTTP/1.1" 200 403 "-" "Mozilla/5.0 (Windows NT 11.0; Win64; x64) AppleWebKit/537.36 (KHTML, like Gecko) Chrome/130.0.0.0 Safari/537.36"
81.0.107.76 - - [03/Feb/2026:20:19:26 +0000] "POST /xmlrpc.php HTTP/1.1" 200 403 "-" "Mozilla/5.0 (Windows NT 10.0; Win64; x64) AppleWebKit/537.36 (KHTML, like Gecko) Chrome/130.0.2849.46 Safari/537.36 Edg/130.0.2849.46"
162.0.213.109 - - [03/Feb/2026:20:19:33 +0000] "POST /xmlrpc.php HTTP/1.1" 200 403 "-" "Mozilla/5.0 (Windows NT 10.0; Win64; x64; rv:131.0) Gecko/20100101 Firefox/131.0"
43.157.67.70 - - [03/Feb/2026:20:23:32 +0000] "GET /wp-json/oembed/1.0/embed?url=https%3A%2F%2Felementalmill.com%2Felectronic-trading%2F HTTP/1.1" 200 1108 "-" "Mozilla/5.0 (iPhone; CPU iPhone OS 13_2_3 like Mac OS X) AppleWebKit/605.1.15 (KHTML, like Gecko) Version/13.0.3 Mobile/15E148 Safari/604.1"
45.84.107.17 - - [03/Feb/2026:20:26:29 +0000] "GET / HTTP/1.1" 200 19383 "-" "Mozilla/5.0 (Windows NT 10.0; WOW64) AppleWebKit/537.36 (KHTML, like Gecko) Chrome/114.0.0.0 Safari/537.36 Vivaldi/5.3.2679.68"
45.9.156.106 - - [03/Feb/2026:20:26:32 +0000] "GET /electronic-trading/ HTTP/1.1" 200 17702 "https://elementalmill.com" "Mozilla/5.0 (Windows NT 10.0; WOW64) AppleWebKit/537.36 (KHTML, like Gecko) Chrome/114.0.0.0 Safari/537.36 Vivaldi/5.3.2679.68"
192.36.226.103 - - [03/Feb/2026:20:27:28 +0000] "GET / HTTP/1.1" 200 19383 "http://elementalmill.com/" "Mozilla/5.0 (iPhone; CPU iPhone OS 17_1_2 like Mac OS X) AppleWebKit/605.1.15 (KHTML, like Gecko) Version/17.1.2 Mobile/15E148 Safari/604"
192.36.136.8 - - [03/Feb/2026:20:27:40 +0000] "GET /about-us/contact-us/ HTTP/1.1" 200 15512 "-" "Mozilla/5.0 (iPhone; CPU iPhone OS 17_1_2 like Mac OS X) AppleWebKit/605.1.15 (KHTML, like Gecko) Version/17.1.2 Mobile/15E148 Safari/604"
192.165.45.205 - - [03/Feb/2026:20:27:30 +0000] "GET /technology-mining-pipeline/ HTTP/1.1" 200 17828 "-" "Mozilla/5.0 (iPhone; CPU iPhone OS 17_1_2 like Mac OS X) AppleWebKit/605.1.15 (KHTML, like Gecko) Version/17.1.2 Mobile/15E148 Safari/604"
192.121.146.24 - - [03/Feb/2026:20:27:42 +0000] "GET /electronic-trading/ HTTP/1.1" 200 17702 "-" "Mozilla/5.0 (iPhone; CPU iPhone OS 17_1_2 like Mac OS X) AppleWebKit/605.1.15 (KHTML, like Gecko) Version/17.1.2 Mobile/15E148 Safari/604"
43.157.170.126 - - [03/Feb/2026:20:32:23 +0000] "GET /2021/12/03/changing-engine-gear/ HTTP/1.1" 200 16468 "-" "Mozilla/5.0 (iPhone; CPU iPhone OS 13_2_3 like Mac OS X) AppleWebKit/605.1.15 (KHTML, like Gecko) Version/13.0.3 Mobile/15E148 Safari/604.1"
139.162.194.112 - - [03/Feb/2026:20:32:25 +0000] "POST /wp-cron.php?doing_wp_cron=1770150745.8622479438781738281250 HTTP/1.1" 200 20 "-" "WordPress/6.9; https://elementalmill.com"
80.120.241.102 - - [03/Feb/2026:20:32:50 +0000] "POST /xmlrpc.php HTTP/1.1" 200 206 "-" "Mozilla/5.0 (Windows NT 10.0) AppleWebKit/537.36 (KHTML, like Gecko) Chrome/137.0.0.0 Safari/537.36 Edg/137.0.0.0"
43.159.152.187 - - [03/Feb/2026:20:42:59 +0000] "GET /wp-json/elementskit/v1/ HTTP/1.1" 404 117 "-" "Mozilla/5.0 (iPhone; CPU iPhone OS 13_2_3 like Mac OS X) AppleWebKit/605.1.15 (KHTML, like Gecko) Version/13.0.3 Mobile/15E148 Safari/604.1"
104.208.91.171 - - [03/Feb/2026:20:51:44 +0000] "GET /rip.php HTTP/1.1" 404 13172 "-" "Mozilla/5.0 (Windows NT 10.0; Win64; x64) AppleWebKit/537.36 (KHTML, like Gecko) Chrome/120.0.0.0 Safari/537.36"
104.208.91.171 - - [03/Feb/2026:20:51:47 +0000] "GET /about.php HTTP/1.1" 404 13172 "-" "Mozilla/5.0 (Windows NT 10.0; Win64; x64) AppleWebKit/537.36 (KHTML, like Gecko) Chrome/120.0.0.0 Safari/537.36"
104.208.91.171 - - [03/Feb/2026:20:51:50 +0000] "GET /wp-content/plugins/hello-dolly/ HTTP/1.1" 404 13172 "-" "Mozilla/5.0 (Windows NT 10.0; Win64; x64) AppleWebKit/537.36 (KHTML, like Gecko) Chrome/120.0.0.0 Safari/537.36"
104.208.91.171 - - [03/Feb/2026:20:51:52 +0000] "GET /wp-content/themes/admin.php HTTP/1.1" 404 13172 "-" "Mozilla/5.0 (Windows NT 10.0; Win64; x64) AppleWebKit/537.36 (KHTML, like Gecko) Chrome/120.0.0.0 Safari/537.36"
104.208.91.171 - - [03/Feb/2026:20:51:54 +0000] "GET /admin.php HTTP/1.1" 404 13172 "-" "Mozilla/5.0 (Windows NT 10.0; Win64; x64) AppleWebKit/537.36 (KHTML, like Gecko) Chrome/120.0.0.0 Safari/537.36"
104.208.91.171 - - [03/Feb/2026:20:51:56 +0000] "GET /adminfuns.php HTTP/1.1" 404 13172 "-" "Mozilla/5.0 (Windows NT 10.0; Win64; x64) AppleWebKit/537.36 (KHTML, like Gecko) Chrome/120.0.0.0 Safari/537.36"
104.208.91.171 - - [03/Feb/2026:20:51:59 +0000] "GET /wp-content/cache/ HTTP/1.1" 404 13172 "-" "Mozilla/5.0 (Windows NT 10.0; Win64; x64) AppleWebKit/537.36 (KHTML, like Gecko) Chrome/120.0.0.0 Safari/537.36"
104.208.91.171 - - [03/Feb/2026:20:52:01 +0000] "GET /wp-includes/js/thickbox/ HTTP/1.1" 200 482 "-" "Mozilla/5.0 (Windows NT 10.0; Win64; x64) AppleWebKit/537.36 (KHTML, like Gecko) Chrome/120.0.0.0 Safari/537.36"
104.208.91.171 - - [03/Feb/2026:20:52:02 +0000] "GET /goods.php HTTP/1.1" 404 13172 "-" "Mozilla/5.0 (Windows NT 10.0; Win64; x64) AppleWebKit/537.36 (KHTML, like Gecko) Chrome/120.0.0.0 Safari/537.36"
104.208.91.171 - - [03/Feb/2026:20:52:04 +0000] "GET /sf.php HTTP/1.1" 404 13172 "-" "Mozilla/5.0 (Windows NT 10.0; Win64; x64) AppleWebKit/537.36 (KHTML, like Gecko) Chrome/120.0.0.0 Safari/537.36"
104.208.91.171 - - [03/Feb/2026:20:52:06 +0000] "GET /wp-admin/ HTTP/1.1" 302 20 "-" "Mozilla/5.0 (Windows NT 10.0; Win64; x64) AppleWebKit/537.36 (KHTML, like Gecko) Chrome/120.0.0.0 Safari/537.36"
104.208.91.171 - - [03/Feb/2026:20:52:08 +0000] "GET /wp-admin/images/ HTTP/1.1" 200 1608 "-" "Mozilla/5.0 (Windows NT 10.0; Win64; x64) AppleWebKit/537.36 (KHTML, like Gecko) Chrome/120.0.0.0 Safari/537.36"
104.208.91.171 - - [03/Feb/2026:20:52:09 +0000] "GET /wp-content/admin.php HTTP/1.1" 404 13172 "-" "Mozilla/5.0 (Windows NT 10.0; Win64; x64) AppleWebKit/537.36 (KHTML, like Gecko) Chrome/120.0.0.0 Safari/537.36"
104.208.91.171 - - [03/Feb/2026:20:52:11 +0000] "GET /wp-content/uploads/admin.php HTTP/1.1" 404 13172 "-" "Mozilla/5.0 (Windows NT 10.0; Win64; x64) AppleWebKit/537.36 (KHTML, like Gecko) Chrome/120.0.0.0 Safari/537.36"
104.208.91.171 - - [03/Feb/2026:20:52:14 +0000] "GET /wp-includes/ HTTP/1.1" 200 4720 "-" "Mozilla/5.0 (Windows NT 10.0; Win64; x64) AppleWebKit/537.36 (KHTML, like Gecko) Chrome/120.0.0.0 Safari/537.36"
104.208.91.171 - - [03/Feb/2026:20:52:14 +0000] "GET /wp-includes/css/ HTTP/1.1" 200 1027 "-" "Mozilla/5.0 (Windows NT 10.0; Win64; x64) AppleWebKit/537.36 (KHTML, like Gecko) Chrome/120.0.0.0 Safari/537.36"
104.208.91.171 - - [03/Feb/2026:20:52:15 +0000] "GET /wp-includes/js/plupload/ HTTP/1.1" 200 547 "-" "Mozilla/5.0 (Windows NT 10.0; Win64; x64) AppleWebKit/537.36 (KHTML, like Gecko) Chrome/120.0.0.0 Safari/537.36"
104.208.91.171 - - [03/Feb/2026:20:52:16 +0000] "GET /.well-known/ HTTP/1.1" 200 406 "-" "Mozilla/5.0 (Windows NT 10.0; Win64; x64) AppleWebKit/537.36 (KHTML, like Gecko) Chrome/120.0.0.0 Safari/537.36"
104.208.91.171 - - [03/Feb/2026:20:52:16 +0000] "GET /222.php HTTP/1.1" 404 13172 "-" "Mozilla/5.0 (Windows NT 10.0; Win64; x64) AppleWebKit/537.36 (KHTML, like Gecko) Chrome/120.0.0.0 Safari/537.36"
104.208.91.171 - - [03/Feb/2026:20:52:18 +0000] "GET /abcd.php HTTP/1.1" 404 13172 "-" "Mozilla/5.0 (Windows NT 10.0; Win64; x64) AppleWebKit/537.36 (KHTML, like Gecko) Chrome/120.0.0.0 Safari/537.36"
104.208.91.171 - - [03/Feb/2026:20:52:21 +0000] "GET /class-t.api.php HTTP/1.1" 404 13172 "-" "Mozilla/5.0 (Windows NT 10.0; Win64; x64) AppleWebKit/537.36 (KHTML, like Gecko) Chrome/120.0.0.0 Safari/537.36"
104.208.91.171 - - [03/Feb/2026:20:52:23 +0000] "GET /classwithtostring.php HTTP/1.1" 404 13172 "-" "Mozilla/5.0 (Windows NT 10.0; Win64; x64) AppleWebKit/537.36 (KHTML, like Gecko) Chrome/120.0.0.0 Safari/537.36"
139.162.194.112 - - [03/Feb/2026:20:52:25 +0000] "POST /wp-cron.php?doing_wp_cron=1770151945.0968499183654785156250 HTTP/1.1" 200 20 "-" "WordPress/6.9; https://elementalmill.com"
104.208.91.171 - - [03/Feb/2026:20:52:26 +0000] "GET /file.php HTTP/1.1" 404 13172 "-" "Mozilla/5.0 (Windows NT 10.0; Win64; x64) AppleWebKit/537.36 (KHTML, like Gecko) Chrome/120.0.0.0 Safari/537.36"
104.208.91.171 - - [03/Feb/2026:20:52:28 +0000] "GET /info.php HTTP/1.1" 404 13172 "-" "Mozilla/5.0 (Windows NT 10.0; Win64; x64) AppleWebKit/537.36 (KHTML, like Gecko) Chrome/120.0.0.0 Safari/537.36"
104.208.91.171 - - [03/Feb/2026:20:52:31 +0000] "GET /wp-admin/css/colors/coffee/ HTTP/1.1" 200 449 "-" "Mozilla/5.0 (Windows NT 10.0; Win64; x64) AppleWebKit/537.36 (KHTML, like Gecko) Chrome/120.0.0.0 Safari/537.36"
104.208.91.171 - - [03/Feb/2026:20:52:31 +0000] "GET /wp-admin/js/widgets/ HTTP/1.1" 200 614 "-" "Mozilla/5.0 (Windows NT 10.0; Win64; x64) AppleWebKit/537.36 (KHTML, like Gecko) Chrome/120.0.0.0 Safari/537.36"
104.208.91.171 - - [03/Feb/2026:20:52:32 +0000] "GET /wp-content/languages/ HTTP/1.1" 200 2439 "-" "Mozilla/5.0 (Windows NT 10.0; Win64; x64) AppleWebKit/537.36 (KHTML, like Gecko) Chrome/120.0.0.0 Safari/537.36"
104.208.91.171 - - [03/Feb/2026:20:52:32 +0000] "GET /wp-content/languages/plugins/ HTTP/1.1" 200 1203 "-" "Mozilla/5.0 (Windows NT 10.0; Win64; x64) AppleWebKit/537.36 (KHTML, like Gecko) Chrome/120.0.0.0 Safari/537.36"
104.208.91.171 - - [03/Feb/2026:20:52:33 +0000] "GET /wp-content/themes/twentytwentyfour/ HTTP/1.1" 200 548 "-" "Mozilla/5.0 (Windows NT 10.0; Win64; x64) AppleWebKit/537.36 (KHTML, like Gecko) Chrome/120.0.0.0 Safari/537.36"
104.208.91.171 - - [03/Feb/2026:20:52:33 +0000] "GET /wp-content/upgrade/ HTTP/1.1" 200 340 "-" "Mozilla/5.0 (Windows NT 10.0; Win64; x64) AppleWebKit/537.36 (KHTML, like Gecko) Chrome/120.0.0.0 Safari/537.36"
104.208.91.171 - - [03/Feb/2026:20:52:34 +0000] "GET /wp-content/uploads/ HTTP/1.1" 200 20 "-" "Mozilla/5.0 (Windows NT 10.0; Win64; x64) AppleWebKit/537.36 (KHTML, like Gecko) Chrome/120.0.0.0 Safari/537.36"
104.208.91.171 - - [03/Feb/2026:20:52:35 +0000] "GET /wp-good.php HTTP/1.1" 404 13172 "-" "Mozilla/5.0 (Windows NT 10.0; Win64; x64) AppleWebKit/537.36 (KHTML, like Gecko) Chrome/120.0.0.0 Safari/537.36"
104.208.91.171 - - [03/Feb/2026:20:52:37 +0000] "GET /wp-includes/js/jquery/ HTTP/1.1" 200 722 "-" "Mozilla/5.0 (Windows NT 10.0; Win64; x64) AppleWebKit/537.36 (KHTML, like Gecko) Chrome/120.0.0.0 Safari/537.36"
104.208.91.171 - - [03/Feb/2026:20:52:37 +0000] "GET /wp-includes/js/jquery/ui/ HTTP/1.1" 200 1385 "-" "Mozilla/5.0 (Windows NT 10.0; Win64; x64) AppleWebKit/537.36 (KHTML, like Gecko) Chrome/120.0.0.0 Safari/537.36"
104.208.91.171 - - [03/Feb/2026:20:52:38 +0000] "GET /wp-includes/js/tinymce/themes/ HTTP/1.1" 200 396 "-" "Mozilla/5.0 (Windows NT 10.0; Win64; x64) AppleWebKit/537.36 (KHTML, like Gecko) Chrome/120.0.0.0 Safari/537.36"
104.208.91.171 - - [03/Feb/2026:20:52:39 +0000] "GET /wp-includes/rest-api/ HTTP/1.1" 200 522 "-" "Mozilla/5.0 (Windows NT 10.0; Win64; x64) AppleWebKit/537.36 (KHTML, like Gecko) Chrome/120.0.0.0 Safari/537.36"
43.167.241.46 - - [03/Feb/2026:20:52:43 +0000] "GET /legal-information/ HTTP/1.1" 200 18360 "-" "Mozilla/5.0 (iPhone; CPU iPhone OS 13_2_3 like Mac OS X) AppleWebKit/605.1.15 (KHTML, like Gecko) Version/13.0.3 Mobile/15E148 Safari/604.1"
43.130.102.223 - - [03/Feb/2026:21:03:12 +0000] "GET /2021/08/03/maecenas-ornare-lectus-eu-vulputate-faucibus-mi-lorem-lacinia-sem/ HTTP/1.1" 200 16514 "-" "Mozilla/5.0 (iPhone; CPU iPhone OS 13_2_3 like Mac OS X) AppleWebKit/605.1.15 (KHTML, like Gecko) Version/13.0.3 Mobile/15E148 Safari/604.1"
81.29.142.100 - - [03/Feb/2026:21:05:38 +0000] "GET / HTTP/1.1" 503 - "-" "Mozilla/5.0 (Windows NT 10.0; WOW64) AppleWebKit/537.36 (KHTML, like Gecko) Chrome/88.0.4324.41 YaBrowser/21.2.0.1099 Yowser/2.5 Safari/537.36"
81.29.142.100 - - [03/Feb/2026:21:23:51 +0000] "GET / HTTP/1.1" 401 35 "-" "Mozilla/5.0 (Windows NT 6.1) AppleWebKit/537.36 (KHTML, like Gecko) Chrome/92.0.4515.159 Safari/537.36"
170.106.192.208 - - [03/Feb/2026:21:26:37 +0000] "GET /2021/12/03/team-of-worker/ HTTP/1.1" 200 16460 "-" "Mozilla/5.0 (iPhone; CPU iPhone OS 13_2_3 like Mac OS X) AppleWebKit/605.1.15 (KHTML, like Gecko) Version/13.0.3 Mobile/15E148 Safari/604.1"
139.162.194.112 - - [03/Feb/2026:21:26:40 +0000] "POST /wp-cron.php?doing_wp_cron=1770154000.0334019660949707031250 HTTP/1.1" 200 20 "-" "WordPress/6.9; https://elementalmill.com"
129.226.93.214 - - [03/Feb/2026:21:35:38 +0000] "GET /wp-content/plugins/elementor/assets/lib/eicons/fonts/eicons.woff2?5.10.0 HTTP/1.1" 200 91505 "-" "Mozilla/5.0 (iPhone; CPU iPhone OS 13_2_3 like Mac OS X) AppleWebKit/605.1.15 (KHTML, like Gecko) Version/13.0.3 Mobile/15E148 Safari/604.1"
72.11.155.223 - - [03/Feb/2026:21:38:47 +0000] "GET / HTTP/2.0" 200 19383 "http://www.elementalmill.com.lab2454.com/" "Mozilla/5.0 (Macintosh; Intel Mac OS X 15_7_3) AppleWebKit/605.1.15 (KHTML, like Gecko) Version/26.0 Safari/605.1.15"
43.131.36.84 - - [03/Feb/2026:21:56:04 +0000] "GET /author/admin/ HTTP/1.1" 200 13690 "-" "Mozilla/5.0 (iPhone; CPU iPhone OS 13_2_3 like Mac OS X) AppleWebKit/605.1.15 (KHTML, like Gecko) Version/13.0.3 Mobile/15E148 Safari/604.1"
139.162.194.112 - - [03/Feb/2026:21:56:06 +0000] "POST /wp-cron.php?doing_wp_cron=1770155766.8619520664215087890625 HTTP/1.1" 200 20 "-" "WordPress/6.9; https://elementalmill.com"
43.130.34.74 - - [03/Feb/2026:22:06:46 +0000] "GET /2021/08/03/ HTTP/1.1" 200 13451 "-" "Mozilla/5.0 (iPhone; CPU iPhone OS 13_2_3 like Mac OS X) AppleWebKit/605.1.15 (KHTML, like Gecko) Version/13.0.3 Mobile/15E148 Safari/604.1"
139.162.194.112 - - [03/Feb/2026:22:06:48 +0000] "POST /wp-cron.php?doing_wp_cron=1770156408.8500239849090576171875 HTTP/1.1" 200 20 "-" "WordPress/6.9; https://elementalmill.com"
209.141.32.196 - - [03/Feb/2026:22:38:42 +0000] "GET /wp-login.php HTTP/1.1" 200 10302 "-" "Mozilla/5.0 (Windows NT 6.1; rv:24.0) Gecko/20100101 Firefox/24.0"
139.162.194.112 - - [03/Feb/2026:22:38:43 +0000] "POST /wp-cron.php?doing_wp_cron=1770158323.9785010814666748046875 HTTP/1.1" 200 20 "-" "WordPress/6.9; https://elementalmill.com"
209.141.32.196 - - [03/Feb/2026:22:39:38 +0000] "POST /wp-login.php HTTP/1.1" 200 10781 "-" "Mozilla/5.0 (Windows NT 6.1; rv:24.0) Gecko/20100101 Firefox/24.0"
59.125.102.142 - - [03/Feb/2026:23:29:45 +0000] "POST /xmlrpc.php HTTP/1.1" 200 206 "-" "Mozilla/5.0 (Windows NT 10.0; Win64; x64) AppleWebKit/537.36 (KHTML, like Gecko) Chrome/141.0.0.0 Safari/537.36"
139.162.194.112 - - [03/Feb/2026:23:29:47 +0000] "POST /wp-cron.php?doing_wp_cron=1770161387.4299359321594238281250 HTTP/1.1" 200 20 "-" "WordPress/6.9; https://elementalmill.com"
69.10.48.159 - - [03/Feb/2026:23:33:29 +0000] "GET / HTTP/2.0" 200 19383 "-" "Mozilla/5.0 (Macintosh; Intel Mac OS X 14_5) AppleWebKit/605.1.15 (KHTML, like Gecko) Version/17.4 Safari/605.1.15"
81.29.142.100 - - [03/Feb/2026:23:36:11 +0000] "GET / HTTP/1.1" 301 1978 "-" "Mozilla/5.0 (Windows NT 6.3; Win64; x64) AppleWebKit/537.36 (KHTML, like Gecko) Chrome/89.0.4389.82 Safari/537.36"
81.29.142.100 - - [03/Feb/2026:23:36:18 +0000] "GET / HTTP/1.1" 200 107151 "-" "Mozilla/5.0 (Windows NT 6.3; Win64; x64) AppleWebKit/537.36 (KHTML, like Gecko) Chrome/89.0.4389.82 Safari/537.36"
103.98.152.87 - - [03/Feb/2026:23:53:13 +0000] "POST /xmlrpc.php HTTP/1.1" 200 403 "-" "Mozilla/5.0 (Macintosh; Intel Mac OS X 10_15_7) AppleWebKit/605.1.15 (KHTML, like Gecko) Version/17.6 Safari/605.1.15"
139.162.194.112 - - [03/Feb/2026:23:53:14 +0000] "POST /wp-cron.php?doing_wp_cron=1770162794.6012039184570312500000 HTTP/1.1" 200 20 "-" "WordPress/6.9; https://elementalmill.com"
165.154.24.24 - - [03/Feb/2026:23:53:37 +0000] "POST /xmlrpc.php HTTP/1.1" 200 403 "-" "Mozilla/5.0 (Windows NT 10.0; Win64; x64) AppleWebKit/537.36 (KHTML, like Gecko) Chrome/129.0.2792.79 Safari/537.36 Edg/129.0.2792.79"
198.54.126.134 - - [03/Feb/2026:23:53:39 +0000] "POST /xmlrpc.php HTTP/1.1" 200 403 "-" "Mozilla/5.0 (Windows NT 11.0; Win64; x64) AppleWebKit/537.36 (KHTML, like Gecko) Chrome/129.0.6668.100 Safari/537.36"
77.222.40.147 - - [03/Feb/2026:23:53:41 +0000] "POST /xmlrpc.php HTTP/1.1" 200 403 "-" "Mozilla/5.0 (Windows NT 10.0; Win64; x64; rv:131.0) Gecko/20100101 Firefox/131.0"
220.158.232.215 - - [03/Feb/2026:23:53:42 +0000] "POST /xmlrpc.php HTTP/1.1" 200 403 "-" "Mozilla/5.0 (Macintosh; Intel Mac OS X 10.15; rv:130.0) Gecko/20100101 Firefox/130.0"
217.160.207.42 - - [03/Feb/2026:23:54:03 +0000] "POST /xmlrpc.php HTTP/1.1" 200 403 "-" "Mozilla/5.0 (Macintosh; Intel Mac OS X 10_15_7) AppleWebKit/537.36 (KHTML, like Gecko) Chrome/130.0.6723.59 Safari/537.36"
87.101.176.211 - - [03/Feb/2026:23:54:11 +0000] "POST /xmlrpc.php HTTP/1.1" 200 403 "-" "Mozilla/5.0 (Windows NT 10.0; Win64; x64) AppleWebKit/537.36 (KHTML, like Gecko) Chrome/129.0.6668.99 Safari/537.36"
217.160.207.42 - - [03/Feb/2026:23:54:46 +0000] "POST /xmlrpc.php HTTP/1.1" 200 403 "-" "Mozilla/5.0 (Windows NT 10.0; Win64; x64) AppleWebKit/537.36 (KHTML, like Gecko) Chrome/129.0.0.0 Safari/537.36 Edg/129.0.2792.89"
167.172.79.172 - - [03/Feb/2026:23:55:18 +0000] "POST /xmlrpc.php HTTP/1.1" 200 403 "-" "Mozilla/5.0 (X11; Linux x86_64) AppleWebKit/537.36 (KHTML, like Gecko) Chrome/129.0.6668.100 Safari/537.36"
144.172.103.49 - - [04/Feb/2026:00:02:57 +0000] "GET /wp-content/plugins/catnip/all.php HTTP/1.1" 404 13173 "-" "Mozilla/5.0 (Kubuntu; Linux i686) AppleWebKit/537.36 (KHTML, like Gecko) Chrome/140.0.0.0 Safari/537.36"
43.157.22.109 - - [04/Feb/2026:00:11:33 +0000] "GET / HTTP/1.1" 200 19383 "http://www.elementalmill.com" "Mozilla/5.0 (iPhone; CPU iPhone OS 13_2_3 like Mac OS X) AppleWebKit/605.1.15 (KHTML, like Gecko) Version/13.0.3 Mobile/15E148 Safari/604.1"
180.245.30.37 - - [04/Feb/2026:00:16:12 +0000] "GET /whsy.php HTTP/2.0" 200 1353 "-" "Mozilla/5.0 (Windows NT 10.0; Win64; x64) AppleWebKit/537.36 (KHTML, like Gecko) Chrome/144.0.0.0 Safari/537.36"
180.245.30.37 - - [04/Feb/2026:00:16:26 +0000] "GET /wp-content/uploads/2021/11/cropped-EM-Gold-Logo-32x32.png HTTP/2.0" 200 1807 "http://elementalmill.com/" "Mozilla/5.0 (Windows NT 10.0; Win64; x64) AppleWebKit/537.36 (KHTML, like Gecko) Chrome/144.0.0.0 Safari/537.36"
43.157.22.57 - - [04/Feb/2026:00:25:51 +0000] "GET /wp-json/oembed/1.0/embed?url=https%3A%2F%2Felementalmill.com%2F HTTP/1.1" 200 1090 "-" "Mozilla/5.0 (iPhone; CPU iPhone OS 13_2_3 like Mac OS X) AppleWebKit/605.1.15 (KHTML, like Gecko) Version/13.0.3 Mobile/15E148 Safari/604.1"
43.156.228.27 - - [04/Feb/2026:00:34:11 +0000] "GET /wp-content/plugins/elementskit/modules/parallax/ HTTP/1.1" 200 473 "-" "Mozilla/5.0 (iPhone; CPU iPhone OS 13_2_3 like Mac OS X) AppleWebKit/605.1.15 (KHTML, like Gecko) Version/13.0.3 Mobile/15E148 Safari/604.1"
2.57.169.3 - - [04/Feb/2026:00:36:36 +0000] "GET /about-us/contact-us/ HTTP/1.1" 200 15513 "-" "Mozilla/5.0 (X11; Ubuntu; Linux i686; rv:114.0) Gecko/20100101 Firefox/114.0"
139.162.194.112 - - [04/Feb/2026:00:36:38 +0000] "POST /wp-cron.php?doing_wp_cron=1770165398.2194058895111083984375 HTTP/1.1" 200 20 "-" "WordPress/6.9; https://elementalmill.com"
89.251.0.91 - - [04/Feb/2026:00:36:43 +0000] "GET /wp-content/plugins/contact-form-7/includes/js/index.js?ver=5.5.3 HTTP/1.1" 200 3767 "https://elementalmill.com/about-us/contact-us/" "Mozilla/5.0 (X11; Ubuntu; Linux i686; rv:114.0) Gecko/20100101 Firefox/114.0"
89.251.0.95 - - [04/Feb/2026:00:36:44 +0000] "POST /wp-json/contact-form-7/v1/contact-forms/492/feedback HTTP/1.1" 200 183 "https://elementalmill.com/about-us/contact-us/" "Mozilla/5.0 (X11; Ubuntu; Linux i686; rv:114.0) Gecko/20100101 Firefox/114.0"
43.156.228.27 - - [04/Feb/2026:00:43:56 +0000] "GET /wp-json/wp/v2/pages/11 HTTP/1.1" 200 6259 "-" "Mozilla/5.0 (iPhone; CPU iPhone OS 13_2_3 like Mac OS X) AppleWebKit/605.1.15 (KHTML, like Gecko) Version/13.0.3 Mobile/15E148 Safari/604.1"
43.159.135.203 - - [04/Feb/2026:00:54:52 +0000] "GET /xmlrpc.php?rsd HTTP/1.1" 200 1109 "-" "Mozilla/5.0 (iPhone; CPU iPhone OS 13_2_3 like Mac OS X) AppleWebKit/605.1.15 (KHTML, like Gecko) Version/13.0.3 Mobile/15E148 Safari/604.1"
139.162.194.112 - - [04/Feb/2026:00:54:54 +0000] "POST /wp-cron.php?doing_wp_cron=1770166494.0867009162902832031250 HTTP/1.1" 200 20 "-" "WordPress/6.9; https://elementalmill.com"
51.195.183.236 - - [04/Feb/2026:00:58:47 +0000] "GET /robots.txt HTTP/2.0" 200 885 "-" "Mozilla/5.0 (compatible; AhrefsBot/7.0; +http://ahrefs.com/robot/)"
5.39.109.161 - - [04/Feb/2026:00:58:59 +0000] "GET / HTTP/2.0" 200 19383 "-" "Mozilla/5.0 (compatible; AhrefsBot/7.0; +http://ahrefs.com/robot/)"
43.153.67.21 - - [04/Feb/2026:01:04:43 +0000] "GET /wp-content/plugins/elementskit/modules/parallax/?C=S;O=A HTTP/1.1" 200 473 "-" "Mozilla/5.0 (iPhone; CPU iPhone OS 13_2_3 like Mac OS X) AppleWebKit/605.1.15 (KHTML, like Gecko) Version/13.0.3 Mobile/15E148 Safari/604.1"
43.130.102.223 - - [04/Feb/2026:01:13:45 +0000] "GET /wp-content/plugins/elementskit/modules/ HTTP/1.1" 200 516 "-" "Mozilla/5.0 (iPhone; CPU iPhone OS 13_2_3 like Mac OS X) AppleWebKit/605.1.15 (KHTML, like Gecko) Version/13.0.3 Mobile/15E148 Safari/604.1"
43.153.122.30 - - [04/Feb/2026:01:24:43 +0000] "GET /wp-content/plugins/elementskit/modules/parallax/init.php HTTP/1.1" 200 20 "-" "Mozilla/5.0 (iPhone; CPU iPhone OS 13_2_3 like Mac OS X) AppleWebKit/605.1.15 (KHTML, like Gecko) Version/13.0.3 Mobile/15E148 Safari/604.1"
43.159.143.187 - - [04/Feb/2026:01:32:13 +0000] "GET / HTTP/1.1" 200 19383 "http://elementalmill.com" "Mozilla/5.0 (iPhone; CPU iPhone OS 13_2_3 like Mac OS X) AppleWebKit/605.1.15 (KHTML, like Gecko) Version/13.0.3 Mobile/15E148 Safari/604.1"
43.157.148.38 - - [04/Feb/2026:01:34:10 +0000] "GET /wp-content/plugins/elementskit/modules/parallax/?C=N;O=D HTTP/1.1" 200 473 "-" "Mozilla/5.0 (iPhone; CPU iPhone OS 13_2_3 like Mac OS X) AppleWebKit/605.1.15 (KHTML, like Gecko) Version/13.0.3 Mobile/15E148 Safari/604.1"
43.130.78.203 - - [04/Feb/2026:01:44:44 +0000] "GET /xmlrpc.php HTTP/1.1" 405 873 "-" "Mozilla/5.0 (iPhone; CPU iPhone OS 13_2_3 like Mac OS X) AppleWebKit/605.1.15 (KHTML, like Gecko) Version/13.0.3 Mobile/15E148 Safari/604.1"
43.134.186.61 - - [04/Feb/2026:01:54:49 +0000] "GET /wp-content/plugins/elementskit/modules/parallax/?C=M;O=A HTTP/1.1" 200 475 "-" "Mozilla/5.0 (iPhone; CPU iPhone OS 13_2_3 like Mac OS X) AppleWebKit/605.1.15 (KHTML, like Gecko) Version/13.0.3 Mobile/15E148 Safari/604.1"
45.61.185.137 - - [04/Feb/2026:01:58:26 +0000] "GET /wp-login.php HTTP/1.1" 200 10302 "-" "Mozilla/5.0 (Windows NT 6.2; WOW64; rv:30.0) Gecko/20100101 Firefox/30.0"
139.162.194.112 - - [04/Feb/2026:01:58:27 +0000] "POST /wp-cron.php?doing_wp_cron=1770170307.8305439949035644531250 HTTP/1.1" 200 20 "-" "WordPress/6.9; https://elementalmill.com"
45.61.185.137 - - [04/Feb/2026:01:58:30 +0000] "POST /wp-login.php HTTP/1.1" 200 10763 "-" "Mozilla/5.0 (Windows NT 6.2; WOW64; rv:30.0) Gecko/20100101 Firefox/30.0"
170.106.197.109 - - [04/Feb/2026:02:07:22 +0000] "GET /wp-content/plugins/elementskit/modules/parallax/?C=N;O=A HTTP/1.1" 200 473 "-" "Mozilla/5.0 (iPhone; CPU iPhone OS 13_2_3 like Mac OS X) AppleWebKit/605.1.15 (KHTML, like Gecko) Version/13.0.3 Mobile/15E148 Safari/604.1"
182.42.110.255 - - [04/Feb/2026:02:11:16 +0000] "GET / HTTP/1.1" 200 19383 "http://elementalmill.com" "Mozilla/5.0 (iPhone; CPU iPhone OS 13_2_3 like Mac OS X) AppleWebKit/605.1.15 (KHTML, like Gecko) Version/13.0.3 Mobile/15E148 Safari/604.1"
43.159.141.150 - - [04/Feb/2026:02:14:40 +0000] "GET /wp-content/plugins/elementskit/modules/header-footer/ HTTP/1.1" 200 543 "-" "Mozilla/5.0 (iPhone; CPU iPhone OS 13_2_3 like Mac OS X) AppleWebKit/605.1.15 (KHTML, like Gecko) Version/13.0.3 Mobile/15E148 Safari/604.1"
51.159.99.245 - - [04/Feb/2026:02:20:55 +0000] "POST /xmlrpc.php HTTP/1.1" 200 206 "-" "Mozilla/5.0 (Windows NT 10.0; Win64; x64) AppleWebKit/537.43 (KHTML, like Gecko) Chrome/140.0.0.0 Safari/537.36 OPR/124.0.0.0"
207.154.219.217 - - [04/Feb/2026:02:21:42 +0000] "POST / HTTP/1.1" 200 17885 "-" "Mozilla/5.0 (X11; Linux x86_64) AppleWebKit/537.36 (KHTML, like Gecko) Chrome/81.0.4044.129 Safari/537.36"
207.154.219.217 - - [04/Feb/2026:02:21:44 +0000] "GET / HTTP/1.1" 200 19383 "-" "Mozilla/5.0 (X11; Linux x86_64) AppleWebKit/537.36 (KHTML, like Gecko) Chrome/81.0.4044.129 Safari/537.36"
43.157.150.69 - - [04/Feb/2026:02:24:13 +0000] "GET /wp-content/plugins/elementskit/modules/parallax/widget-controls.php HTTP/1.1" 200 20 "-" "Mozilla/5.0 (iPhone; CPU iPhone OS 13_2_3 like Mac OS X) AppleWebKit/605.1.15 (KHTML, like Gecko) Version/13.0.3 Mobile/15E148 Safari/604.1"
43.157.95.131 - - [04/Feb/2026:02:34:40 +0000] "GET /wp-content/plugins/elementskit/modules/parallax/assets/ HTTP/1.1" 200 423 "-" "Mozilla/5.0 (iPhone; CPU iPhone OS 13_2_3 like Mac OS X) AppleWebKit/605.1.15 (KHTML, like Gecko) Version/13.0.3 Mobile/15E148 Safari/604.1"
198.98.53.57 - - [04/Feb/2026:02:47:22 +0000] "GET /wp-login.php HTTP/1.1" 200 10302 "-" "Mozilla/5.0 (Windows NT 6.1; WOW64) AppleWebKit/537.36 (KHTML, like Gecko) Chrome/36.0.1985.125 Safari/537.36"
139.162.194.112 - - [04/Feb/2026:02:47:24 +0000] "POST /wp-cron.php?doing_wp_cron=1770173244.7996630668640136718750 HTTP/1.1" 200 20 "-" "WordPress/6.9; https://elementalmill.com"
198.98.53.57 - - [04/Feb/2026:02:47:30 +0000] "POST /wp-login.php HTTP/1.1" 200 10763 "-" "Mozilla/5.0 (Windows NT 6.1; WOW64) AppleWebKit/537.36 (KHTML, like Gecko) Chrome/36.0.1985.125 Safari/537.36"
182.8.66.178 - - [04/Feb/2026:02:54:35 +0000] "GET /wp-login.php HTTP/1.1" 200 2812 "" "Mozilla/5.0 (Macintosh; Intel Mac OS X 13_6_1) AppleWebKit/605.1.15 (KHTML, like Gecko) Version/17.0 Safari/605.1.15"
139.162.194.112 - - [04/Feb/2026:02:54:36 +0000] "POST /wp-cron.php?doing_wp_cron=1770173676.9456729888916015625000 HTTP/1.1" 200 20 "-" "WordPress/6.9; https://elementalmill.com"
182.8.66.178 - - [04/Feb/2026:02:54:38 +0000] "GET /?author=1 HTTP/1.1" 301 839 "https://t.co/" "Mozilla/5.0 (Macintosh; Intel Mac OS X 13_6_1) AppleWebKit/537.36 (KHTML, like Gecko) Chrome/118.0.0.0 Safari/537.36"
182.8.66.178 - - [04/Feb/2026:02:54:41 +0000] "GET /author/admin/ HTTP/1.1" 200 13690 "https://t.co/" "Mozilla/5.0 (Macintosh; Intel Mac OS X 13_6_1) AppleWebKit/537.36 (KHTML, like Gecko) Chrome/118.0.0.0 Safari/537.36"
182.8.66.178 - - [04/Feb/2026:02:54:44 +0000] "GET /?author=2 HTTP/1.1" 404 13173 "https://t.co/" "Mozilla/5.0 (X11; Linux x86_64) AppleWebKit/537.36 (KHTML, like Gecko) Chrome/121.0.0.0 Safari/537.36"
182.8.66.178 - - [04/Feb/2026:02:54:52 +0000] "GET /?author=3 HTTP/1.1" 200 13199 "https://www.google.com/search?q=wordpress" "Mozilla/5.0 (Windows NT 11.0; Win64; x64) AppleWebKit/537.36 (KHTML, like Gecko) Chrome/119.0.0.0 Safari/537.36"
182.8.66.178 - - [04/Feb/2026:02:54:57 +0000] "GET /?author=4 HTTP/1.1" 200 13201 "https://www.facebook.com/" "Mozilla/5.0 (Macintosh; Intel Mac OS X 10_15_7; rv:121.0) Gecko/20100101 Firefox/121.0"
182.8.66.178 - - [04/Feb/2026:02:55:02 +0000] "GET /?author=5 HTTP/1.1" 200 13203 "-" "Mozilla/5.0 (X11; Ubuntu; Linux x86_64) AppleWebKit/537.36 (KHTML, like Gecko) Chrome/118.0.0.0 Safari/537.36"
182.8.66.178 - - [04/Feb/2026:02:55:11 +0000] "GET /wp-json/wp/v2/users HTTP/1.1" 200 314 "https://www.google.com/search?q=wordpress" "Mozilla/5.0 (Macintosh; Intel Mac OS X 10_15_7) AppleWebKit/605.1.15 (KHTML, like Gecko) Version/16.6 Safari/605.1.15"
182.8.66.178 - - [04/Feb/2026:02:56:13 +0000] "POST /wp-login.php HTTP/1.1" 200 2955 "https://elementalmill.com/wp-login.php" "Mozilla/5.0 (X11; Ubuntu; Linux x86_64) AppleWebKit/537.36 (KHTML, like Gecko) Chrome/119.0.0.0 Safari/537.36"
182.8.66.178 - - [04/Feb/2026:02:56:16 +0000] "GET /wp-admin/index.php HTTP/1.1" 302 20 "https://elementalmill.com/wp-login.php" "Mozilla/5.0 (Windows NT 10.0; Win64; x64) AppleWebKit/537.36 (KHTML, like Gecko) Chrome/121.0.0.0 Safari/537.36"
182.8.66.178 - - [04/Feb/2026:02:56:19 +0000] "GET /wp-login.php?redirect_to=https%3A%2F%2Felementalmill.com%2Fwp-admin%2Findex.php&reauth=1 HTTP/1.1" 200 2823 "https://elementalmill.com/wp-login.php" "Mozilla/5.0 (Windows NT 10.0; Win64; x64) AppleWebKit/537.36 (KHTML, like Gecko) Chrome/121.0.0.0 Safari/537.36"
182.8.66.178 - - [04/Feb/2026:02:56:26 +0000] "POST /wp-login.php HTTP/1.1" 200 2960 "https://elementalmill.com/wp-login.php" "Mozilla/5.0 (Windows NT 11.0; Win64; x64; rv:118.0) Gecko/20100101 Firefox/118.0"
182.8.66.178 - - [04/Feb/2026:02:56:32 +0000] "GET /wp-admin/index.php HTTP/1.1" 302 20 "https://elementalmill.com/wp-login.php" "Mozilla/5.0 (Macintosh; Intel Mac OS X 13_6_1) AppleWebKit/537.36 (KHTML, like Gecko) Chrome/118.0.0.0 Safari/537.36"
182.8.66.178 - - [04/Feb/2026:02:56:36 +0000] "GET /wp-login.php?redirect_to=https%3A%2F%2Felementalmill.com%2Fwp-admin%2Findex.php&reauth=1 HTTP/1.1" 200 2823 "https://elementalmill.com/wp-login.php" "Mozilla/5.0 (Macintosh; Intel Mac OS X 13_6_1) AppleWebKit/537.36 (KHTML, like Gecko) Chrome/118.0.0.0 Safari/537.36"
182.8.66.178 - - [04/Feb/2026:02:56:38 +0000] "POST /wp-login.php HTTP/1.1" 200 2960 "https://elementalmill.com/wp-login.php" "Mozilla/5.0 (Macintosh; Intel Mac OS X 13_6_1) AppleWebKit/605.1.15 (KHTML, like Gecko) Version/16.6 Safari/605.1.15"
182.8.66.178 - - [04/Feb/2026:02:56:41 +0000] "GET /wp-admin/index.php HTTP/1.1" 302 20 "https://elementalmill.com/wp-login.php" "Mozilla/5.0 (Macintosh; Intel Mac OS X 13_6_1) AppleWebKit/537.36 (KHTML, like Gecko) Chrome/120.0.0.0 Safari/537.36"
182.8.66.178 - - [04/Feb/2026:02:56:51 +0000] "GET /wp-login.php?redirect_to=https%3A%2F%2Felementalmill.com%2Fwp-admin%2Findex.php&reauth=1 HTTP/1.1" 200 2823 "https://elementalmill.com/wp-login.php" "Mozilla/5.0 (Macintosh; Intel Mac OS X 13_6_1) AppleWebKit/537.36 (KHTML, like Gecko) Chrome/120.0.0.0 Safari/537.36"
182.8.66.178 - - [04/Feb/2026:02:57:11 +0000] "POST /wp-login.php HTTP/1.1" 200 2961 "https://elementalmill.com/wp-login.php" "Mozilla/5.0 (Macintosh; Intel Mac OS X 13_6_1; rv:119.0) Gecko/20100101 Firefox/119.0"
182.8.66.178 - - [04/Feb/2026:02:57:25 +0000] "GET /wp-admin/index.php HTTP/1.1" 302 20 "https://elementalmill.com/wp-login.php" "Mozilla/5.0 (Windows NT 10.0; Win64; x64; rv:121.0) Gecko/20100101 Firefox/121.0"
182.8.66.178 - - [04/Feb/2026:02:57:37 +0000] "GET /wp-login.php?redirect_to=https%3A%2F%2Felementalmill.com%2Fwp-admin%2Findex.php&reauth=1 HTTP/1.1" 200 2823 "https://elementalmill.com/wp-login.php" "Mozilla/5.0 (Windows NT 10.0; Win64; x64; rv:121.0) Gecko/20100101 Firefox/121.0"
182.8.66.178 - - [04/Feb/2026:02:57:49 +0000] "POST /wp-login.php HTTP/1.1" 200 2956 "https://elementalmill.com/wp-login.php" "Mozilla/5.0 (Macintosh; Intel Mac OS X 10_15_7) AppleWebKit/537.36 (KHTML, like Gecko) Chrome/121.0.0.0 Safari/537.36"
182.8.66.178 - - [04/Feb/2026:02:58:05 +0000] "GET /wp-admin/index.php HTTP/1.1" 302 20 "https://elementalmill.com/wp-login.php" "Mozilla/5.0 (Windows NT 11.0; Win64; x64; rv:119.0) Gecko/20100101 Firefox/119.0"
182.8.66.178 - - [04/Feb/2026:02:58:10 +0000] "GET /wp-login.php?redirect_to=https%3A%2F%2Felementalmill.com%2Fwp-admin%2Findex.php&reauth=1 HTTP/1.1" 200 2823 "https://elementalmill.com/wp-login.php" "Mozilla/5.0 (Windows NT 11.0; Win64; x64; rv:119.0) Gecko/20100101 Firefox/119.0"
182.8.66.178 - - [04/Feb/2026:02:58:22 +0000] "POST /wp-login.php HTTP/1.1" 200 2957 "https://elementalmill.com/wp-login.php" "Mozilla/5.0 (Macintosh; Intel Mac OS X 10_15_7) AppleWebKit/605.1.15 (KHTML, like Gecko) Version/17.2 Safari/605.1.15"
182.8.66.178 - - [04/Feb/2026:02:58:30 +0000] "GET /wp-admin/index.php HTTP/1.1" 302 20 "https://elementalmill.com/wp-login.php" "Mozilla/5.0 (Windows NT 11.0; Win64; x64) AppleWebKit/537.36 (KHTML, like Gecko) Chrome/120.0.0.0 Safari/537.36"
182.8.66.178 - - [04/Feb/2026:02:58:37 +0000] "GET /wp-login.php?redirect_to=https%3A%2F%2Felementalmill.com%2Fwp-admin%2Findex.php&reauth=1 HTTP/1.1" 200 2823 "https://elementalmill.com/wp-login.php" "Mozilla/5.0 (Windows NT 11.0; Win64; x64) AppleWebKit/537.36 (KHTML, like Gecko) Chrome/120.0.0.0 Safari/537.36"
182.8.66.178 - - [04/Feb/2026:02:58:59 +0000] "POST /wp-login.php HTTP/1.1" 200 2960 "https://elementalmill.com/wp-login.php" "Mozilla/5.0 (Macintosh; Intel Mac OS X 10_15_7) AppleWebKit/605.1.15 (KHTML, like Gecko) Version/17.0 Safari/605.1.15"
182.8.66.178 - - [04/Feb/2026:02:59:04 +0000] "GET /wp-admin/index.php HTTP/1.1" 302 20 "https://elementalmill.com/wp-login.php" "Mozilla/5.0 (Macintosh; Intel Mac OS X 10_15_7; rv:118.0) Gecko/20100101 Firefox/118.0"
182.8.66.178 - - [04/Feb/2026:02:59:07 +0000] "GET /wp-login.php?redirect_to=https%3A%2F%2Felementalmill.com%2Fwp-admin%2Findex.php&reauth=1 HTTP/1.1" 200 2823 "https://elementalmill.com/wp-login.php" "Mozilla/5.0 (Macintosh; Intel Mac OS X 10_15_7; rv:118.0) Gecko/20100101 Firefox/118.0"
182.8.66.178 - - [04/Feb/2026:02:59:11 +0000] "POST /wp-login.php HTTP/1.1" 200 2962 "https://elementalmill.com/wp-login.php" "Mozilla/5.0 (Windows NT 11.0; Win64; x64) AppleWebKit/537.36 (KHTML, like Gecko) Chrome/121.0.0.0 Safari/537.36"
182.8.66.178 - - [04/Feb/2026:02:59:14 +0000] "GET /wp-admin/index.php HTTP/1.1" 302 20 "https://elementalmill.com/wp-login.php" "Mozilla/5.0 (Macintosh; Intel Mac OS X 13_6_1; rv:120.0) Gecko/20100101 Firefox/120.0"
182.8.66.178 - - [04/Feb/2026:02:59:16 +0000] "GET /wp-login.php?redirect_to=https%3A%2F%2Felementalmill.com%2Fwp-admin%2Findex.php&reauth=1 HTTP/1.1" 200 2823 "https://elementalmill.com/wp-login.php" "Mozilla/5.0 (Macintosh; Intel Mac OS X 13_6_1; rv:120.0) Gecko/20100101 Firefox/120.0"
182.8.66.178 - - [04/Feb/2026:02:59:19 +0000] "POST /wp-login.php HTTP/1.1" 200 2959 "https://elementalmill.com/wp-login.php" "Mozilla/5.0 (Macintosh; Intel Mac OS X 10_15_7) AppleWebKit/537.36 (KHTML, like Gecko) Chrome/118.0.0.0 Safari/537.36"
182.8.66.178 - - [04/Feb/2026:02:59:22 +0000] "GET /wp-admin/index.php HTTP/1.1" 302 20 "https://elementalmill.com/wp-login.php" "Mozilla/5.0 (Macintosh; Intel Mac OS X 10_15_7) AppleWebKit/605.1.15 (KHTML, like Gecko) Version/17.0 Safari/605.1.15"
182.8.66.178 - - [04/Feb/2026:02:59:25 +0000] "GET /wp-login.php?redirect_to=https%3A%2F%2Felementalmill.com%2Fwp-admin%2Findex.php&reauth=1 HTTP/1.1" 200 2823 "https://elementalmill.com/wp-login.php" "Mozilla/5.0 (Macintosh; Intel Mac OS X 10_15_7) AppleWebKit/605.1.15 (KHTML, like Gecko) Version/17.0 Safari/605.1.15"
182.8.66.178 - - [04/Feb/2026:02:59:28 +0000] "POST /wp-login.php HTTP/1.1" 200 2957 "https://elementalmill.com/wp-login.php" "Mozilla/5.0 (Macintosh; Intel Mac OS X 13_6_1) AppleWebKit/605.1.15 (KHTML, like Gecko) Version/17.1 Safari/605.1.15"
182.8.66.178 - - [04/Feb/2026:02:59:32 +0000] "GET /wp-admin/index.php HTTP/1.1" 302 20 "https://elementalmill.com/wp-login.php" "Mozilla/5.0 (Windows NT 10.0; Win64; x64; rv:118.0) Gecko/20100101 Firefox/118.0"
63.141.253.98 - - [04/Feb/2026:02:59:33 +0000] "GET / HTTP/1.1" 200 19383 "http://elementalmill.com" "Mozilla/5.0 (Windows NT 10.0; Win64; x64) AppleWebKit/537.36 (KHTML, like Gecko) Chrome/103.0.0.0 Safari/537.36"
182.8.66.178 - - [04/Feb/2026:02:59:37 +0000] "GET /wp-login.php?redirect_to=https%3A%2F%2Felementalmill.com%2Fwp-admin%2Findex.php&reauth=1 HTTP/1.1" 200 2823 "https://elementalmill.com/wp-login.php" "Mozilla/5.0 (Windows NT 10.0; Win64; x64; rv:118.0) Gecko/20100101 Firefox/118.0"
182.8.66.178 - - [04/Feb/2026:02:59:40 +0000] "POST /wp-login.php HTTP/1.1" 200 2957 "https://elementalmill.com/wp-login.php" "Mozilla/5.0 (Macintosh; Intel Mac OS X 10_15_7) AppleWebKit/605.1.15 (KHTML, like Gecko) Version/17.1 Safari/605.1.15"
63.141.253.98 - - [04/Feb/2026:02:59:39 +0000] "GET / HTTP/1.1" 200 19383 "http://elementalmill.com" "Googlebot/2.1 (+http://www.googlebot.com/bot.html)"
182.8.66.178 - - [04/Feb/2026:02:59:44 +0000] "GET /wp-admin/index.php HTTP/1.1" 302 20 "https://elementalmill.com/wp-login.php" "Mozilla/5.0 (Macintosh; Intel Mac OS X 13_6_1; rv:120.0) Gecko/20100101 Firefox/120.0"
182.8.66.178 - - [04/Feb/2026:02:59:47 +0000] "GET /wp-login.php?redirect_to=https%3A%2F%2Felementalmill.com%2Fwp-admin%2Findex.php&reauth=1 HTTP/1.1" 200 2823 "https://elementalmill.com/wp-login.php" "Mozilla/5.0 (Macintosh; Intel Mac OS X 13_6_1; rv:120.0) Gecko/20100101 Firefox/120.0"
182.8.66.178 - - [04/Feb/2026:02:59:50 +0000] "POST /wp-login.php HTTP/1.1" 200 2958 "https://elementalmill.com/wp-login.php" "Mozilla/5.0 (Macintosh; Intel Mac OS X 13_6_1) AppleWebKit/537.36 (KHTML, like Gecko) Chrome/119.0.0.0 Safari/537.36"
182.8.66.178 - - [04/Feb/2026:02:59:53 +0000] "GET /wp-admin/index.php HTTP/1.1" 302 20 "https://elementalmill.com/wp-login.php" "Mozilla/5.0 (Macintosh; Intel Mac OS X 13_6_1) AppleWebKit/605.1.15 (KHTML, like Gecko) Version/16.6 Safari/605.1.15"
182.8.66.178 - - [04/Feb/2026:02:59:56 +0000] "GET /wp-login.php?redirect_to=https%3A%2F%2Felementalmill.com%2Fwp-admin%2Findex.php&reauth=1 HTTP/1.1" 200 2823 "https://elementalmill.com/wp-login.php" "Mozilla/5.0 (Macintosh; Intel Mac OS X 13_6_1) AppleWebKit/605.1.15 (KHTML, like Gecko) Version/16.6 Safari/605.1.15"
182.8.66.178 - - [04/Feb/2026:02:59:58 +0000] "POST /wp-login.php HTTP/1.1" 200 2958 "https://elementalmill.com/wp-login.php" "Mozilla/5.0 (Macintosh; Intel Mac OS X 13_6_1) AppleWebKit/605.1.15 (KHTML, like Gecko) Version/16.6 Safari/605.1.15"
182.8.66.178 - - [04/Feb/2026:03:00:01 +0000] "GET /wp-admin/index.php HTTP/1.1" 302 20 "https://elementalmill.com/wp-login.php" "Mozilla/5.0 (Windows NT 10.0; Win64; x64; rv:118.0) Gecko/20100101 Firefox/118.0"
182.8.66.178 - - [04/Feb/2026:03:00:04 +0000] "GET /wp-login.php?redirect_to=https%3A%2F%2Felementalmill.com%2Fwp-admin%2Findex.php&reauth=1 HTTP/1.1" 200 2823 "https://elementalmill.com/wp-login.php" "Mozilla/5.0 (Windows NT 10.0; Win64; x64; rv:118.0) Gecko/20100101 Firefox/118.0"
182.8.66.178 - - [04/Feb/2026:03:00:08 +0000] "POST /wp-login.php HTTP/1.1" 200 2903 "https://elementalmill.com/wp-login.php" "Mozilla/5.0 (Windows NT 11.0; Win64; x64) AppleWebKit/537.36 (KHTML, like Gecko) Chrome/119.0.0.0 Safari/537.36"
182.8.66.178 - - [04/Feb/2026:03:00:11 +0000] "GET /wp-admin/index.php HTTP/1.1" 302 20 "https://elementalmill.com/wp-login.php" "Mozilla/5.0 (X11; Linux x86_64) AppleWebKit/537.36 (KHTML, like Gecko) Chrome/121.0.0.0 Safari/537.36"
182.8.66.178 - - [04/Feb/2026:03:00:14 +0000] "GET /wp-login.php?redirect_to=https%3A%2F%2Felementalmill.com%2Fwp-admin%2Findex.php&reauth=1 HTTP/1.1" 200 2823 "https://elementalmill.com/wp-login.php" "Mozilla/5.0 (X11; Linux x86_64) AppleWebKit/537.36 (KHTML, like Gecko) Chrome/121.0.0.0 Safari/537.36"
182.8.66.178 - - [04/Feb/2026:03:00:16 +0000] "POST /wp-login.php HTTP/1.1" 200 2961 "https://elementalmill.com/wp-login.php" "Mozilla/5.0 (Windows NT 10.0; Win64; x64) AppleWebKit/537.36 (KHTML, like Gecko) Chrome/121.0.0.0 Safari/537.36"
182.8.66.178 - - [04/Feb/2026:03:00:19 +0000] "GET /wp-admin/index.php HTTP/1.1" 302 20 "https://elementalmill.com/wp-login.php" "Mozilla/5.0 (Macintosh; Intel Mac OS X 13_6_1) AppleWebKit/605.1.15 (KHTML, like Gecko) Version/17.2 Safari/605.1.15"
182.8.66.178 - - [04/Feb/2026:03:00:22 +0000] "GET /wp-login.php?redirect_to=https%3A%2F%2Felementalmill.com%2Fwp-admin%2Findex.php&reauth=1 HTTP/1.1" 200 2823 "https://elementalmill.com/wp-login.php" "Mozilla/5.0 (Macintosh; Intel Mac OS X 13_6_1) AppleWebKit/605.1.15 (KHTML, like Gecko) Version/17.2 Safari/605.1.15"
182.8.66.178 - - [04/Feb/2026:03:00:25 +0000] "POST /wp-login.php HTTP/1.1" 200 2955 "https://elementalmill.com/wp-login.php" "Mozilla/5.0 (Macintosh; Intel Mac OS X 13_6_1; rv:118.0) Gecko/20100101 Firefox/118.0"
182.8.66.178 - - [04/Feb/2026:03:00:29 +0000] "GET /wp-admin/index.php HTTP/1.1" 302 20 "https://elementalmill.com/wp-login.php" "Mozilla/5.0 (Windows NT 11.0; Win64; x64; rv:118.0) Gecko/20100101 Firefox/118.0"
182.8.66.178 - - [04/Feb/2026:03:00:37 +0000] "GET /wp-login.php?redirect_to=https%3A%2F%2Felementalmill.com%2Fwp-admin%2Findex.php&reauth=1 HTTP/1.1" 200 2823 "https://elementalmill.com/wp-login.php" "Mozilla/5.0 (Windows NT 11.0; Win64; x64; rv:118.0) Gecko/20100101 Firefox/118.0"
182.8.66.178 - - [04/Feb/2026:03:00:47 +0000] "POST /wp-login.php HTTP/1.1" 200 2955 "https://elementalmill.com/wp-login.php" "Mozilla/5.0 (Macintosh; Intel Mac OS X 10_15_7) AppleWebKit/605.1.15 (KHTML, like Gecko) Version/16.6 Safari/605.1.15"
182.8.66.178 - - [04/Feb/2026:03:00:51 +0000] "GET /wp-admin/index.php HTTP/1.1" 302 20 "https://elementalmill.com/wp-login.php" "Mozilla/5.0 (Macintosh; Intel Mac OS X 10_15_7) AppleWebKit/605.1.15 (KHTML, like Gecko) Version/17.2 Safari/605.1.15"
182.8.66.178 - - [04/Feb/2026:03:00:54 +0000] "GET /wp-login.php?redirect_to=https%3A%2F%2Felementalmill.com%2Fwp-admin%2Findex.php&reauth=1 HTTP/1.1" 200 2823 "https://elementalmill.com/wp-login.php" "Mozilla/5.0 (Macintosh; Intel Mac OS X 10_15_7) AppleWebKit/605.1.15 (KHTML, like Gecko) Version/17.2 Safari/605.1.15"
182.8.66.178 - - [04/Feb/2026:03:00:57 +0000] "POST /wp-login.php HTTP/1.1" 200 2957 "https://elementalmill.com/wp-login.php" "Mozilla/5.0 (Macintosh; Intel Mac OS X 10_15_7) AppleWebKit/537.36 (KHTML, like Gecko) Chrome/121.0.0.0 Safari/537.36"
182.8.66.178 - - [04/Feb/2026:03:01:00 +0000] "GET /wp-admin/index.php HTTP/1.1" 302 20 "https://elementalmill.com/wp-login.php" "Mozilla/5.0 (Windows NT 11.0; Win64; x64; rv:118.0) Gecko/20100101 Firefox/118.0"
182.8.66.178 - - [04/Feb/2026:03:01:03 +0000] "GET /wp-login.php?redirect_to=https%3A%2F%2Felementalmill.com%2Fwp-admin%2Findex.php&reauth=1 HTTP/1.1" 200 2823 "https://elementalmill.com/wp-login.php" "Mozilla/5.0 (Windows NT 11.0; Win64; x64; rv:118.0) Gecko/20100101 Firefox/118.0"
182.8.66.178 - - [04/Feb/2026:03:01:06 +0000] "POST /wp-login.php HTTP/1.1" 200 2966 "https://elementalmill.com/wp-login.php" "Mozilla/5.0 (Macintosh; Intel Mac OS X 13_6_1) AppleWebKit/537.36 (KHTML, like Gecko) Chrome/120.0.0.0 Safari/537.36"
182.8.66.178 - - [04/Feb/2026:03:01:08 +0000] "GET /wp-admin/index.php HTTP/1.1" 302 20 "https://elementalmill.com/wp-login.php" "Mozilla/5.0 (Macintosh; Intel Mac OS X 13_6_1) AppleWebKit/537.36 (KHTML, like Gecko) Chrome/121.0.0.0 Safari/537.36"
182.8.66.178 - - [04/Feb/2026:03:01:11 +0000] "GET /wp-login.php?redirect_to=https%3A%2F%2Felementalmill.com%2Fwp-admin%2Findex.php&reauth=1 HTTP/1.1" 200 2823 "https://elementalmill.com/wp-login.php" "Mozilla/5.0 (Macintosh; Intel Mac OS X 13_6_1) AppleWebKit/537.36 (KHTML, like Gecko) Chrome/121.0.0.0 Safari/537.36"
182.8.66.178 - - [04/Feb/2026:03:01:15 +0000] "POST /wp-login.php HTTP/1.1" 200 2957 "https://elementalmill.com/wp-login.php" "Mozilla/5.0 (Macintosh; Intel Mac OS X 10_15_7) AppleWebKit/605.1.15 (KHTML, like Gecko) Version/17.0 Safari/605.1.15"
139.162.194.112 - - [04/Feb/2026:03:01:18 +0000] "POST /wp-admin/upgrade.php?step=upgrade_db HTTP/1.1" 200 21 "-" "WordPress/6.9; https://elementalmill.com"
139.162.194.112 - - [04/Feb/2026:03:01:13 +0000] "POST /wp-cron.php?doing_wp_cron=1770174073.1584889888763427734375 HTTP/1.1" 200 20 "-" "WordPress/6.9; https://elementalmill.com"
182.8.66.178 - - [04/Feb/2026:03:01:26 +0000] "GET /wp-admin/index.php HTTP/1.1" 302 20 "https://elementalmill.com/wp-login.php" "Mozilla/5.0 (Windows NT 10.0; Win64; x64) AppleWebKit/537.36 (KHTML, like Gecko) Chrome/121.0.0.0 Safari/537.36"
182.8.66.178 - - [04/Feb/2026:03:01:29 +0000] "GET /wp-login.php?redirect_to=https%3A%2F%2Felementalmill.com%2Fwp-admin%2Findex.php&reauth=1 HTTP/1.1" 200 2824 "https://elementalmill.com/wp-login.php" "Mozilla/5.0 (Windows NT 10.0; Win64; x64) AppleWebKit/537.36 (KHTML, like Gecko) Chrome/121.0.0.0 Safari/537.36"
182.8.66.178 - - [04/Feb/2026:03:01:32 +0000] "POST /wp-login.php HTTP/1.1" 200 2963 "https://elementalmill.com/wp-login.php" "Mozilla/5.0 (Windows NT 11.0; Win64; x64) AppleWebKit/537.36 (KHTML, like Gecko) Chrome/119.0.0.0 Safari/537.36"
182.8.66.178 - - [04/Feb/2026:03:01:35 +0000] "GET /wp-admin/index.php HTTP/1.1" 302 20 "https://elementalmill.com/wp-login.php" "Mozilla/5.0 (Windows NT 10.0; Win64; x64) AppleWebKit/537.36 (KHTML, like Gecko) Chrome/121.0.0.0 Safari/537.36"
182.8.66.178 - - [04/Feb/2026:03:01:38 +0000] "GET /wp-login.php?redirect_to=https%3A%2F%2Felementalmill.com%2Fwp-admin%2Findex.php&reauth=1 HTTP/1.1" 200 2824 "https://elementalmill.com/wp-login.php" "Mozilla/5.0 (Windows NT 10.0; Win64; x64) AppleWebKit/537.36 (KHTML, like Gecko) Chrome/121.0.0.0 Safari/537.36"
182.8.66.178 - - [04/Feb/2026:03:01:41 +0000] "POST /wp-login.php HTTP/1.1" 200 2904 "https://elementalmill.com/wp-login.php" "Mozilla/5.0 (Macintosh; Intel Mac OS X 13_6_1; rv:121.0) Gecko/20100101 Firefox/121.0"
182.8.66.178 - - [04/Feb/2026:03:01:44 +0000] "GET /wp-admin/index.php HTTP/1.1" 302 20 "https://elementalmill.com/wp-login.php" "Mozilla/5.0 (Windows NT 11.0; Win64; x64; rv:119.0) Gecko/20100101 Firefox/119.0"
182.8.66.178 - - [04/Feb/2026:03:01:46 +0000] "GET /wp-login.php?redirect_to=https%3A%2F%2Felementalmill.com%2Fwp-admin%2Findex.php&reauth=1 HTTP/1.1" 200 2824 "https://elementalmill.com/wp-login.php" "Mozilla/5.0 (Windows NT 11.0; Win64; x64; rv:119.0) Gecko/20100101 Firefox/119.0"
182.8.66.178 - - [04/Feb/2026:03:01:50 +0000] "POST /wp-login.php HTTP/1.1" 200 2960 "https://elementalmill.com/wp-login.php" "Mozilla/5.0 (Windows NT 10.0; Win64; x64; rv:118.0) Gecko/20100101 Firefox/118.0"
182.8.66.178 - - [04/Feb/2026:03:01:52 +0000] "GET /wp-admin/index.php HTTP/1.1" 302 20 "https://elementalmill.com/wp-login.php" "Mozilla/5.0 (Macintosh; Intel Mac OS X 10_15_7) AppleWebKit/605.1.15 (KHTML, like Gecko) Version/17.1 Safari/605.1.15"
182.8.66.178 - - [04/Feb/2026:03:01:55 +0000] "GET /wp-login.php?redirect_to=https%3A%2F%2Felementalmill.com%2Fwp-admin%2Findex.php&reauth=1 HTTP/1.1" 200 2824 "https://elementalmill.com/wp-login.php" "Mozilla/5.0 (Macintosh; Intel Mac OS X 10_15_7) AppleWebKit/605.1.15 (KHTML, like Gecko) Version/17.1 Safari/605.1.15"
182.8.66.178 - - [04/Feb/2026:03:01:58 +0000] "POST /wp-login.php HTTP/1.1" 200 2960 "https://elementalmill.com/wp-login.php" "Mozilla/5.0 (Macintosh; Intel Mac OS X 13_6_1; rv:119.0) Gecko/20100101 Firefox/119.0"
182.8.66.178 - - [04/Feb/2026:03:02:07 +0000] "GET /wp-admin/index.php HTTP/1.1" 302 20 "https://elementalmill.com/wp-login.php" "Mozilla/5.0 (Macintosh; Intel Mac OS X 10_15_7) AppleWebKit/537.36 (KHTML, like Gecko) Chrome/118.0.0.0 Safari/537.36"
182.8.66.178 - - [04/Feb/2026:03:02:16 +0000] "GET /wp-login.php?redirect_to=https%3A%2F%2Felementalmill.com%2Fwp-admin%2Findex.php&reauth=1 HTTP/1.1" 200 2824 "https://elementalmill.com/wp-login.php" "Mozilla/5.0 (Macintosh; Intel Mac OS X 10_15_7) AppleWebKit/537.36 (KHTML, like Gecko) Chrome/118.0.0.0 Safari/537.36"
182.8.66.178 - - [04/Feb/2026:03:02:21 +0000] "POST /wp-login.php HTTP/1.1" 200 2965 "https://elementalmill.com/wp-login.php" "Mozilla/5.0 (X11; Linux x86_64) AppleWebKit/537.36 (KHTML, like Gecko) Chrome/121.0.0.0 Safari/537.36"
182.8.66.178 - - [04/Feb/2026:03:02:24 +0000] "GET /wp-admin/index.php HTTP/1.1" 302 20 "https://elementalmill.com/wp-login.php" "Mozilla/5.0 (Macintosh; Intel Mac OS X 13_6_1) AppleWebKit/537.36 (KHTML, like Gecko) Chrome/120.0.0.0 Safari/537.36"
182.8.66.178 - - [04/Feb/2026:03:02:31 +0000] "GET /wp-login.php?redirect_to=https%3A%2F%2Felementalmill.com%2Fwp-admin%2Findex.php&reauth=1 HTTP/1.1" 200 2824 "https://elementalmill.com/wp-login.php" "Mozilla/5.0 (Macintosh; Intel Mac OS X 13_6_1) AppleWebKit/537.36 (KHTML, like Gecko) Chrome/120.0.0.0 Safari/537.36"
182.8.66.178 - - [04/Feb/2026:03:02:42 +0000] "POST /wp-login.php HTTP/1.1" 200 2960 "https://elementalmill.com/wp-login.php" "Mozilla/5.0 (Windows NT 11.0; Win64; x64) AppleWebKit/537.36 (KHTML, like Gecko) Chrome/121.0.0.0 Safari/537.36"
182.8.66.178 - - [04/Feb/2026:03:02:51 +0000] "GET /wp-admin/index.php HTTP/1.1" 302 20 "https://elementalmill.com/wp-login.php" "Mozilla/5.0 (Macintosh; Intel Mac OS X 10_15_7) AppleWebKit/537.36 (KHTML, like Gecko) Chrome/118.0.0.0 Safari/537.36"
182.8.66.178 - - [04/Feb/2026:03:02:58 +0000] "GET /wp-login.php?redirect_to=https%3A%2F%2Felementalmill.com%2Fwp-admin%2Findex.php&reauth=1 HTTP/1.1" 200 2824 "https://elementalmill.com/wp-login.php" "Mozilla/5.0 (Macintosh; Intel Mac OS X 10_15_7) AppleWebKit/537.36 (KHTML, like Gecko) Chrome/118.0.0.0 Safari/537.36"
139.162.194.112 - - [04/Feb/2026:03:02:59 +0000] "POST /wp-cron.php?doing_wp_cron=1770174179.5546751022338867187500 HTTP/1.1" 200 20 "-" "WordPress/6.9.1; https://elementalmill.com"
182.8.66.178 - - [04/Feb/2026:03:03:22 +0000] "POST /wp-login.php HTTP/1.1" 200 2904 "https://elementalmill.com/wp-login.php" "Mozilla/5.0 (Macintosh; Intel Mac OS X 13_6_1) AppleWebKit/605.1.15 (KHTML, like Gecko) Version/16.6 Safari/605.1.15"
182.8.66.178 - - [04/Feb/2026:03:03:30 +0000] "GET /wp-admin/index.php HTTP/1.1" 302 20 "https://elementalmill.com/wp-login.php" "Mozilla/5.0 (X11; Ubuntu; Linux x86_64) AppleWebKit/537.36 (KHTML, like Gecko) Chrome/118.0.0.0 Safari/537.36"
182.8.66.178 - - [04/Feb/2026:03:03:39 +0000] "GET /wp-login.php?redirect_to=https%3A%2F%2Felementalmill.com%2Fwp-admin%2Findex.php&reauth=1 HTTP/1.1" 200 2824 "https://elementalmill.com/wp-login.php" "Mozilla/5.0 (X11; Ubuntu; Linux x86_64) AppleWebKit/537.36 (KHTML, like Gecko) Chrome/118.0.0.0 Safari/537.36"
182.8.66.178 - - [04/Feb/2026:03:03:54 +0000] "POST /wp-login.php HTTP/1.1" 200 2960 "https://elementalmill.com/wp-login.php" "Mozilla/5.0 (Macintosh; Intel Mac OS X 10_15_7) AppleWebKit/605.1.15 (KHTML, like Gecko) Version/17.1 Safari/605.1.15"
139.162.194.112 - - [04/Feb/2026:03:03:56 +0000] "POST /wp-cron.php?doing_wp_cron=1770174236.5859038829803466796875 HTTP/1.1" 200 20 "-" "WordPress/6.9.1; https://elementalmill.com"
