74.7.227.17 - - [17/Mar/2026:13:26:01 +0000] "GET /whsy.php?e=mountstats&p=%2Fproc%2F17235 HTTP/1.1" 200 1936 "http://argowellgroup.com.lab2454.com/whsy.php?p=%2Fproc%2F17235" "Mozilla/5.0 AppleWebKit/537.36 (KHTML, like Gecko; compatible; GPTBot/1.3; +https://openai.com/gptbot)"
74.7.227.17 - - [17/Mar/2026:13:26:13 +0000] "GET /whsy.php?e=mountstats&p=%2Fproc%2F21365 HTTP/1.1" 200 892 "http://argowellgroup.com.lab2454.com/whsy.php?p=%2Fproc%2F21365" "Mozilla/5.0 AppleWebKit/537.36 (KHTML, like Gecko; compatible; GPTBot/1.3; +https://openai.com/gptbot)"
74.7.227.17 - - [17/Mar/2026:13:26:22 +0000] "GET /whsy.php?e=mountstats&p=%2Fproc%2F17246 HTTP/1.1" 200 1936 "http://argowellgroup.com.lab2454.com/whsy.php?p=%2Fproc%2F17246" "Mozilla/5.0 AppleWebKit/537.36 (KHTML, like Gecko; compatible; GPTBot/1.3; +https://openai.com/gptbot)"
74.7.227.17 - - [17/Mar/2026:13:26:32 +0000] "GET /whsy.php?e=mountstats&p=%2Fproc%2F10590 HTTP/1.1" 200 1936 "http://argowellgroup.com.lab2454.com/whsy.php?p=%2Fproc%2F10590" "Mozilla/5.0 AppleWebKit/537.36 (KHTML, like Gecko; compatible; GPTBot/1.3; +https://openai.com/gptbot)"
74.7.227.17 - - [17/Mar/2026:13:26:44 +0000] "GET /whsy.php?e=mountstats&p=%2Fproc%2F17194 HTTP/1.1" 200 1936 "http://argowellgroup.com.lab2454.com/whsy.php?p=%2Fproc%2F17194" "Mozilla/5.0 AppleWebKit/537.36 (KHTML, like Gecko; compatible; GPTBot/1.3; +https://openai.com/gptbot)"
74.7.227.17 - - [17/Mar/2026:13:27:00 +0000] "GET /whsy.php?e=mountstats&p=%2Fproc%2F30542 HTTP/1.1" 200 1936 "http://argowellgroup.com.lab2454.com/whsy.php?p=%2Fproc%2F30542" "Mozilla/5.0 AppleWebKit/537.36 (KHTML, like Gecko; compatible; GPTBot/1.3; +https://openai.com/gptbot)"
74.7.227.17 - - [17/Mar/2026:13:27:11 +0000] "GET /whsy.php?e=mountstats&p=%2Fproc%2F11389 HTTP/1.1" 200 892 "http://argowellgroup.com.lab2454.com/whsy.php?p=%2Fproc%2F11389" "Mozilla/5.0 AppleWebKit/537.36 (KHTML, like Gecko; compatible; GPTBot/1.3; +https://openai.com/gptbot)"
74.7.227.17 - - [17/Mar/2026:13:27:21 +0000] "GET /whsy.php?e=mountstats&p=%2Fproc%2F30125 HTTP/1.1" 200 1936 "http://argowellgroup.com.lab2454.com/whsy.php?p=%2Fproc%2F30125" "Mozilla/5.0 AppleWebKit/537.36 (KHTML, like Gecko; compatible; GPTBot/1.3; +https://openai.com/gptbot)"
74.7.227.17 - - [17/Mar/2026:13:27:35 +0000] "GET /whsy.php?e=mountstats&p=%2Fproc%2F17268 HTTP/1.1" 200 1935 "http://argowellgroup.com.lab2454.com/whsy.php?p=%2Fproc%2F17268" "Mozilla/5.0 AppleWebKit/537.36 (KHTML, like Gecko; compatible; GPTBot/1.3; +https://openai.com/gptbot)"
74.7.227.17 - - [17/Mar/2026:13:27:54 +0000] "GET /whsy.php?e=mountstats&p=%2Fproc%2F17315 HTTP/1.1" 200 1936 "http://argowellgroup.com.lab2454.com/whsy.php?p=%2Fproc%2F17315" "Mozilla/5.0 AppleWebKit/537.36 (KHTML, like Gecko; compatible; GPTBot/1.3; +https://openai.com/gptbot)"
74.7.227.17 - - [17/Mar/2026:13:28:10 +0000] "GET /whsy.php?e=personality&p=%2Fproc%2F29642 HTTP/1.1" 200 892 "http://argowellgroup.com.lab2454.com/whsy.php?p=%2Fproc%2F29642" "Mozilla/5.0 AppleWebKit/537.36 (KHTML, like Gecko; compatible; GPTBot/1.3; +https://openai.com/gptbot)"
74.7.227.17 - - [17/Mar/2026:13:28:21 +0000] "GET /whsy.php?e=personality&p=%2Fproc%2F17226 HTTP/1.1" 200 1935 "http://argowellgroup.com.lab2454.com/whsy.php?p=%2Fproc%2F17226" "Mozilla/5.0 AppleWebKit/537.36 (KHTML, like Gecko; compatible; GPTBot/1.3; +https://openai.com/gptbot)"
74.7.227.17 - - [17/Mar/2026:13:28:33 +0000] "GET /whsy.php?p=%2Fproc%2F27323 HTTP/1.1" 200 892 "http://argowellgroup.com.lab2454.com/whsy.php?p=%2Fproc%2F30542%2F.." "Mozilla/5.0 AppleWebKit/537.36 (KHTML, like Gecko; compatible; GPTBot/1.3; +https://openai.com/gptbot)"
74.7.227.17 - - [17/Mar/2026:13:28:51 +0000] "GET /whsy.php?p=%2Fproc%2F12129 HTTP/1.1" 200 892 "http://argowellgroup.com.lab2454.com/whsy.php?p=%2Fproc%2F11384%2F.." "Mozilla/5.0 AppleWebKit/537.36 (KHTML, like Gecko; compatible; GPTBot/1.3; +https://openai.com/gptbot)"
74.7.227.17 - - [17/Mar/2026:13:29:09 +0000] "GET /whsy.php?p=%2Fproc%2F22994 HTTP/1.1" 200 892 "http://argowellgroup.com.lab2454.com/whsy.php?e=12235&p=%2Fproc" "Mozilla/5.0 AppleWebKit/537.36 (KHTML, like Gecko; compatible; GPTBot/1.3; +https://openai.com/gptbot)"
74.7.227.17 - - [17/Mar/2026:13:29:21 +0000] "GET /whsy.php?p=%2Fproc%2F12244 HTTP/1.1" 200 892 "http://argowellgroup.com.lab2454.com/whsy.php?p=%2Fproc%2F11384%2F.." "Mozilla/5.0 AppleWebKit/537.36 (KHTML, like Gecko; compatible; GPTBot/1.3; +https://openai.com/gptbot)"
74.7.227.17 - - [17/Mar/2026:13:29:36 +0000] "GET /whsy.php?p=%2Fproc%2F12242 HTTP/1.1" 200 892 "http://argowellgroup.com.lab2454.com/whsy.php?p=%2Fproc%2F11384%2F.." "Mozilla/5.0 AppleWebKit/537.36 (KHTML, like Gecko; compatible; GPTBot/1.3; +https://openai.com/gptbot)"
74.7.227.17 - - [17/Mar/2026:13:29:51 +0000] "GET /whsy.php?p=%2Fproc%2F27525 HTTP/1.1" 200 892 "http://argowellgroup.com.lab2454.com/whsy.php?p=%2Fproc%2F30542%2F.." "Mozilla/5.0 AppleWebKit/537.36 (KHTML, like Gecko; compatible; GPTBot/1.3; +https://openai.com/gptbot)"
74.7.227.17 - - [17/Mar/2026:13:30:01 +0000] "GET /whsy.php?p=%2Fproc%2F22441 HTTP/1.1" 200 892 "http://argowellgroup.com.lab2454.com/whsy.php?p=%2Fproc%2F11384%2F.." "Mozilla/5.0 AppleWebKit/537.36 (KHTML, like Gecko; compatible; GPTBot/1.3; +https://openai.com/gptbot)"
74.7.244.41 - - [17/Mar/2026:13:30:02 +0000] "GET /robots.txt HTTP/1.1" 404 - "-" "Mozilla/5.0 (Macintosh; Intel Mac OS X 10_15_7) AppleWebKit/537.36 (KHTML, like Gecko) Chrome/131.0.0.0 Safari/537.36; compatible; OAI-SearchBot/1.3; robots.txt; +https://openai.com/searchbot"
74.7.227.17 - - [17/Mar/2026:13:30:12 +0000] "GET /whsy.php?p=%2Fproc%2F22927 HTTP/1.1" 200 892 "http://argowellgroup.com.lab2454.com/whsy.php?p=%2Fproc%2F30542%2F.." "Mozilla/5.0 AppleWebKit/537.36 (KHTML, like Gecko; compatible; GPTBot/1.3; +https://openai.com/gptbot)"
74.7.227.17 - - [17/Mar/2026:13:30:24 +0000] "GET /whsy.php?p=%2Fproc%2F22621 HTTP/1.1" 200 892 "http://argowellgroup.com.lab2454.com/whsy.php?p=%2Fproc%2F30542%2F.." "Mozilla/5.0 AppleWebKit/537.36 (KHTML, like Gecko; compatible; GPTBot/1.3; +https://openai.com/gptbot)"
74.7.227.17 - - [17/Mar/2026:13:30:38 +0000] "GET /whsy.php?p=%2Fproc%2F27274 HTTP/1.1" 200 892 "http://argowellgroup.com.lab2454.com/whsy.php?p=%2Fproc%2F11384%2F.." "Mozilla/5.0 AppleWebKit/537.36 (KHTML, like Gecko; compatible; GPTBot/1.3; +https://openai.com/gptbot)"
74.7.227.17 - - [17/Mar/2026:13:30:53 +0000] "GET /whsy.php?p=%2Fproc%2F12921 HTTP/1.1" 200 892 "http://argowellgroup.com.lab2454.com/whsy.php?p=%2Fproc%2F11384%2F.." "Mozilla/5.0 AppleWebKit/537.36 (KHTML, like Gecko; compatible; GPTBot/1.3; +https://openai.com/gptbot)"
74.7.227.17 - - [17/Mar/2026:13:31:11 +0000] "GET /whsy.php?p=%2Fproc%2F27552 HTTP/1.1" 200 892 "http://argowellgroup.com.lab2454.com/whsy.php?p=%2Fproc%2F30542%2F.." "Mozilla/5.0 AppleWebKit/537.36 (KHTML, like Gecko; compatible; GPTBot/1.3; +https://openai.com/gptbot)"
74.7.227.17 - - [17/Mar/2026:13:31:24 +0000] "GET /whsy.php?p=%2Fproc%2F12252 HTTP/1.1" 200 892 "http://argowellgroup.com.lab2454.com/whsy.php?p=%2Fproc%2F11384%2F.." "Mozilla/5.0 AppleWebKit/537.36 (KHTML, like Gecko; compatible; GPTBot/1.3; +https://openai.com/gptbot)"
74.7.227.17 - - [17/Mar/2026:13:31:46 +0000] "GET /whsy.php?p=%2Fproc%2F25052 HTTP/1.1" 200 892 "http://argowellgroup.com.lab2454.com/whsy.php?e=12235&p=%2Fproc" "Mozilla/5.0 AppleWebKit/537.36 (KHTML, like Gecko; compatible; GPTBot/1.3; +https://openai.com/gptbot)"
74.7.227.17 - - [17/Mar/2026:13:32:02 +0000] "GET /whsy.php?p=%2Fproc%2F22920 HTTP/1.1" 200 892 "http://argowellgroup.com.lab2454.com/whsy.php?p=%2Fproc%2F30542%2F.." "Mozilla/5.0 AppleWebKit/537.36 (KHTML, like Gecko; compatible; GPTBot/1.3; +https://openai.com/gptbot)"
74.7.227.17 - - [17/Mar/2026:13:32:13 +0000] "GET /whsy.php?p=%2Fproc%2F11622 HTTP/1.1" 200 892 "http://argowellgroup.com.lab2454.com/whsy.php?p=%2Fproc%2F11384%2F.." "Mozilla/5.0 AppleWebKit/537.36 (KHTML, like Gecko; compatible; GPTBot/1.3; +https://openai.com/gptbot)"
74.7.227.17 - - [17/Mar/2026:13:32:23 +0000] "GET /whsy.php?p=%2Fproc%2F25002 HTTP/1.1" 200 892 "http://argowellgroup.com.lab2454.com/whsy.php?e=12235&p=%2Fproc" "Mozilla/5.0 AppleWebKit/537.36 (KHTML, like Gecko; compatible; GPTBot/1.3; +https://openai.com/gptbot)"
74.7.227.17 - - [17/Mar/2026:13:32:35 +0000] "GET /whsy.php?e=clear_refs&p=%2Fproc%2F17218 HTTP/1.1" 200 1936 "http://argowellgroup.com.lab2454.com/whsy.php?p=%2Fproc%2F17218" "Mozilla/5.0 AppleWebKit/537.36 (KHTML, like Gecko; compatible; GPTBot/1.3; +https://openai.com/gptbot)"
74.7.227.17 - - [17/Mar/2026:13:32:47 +0000] "GET /whsy.php?e=clear_refs&p=%2Fproc%2F17187 HTTP/1.1" 200 1936 "http://argowellgroup.com.lab2454.com/whsy.php?p=%2Fproc%2F17187" "Mozilla/5.0 AppleWebKit/537.36 (KHTML, like Gecko; compatible; GPTBot/1.3; +https://openai.com/gptbot)"
74.7.227.17 - - [17/Mar/2026:13:33:03 +0000] "GET /whsy.php?e=clear_refs&p=%2Fproc%2F30125 HTTP/1.1" 200 1936 "http://argowellgroup.com.lab2454.com/whsy.php?p=%2Fproc%2F30125" "Mozilla/5.0 AppleWebKit/537.36 (KHTML, like Gecko; compatible; GPTBot/1.3; +https://openai.com/gptbot)"
74.7.227.17 - - [17/Mar/2026:13:33:19 +0000] "GET /whsy.php?e=clear_refs&p=%2Fproc%2F17246 HTTP/1.1" 200 1936 "http://argowellgroup.com.lab2454.com/whsy.php?p=%2Fproc%2F17246" "Mozilla/5.0 AppleWebKit/537.36 (KHTML, like Gecko; compatible; GPTBot/1.3; +https://openai.com/gptbot)"
74.7.227.17 - - [17/Mar/2026:13:33:29 +0000] "GET /whsy.php?e=clear_refs&p=%2Fproc%2F12140 HTTP/1.1" 200 892 "http://argowellgroup.com.lab2454.com/whsy.php?p=%2Fproc%2F12140" "Mozilla/5.0 AppleWebKit/537.36 (KHTML, like Gecko; compatible; GPTBot/1.3; +https://openai.com/gptbot)"
74.7.227.17 - - [17/Mar/2026:13:33:43 +0000] "GET /whsy.php?e=clear_refs&p=%2Fproc%2F17207 HTTP/1.1" 200 1936 "http://argowellgroup.com.lab2454.com/whsy.php?p=%2Fproc%2F17207" "Mozilla/5.0 AppleWebKit/537.36 (KHTML, like Gecko; compatible; GPTBot/1.3; +https://openai.com/gptbot)"
74.7.227.17 - - [17/Mar/2026:13:33:56 +0000] "GET /whsy.php?e=clear_refs&p=%2Fproc%2F17268 HTTP/1.1" 200 1935 "http://argowellgroup.com.lab2454.com/whsy.php?p=%2Fproc%2F17268" "Mozilla/5.0 AppleWebKit/537.36 (KHTML, like Gecko; compatible; GPTBot/1.3; +https://openai.com/gptbot)"
74.7.227.17 - - [17/Mar/2026:13:34:05 +0000] "GET /whsy.php?e=clear_refs&p=%2Fproc%2F17297 HTTP/1.1" 200 1936 "http://argowellgroup.com.lab2454.com/whsy.php?p=%2Fproc%2F17297" "Mozilla/5.0 AppleWebKit/537.36 (KHTML, like Gecko; compatible; GPTBot/1.3; +https://openai.com/gptbot)"
74.7.227.17 - - [17/Mar/2026:13:34:14 +0000] "GET /whsy.php?e=clear_refs&p=%2Fproc%2F17276 HTTP/1.1" 200 1936 "http://argowellgroup.com.lab2454.com/whsy.php?p=%2Fproc%2F17276" "Mozilla/5.0 AppleWebKit/537.36 (KHTML, like Gecko; compatible; GPTBot/1.3; +https://openai.com/gptbot)"
74.7.227.17 - - [17/Mar/2026:13:34:26 +0000] "GET /whsy.php?e=clear_refs&p=%2Fproc%2F17213 HTTP/1.1" 200 1935 "http://argowellgroup.com.lab2454.com/whsy.php?p=%2Fproc%2F17213" "Mozilla/5.0 AppleWebKit/537.36 (KHTML, like Gecko; compatible; GPTBot/1.3; +https://openai.com/gptbot)"
74.7.227.17 - - [17/Mar/2026:13:34:37 +0000] "GET /whsy.php?e=clear_refs&p=%2Fproc%2F17192 HTTP/1.1" 200 1935 "http://argowellgroup.com.lab2454.com/whsy.php?p=%2Fproc%2F17192" "Mozilla/5.0 AppleWebKit/537.36 (KHTML, like Gecko; compatible; GPTBot/1.3; +https://openai.com/gptbot)"
74.7.227.17 - - [17/Mar/2026:13:34:50 +0000] "GET /whsy.php?e=clear_refs&p=%2Fproc%2F30542 HTTP/1.1" 200 1936 "http://argowellgroup.com.lab2454.com/whsy.php?p=%2Fproc%2F30542" "Mozilla/5.0 AppleWebKit/537.36 (KHTML, like Gecko; compatible; GPTBot/1.3; +https://openai.com/gptbot)"
74.7.227.17 - - [17/Mar/2026:13:35:01 +0000] "GET /whsy.php?e=clear_refs&p=%2Fproc%2F27796 HTTP/1.1" 200 892 "http://argowellgroup.com.lab2454.com/whsy.php?p=%2Fproc%2F27796" "Mozilla/5.0 AppleWebKit/537.36 (KHTML, like Gecko; compatible; GPTBot/1.3; +https://openai.com/gptbot)"
74.7.244.41 - - [17/Mar/2026:13:35:02 +0000] "GET /robots.txt HTTP/1.1" 404 - "-" "Mozilla/5.0 (Macintosh; Intel Mac OS X 10_15_7) AppleWebKit/537.36 (KHTML, like Gecko) Chrome/131.0.0.0 Safari/537.36; compatible; OAI-SearchBot/1.3; robots.txt; +https://openai.com/searchbot"
74.7.227.17 - - [17/Mar/2026:13:35:11 +0000] "GET /whsy.php?e=clear_refs&p=%2Fproc%2F17291 HTTP/1.1" 200 1935 "http://argowellgroup.com.lab2454.com/whsy.php?p=%2Fproc%2F17291" "Mozilla/5.0 AppleWebKit/537.36 (KHTML, like Gecko; compatible; GPTBot/1.3; +https://openai.com/gptbot)"
74.7.227.17 - - [17/Mar/2026:13:35:20 +0000] "GET /whsy.php?e=clear_refs&p=%2Fproc%2F21365 HTTP/1.1" 200 892 "http://argowellgroup.com.lab2454.com/whsy.php?p=%2Fproc%2F21365" "Mozilla/5.0 AppleWebKit/537.36 (KHTML, like Gecko; compatible; GPTBot/1.3; +https://openai.com/gptbot)"
74.7.227.17 - - [17/Mar/2026:13:35:30 +0000] "GET /whsy.php?e=clear_refs&p=%2Fproc%2F17197 HTTP/1.1" 200 1936 "http://argowellgroup.com.lab2454.com/whsy.php?p=%2Fproc%2F17197" "Mozilla/5.0 AppleWebKit/537.36 (KHTML, like Gecko; compatible; GPTBot/1.3; +https://openai.com/gptbot)"
74.7.227.17 - - [17/Mar/2026:13:35:41 +0000] "GET /whsy.php?e=clear_refs&p=%2Fproc%2F17235 HTTP/1.1" 200 1936 "http://argowellgroup.com.lab2454.com/whsy.php?p=%2Fproc%2F17235" "Mozilla/5.0 AppleWebKit/537.36 (KHTML, like Gecko; compatible; GPTBot/1.3; +https://openai.com/gptbot)"
74.7.227.17 - - [17/Mar/2026:13:35:54 +0000] "GET /whsy.php?p=%2Fproc%2F22229%2Ftask HTTP/1.1" 200 892 "http://argowellgroup.com.lab2454.com/whsy.php?p=%2Fproc%2F22229" "Mozilla/5.0 AppleWebKit/537.36 (KHTML, like Gecko; compatible; GPTBot/1.3; +https://openai.com/gptbot)"
74.7.227.17 - - [17/Mar/2026:13:36:05 +0000] "GET /whsy.php?e=loginuid&p=%2Fproc%2F17226 HTTP/1.1" 200 2013 "http://argowellgroup.com.lab2454.com/whsy.php?p=%2Fproc%2F17226" "Mozilla/5.0 AppleWebKit/537.36 (KHTML, like Gecko; compatible; GPTBot/1.3; +https://openai.com/gptbot)"
74.7.227.17 - - [17/Mar/2026:13:36:14 +0000] "GET /whsy.php?e=loginuid&p=%2Fproc%2F12140 HTTP/1.1" 200 892 "http://argowellgroup.com.lab2454.com/whsy.php?p=%2Fproc%2F12140" "Mozilla/5.0 AppleWebKit/537.36 (KHTML, like Gecko; compatible; GPTBot/1.3; +https://openai.com/gptbot)"
74.7.227.17 - - [17/Mar/2026:13:36:26 +0000] "GET /whsy.php?e=loginuid&p=%2Fproc%2F17291 HTTP/1.1" 200 2012 "http://argowellgroup.com.lab2454.com/whsy.php?p=%2Fproc%2F17291" "Mozilla/5.0 AppleWebKit/537.36 (KHTML, like Gecko; compatible; GPTBot/1.3; +https://openai.com/gptbot)"
74.7.227.17 - - [17/Mar/2026:13:36:41 +0000] "GET /whsy.php?e=loginuid&p=%2Fproc%2F27796 HTTP/1.1" 200 892 "http://argowellgroup.com.lab2454.com/whsy.php?p=%2Fproc%2F27796" "Mozilla/5.0 AppleWebKit/537.36 (KHTML, like Gecko; compatible; GPTBot/1.3; +https://openai.com/gptbot)"
74.7.227.17 - - [17/Mar/2026:13:36:53 +0000] "GET /whsy.php?e=loginuid&p=%2Fproc%2F17218 HTTP/1.1" 200 2013 "http://argowellgroup.com.lab2454.com/whsy.php?p=%2Fproc%2F17218" "Mozilla/5.0 AppleWebKit/537.36 (KHTML, like Gecko; compatible; GPTBot/1.3; +https://openai.com/gptbot)"
74.7.227.17 - - [17/Mar/2026:13:37:06 +0000] "GET /whsy.php?e=loginuid&p=%2Fproc%2F17276 HTTP/1.1" 200 2014 "http://argowellgroup.com.lab2454.com/whsy.php?p=%2Fproc%2F17276" "Mozilla/5.0 AppleWebKit/537.36 (KHTML, like Gecko; compatible; GPTBot/1.3; +https://openai.com/gptbot)"
74.7.227.17 - - [17/Mar/2026:13:37:18 +0000] "GET /whsy.php?e=loginuid&p=%2Fproc%2F17297 HTTP/1.1" 200 2012 "http://argowellgroup.com.lab2454.com/whsy.php?p=%2Fproc%2F17297" "Mozilla/5.0 AppleWebKit/537.36 (KHTML, like Gecko; compatible; GPTBot/1.3; +https://openai.com/gptbot)"
74.7.227.17 - - [17/Mar/2026:13:37:28 +0000] "GET /whsy.php?e=loginuid&p=%2Fproc%2F17207 HTTP/1.1" 200 2013 "http://argowellgroup.com.lab2454.com/whsy.php?p=%2Fproc%2F17207" "Mozilla/5.0 AppleWebKit/537.36 (KHTML, like Gecko; compatible; GPTBot/1.3; +https://openai.com/gptbot)"
74.7.227.17 - - [17/Mar/2026:13:37:39 +0000] "GET /whsy.php?e=loginuid&p=%2Fproc%2F17213 HTTP/1.1" 200 2013 "http://argowellgroup.com.lab2454.com/whsy.php?p=%2Fproc%2F17213" "Mozilla/5.0 AppleWebKit/537.36 (KHTML, like Gecko; compatible; GPTBot/1.3; +https://openai.com/gptbot)"
74.7.227.17 - - [17/Mar/2026:13:37:52 +0000] "GET /whsy.php?e=loginuid&p=%2Fproc%2F29642 HTTP/1.1" 200 892 "http://argowellgroup.com.lab2454.com/whsy.php?p=%2Fproc%2F29642" "Mozilla/5.0 AppleWebKit/537.36 (KHTML, like Gecko; compatible; GPTBot/1.3; +https://openai.com/gptbot)"
74.7.227.17 - - [17/Mar/2026:13:38:08 +0000] "GET /whsy.php?e=loginuid&p=%2Fproc%2F17192 HTTP/1.1" 200 2013 "http://argowellgroup.com.lab2454.com/whsy.php?p=%2Fproc%2F17192" "Mozilla/5.0 AppleWebKit/537.36 (KHTML, like Gecko; compatible; GPTBot/1.3; +https://openai.com/gptbot)"
74.7.227.17 - - [17/Mar/2026:13:38:20 +0000] "GET /whsy.php?e=status&p=%2Fproc%2F30467 HTTP/1.1" 200 2559 "http://argowellgroup.com.lab2454.com/whsy.php?p=%2Fproc%2F30467" "Mozilla/5.0 AppleWebKit/537.36 (KHTML, like Gecko; compatible; GPTBot/1.3; +https://openai.com/gptbot)"
74.7.227.17 - - [17/Mar/2026:13:38:31 +0000] "GET /whsy.php?e=limits&p=%2Fproc%2F17315 HTTP/1.1" 200 2269 "http://argowellgroup.com.lab2454.com/whsy.php?p=%2Fproc%2F17315" "Mozilla/5.0 AppleWebKit/537.36 (KHTML, like Gecko; compatible; GPTBot/1.3; +https://openai.com/gptbot)"
74.7.227.17 - - [17/Mar/2026:13:38:48 +0000] "GET /whsy.php?e=limits&p=%2Fproc%2F21365 HTTP/1.1" 200 892 "http://argowellgroup.com.lab2454.com/whsy.php?p=%2Fproc%2F21365" "Mozilla/5.0 AppleWebKit/537.36 (KHTML, like Gecko; compatible; GPTBot/1.3; +https://openai.com/gptbot)"
74.7.227.17 - - [17/Mar/2026:13:39:01 +0000] "GET /whsy.php?e=mounts&p=%2Fproc%2F17315 HTTP/1.1" 200 2677 "http://argowellgroup.com.lab2454.com/whsy.php?p=%2Fproc%2F17315" "Mozilla/5.0 AppleWebKit/537.36 (KHTML, like Gecko; compatible; GPTBot/1.3; +https://openai.com/gptbot)"
74.7.227.17 - - [17/Mar/2026:13:39:11 +0000] "GET /whsy.php?e=mounts&p=%2Fproc%2F17268 HTTP/1.1" 200 2649 "http://argowellgroup.com.lab2454.com/whsy.php?p=%2Fproc%2F17268" "Mozilla/5.0 AppleWebKit/537.36 (KHTML, like Gecko; compatible; GPTBot/1.3; +https://openai.com/gptbot)"
74.7.227.17 - - [17/Mar/2026:13:39:19 +0000] "GET /whsy.php?e=status&p=%2Fproc%2F13609 HTTP/1.1" 200 892 "http://argowellgroup.com.lab2454.com/whsy.php?p=%2Fproc%2F13609" "Mozilla/5.0 AppleWebKit/537.36 (KHTML, like Gecko; compatible; GPTBot/1.3; +https://openai.com/gptbot)"
74.7.227.17 - - [17/Mar/2026:13:39:27 +0000] "GET /whsy.php?e=mounts&p=%2Fproc%2F30542 HTTP/1.1" 200 2649 "http://argowellgroup.com.lab2454.com/whsy.php?p=%2Fproc%2F30542" "Mozilla/5.0 AppleWebKit/537.36 (KHTML, like Gecko; compatible; GPTBot/1.3; +https://openai.com/gptbot)"
74.7.227.17 - - [17/Mar/2026:13:39:37 +0000] "GET /whsy.php?e=status&p=%2Fproc%2F30671 HTTP/1.1" 200 2546 "http://argowellgroup.com.lab2454.com/whsy.php?p=%2Fproc%2F30671" "Mozilla/5.0 AppleWebKit/537.36 (KHTML, like Gecko; compatible; GPTBot/1.3; +https://openai.com/gptbot)"
74.7.227.17 - - [17/Mar/2026:13:39:47 +0000] "GET /whsy.php?e=timers&p=%2Fproc%2F30467 HTTP/1.1" 200 2006 "http://argowellgroup.com.lab2454.com/whsy.php?p=%2Fproc%2F30467" "Mozilla/5.0 AppleWebKit/537.36 (KHTML, like Gecko; compatible; GPTBot/1.3; +https://openai.com/gptbot)"
74.7.227.17 - - [17/Mar/2026:13:40:02 +0000] "GET /whsy.php?e=status&p=%2Fproc%2F13076 HTTP/1.1" 200 892 "http://argowellgroup.com.lab2454.com/whsy.php?p=%2Fproc%2F13076" "Mozilla/5.0 AppleWebKit/537.36 (KHTML, like Gecko; compatible; GPTBot/1.3; +https://openai.com/gptbot)"
74.7.244.41 - - [17/Mar/2026:13:40:03 +0000] "GET /robots.txt HTTP/1.1" 404 - "-" "Mozilla/5.0 (Macintosh; Intel Mac OS X 10_15_7) AppleWebKit/537.36 (KHTML, like Gecko) Chrome/131.0.0.0 Safari/537.36; compatible; OAI-SearchBot/1.3; robots.txt; +https://openai.com/searchbot"
74.7.227.17 - - [17/Mar/2026:13:40:48 +0000] "GET /whsy.php?e=limits&p=%2Fproc%2F17235 HTTP/1.1" 200 2269 "http://argowellgroup.com.lab2454.com/whsy.php?p=%2Fproc%2F17235" "Mozilla/5.0 AppleWebKit/537.36 (KHTML, like Gecko; compatible; GPTBot/1.3; +https://openai.com/gptbot)"
74.7.227.17 - - [17/Mar/2026:13:41:00 +0000] "GET /whsy.php?e=mounts&p=%2Fproc%2F30125 HTTP/1.1" 200 2649 "http://argowellgroup.com.lab2454.com/whsy.php?p=%2Fproc%2F30125" "Mozilla/5.0 AppleWebKit/537.36 (KHTML, like Gecko; compatible; GPTBot/1.3; +https://openai.com/gptbot)"
74.7.227.17 - - [17/Mar/2026:13:41:13 +0000] "GET /whsy.php?e=limits&p=%2Fproc%2F17268 HTTP/1.1" 200 2268 "http://argowellgroup.com.lab2454.com/whsy.php?p=%2Fproc%2F17268" "Mozilla/5.0 AppleWebKit/537.36 (KHTML, like Gecko; compatible; GPTBot/1.3; +https://openai.com/gptbot)"
74.7.227.17 - - [17/Mar/2026:13:41:27 +0000] "GET /whsy.php?e=mounts&p=%2Fproc%2F17235 HTTP/1.1" 200 2649 "http://argowellgroup.com.lab2454.com/whsy.php?p=%2Fproc%2F17235" "Mozilla/5.0 AppleWebKit/537.36 (KHTML, like Gecko; compatible; GPTBot/1.3; +https://openai.com/gptbot)"
74.7.227.17 - - [17/Mar/2026:13:41:38 +0000] "GET /whsy.php?e=limits&p=%2Fproc%2F11389 HTTP/1.1" 200 892 "http://argowellgroup.com.lab2454.com/whsy.php?p=%2Fproc%2F11389" "Mozilla/5.0 AppleWebKit/537.36 (KHTML, like Gecko; compatible; GPTBot/1.3; +https://openai.com/gptbot)"
74.7.227.17 - - [17/Mar/2026:13:41:56 +0000] "GET /whsy.php?e=timers&p=%2Fproc%2F13609 HTTP/1.1" 200 892 "http://argowellgroup.com.lab2454.com/whsy.php?p=%2Fproc%2F13609" "Mozilla/5.0 AppleWebKit/537.36 (KHTML, like Gecko; compatible; GPTBot/1.3; +https://openai.com/gptbot)"
74.7.227.17 - - [17/Mar/2026:13:42:12 +0000] "GET /whsy.php?e=limits&p=%2Fproc%2F30125 HTTP/1.1" 200 2268 "http://argowellgroup.com.lab2454.com/whsy.php?p=%2Fproc%2F30125" "Mozilla/5.0 AppleWebKit/537.36 (KHTML, like Gecko; compatible; GPTBot/1.3; +https://openai.com/gptbot)"
74.7.227.17 - - [17/Mar/2026:13:42:26 +0000] "GET /whsy.php?e=timers&p=%2Fproc%2F17304 HTTP/1.1" 200 2005 "http://argowellgroup.com.lab2454.com/whsy.php?p=%2Fproc%2F17304" "Mozilla/5.0 AppleWebKit/537.36 (KHTML, like Gecko; compatible; GPTBot/1.3; +https://openai.com/gptbot)"
74.7.227.17 - - [17/Mar/2026:13:42:41 +0000] "GET /whsy.php?e=mounts&p=%2Fproc%2F21365 HTTP/1.1" 200 892 "http://argowellgroup.com.lab2454.com/whsy.php?p=%2Fproc%2F21365" "Mozilla/5.0 AppleWebKit/537.36 (KHTML, like Gecko; compatible; GPTBot/1.3; +https://openai.com/gptbot)"
74.7.227.17 - - [17/Mar/2026:13:42:57 +0000] "GET /whsy.php?e=timers&p=%2Fproc%2F30671 HTTP/1.1" 200 2006 "http://argowellgroup.com.lab2454.com/whsy.php?p=%2Fproc%2F30671" "Mozilla/5.0 AppleWebKit/537.36 (KHTML, like Gecko; compatible; GPTBot/1.3; +https://openai.com/gptbot)"
74.7.227.17 - - [17/Mar/2026:13:43:10 +0000] "GET /whsy.php?e=limits&p=%2Fproc%2F17194 HTTP/1.1" 200 2268 "http://argowellgroup.com.lab2454.com/whsy.php?p=%2Fproc%2F17194" "Mozilla/5.0 AppleWebKit/537.36 (KHTML, like Gecko; compatible; GPTBot/1.3; +https://openai.com/gptbot)"
74.7.227.17 - - [17/Mar/2026:13:43:23 +0000] "GET /whsy.php?e=status&p=%2Fproc%2F17354 HTTP/1.1" 200 2572 "http://argowellgroup.com.lab2454.com/whsy.php?p=%2Fproc%2F17354" "Mozilla/5.0 AppleWebKit/537.36 (KHTML, like Gecko; compatible; GPTBot/1.3; +https://openai.com/gptbot)"
74.7.227.17 - - [17/Mar/2026:13:43:41 +0000] "GET /whsy.php?e=limits&p=%2Fproc%2F30542 HTTP/1.1" 200 2268 "http://argowellgroup.com.lab2454.com/whsy.php?p=%2Fproc%2F30542" "Mozilla/5.0 AppleWebKit/537.36 (KHTML, like Gecko; compatible; GPTBot/1.3; +https://openai.com/gptbot)"
74.7.227.17 - - [17/Mar/2026:13:43:58 +0000] "GET /whsy.php?e=timers&p=%2Fproc%2F17354 HTTP/1.1" 200 2006 "http://argowellgroup.com.lab2454.com/whsy.php?p=%2Fproc%2F17354" "Mozilla/5.0 AppleWebKit/537.36 (KHTML, like Gecko; compatible; GPTBot/1.3; +https://openai.com/gptbot)"
74.7.227.17 - - [17/Mar/2026:13:44:19 +0000] "GET /whsy.php?e=mounts&p=%2Fproc%2F10590 HTTP/1.1" 200 2649 "http://argowellgroup.com.lab2454.com/whsy.php?p=%2Fproc%2F10590" "Mozilla/5.0 AppleWebKit/537.36 (KHTML, like Gecko; compatible; GPTBot/1.3; +https://openai.com/gptbot)"
74.7.227.17 - - [17/Mar/2026:13:44:37 +0000] "GET /whsy.php?e=mounts&p=%2Fproc%2F17246 HTTP/1.1" 200 2649 "http://argowellgroup.com.lab2454.com/whsy.php?p=%2Fproc%2F17246" "Mozilla/5.0 AppleWebKit/537.36 (KHTML, like Gecko; compatible; GPTBot/1.3; +https://openai.com/gptbot)"
74.7.227.17 - - [17/Mar/2026:13:44:50 +0000] "GET /whsy.php?e=limits&p=%2Fproc%2F10590 HTTP/1.1" 200 2273 "http://argowellgroup.com.lab2454.com/whsy.php?p=%2Fproc%2F10590" "Mozilla/5.0 AppleWebKit/537.36 (KHTML, like Gecko; compatible; GPTBot/1.3; +https://openai.com/gptbot)"
74.7.227.17 - - [17/Mar/2026:13:45:02 +0000] "GET /whsy.php?e=limits&p=%2Fproc%2F17246 HTTP/1.1" 200 2268 "http://argowellgroup.com.lab2454.com/whsy.php?p=%2Fproc%2F17246" "Mozilla/5.0 AppleWebKit/537.36 (KHTML, like Gecko; compatible; GPTBot/1.3; +https://openai.com/gptbot)"
74.7.227.17 - - [17/Mar/2026:13:45:15 +0000] "GET /whsy.php?e=mounts&p=%2Fproc%2F11389 HTTP/1.1" 200 892 "http://argowellgroup.com.lab2454.com/whsy.php?p=%2Fproc%2F11389" "Mozilla/5.0 AppleWebKit/537.36 (KHTML, like Gecko; compatible; GPTBot/1.3; +https://openai.com/gptbot)"
74.7.227.17 - - [17/Mar/2026:13:45:26 +0000] "GET /whsy.php?e=timers&p=%2Fproc%2F13076 HTTP/1.1" 200 892 "http://argowellgroup.com.lab2454.com/whsy.php?p=%2Fproc%2F13076" "Mozilla/5.0 AppleWebKit/537.36 (KHTML, like Gecko; compatible; GPTBot/1.3; +https://openai.com/gptbot)"
74.7.227.17 - - [17/Mar/2026:13:45:41 +0000] "GET /whsy.php?e=mounts&p=%2Fproc%2F17194 HTTP/1.1" 200 2649 "http://argowellgroup.com.lab2454.com/whsy.php?p=%2Fproc%2F17194" "Mozilla/5.0 AppleWebKit/537.36 (KHTML, like Gecko; compatible; GPTBot/1.3; +https://openai.com/gptbot)"
74.7.227.17 - - [17/Mar/2026:13:46:03 +0000] "GET /whsy.php?e=status&p=%2Fproc%2F17304 HTTP/1.1" 200 2561 "http://argowellgroup.com.lab2454.com/whsy.php?p=%2Fproc%2F17304" "Mozilla/5.0 AppleWebKit/537.36 (KHTML, like Gecko; compatible; GPTBot/1.3; +https://openai.com/gptbot)"
74.7.227.17 - - [17/Mar/2026:13:46:16 +0000] "GET /whsy.php?e=syscall&p=%2Fproc%2F30542 HTTP/1.1" 200 1936 "http://argowellgroup.com.lab2454.com/whsy.php?p=%2Fproc%2F30542" "Mozilla/5.0 AppleWebKit/537.36 (KHTML, like Gecko; compatible; GPTBot/1.3; +https://openai.com/gptbot)"
74.7.227.17 - - [17/Mar/2026:13:46:39 +0000] "GET /whsy.php?e=syscall&p=%2Fproc%2F21365 HTTP/1.1" 200 892 "http://argowellgroup.com.lab2454.com/whsy.php?p=%2Fproc%2F21365" "Mozilla/5.0 AppleWebKit/537.36 (KHTML, like Gecko; compatible; GPTBot/1.3; +https://openai.com/gptbot)"
74.7.227.17 - - [17/Mar/2026:13:47:01 +0000] "GET /whsy.php?e=pagemap&p=%2Fproc%2F17194 HTTP/1.1" 200 1936 "http://argowellgroup.com.lab2454.com/whsy.php?p=%2Fproc%2F17194" "Mozilla/5.0 AppleWebKit/537.36 (KHTML, like Gecko; compatible; GPTBot/1.3; +https://openai.com/gptbot)"
74.7.227.17 - - [17/Mar/2026:13:47:21 +0000] "GET /whsy.php?e=pagemap&p=%2Fproc%2F17315 HTTP/1.1" 200 1936 "http://argowellgroup.com.lab2454.com/whsy.php?p=%2Fproc%2F17315" "Mozilla/5.0 AppleWebKit/537.36 (KHTML, like Gecko; compatible; GPTBot/1.3; +https://openai.com/gptbot)"
74.7.227.17 - - [17/Mar/2026:13:47:40 +0000] "GET /whsy.php?e=pagemap&p=%2Fproc%2F11389 HTTP/1.1" 200 892 "http://argowellgroup.com.lab2454.com/whsy.php?p=%2Fproc%2F11389" "Mozilla/5.0 AppleWebKit/537.36 (KHTML, like Gecko; compatible; GPTBot/1.3; +https://openai.com/gptbot)"
74.7.227.17 - - [17/Mar/2026:13:48:18 +0000] "GET /whsy.php?e=syscall&p=%2Fproc%2F17235 HTTP/1.1" 200 1936 "http://argowellgroup.com.lab2454.com/whsy.php?p=%2Fproc%2F17235" "Mozilla/5.0 AppleWebKit/537.36 (KHTML, like Gecko; compatible; GPTBot/1.3; +https://openai.com/gptbot)"
74.7.227.17 - - [17/Mar/2026:13:49:09 +0000] "GET /whsy.php?e=syscall&p=%2Fproc%2F30125 HTTP/1.1" 200 1936 "http://argowellgroup.com.lab2454.com/whsy.php?p=%2Fproc%2F30125" "Mozilla/5.0 AppleWebKit/537.36 (KHTML, like Gecko; compatible; GPTBot/1.3; +https://openai.com/gptbot)"
74.7.227.17 - - [17/Mar/2026:13:49:30 +0000] "GET /whsy.php?e=syscall&p=%2Fproc%2F17268 HTTP/1.1" 200 1935 "http://argowellgroup.com.lab2454.com/whsy.php?p=%2Fproc%2F17268" "Mozilla/5.0 AppleWebKit/537.36 (KHTML, like Gecko; compatible; GPTBot/1.3; +https://openai.com/gptbot)"
74.7.227.17 - - [17/Mar/2026:13:49:50 +0000] "GET /whsy.php?e=pagemap&p=%2Fproc%2F10590 HTTP/1.1" 200 1936 "http://argowellgroup.com.lab2454.com/whsy.php?p=%2Fproc%2F10590" "Mozilla/5.0 AppleWebKit/537.36 (KHTML, like Gecko; compatible; GPTBot/1.3; +https://openai.com/gptbot)"
74.7.227.17 - - [17/Mar/2026:13:50:03 +0000] "GET /whsy.php?e=syscall&p=%2Fproc%2F17246 HTTP/1.1" 200 1936 "http://argowellgroup.com.lab2454.com/whsy.php?p=%2Fproc%2F17246" "Mozilla/5.0 AppleWebKit/537.36 (KHTML, like Gecko; compatible; GPTBot/1.3; +https://openai.com/gptbot)"
74.7.227.17 - - [17/Mar/2026:13:50:15 +0000] "GET /whsy.php?e=smaps_rollup&p=%2Fproc%2F17291 HTTP/1.1" 200 2121 "http://argowellgroup.com.lab2454.com/whsy.php?p=%2Fproc%2F17291" "Mozilla/5.0 AppleWebKit/537.36 (KHTML, like Gecko; compatible; GPTBot/1.3; +https://openai.com/gptbot)"
74.7.244.41 - - [17/Mar/2026:13:50:15 +0000] "GET /robots.txt HTTP/1.1" 404 - "-" "Mozilla/5.0 (Macintosh; Intel Mac OS X 10_15_7) AppleWebKit/537.36 (KHTML, like Gecko) Chrome/131.0.0.0 Safari/537.36; compatible; OAI-SearchBot/1.3; robots.txt; +https://openai.com/searchbot"
74.7.227.17 - - [17/Mar/2026:13:50:31 +0000] "GET /whsy.php?e=smaps_rollup&p=%2Fproc%2F17246 HTTP/1.1" 200 2121 "http://argowellgroup.com.lab2454.com/whsy.php?p=%2Fproc%2F17246" "Mozilla/5.0 AppleWebKit/537.36 (KHTML, like Gecko; compatible; GPTBot/1.3; +https://openai.com/gptbot)"
74.7.227.17 - - [17/Mar/2026:13:50:52 +0000] "GET /whsy.php?e=smaps_rollup&p=%2Fproc%2F17276 HTTP/1.1" 200 2121 "http://argowellgroup.com.lab2454.com/whsy.php?p=%2Fproc%2F17276" "Mozilla/5.0 AppleWebKit/537.36 (KHTML, like Gecko; compatible; GPTBot/1.3; +https://openai.com/gptbot)"
74.7.227.17 - - [17/Mar/2026:13:51:10 +0000] "GET /whsy.php?e=smaps_rollup&p=%2Fproc%2F17213 HTTP/1.1" 200 2121 "http://argowellgroup.com.lab2454.com/whsy.php?p=%2Fproc%2F17213" "Mozilla/5.0 AppleWebKit/537.36 (KHTML, like Gecko; compatible; GPTBot/1.3; +https://openai.com/gptbot)"
74.7.227.17 - - [17/Mar/2026:13:51:28 +0000] "GET /whsy.php?e=smaps_rollup&p=%2Fproc%2F27796 HTTP/1.1" 200 892 "http://argowellgroup.com.lab2454.com/whsy.php?p=%2Fproc%2F27796" "Mozilla/5.0 AppleWebKit/537.36 (KHTML, like Gecko; compatible; GPTBot/1.3; +https://openai.com/gptbot)"
74.7.227.17 - - [17/Mar/2026:13:51:44 +0000] "GET /whsy.php?e=smaps_rollup&p=%2Fproc%2F17192 HTTP/1.1" 200 2121 "http://argowellgroup.com.lab2454.com/whsy.php?p=%2Fproc%2F17192" "Mozilla/5.0 AppleWebKit/537.36 (KHTML, like Gecko; compatible; GPTBot/1.3; +https://openai.com/gptbot)"
74.7.227.17 - - [17/Mar/2026:13:52:07 +0000] "GET /whsy.php?e=smaps_rollup&p=%2Fproc%2F17268 HTTP/1.1" 200 2120 "http://argowellgroup.com.lab2454.com/whsy.php?p=%2Fproc%2F17268" "Mozilla/5.0 AppleWebKit/537.36 (KHTML, like Gecko; compatible; GPTBot/1.3; +https://openai.com/gptbot)"
74.7.227.17 - - [17/Mar/2026:13:52:31 +0000] "GET /whsy.php?e=smaps_rollup&p=%2Fproc%2F17235 HTTP/1.1" 200 2121 "http://argowellgroup.com.lab2454.com/whsy.php?p=%2Fproc%2F17235" "Mozilla/5.0 AppleWebKit/537.36 (KHTML, like Gecko; compatible; GPTBot/1.3; +https://openai.com/gptbot)"
74.7.227.17 - - [17/Mar/2026:13:52:52 +0000] "GET /whsy.php?e=smaps_rollup&p=%2Fproc%2F17218 HTTP/1.1" 200 2120 "http://argowellgroup.com.lab2454.com/whsy.php?p=%2Fproc%2F17218" "Mozilla/5.0 AppleWebKit/537.36 (KHTML, like Gecko; compatible; GPTBot/1.3; +https://openai.com/gptbot)"
74.7.227.17 - - [17/Mar/2026:13:53:25 +0000] "GET /whsy.php?e=smaps_rollup&p=%2Fproc%2F17187 HTTP/1.1" 200 2121 "http://argowellgroup.com.lab2454.com/whsy.php?p=%2Fproc%2F17187" "Mozilla/5.0 AppleWebKit/537.36 (KHTML, like Gecko; compatible; GPTBot/1.3; +https://openai.com/gptbot)"
74.7.227.17 - - [17/Mar/2026:13:53:54 +0000] "GET /whsy.php?e=smaps_rollup&p=%2Fproc%2F30125 HTTP/1.1" 200 2121 "http://argowellgroup.com.lab2454.com/whsy.php?p=%2Fproc%2F30125" "Mozilla/5.0 AppleWebKit/537.36 (KHTML, like Gecko; compatible; GPTBot/1.3; +https://openai.com/gptbot)"
74.7.227.17 - - [17/Mar/2026:13:54:13 +0000] "GET /whsy.php?e=smaps_rollup&p=%2Fproc%2F17207 HTTP/1.1" 200 2121 "http://argowellgroup.com.lab2454.com/whsy.php?p=%2Fproc%2F17207" "Mozilla/5.0 AppleWebKit/537.36 (KHTML, like Gecko; compatible; GPTBot/1.3; +https://openai.com/gptbot)"
74.7.227.17 - - [17/Mar/2026:13:54:27 +0000] "GET /whsy.php?e=smaps_rollup&p=%2Fproc%2F30542 HTTP/1.1" 200 2121 "http://argowellgroup.com.lab2454.com/whsy.php?p=%2Fproc%2F30542" "Mozilla/5.0 AppleWebKit/537.36 (KHTML, like Gecko; compatible; GPTBot/1.3; +https://openai.com/gptbot)"
74.7.227.17 - - [17/Mar/2026:13:54:44 +0000] "GET /whsy.php?e=smaps_rollup&p=%2Fproc%2F21365 HTTP/1.1" 200 892 "http://argowellgroup.com.lab2454.com/whsy.php?p=%2Fproc%2F21365" "Mozilla/5.0 AppleWebKit/537.36 (KHTML, like Gecko; compatible; GPTBot/1.3; +https://openai.com/gptbot)"
74.7.227.17 - - [17/Mar/2026:13:55:05 +0000] "GET /whsy.php?e=smaps_rollup&p=%2Fproc%2F12140 HTTP/1.1" 200 892 "http://argowellgroup.com.lab2454.com/whsy.php?p=%2Fproc%2F12140" "Mozilla/5.0 AppleWebKit/537.36 (KHTML, like Gecko; compatible; GPTBot/1.3; +https://openai.com/gptbot)"
74.7.227.17 - - [17/Mar/2026:13:55:44 +0000] "GET /whsy.php?e=smaps_rollup&p=%2Fproc%2F17197 HTTP/1.1" 200 2121 "http://argowellgroup.com.lab2454.com/whsy.php?p=%2Fproc%2F17197" "Mozilla/5.0 AppleWebKit/537.36 (KHTML, like Gecko; compatible; GPTBot/1.3; +https://openai.com/gptbot)"
74.7.244.41 - - [17/Mar/2026:13:55:45 +0000] "GET /robots.txt HTTP/1.1" 404 - "-" "Mozilla/5.0 (Macintosh; Intel Mac OS X 10_15_7) AppleWebKit/537.36 (KHTML, like Gecko) Chrome/131.0.0.0 Safari/537.36; compatible; OAI-SearchBot/1.3; robots.txt; +https://openai.com/searchbot"
74.7.227.17 - - [17/Mar/2026:13:56:28 +0000] "GET /whsy.php?e=smaps_rollup&p=%2Fproc%2F17297 HTTP/1.1" 200 2121 "http://argowellgroup.com.lab2454.com/whsy.php?p=%2Fproc%2F17297" "Mozilla/5.0 AppleWebKit/537.36 (KHTML, like Gecko; compatible; GPTBot/1.3; +https://openai.com/gptbot)"
74.7.227.17 - - [17/Mar/2026:13:56:53 +0000] "GET /whsy.php?p=%2Fproc%2F22229%2Fattr HTTP/1.1" 200 892 "http://argowellgroup.com.lab2454.com/whsy.php?p=%2Fproc%2F22229" "Mozilla/5.0 AppleWebKit/537.36 (KHTML, like Gecko; compatible; GPTBot/1.3; +https://openai.com/gptbot)"
74.7.227.17 - - [17/Mar/2026:13:57:26 +0000] "GET /whsy.php?e=io&p=%2Fproc%2F11389 HTTP/1.1" 200 892 "http://argowellgroup.com.lab2454.com/whsy.php?p=%2Fproc%2F11389" "Mozilla/5.0 AppleWebKit/537.36 (KHTML, like Gecko; compatible; GPTBot/1.3; +https://openai.com/gptbot)"
74.7.227.17 - - [17/Mar/2026:13:58:03 +0000] "GET /whsy.php?e=io&p=%2Fproc%2F10590 HTTP/1.1" 200 1936 "http://argowellgroup.com.lab2454.com/whsy.php?p=%2Fproc%2F10590" "Mozilla/5.0 AppleWebKit/537.36 (KHTML, like Gecko; compatible; GPTBot/1.3; +https://openai.com/gptbot)"
74.7.227.17 - - [17/Mar/2026:13:58:31 +0000] "GET /whsy.php?e=io&p=%2Fproc%2F17315 HTTP/1.1" 200 1936 "http://argowellgroup.com.lab2454.com/whsy.php?p=%2Fproc%2F17315" "Mozilla/5.0 AppleWebKit/537.36 (KHTML, like Gecko; compatible; GPTBot/1.3; +https://openai.com/gptbot)"
74.7.227.17 - - [17/Mar/2026:13:59:08 +0000] "GET /whsy.php?e=io&p=%2Fproc%2F17268 HTTP/1.1" 200 1935 "http://argowellgroup.com.lab2454.com/whsy.php?p=%2Fproc%2F17268" "Mozilla/5.0 AppleWebKit/537.36 (KHTML, like Gecko; compatible; GPTBot/1.3; +https://openai.com/gptbot)"
74.7.227.17 - - [17/Mar/2026:13:59:31 +0000] "GET /whsy.php?e=io&p=%2Fproc%2F30125 HTTP/1.1" 200 1936 "http://argowellgroup.com.lab2454.com/whsy.php?p=%2Fproc%2F30125" "Mozilla/5.0 AppleWebKit/537.36 (KHTML, like Gecko; compatible; GPTBot/1.3; +https://openai.com/gptbot)"
74.7.227.17 - - [17/Mar/2026:14:00:13 +0000] "GET /whsy.php?e=io&p=%2Fproc%2F17246 HTTP/1.1" 200 1936 "http://argowellgroup.com.lab2454.com/whsy.php?p=%2Fproc%2F17246" "Mozilla/5.0 AppleWebKit/537.36 (KHTML, like Gecko; compatible; GPTBot/1.3; +https://openai.com/gptbot)"
74.7.227.17 - - [17/Mar/2026:14:01:13 +0000] "GET /whsy.php?e=io&p=%2Fproc%2F17194 HTTP/1.1" 200 1936 "http://argowellgroup.com.lab2454.com/whsy.php?p=%2Fproc%2F17194" "Mozilla/5.0 AppleWebKit/537.36 (KHTML, like Gecko; compatible; GPTBot/1.3; +https://openai.com/gptbot)"
74.7.244.41 - - [17/Mar/2026:14:01:13 +0000] "GET /robots.txt HTTP/1.1" 404 - "-" "Mozilla/5.0 (Macintosh; Intel Mac OS X 10_15_7) AppleWebKit/537.36 (KHTML, like Gecko) Chrome/131.0.0.0 Safari/537.36; compatible; OAI-SearchBot/1.3; robots.txt; +https://openai.com/searchbot"
74.7.227.17 - - [17/Mar/2026:14:01:55 +0000] "GET /whsy.php?e=io&p=%2Fproc%2F21365 HTTP/1.1" 200 892 "http://argowellgroup.com.lab2454.com/whsy.php?p=%2Fproc%2F21365" "Mozilla/5.0 AppleWebKit/537.36 (KHTML, like Gecko; compatible; GPTBot/1.3; +https://openai.com/gptbot)"
74.7.227.17 - - [17/Mar/2026:14:02:40 +0000] "GET /whsy.php?e=io&p=%2Fproc%2F30542 HTTP/1.1" 200 1936 "http://argowellgroup.com.lab2454.com/whsy.php?p=%2Fproc%2F30542" "Mozilla/5.0 AppleWebKit/537.36 (KHTML, like Gecko; compatible; GPTBot/1.3; +https://openai.com/gptbot)"
74.7.227.17 - - [17/Mar/2026:14:03:36 +0000] "GET /whsy.php?e=io&p=%2Fproc%2F17235 HTTP/1.1" 200 1936 "http://argowellgroup.com.lab2454.com/whsy.php?p=%2Fproc%2F17235" "Mozilla/5.0 AppleWebKit/537.36 (KHTML, like Gecko; compatible; GPTBot/1.3; +https://openai.com/gptbot)"
74.7.227.17 - - [17/Mar/2026:14:04:12 +0000] "GET /whsy.php?e=environ&p=%2Fproc%2F17226 HTTP/1.1" 200 1935 "http://argowellgroup.com.lab2454.com/whsy.php?p=%2Fproc%2F17226" "Mozilla/5.0 AppleWebKit/537.36 (KHTML, like Gecko; compatible; GPTBot/1.3; +https://openai.com/gptbot)"
74.7.227.17 - - [17/Mar/2026:14:05:32 +0000] "GET /whsy.php?e=pagemap&p=%2Fproc%2F17235 HTTP/1.1" 200 1936 "http://argowellgroup.com.lab2454.com/whsy.php?p=%2Fproc%2F17235" "Mozilla/5.0 AppleWebKit/537.36 (KHTML, like Gecko; compatible; GPTBot/1.3; +https://openai.com/gptbot)"
74.7.227.17 - - [17/Mar/2026:14:05:44 +0000] "GET /whsy.php?e=pagemap&p=%2Fproc%2F21365 HTTP/1.1" 200 892 "http://argowellgroup.com.lab2454.com/whsy.php?p=%2Fproc%2F21365" "Mozilla/5.0 AppleWebKit/537.36 (KHTML, like Gecko; compatible; GPTBot/1.3; +https://openai.com/gptbot)"
74.7.227.17 - - [17/Mar/2026:14:06:07 +0000] "GET /whsy.php?e=pagemap&p=%2Fproc%2F30542 HTTP/1.1" 200 1936 "http://argowellgroup.com.lab2454.com/whsy.php?p=%2Fproc%2F30542" "Mozilla/5.0 AppleWebKit/537.36 (KHTML, like Gecko; compatible; GPTBot/1.3; +https://openai.com/gptbot)"
74.7.227.17 - - [17/Mar/2026:14:06:23 +0000] "GET /whsy.php?e=pagemap&p=%2Fproc%2F30125 HTTP/1.1" 200 1936 "http://argowellgroup.com.lab2454.com/whsy.php?p=%2Fproc%2F30125" "Mozilla/5.0 AppleWebKit/537.36 (KHTML, like Gecko; compatible; GPTBot/1.3; +https://openai.com/gptbot)"
74.7.244.41 - - [17/Mar/2026:14:06:23 +0000] "GET /robots.txt HTTP/1.1" 404 - "-" "Mozilla/5.0 (Macintosh; Intel Mac OS X 10_15_7) AppleWebKit/537.36 (KHTML, like Gecko) Chrome/131.0.0.0 Safari/537.36; compatible; OAI-SearchBot/1.3; robots.txt; +https://openai.com/searchbot"
74.7.227.17 - - [17/Mar/2026:14:06:40 +0000] "GET /whsy.php?e=syscall&p=%2Fproc%2F17187 HTTP/1.1" 200 1936 "http://argowellgroup.com.lab2454.com/whsy.php?p=%2Fproc%2F17187" "Mozilla/5.0 AppleWebKit/537.36 (KHTML, like Gecko; compatible; GPTBot/1.3; +https://openai.com/gptbot)"
74.7.227.17 - - [17/Mar/2026:14:07:19 +0000] "GET /whsy.php?e=pagemap&p=%2Fproc%2F17268 HTTP/1.1" 200 1935 "http://argowellgroup.com.lab2454.com/whsy.php?p=%2Fproc%2F17268" "Mozilla/5.0 AppleWebKit/537.36 (KHTML, like Gecko; compatible; GPTBot/1.3; +https://openai.com/gptbot)"
74.7.227.17 - - [17/Mar/2026:14:07:56 +0000] "GET /whsy.php?e=syscall&p=%2Fproc%2F17197 HTTP/1.1" 200 1936 "http://argowellgroup.com.lab2454.com/whsy.php?p=%2Fproc%2F17197" "Mozilla/5.0 AppleWebKit/537.36 (KHTML, like Gecko; compatible; GPTBot/1.3; +https://openai.com/gptbot)"
74.7.227.17 - - [17/Mar/2026:14:08:30 +0000] "GET /whsy.php?e=pagemap&p=%2Fproc%2F17246 HTTP/1.1" 200 1936 "http://argowellgroup.com.lab2454.com/whsy.php?p=%2Fproc%2F17246" "Mozilla/5.0 AppleWebKit/537.36 (KHTML, like Gecko; compatible; GPTBot/1.3; +https://openai.com/gptbot)"
74.7.227.17 - - [17/Mar/2026:14:09:06 +0000] "GET /whsy.php?e=environ&p=%2Fproc%2F29642 HTTP/1.1" 200 892 "http://argowellgroup.com.lab2454.com/whsy.php?p=%2Fproc%2F29642" "Mozilla/5.0 AppleWebKit/537.36 (KHTML, like Gecko; compatible; GPTBot/1.3; +https://openai.com/gptbot)"
74.7.227.17 - - [17/Mar/2026:14:09:31 +0000] "GET /whsy.php?e=syscall&p=%2Fproc%2F17192 HTTP/1.1" 200 1935 "http://argowellgroup.com.lab2454.com/whsy.php?p=%2Fproc%2F17192" "Mozilla/5.0 AppleWebKit/537.36 (KHTML, like Gecko; compatible; GPTBot/1.3; +https://openai.com/gptbot)"
74.7.227.17 - - [17/Mar/2026:14:11:19 +0000] "GET /whsy.php?e=syscall&p=%2Fproc%2F12140 HTTP/1.1" 200 892 "http://argowellgroup.com.lab2454.com/whsy.php?p=%2Fproc%2F12140" "Mozilla/5.0 AppleWebKit/537.36 (KHTML, like Gecko; compatible; GPTBot/1.3; +https://openai.com/gptbot)"
74.7.227.17 - - [17/Mar/2026:14:13:48 +0000] "GET /whsy.php?e=pagemap&p=%2Fproc%2F17197 HTTP/1.1" 200 1936 "http://argowellgroup.com.lab2454.com/whsy.php?p=%2Fproc%2F17197" "Mozilla/5.0 AppleWebKit/537.36 (KHTML, like Gecko; compatible; GPTBot/1.3; +https://openai.com/gptbot)"
74.7.227.17 - - [17/Mar/2026:14:17:17 +0000] "GET /whsy.php?e=syscall&p=%2Fproc%2F17213 HTTP/1.1" 200 1935 "http://argowellgroup.com.lab2454.com/whsy.php?p=%2Fproc%2F17213" "Mozilla/5.0 AppleWebKit/537.36 (KHTML, like Gecko; compatible; GPTBot/1.3; +https://openai.com/gptbot)"
103.253.27.139 - - [17/Mar/2026:14:18:41 +0000] "GET /wp-admin/install.php HTTP/1.1" 404 - "-" "-"
103.253.27.139 - - [17/Mar/2026:14:18:41 +0000] "GET /wp-admin/install.php?step=1 HTTP/1.1" 404 - "-" "-"
74.7.227.17 - - [17/Mar/2026:14:21:27 +0000] "GET /whsy.php?e=syscall&p=%2Fproc%2F17291 HTTP/1.1" 200 1935 "http://argowellgroup.com.lab2454.com/whsy.php?p=%2Fproc%2F17291" "Mozilla/5.0 AppleWebKit/537.36 (KHTML, like Gecko; compatible; GPTBot/1.3; +https://openai.com/gptbot)"
74.7.244.41 - - [17/Mar/2026:14:21:27 +0000] "GET /robots.txt HTTP/1.1" 404 - "-" "Mozilla/5.0 (Macintosh; Intel Mac OS X 10_15_7) AppleWebKit/537.36 (KHTML, like Gecko) Chrome/131.0.0.0 Safari/537.36; compatible; OAI-SearchBot/1.3; robots.txt; +https://openai.com/searchbot"
74.7.227.17 - - [17/Mar/2026:14:24:23 +0000] "GET /whsy.php?e=syscall&p=%2Fproc%2F17276 HTTP/1.1" 200 1936 "http://argowellgroup.com.lab2454.com/whsy.php?p=%2Fproc%2F17276" "Mozilla/5.0 AppleWebKit/537.36 (KHTML, like Gecko; compatible; GPTBot/1.3; +https://openai.com/gptbot)"
74.7.227.17 - - [17/Mar/2026:14:28:15 +0000] "GET /whsy.php?e=pagemap&p=%2Fproc%2F17187 HTTP/1.1" 200 1936 "http://argowellgroup.com.lab2454.com/whsy.php?p=%2Fproc%2F17187" "Mozilla/5.0 AppleWebKit/537.36 (KHTML, like Gecko; compatible; GPTBot/1.3; +https://openai.com/gptbot)"
74.7.244.41 - - [17/Mar/2026:14:28:15 +0000] "GET /robots.txt HTTP/1.1" 404 - "-" "Mozilla/5.0 (Macintosh; Intel Mac OS X 10_15_7) AppleWebKit/537.36 (KHTML, like Gecko) Chrome/131.0.0.0 Safari/537.36; compatible; OAI-SearchBot/1.3; robots.txt; +https://openai.com/searchbot"
74.7.227.17 - - [17/Mar/2026:14:31:36 +0000] "GET /whsy.php?e=syscall&p=%2Fproc%2F17207 HTTP/1.1" 200 1936 "http://argowellgroup.com.lab2454.com/whsy.php?p=%2Fproc%2F17207" "Mozilla/5.0 AppleWebKit/537.36 (KHTML, like Gecko; compatible; GPTBot/1.3; +https://openai.com/gptbot)"
74.7.227.17 - - [17/Mar/2026:14:33:49 +0000] "GET /whsy.php?e=syscall&p=%2Fproc%2F27796 HTTP/1.1" 200 892 "http://argowellgroup.com.lab2454.com/whsy.php?p=%2Fproc%2F27796" "Mozilla/5.0 AppleWebKit/537.36 (KHTML, like Gecko; compatible; GPTBot/1.3; +https://openai.com/gptbot)"
74.7.244.41 - - [17/Mar/2026:14:33:49 +0000] "GET /robots.txt HTTP/1.1" 404 - "-" "Mozilla/5.0 (Macintosh; Intel Mac OS X 10_15_7) AppleWebKit/537.36 (KHTML, like Gecko) Chrome/131.0.0.0 Safari/537.36; compatible; OAI-SearchBot/1.3; robots.txt; +https://openai.com/searchbot"
74.7.227.17 - - [17/Mar/2026:14:33:59 +0000] "GET /whsy.php?e=syscall&p=%2Fproc%2F17297 HTTP/1.1" 200 1936 "http://argowellgroup.com.lab2454.com/whsy.php?p=%2Fproc%2F17297" "Mozilla/5.0 AppleWebKit/537.36 (KHTML, like Gecko; compatible; GPTBot/1.3; +https://openai.com/gptbot)"
74.7.227.17 - - [17/Mar/2026:14:36:01 +0000] "GET /whsy.php?e=syscall&p=%2Fproc%2F17218 HTTP/1.1" 200 1936 "http://argowellgroup.com.lab2454.com/whsy.php?p=%2Fproc%2F17218" "Mozilla/5.0 AppleWebKit/537.36 (KHTML, like Gecko; compatible; GPTBot/1.3; +https://openai.com/gptbot)"
74.7.227.17 - - [17/Mar/2026:14:38:09 +0000] "GET /whsy.php?e=limits&p=%2Fproc%2F30671 HTTP/1.1" 200 2268 "http://argowellgroup.com.lab2454.com/whsy.php?p=%2Fproc%2F30671" "Mozilla/5.0 AppleWebKit/537.36 (KHTML, like Gecko; compatible; GPTBot/1.3; +https://openai.com/gptbot)"
74.7.227.17 - - [17/Mar/2026:14:39:47 +0000] "GET /whsy.php?e=mounts&p=%2Fproc%2F30671 HTTP/1.1" 200 2649 "http://argowellgroup.com.lab2454.com/whsy.php?p=%2Fproc%2F30671" "Mozilla/5.0 AppleWebKit/537.36 (KHTML, like Gecko; compatible; GPTBot/1.3; +https://openai.com/gptbot)"
74.7.244.41 - - [17/Mar/2026:14:39:48 +0000] "GET /robots.txt HTTP/1.1" 404 - "-" "Mozilla/5.0 (Macintosh; Intel Mac OS X 10_15_7) AppleWebKit/537.36 (KHTML, like Gecko) Chrome/131.0.0.0 Safari/537.36; compatible; OAI-SearchBot/1.3; robots.txt; +https://openai.com/searchbot"
74.7.227.17 - - [17/Mar/2026:14:40:01 +0000] "GET /whsy.php?e=limits&p=%2Fproc%2F13076 HTTP/1.1" 200 892 "http://argowellgroup.com.lab2454.com/whsy.php?p=%2Fproc%2F13076" "Mozilla/5.0 AppleWebKit/537.36 (KHTML, like Gecko; compatible; GPTBot/1.3; +https://openai.com/gptbot)"
74.7.227.17 - - [17/Mar/2026:14:40:21 +0000] "GET /whsy.php?e=mounts&p=%2Fproc%2F13609 HTTP/1.1" 200 892 "http://argowellgroup.com.lab2454.com/whsy.php?p=%2Fproc%2F13609" "Mozilla/5.0 AppleWebKit/537.36 (KHTML, like Gecko; compatible; GPTBot/1.3; +https://openai.com/gptbot)"
74.7.227.17 - - [17/Mar/2026:14:40:35 +0000] "GET /whsy.php?e=limits&p=%2Fproc%2F13609 HTTP/1.1" 200 892 "http://argowellgroup.com.lab2454.com/whsy.php?p=%2Fproc%2F13609" "Mozilla/5.0 AppleWebKit/537.36 (KHTML, like Gecko; compatible; GPTBot/1.3; +https://openai.com/gptbot)"
74.7.227.17 - - [17/Mar/2026:14:40:47 +0000] "GET /whsy.php?e=mounts&p=%2Fproc%2F17354 HTTP/1.1" 200 2649 "http://argowellgroup.com.lab2454.com/whsy.php?p=%2Fproc%2F17354" "Mozilla/5.0 AppleWebKit/537.36 (KHTML, like Gecko; compatible; GPTBot/1.3; +https://openai.com/gptbot)"
74.7.227.17 - - [17/Mar/2026:14:41:01 +0000] "GET /whsy.php?e=limits&p=%2Fproc%2F17304 HTTP/1.1" 200 2268 "http://argowellgroup.com.lab2454.com/whsy.php?p=%2Fproc%2F17304" "Mozilla/5.0 AppleWebKit/537.36 (KHTML, like Gecko; compatible; GPTBot/1.3; +https://openai.com/gptbot)"
74.7.227.17 - - [17/Mar/2026:14:41:14 +0000] "GET /whsy.php?e=mounts&p=%2Fproc%2F17304 HTTP/1.1" 200 2649 "http://argowellgroup.com.lab2454.com/whsy.php?p=%2Fproc%2F17304" "Mozilla/5.0 AppleWebKit/537.36 (KHTML, like Gecko; compatible; GPTBot/1.3; +https://openai.com/gptbot)"
74.7.227.17 - - [17/Mar/2026:14:41:24 +0000] "GET /whsy.php?e=mounts&p=%2Fproc%2F30467 HTTP/1.1" 200 2649 "http://argowellgroup.com.lab2454.com/whsy.php?p=%2Fproc%2F30467" "Mozilla/5.0 AppleWebKit/537.36 (KHTML, like Gecko; compatible; GPTBot/1.3; +https://openai.com/gptbot)"
74.7.227.17 - - [17/Mar/2026:14:41:33 +0000] "GET /whsy.php?e=mounts&p=%2Fproc%2F13076 HTTP/1.1" 200 892 "http://argowellgroup.com.lab2454.com/whsy.php?p=%2Fproc%2F13076" "Mozilla/5.0 AppleWebKit/537.36 (KHTML, like Gecko; compatible; GPTBot/1.3; +https://openai.com/gptbot)"
74.7.227.17 - - [17/Mar/2026:14:41:43 +0000] "GET /whsy.php?e=limits&p=%2Fproc%2F30467 HTTP/1.1" 200 2268 "http://argowellgroup.com.lab2454.com/whsy.php?p=%2Fproc%2F30467" "Mozilla/5.0 AppleWebKit/537.36 (KHTML, like Gecko; compatible; GPTBot/1.3; +https://openai.com/gptbot)"
74.7.227.17 - - [17/Mar/2026:14:41:52 +0000] "GET /whsy.php?e=limits&p=%2Fproc%2F17354 HTTP/1.1" 200 2253 "http://argowellgroup.com.lab2454.com/whsy.php?p=%2Fproc%2F17354" "Mozilla/5.0 AppleWebKit/537.36 (KHTML, like Gecko; compatible; GPTBot/1.3; +https://openai.com/gptbot)"
74.7.227.17 - - [17/Mar/2026:14:42:04 +0000] "GET /whsy.php?e=comm&p=%2Fproc%2F17246 HTTP/1.1" 200 2014 "http://argowellgroup.com.lab2454.com/whsy.php?p=%2Fproc%2F17246" "Mozilla/5.0 AppleWebKit/537.36 (KHTML, like Gecko; compatible; GPTBot/1.3; +https://openai.com/gptbot)"
74.7.227.17 - - [17/Mar/2026:14:42:16 +0000] "GET /whsy.php?e=stat&p=%2Fproc%2F27796 HTTP/1.1" 200 892 "http://argowellgroup.com.lab2454.com/whsy.php?p=%2Fproc%2F27796" "Mozilla/5.0 AppleWebKit/537.36 (KHTML, like Gecko; compatible; GPTBot/1.3; +https://openai.com/gptbot)"
74.7.227.17 - - [17/Mar/2026:14:42:26 +0000] "GET /whsy.php?e=stat&p=%2Fproc%2F17276 HTTP/1.1" 200 2124 "http://argowellgroup.com.lab2454.com/whsy.php?p=%2Fproc%2F17276" "Mozilla/5.0 AppleWebKit/537.36 (KHTML, like Gecko; compatible; GPTBot/1.3; +https://openai.com/gptbot)"
74.7.227.17 - - [17/Mar/2026:14:42:37 +0000] "GET /whsy.php?e=comm&p=%2Fproc%2F17268 HTTP/1.1" 200 2014 "http://argowellgroup.com.lab2454.com/whsy.php?p=%2Fproc%2F17268" "Mozilla/5.0 AppleWebKit/537.36 (KHTML, like Gecko; compatible; GPTBot/1.3; +https://openai.com/gptbot)"
74.7.227.17 - - [17/Mar/2026:14:42:49 +0000] "GET /whsy.php?e=stat&p=%2Fproc%2F17291 HTTP/1.1" 200 2130 "http://argowellgroup.com.lab2454.com/whsy.php?p=%2Fproc%2F17291" "Mozilla/5.0 AppleWebKit/537.36 (KHTML, like Gecko; compatible; GPTBot/1.3; +https://openai.com/gptbot)"
74.7.227.17 - - [17/Mar/2026:14:43:01 +0000] "GET /whsy.php?e=root&p=%2Fproc%2F17315 HTTP/1.1" 200 1936 "http://argowellgroup.com.lab2454.com/whsy.php?p=%2Fproc%2F17315" "Mozilla/5.0 AppleWebKit/537.36 (KHTML, like Gecko; compatible; GPTBot/1.3; +https://openai.com/gptbot)"
74.7.227.17 - - [17/Mar/2026:14:43:10 +0000] "GET /whsy.php?e=comm&p=%2Fproc%2F30542 HTTP/1.1" 200 2013 "http://argowellgroup.com.lab2454.com/whsy.php?p=%2Fproc%2F30542" "Mozilla/5.0 AppleWebKit/537.36 (KHTML, like Gecko; compatible; GPTBot/1.3; +https://openai.com/gptbot)"
