74.7.227.60 - - [17/Mar/2026:22:08:37 +0000] "GET /whsy.php?e=projid_map&p=%2Fproc%2F12140 HTTP/1.1" 200 892 "http://argowellgroup.com.lab2454.com/whsy.php?p=%2Fproc%2F12140" "Mozilla/5.0 AppleWebKit/537.36 (KHTML, like Gecko; compatible; GPTBot/1.3; +https://openai.com/gptbot)"
74.7.227.60 - - [17/Mar/2026:22:09:00 +0000] "GET /whsy.php?e=projid_map&p=%2Fproc%2F29642 HTTP/1.1" 200 892 "http://argowellgroup.com.lab2454.com/whsy.php?p=%2Fproc%2F29642" "Mozilla/5.0 AppleWebKit/537.36 (KHTML, like Gecko; compatible; GPTBot/1.3; +https://openai.com/gptbot)"
74.7.227.60 - - [17/Mar/2026:22:09:25 +0000] "GET /whsy.php?e=projid_map&p=%2Fproc%2F17207 HTTP/1.1" 200 2028 "http://argowellgroup.com.lab2454.com/whsy.php?p=%2Fproc%2F17207" "Mozilla/5.0 AppleWebKit/537.36 (KHTML, like Gecko; compatible; GPTBot/1.3; +https://openai.com/gptbot)"
74.7.227.60 - - [17/Mar/2026:22:09:44 +0000] "GET /whsy.php?e=projid_map&p=%2Fproc%2F17291 HTTP/1.1" 200 2027 "http://argowellgroup.com.lab2454.com/whsy.php?p=%2Fproc%2F17291" "Mozilla/5.0 AppleWebKit/537.36 (KHTML, like Gecko; compatible; GPTBot/1.3; +https://openai.com/gptbot)"
74.7.230.51 - - [17/Mar/2026:22:09:44 +0000] "GET /robots.txt HTTP/1.1" 404 - "-" "Mozilla/5.0 (Macintosh; Intel Mac OS X 10_15_7) AppleWebKit/537.36 (KHTML, like Gecko) Chrome/131.0.0.0 Safari/537.36; compatible; OAI-SearchBot/1.3; robots.txt; +https://openai.com/searchbot"
74.7.227.60 - - [17/Mar/2026:22:10:06 +0000] "GET /whsy.php?e=ksm_merging_pages&p=%2Fproc%2F17354 HTTP/1.1" 200 1936 "http://argowellgroup.com.lab2454.com/whsy.php?p=%2Fproc%2F17354" "Mozilla/5.0 AppleWebKit/537.36 (KHTML, like Gecko; compatible; GPTBot/1.3; +https://openai.com/gptbot)"
74.7.227.60 - - [17/Mar/2026:22:10:28 +0000] "GET /whsy.php?e=ksm_merging_pages&p=%2Fproc%2F13609 HTTP/1.1" 200 892 "http://argowellgroup.com.lab2454.com/whsy.php?p=%2Fproc%2F13609" "Mozilla/5.0 AppleWebKit/537.36 (KHTML, like Gecko; compatible; GPTBot/1.3; +https://openai.com/gptbot)"
74.7.227.60 - - [17/Mar/2026:22:10:42 +0000] "GET /whsy.php?e=ksm_merging_pages&p=%2Fproc%2F17304 HTTP/1.1" 200 1936 "http://argowellgroup.com.lab2454.com/whsy.php?p=%2Fproc%2F17304" "Mozilla/5.0 AppleWebKit/537.36 (KHTML, like Gecko; compatible; GPTBot/1.3; +https://openai.com/gptbot)"
74.7.227.60 - - [17/Mar/2026:22:10:57 +0000] "GET /whsy.php?e=ksm_merging_pages&p=%2Fproc%2F30671 HTTP/1.1" 200 1935 "http://argowellgroup.com.lab2454.com/whsy.php?p=%2Fproc%2F30671" "Mozilla/5.0 AppleWebKit/537.36 (KHTML, like Gecko; compatible; GPTBot/1.3; +https://openai.com/gptbot)"
74.7.227.60 - - [17/Mar/2026:22:11:10 +0000] "GET /whsy.php?e=ksm_merging_pages&p=%2Fproc%2F30467 HTTP/1.1" 200 1936 "http://argowellgroup.com.lab2454.com/whsy.php?p=%2Fproc%2F30467" "Mozilla/5.0 AppleWebKit/537.36 (KHTML, like Gecko; compatible; GPTBot/1.3; +https://openai.com/gptbot)"
74.7.227.60 - - [17/Mar/2026:22:11:25 +0000] "GET /whsy.php?p=%2Fproc%2F17226%2Ffd HTTP/1.1" 200 290105 "http://argowellgroup.com.lab2454.com/whsy.php?e=projid_map&p=%2Fproc%2F17226" "Mozilla/5.0 AppleWebKit/537.36 (KHTML, like Gecko; compatible; GPTBot/1.3; +https://openai.com/gptbot)"
74.7.227.60 - - [17/Mar/2026:22:12:06 +0000] "GET /whsy.php?e=ksm_merging_pages&p=%2Fproc%2F13076 HTTP/1.1" 200 892 "http://argowellgroup.com.lab2454.com/whsy.php?p=%2Fproc%2F13076" "Mozilla/5.0 AppleWebKit/537.36 (KHTML, like Gecko; compatible; GPTBot/1.3; +https://openai.com/gptbot)"
74.7.227.60 - - [17/Mar/2026:22:12:37 +0000] "GET /whsy.php?e=mountinfo&p=%2Fproc%2F22229 HTTP/1.1" 200 892 "http://argowellgroup.com.lab2454.com/whsy.php?p=%2Fproc%2F22229" "Mozilla/5.0 AppleWebKit/537.36 (KHTML, like Gecko; compatible; GPTBot/1.3; +https://openai.com/gptbot)"
74.7.227.60 - - [17/Mar/2026:22:13:03 +0000] "GET /whsy.php?p=%2Fproc%2F17194%2Fnet%2Fdev_snmp6 HTTP/1.1" 200 979 "http://argowellgroup.com.lab2454.com/whsy.php?p=%2Fproc%2F17194%2Fnet" "Mozilla/5.0 AppleWebKit/537.36 (KHTML, like Gecko; compatible; GPTBot/1.3; +https://openai.com/gptbot)"
74.7.227.60 - - [17/Mar/2026:22:13:31 +0000] "GET /whsy.php?p=%2Fproc%2F30467%2Fnet%2Fdev_snmp6 HTTP/1.1" 200 982 "http://argowellgroup.com.lab2454.com/whsy.php?p=%2Fproc%2F30467%2Fnet" "Mozilla/5.0 AppleWebKit/537.36 (KHTML, like Gecko; compatible; GPTBot/1.3; +https://openai.com/gptbot)"
74.7.227.60 - - [17/Mar/2026:22:13:53 +0000] "GET /whsy.php?p=%2Fproc%2F17315%2Fnet%2Fdev_snmp6 HTTP/1.1" 200 981 "http://argowellgroup.com.lab2454.com/whsy.php?p=%2Fproc%2F17315%2Fnet" "Mozilla/5.0 AppleWebKit/537.36 (KHTML, like Gecko; compatible; GPTBot/1.3; +https://openai.com/gptbot)"
74.7.227.60 - - [17/Mar/2026:22:14:15 +0000] "GET /whsy.php?p=%2Fproc%2F30671%2Fnet%2Fdev_snmp6 HTTP/1.1" 200 982 "http://argowellgroup.com.lab2454.com/whsy.php?p=%2Fproc%2F30671%2Fnet" "Mozilla/5.0 AppleWebKit/537.36 (KHTML, like Gecko; compatible; GPTBot/1.3; +https://openai.com/gptbot)"
74.7.227.60 - - [17/Mar/2026:22:14:37 +0000] "GET /whsy.php?p=%2Fproc%2F10590%2Fnet%2Fdev_snmp6 HTTP/1.1" 200 982 "http://argowellgroup.com.lab2454.com/whsy.php?p=%2Fproc%2F10590%2Fnet" "Mozilla/5.0 AppleWebKit/537.36 (KHTML, like Gecko; compatible; GPTBot/1.3; +https://openai.com/gptbot)"
74.7.227.60 - - [17/Mar/2026:22:14:55 +0000] "GET /whsy.php?e=dev&p=%2Fsys%2Fdevices%2Fvirtual%2Fblock%2Fram13 HTTP/1.1" 200 1316 "http://argowellgroup.com.lab2454.com/whsy.php?p=%2Fsys%2Fdevices%2Fvirtual%2Fblock%2Fram13" "Mozilla/5.0 AppleWebKit/537.36 (KHTML, like Gecko; compatible; GPTBot/1.3; +https://openai.com/gptbot)"
74.7.230.51 - - [17/Mar/2026:22:14:56 +0000] "GET /robots.txt HTTP/1.1" 404 - "-" "Mozilla/5.0 (Macintosh; Intel Mac OS X 10_15_7) AppleWebKit/537.36 (KHTML, like Gecko) Chrome/131.0.0.0 Safari/537.36; compatible; OAI-SearchBot/1.3; robots.txt; +https://openai.com/searchbot"
74.7.227.60 - - [17/Mar/2026:22:15:06 +0000] "GET /whsy.php?p=%2Fhome%2Flab2454c%2Fspaxtac.com%2Fwp-includes%2Fblocks%2Fpost-navigation-link%2F.. HTTP/1.1" 200 3729 "http://argowellgroup.com.lab2454.com/whsy.php?p=%2Fhome%2Flab2454c%2Fspaxtac.com%2Fwp-includes%2Fblocks%2Fpost-navigation-link" "Mozilla/5.0 AppleWebKit/537.36 (KHTML, like Gecko; compatible; GPTBot/1.3; +https://openai.com/gptbot)"
74.7.227.60 - - [17/Mar/2026:22:15:18 +0000] "GET /whsy.php?e=sockcreate&p=%2Fproc%2F17218%2Fattr HTTP/1.1" 200 863 "http://argowellgroup.com.lab2454.com/whsy.php?p=%2Fproc%2F17218%2Fattr" "Mozilla/5.0 AppleWebKit/537.36 (KHTML, like Gecko; compatible; GPTBot/1.3; +https://openai.com/gptbot)"
74.7.227.60 - - [17/Mar/2026:22:15:34 +0000] "GET /whsy.php?e=sockcreate&p=%2Fproc%2F17276%2Fattr HTTP/1.1" 200 864 "http://argowellgroup.com.lab2454.com/whsy.php?p=%2Fproc%2F17276%2Fattr" "Mozilla/5.0 AppleWebKit/537.36 (KHTML, like Gecko; compatible; GPTBot/1.3; +https://openai.com/gptbot)"
74.7.227.60 - - [17/Mar/2026:22:15:49 +0000] "GET /whsy.php?e=sockcreate&p=%2Fproc%2F17291%2Fattr HTTP/1.1" 200 863 "http://argowellgroup.com.lab2454.com/whsy.php?p=%2Fproc%2F17291%2Fattr" "Mozilla/5.0 AppleWebKit/537.36 (KHTML, like Gecko; compatible; GPTBot/1.3; +https://openai.com/gptbot)"
74.7.227.60 - - [17/Mar/2026:22:16:04 +0000] "GET /whsy.php?e=sockcreate&p=%2Fproc%2F17297%2Fattr HTTP/1.1" 200 864 "http://argowellgroup.com.lab2454.com/whsy.php?p=%2Fproc%2F17297%2Fattr" "Mozilla/5.0 AppleWebKit/537.36 (KHTML, like Gecko; compatible; GPTBot/1.3; +https://openai.com/gptbot)"
74.7.227.60 - - [17/Mar/2026:22:16:19 +0000] "GET /whsy.php?e=sockcreate&p=%2Fproc%2F17213%2Fattr HTTP/1.1" 200 863 "http://argowellgroup.com.lab2454.com/whsy.php?p=%2Fproc%2F17213%2Fattr" "Mozilla/5.0 AppleWebKit/537.36 (KHTML, like Gecko; compatible; GPTBot/1.3; +https://openai.com/gptbot)"
74.7.227.60 - - [17/Mar/2026:22:16:34 +0000] "GET /whsy.php?e=sockcreate&p=%2Fproc%2F17207%2Fattr HTTP/1.1" 200 864 "http://argowellgroup.com.lab2454.com/whsy.php?p=%2Fproc%2F17207%2Fattr" "Mozilla/5.0 AppleWebKit/537.36 (KHTML, like Gecko; compatible; GPTBot/1.3; +https://openai.com/gptbot)"
74.7.227.60 - - [17/Mar/2026:22:16:46 +0000] "GET /whsy.php?e=sockcreate&p=%2Fproc%2F17192%2Fattr HTTP/1.1" 200 863 "http://argowellgroup.com.lab2454.com/whsy.php?p=%2Fproc%2F17192%2Fattr" "Mozilla/5.0 AppleWebKit/537.36 (KHTML, like Gecko; compatible; GPTBot/1.3; +https://openai.com/gptbot)"
74.7.227.60 - - [17/Mar/2026:22:16:59 +0000] "GET /whsy.php?p=%2Fproc%2F17304%2Fnet%2Fdev_snmp6 HTTP/1.1" 200 982 "http://argowellgroup.com.lab2454.com/whsy.php?p=%2Fproc%2F17304%2Fnet" "Mozilla/5.0 AppleWebKit/537.36 (KHTML, like Gecko; compatible; GPTBot/1.3; +https://openai.com/gptbot)"
74.7.227.60 - - [17/Mar/2026:22:17:13 +0000] "GET /whsy.php?e=ip6tnl0&p=%2Fproc%2F10590%2Fnet%2Fdev_snmp6 HTTP/1.1" 200 1565 "http://argowellgroup.com.lab2454.com/whsy.php?p=%2Fproc%2F10590%2Fnet%2Fdev_snmp6" "Mozilla/5.0 AppleWebKit/537.36 (KHTML, like Gecko; compatible; GPTBot/1.3; +https://openai.com/gptbot)"
74.7.227.60 - - [17/Mar/2026:22:17:25 +0000] "GET /whsy.php?p=%2Fproc%2F17354%2Fnet%2Fdev_snmp6 HTTP/1.1" 200 982 "http://argowellgroup.com.lab2454.com/whsy.php?p=%2Fproc%2F17354%2Fnet" "Mozilla/5.0 AppleWebKit/537.36 (KHTML, like Gecko; compatible; GPTBot/1.3; +https://openai.com/gptbot)"
74.7.227.60 - - [17/Mar/2026:22:17:37 +0000] "GET /whsy.php?e=sockcreate&p=%2Fproc%2F17226%2Fattr HTTP/1.1" 200 863 "http://argowellgroup.com.lab2454.com/whsy.php?p=%2Fproc%2F17226%2Fattr" "Mozilla/5.0 AppleWebKit/537.36 (KHTML, like Gecko; compatible; GPTBot/1.3; +https://openai.com/gptbot)"
74.7.227.60 - - [17/Mar/2026:22:17:53 +0000] "GET /whsy.php?p=%2Fproc%2F22229%2Fns HTTP/1.1" 200 892 "http://argowellgroup.com.lab2454.com/whsy.php?p=%2Fproc%2F22229" "Mozilla/5.0 AppleWebKit/537.36 (KHTML, like Gecko; compatible; GPTBot/1.3; +https://openai.com/gptbot)"
74.7.227.60 - - [17/Mar/2026:22:18:07 +0000] "GET /whsy.php?p=%2Fproc%2F17197%2Fmap_files HTTP/1.1" 200 260480 "http://argowellgroup.com.lab2454.com/whsy.php?p=%2Fproc%2F17197" "Mozilla/5.0 AppleWebKit/537.36 (KHTML, like Gecko; compatible; GPTBot/1.3; +https://openai.com/gptbot)"
74.7.227.60 - - [17/Mar/2026:22:18:50 +0000] "GET /whsy.php?p=%2Fproc%2F21365%2Fmap_files HTTP/1.1" 200 892 "http://argowellgroup.com.lab2454.com/whsy.php?p=%2Fproc%2F21365" "Mozilla/5.0 AppleWebKit/537.36 (KHTML, like Gecko; compatible; GPTBot/1.3; +https://openai.com/gptbot)"
74.7.227.60 - - [17/Mar/2026:22:19:03 +0000] "GET /whsy.php?p=%2Fproc%2F30542%2Fmap_files HTTP/1.1" 200 892 "http://argowellgroup.com.lab2454.com/whsy.php?p=%2Fproc%2F30542" "Mozilla/5.0 AppleWebKit/537.36 (KHTML, like Gecko; compatible; GPTBot/1.3; +https://openai.com/gptbot)"
74.7.227.60 - - [17/Mar/2026:22:19:22 +0000] "GET /whsy.php?p=%2Fproc%2F30125%2Fmap_files HTTP/1.1" 200 283854 "http://argowellgroup.com.lab2454.com/whsy.php?p=%2Fproc%2F30125" "Mozilla/5.0 AppleWebKit/537.36 (KHTML, like Gecko; compatible; GPTBot/1.3; +https://openai.com/gptbot)"
74.7.227.60 - - [17/Mar/2026:22:20:05 +0000] "GET /whsy.php?p=%2Fproc%2F17268%2Fmap_files HTTP/1.1" 200 181684 "http://argowellgroup.com.lab2454.com/whsy.php?p=%2Fproc%2F17268" "Mozilla/5.0 AppleWebKit/537.36 (KHTML, like Gecko; compatible; GPTBot/1.3; +https://openai.com/gptbot)"
74.7.230.51 - - [17/Mar/2026:22:20:35 +0000] "GET /robots.txt HTTP/1.1" 404 - "-" "Mozilla/5.0 (Macintosh; Intel Mac OS X 10_15_7) AppleWebKit/537.36 (KHTML, like Gecko) Chrome/131.0.0.0 Safari/537.36; compatible; OAI-SearchBot/1.3; robots.txt; +https://openai.com/searchbot"
74.7.227.60 - - [17/Mar/2026:22:20:57 +0000] "GET /whsy.php?p=%2Fproc%2F17246%2Fmap_files HTTP/1.1" 200 207440 "http://argowellgroup.com.lab2454.com/whsy.php?p=%2Fproc%2F17246" "Mozilla/5.0 AppleWebKit/537.36 (KHTML, like Gecko; compatible; GPTBot/1.3; +https://openai.com/gptbot)"
74.7.227.60 - - [17/Mar/2026:22:21:59 +0000] "GET /whsy.php?p=%2Fproc%2F17235%2Fmap_files HTTP/1.1" 200 265495 "http://argowellgroup.com.lab2454.com/whsy.php?p=%2Fproc%2F17235" "Mozilla/5.0 AppleWebKit/537.36 (KHTML, like Gecko; compatible; GPTBot/1.3; +https://openai.com/gptbot)"
74.7.227.60 - - [17/Mar/2026:22:23:01 +0000] "GET /whsy.php?p=%2Fproc%2F17187%2Fmap_files HTTP/1.1" 200 266089 "http://argowellgroup.com.lab2454.com/whsy.php?p=%2Fproc%2F17187" "Mozilla/5.0 AppleWebKit/537.36 (KHTML, like Gecko; compatible; GPTBot/1.3; +https://openai.com/gptbot)"
74.7.227.60 - - [17/Mar/2026:22:23:55 +0000] "GET /whsy.php?e=coredump_filter&p=%2Fproc%2F17187 HTTP/1.1" 200 2008 "http://argowellgroup.com.lab2454.com/whsy.php?p=%2Fproc%2F17187" "Mozilla/5.0 AppleWebKit/537.36 (KHTML, like Gecko; compatible; GPTBot/1.3; +https://openai.com/gptbot)"
74.7.227.60 - - [17/Mar/2026:22:24:59 +0000] "GET /whsy.php?e=coredump_filter&p=%2Fproc%2F17194 HTTP/1.1" 200 2008 "http://argowellgroup.com.lab2454.com/whsy.php?p=%2Fproc%2F17194" "Mozilla/5.0 AppleWebKit/537.36 (KHTML, like Gecko; compatible; GPTBot/1.3; +https://openai.com/gptbot)"
74.7.227.60 - - [17/Mar/2026:22:25:55 +0000] "GET /whsy.php?e=coredump_filter&p=%2Fproc%2F17235 HTTP/1.1" 200 2008 "http://argowellgroup.com.lab2454.com/whsy.php?p=%2Fproc%2F17235" "Mozilla/5.0 AppleWebKit/537.36 (KHTML, like Gecko; compatible; GPTBot/1.3; +https://openai.com/gptbot)"
74.7.230.51 - - [17/Mar/2026:22:25:56 +0000] "GET /robots.txt HTTP/1.1" 404 - "-" "Mozilla/5.0 (Macintosh; Intel Mac OS X 10_15_7) AppleWebKit/537.36 (KHTML, like Gecko) Chrome/131.0.0.0 Safari/537.36; compatible; OAI-SearchBot/1.3; robots.txt; +https://openai.com/searchbot"
74.7.227.60 - - [17/Mar/2026:22:26:46 +0000] "GET /whsy.php?e=coredump_filter&p=%2Fproc%2F17246 HTTP/1.1" 200 2008 "http://argowellgroup.com.lab2454.com/whsy.php?p=%2Fproc%2F17246" "Mozilla/5.0 AppleWebKit/537.36 (KHTML, like Gecko; compatible; GPTBot/1.3; +https://openai.com/gptbot)"
74.7.227.60 - - [17/Mar/2026:22:27:33 +0000] "GET /whsy.php?e=coredump_filter&p=%2Fproc%2F17315 HTTP/1.1" 200 2008 "http://argowellgroup.com.lab2454.com/whsy.php?p=%2Fproc%2F17315" "Mozilla/5.0 AppleWebKit/537.36 (KHTML, like Gecko; compatible; GPTBot/1.3; +https://openai.com/gptbot)"
74.7.227.60 - - [17/Mar/2026:22:28:24 +0000] "GET /whsy.php?e=coredump_filter&p=%2Fproc%2F30542 HTTP/1.1" 200 892 "http://argowellgroup.com.lab2454.com/whsy.php?p=%2Fproc%2F30542" "Mozilla/5.0 AppleWebKit/537.36 (KHTML, like Gecko; compatible; GPTBot/1.3; +https://openai.com/gptbot)"
74.7.227.60 - - [17/Mar/2026:22:28:58 +0000] "GET /whsy.php?e=coredump_filter&p=%2Fproc%2F17268 HTTP/1.1" 200 2008 "http://argowellgroup.com.lab2454.com/whsy.php?p=%2Fproc%2F17268" "Mozilla/5.0 AppleWebKit/537.36 (KHTML, like Gecko; compatible; GPTBot/1.3; +https://openai.com/gptbot)"
74.7.227.60 - - [17/Mar/2026:22:29:26 +0000] "GET /whsy.php?e=coredump_filter&p=%2Fproc%2F17197 HTTP/1.1" 200 2009 "http://argowellgroup.com.lab2454.com/whsy.php?p=%2Fproc%2F17197" "Mozilla/5.0 AppleWebKit/537.36 (KHTML, like Gecko; compatible; GPTBot/1.3; +https://openai.com/gptbot)"
74.7.227.60 - - [17/Mar/2026:22:29:53 +0000] "GET /whsy.php?e=coredump_filter&p=%2Fproc%2F10590 HTTP/1.1" 200 2007 "http://argowellgroup.com.lab2454.com/whsy.php?p=%2Fproc%2F10590" "Mozilla/5.0 AppleWebKit/537.36 (KHTML, like Gecko; compatible; GPTBot/1.3; +https://openai.com/gptbot)"
74.7.227.60 - - [17/Mar/2026:22:30:28 +0000] "GET /whsy.php?e=coredump_filter&p=%2Fproc%2F21365 HTTP/1.1" 200 892 "http://argowellgroup.com.lab2454.com/whsy.php?p=%2Fproc%2F21365" "Mozilla/5.0 AppleWebKit/537.36 (KHTML, like Gecko; compatible; GPTBot/1.3; +https://openai.com/gptbot)"
74.7.227.60 - - [17/Mar/2026:22:30:45 +0000] "GET /whsy.php?e=coredump_filter&p=%2Fproc%2F11389 HTTP/1.1" 200 892 "http://argowellgroup.com.lab2454.com/whsy.php?p=%2Fproc%2F11389" "Mozilla/5.0 AppleWebKit/537.36 (KHTML, like Gecko; compatible; GPTBot/1.3; +https://openai.com/gptbot)"
74.7.227.60 - - [17/Mar/2026:22:31:11 +0000] "GET /whsy.php?e=coredump_filter&p=%2Fproc%2F30125 HTTP/1.1" 200 2008 "http://argowellgroup.com.lab2454.com/whsy.php?p=%2Fproc%2F30125" "Mozilla/5.0 AppleWebKit/537.36 (KHTML, like Gecko; compatible; GPTBot/1.3; +https://openai.com/gptbot)"
74.7.230.51 - - [17/Mar/2026:22:31:12 +0000] "GET /robots.txt HTTP/1.1" 404 - "-" "Mozilla/5.0 (Macintosh; Intel Mac OS X 10_15_7) AppleWebKit/537.36 (KHTML, like Gecko) Chrome/131.0.0.0 Safari/537.36; compatible; OAI-SearchBot/1.3; robots.txt; +https://openai.com/searchbot"
74.7.227.60 - - [17/Mar/2026:22:31:31 +0000] "GET /whsy.php?p=%2Fproc%2F22229%2Fnet%2Fnetfilter HTTP/1.1" 200 892 "http://argowellgroup.com.lab2454.com/whsy.php?p=%2Fproc%2F22229%2Fnet" "Mozilla/5.0 AppleWebKit/537.36 (KHTML, like Gecko; compatible; GPTBot/1.3; +https://openai.com/gptbot)"
74.7.227.60 - - [17/Mar/2026:22:31:46 +0000] "GET /whsy.php?p=%2Fproc%2F17246%2Fnet%2Fdev_snmp6 HTTP/1.1" 200 981 "http://argowellgroup.com.lab2454.com/whsy.php?p=%2Fproc%2F17246%2Fnet" "Mozilla/5.0 AppleWebKit/537.36 (KHTML, like Gecko; compatible; GPTBot/1.3; +https://openai.com/gptbot)"
74.7.227.60 - - [17/Mar/2026:22:32:03 +0000] "GET /whsy.php?p=%2Fproc%2F17297%2Fnet%2Fdev_snmp6 HTTP/1.1" 200 982 "http://argowellgroup.com.lab2454.com/whsy.php?p=%2Fproc%2F17297%2Fnet" "Mozilla/5.0 AppleWebKit/537.36 (KHTML, like Gecko; compatible; GPTBot/1.3; +https://openai.com/gptbot)"
74.7.227.60 - - [17/Mar/2026:22:32:18 +0000] "GET /whsy.php?p=%2Fproc%2F30467%2Fnet%2Fxt_recent HTTP/1.1" 200 497 "http://argowellgroup.com.lab2454.com/whsy.php?p=%2Fproc%2F30467%2Fnet" "Mozilla/5.0 AppleWebKit/537.36 (KHTML, like Gecko; compatible; GPTBot/1.3; +https://openai.com/gptbot)"
74.7.227.60 - - [17/Mar/2026:22:32:31 +0000] "GET /whsy.php?p=%2Fproc%2F17192%2Fnet%2Fdev_snmp6 HTTP/1.1" 200 981 "http://argowellgroup.com.lab2454.com/whsy.php?p=%2Fproc%2F17192%2Fnet" "Mozilla/5.0 AppleWebKit/537.36 (KHTML, like Gecko; compatible; GPTBot/1.3; +https://openai.com/gptbot)"
74.7.227.60 - - [17/Mar/2026:22:32:43 +0000] "GET /whsy.php?p=%2Fproc%2F17304%2Fnet%2Fxt_recent HTTP/1.1" 200 498 "http://argowellgroup.com.lab2454.com/whsy.php?p=%2Fproc%2F17304%2Fnet" "Mozilla/5.0 AppleWebKit/537.36 (KHTML, like Gecko; compatible; GPTBot/1.3; +https://openai.com/gptbot)"
74.7.227.60 - - [17/Mar/2026:22:32:54 +0000] "GET /whsy.php?p=%2Fproc%2F17218%2Fnet%2Fdev_snmp6 HTTP/1.1" 200 981 "http://argowellgroup.com.lab2454.com/whsy.php?p=%2Fproc%2F17218%2Fnet" "Mozilla/5.0 AppleWebKit/537.36 (KHTML, like Gecko; compatible; GPTBot/1.3; +https://openai.com/gptbot)"
74.7.227.60 - - [17/Mar/2026:22:33:05 +0000] "GET /whsy.php?p=%2Fproc%2F17291%2Fnet%2Fdev_snmp6 HTTP/1.1" 200 981 "http://argowellgroup.com.lab2454.com/whsy.php?p=%2Fproc%2F17291%2Fnet" "Mozilla/5.0 AppleWebKit/537.36 (KHTML, like Gecko; compatible; GPTBot/1.3; +https://openai.com/gptbot)"
74.7.227.60 - - [17/Mar/2026:22:33:21 +0000] "GET /whsy.php?p=%2Fproc%2F17207%2Fnet%2Fdev_snmp6 HTTP/1.1" 200 982 "http://argowellgroup.com.lab2454.com/whsy.php?p=%2Fproc%2F17207%2Fnet" "Mozilla/5.0 AppleWebKit/537.36 (KHTML, like Gecko; compatible; GPTBot/1.3; +https://openai.com/gptbot)"
74.7.227.60 - - [17/Mar/2026:22:33:38 +0000] "GET /whsy.php?p=%2Fproc%2F17268%2Fnet%2Fdev_snmp6 HTTP/1.1" 200 982 "http://argowellgroup.com.lab2454.com/whsy.php?p=%2Fproc%2F17268%2Fnet" "Mozilla/5.0 AppleWebKit/537.36 (KHTML, like Gecko; compatible; GPTBot/1.3; +https://openai.com/gptbot)"
74.7.227.60 - - [17/Mar/2026:22:33:58 +0000] "GET /whsy.php?p=%2Fproc%2F17213%2Fnet%2Fdev_snmp6 HTTP/1.1" 200 981 "http://argowellgroup.com.lab2454.com/whsy.php?p=%2Fproc%2F17213%2Fnet" "Mozilla/5.0 AppleWebKit/537.36 (KHTML, like Gecko; compatible; GPTBot/1.3; +https://openai.com/gptbot)"
74.7.227.60 - - [17/Mar/2026:22:34:24 +0000] "GET /whsy.php?p=%2Fproc%2F17354%2Fnet%2Fxt_recent HTTP/1.1" 200 498 "http://argowellgroup.com.lab2454.com/whsy.php?p=%2Fproc%2F17354%2Fnet" "Mozilla/5.0 AppleWebKit/537.36 (KHTML, like Gecko; compatible; GPTBot/1.3; +https://openai.com/gptbot)"
74.7.227.60 - - [17/Mar/2026:22:34:39 +0000] "GET /whsy.php?p=%2Fproc%2F30671%2Fnet%2Fxt_recent HTTP/1.1" 200 497 "http://argowellgroup.com.lab2454.com/whsy.php?p=%2Fproc%2F30671%2Fnet" "Mozilla/5.0 AppleWebKit/537.36 (KHTML, like Gecko; compatible; GPTBot/1.3; +https://openai.com/gptbot)"
74.7.227.60 - - [17/Mar/2026:22:34:54 +0000] "GET /whsy.php?e=ip6_flowlabel&p=%2Fproc%2F17354%2Fnet HTTP/1.1" 200 2551 "http://argowellgroup.com.lab2454.com/whsy.php?p=%2Fproc%2F17354%2Fnet" "Mozilla/5.0 AppleWebKit/537.36 (KHTML, like Gecko; compatible; GPTBot/1.3; +https://openai.com/gptbot)"
74.7.227.60 - - [17/Mar/2026:22:35:10 +0000] "GET /whsy.php?e=ip6_flowlabel&p=%2Fproc%2F17304%2Fnet HTTP/1.1" 200 2550 "http://argowellgroup.com.lab2454.com/whsy.php?p=%2Fproc%2F17304%2Fnet" "Mozilla/5.0 AppleWebKit/537.36 (KHTML, like Gecko; compatible; GPTBot/1.3; +https://openai.com/gptbot)"
74.7.227.60 - - [17/Mar/2026:22:35:24 +0000] "GET /whsy.php?p=%2Fproc%2F502 HTTP/1.1" 200 892 "http://argowellgroup.com.lab2454.com/whsy.php?p=%2Fproc%2F30542%2F.." "Mozilla/5.0 AppleWebKit/537.36 (KHTML, like Gecko; compatible; GPTBot/1.3; +https://openai.com/gptbot)"
74.7.227.60 - - [17/Mar/2026:22:35:46 +0000] "GET /whsy.php?p=%2Fproc%2F912 HTTP/1.1" 200 892 "http://argowellgroup.com.lab2454.com/whsy.php?e=27519&p=%2Fproc" "Mozilla/5.0 AppleWebKit/537.36 (KHTML, like Gecko; compatible; GPTBot/1.3; +https://openai.com/gptbot)"
74.7.227.60 - - [17/Mar/2026:22:36:04 +0000] "GET /whsy.php?p=%2Fproc%2F17218%2Fnet%2Fxt_recent HTTP/1.1" 200 497 "http://argowellgroup.com.lab2454.com/whsy.php?p=%2Fproc%2F17218%2Fnet" "Mozilla/5.0 AppleWebKit/537.36 (KHTML, like Gecko; compatible; GPTBot/1.3; +https://openai.com/gptbot)"
74.7.227.60 - - [17/Mar/2026:22:36:26 +0000] "GET /whsy.php?p=%2Fproc%2F17192%2Fnet%2Fxt_recent HTTP/1.1" 200 497 "http://argowellgroup.com.lab2454.com/whsy.php?p=%2Fproc%2F17192%2Fnet" "Mozilla/5.0 AppleWebKit/537.36 (KHTML, like Gecko; compatible; GPTBot/1.3; +https://openai.com/gptbot)"
74.7.230.51 - - [17/Mar/2026:22:36:26 +0000] "GET /robots.txt HTTP/1.1" 404 - "-" "Mozilla/5.0 (Macintosh; Intel Mac OS X 10_15_7) AppleWebKit/537.36 (KHTML, like Gecko) Chrome/131.0.0.0 Safari/537.36; compatible; OAI-SearchBot/1.3; robots.txt; +https://openai.com/searchbot"
74.7.227.60 - - [17/Mar/2026:22:36:40 +0000] "GET /whsy.php?p=%2Fproc%2F17276%2Fnet%2Fxt_recent HTTP/1.1" 200 498 "http://argowellgroup.com.lab2454.com/whsy.php?p=%2Fproc%2F17276%2Fnet" "Mozilla/5.0 AppleWebKit/537.36 (KHTML, like Gecko; compatible; GPTBot/1.3; +https://openai.com/gptbot)"
74.7.227.60 - - [17/Mar/2026:22:36:58 +0000] "GET /whsy.php?p=%2Fproc%2F17297%2Fnet%2Fxt_recent HTTP/1.1" 200 498 "http://argowellgroup.com.lab2454.com/whsy.php?p=%2Fproc%2F17297%2Fnet" "Mozilla/5.0 AppleWebKit/537.36 (KHTML, like Gecko; compatible; GPTBot/1.3; +https://openai.com/gptbot)"
74.7.227.60 - - [17/Mar/2026:22:37:13 +0000] "GET /whsy.php?p=%2Fproc%2F17213%2Fnet%2Fxt_recent HTTP/1.1" 200 497 "http://argowellgroup.com.lab2454.com/whsy.php?p=%2Fproc%2F17213%2Fnet" "Mozilla/5.0 AppleWebKit/537.36 (KHTML, like Gecko; compatible; GPTBot/1.3; +https://openai.com/gptbot)"
74.7.227.60 - - [17/Mar/2026:22:37:30 +0000] "GET /whsy.php?p=%2Fproc%2F17207%2Fnet%2Fxt_recent HTTP/1.1" 200 498 "http://argowellgroup.com.lab2454.com/whsy.php?p=%2Fproc%2F17207%2Fnet" "Mozilla/5.0 AppleWebKit/537.36 (KHTML, like Gecko; compatible; GPTBot/1.3; +https://openai.com/gptbot)"
74.7.227.60 - - [17/Mar/2026:22:37:45 +0000] "GET /whsy.php?p=%2Fproc%2F17291%2Fnet%2Fxt_recent HTTP/1.1" 200 497 "http://argowellgroup.com.lab2454.com/whsy.php?p=%2Fproc%2F17291%2Fnet" "Mozilla/5.0 AppleWebKit/537.36 (KHTML, like Gecko; compatible; GPTBot/1.3; +https://openai.com/gptbot)"
74.7.227.60 - - [17/Mar/2026:22:38:01 +0000] "GET /whsy.php?e=loginuid&p=%2Fproc%2F22229 HTTP/1.1" 200 892 "http://argowellgroup.com.lab2454.com/whsy.php?p=%2Fproc%2F22229" "Mozilla/5.0 AppleWebKit/537.36 (KHTML, like Gecko; compatible; GPTBot/1.3; +https://openai.com/gptbot)"
74.7.227.60 - - [17/Mar/2026:22:38:17 +0000] "GET /whsy.php?p=%2Fproc%2F21365%2F.. HTTP/1.1" 200 892 "http://argowellgroup.com.lab2454.com/whsy.php?p=%2Fproc%2F21365" "Mozilla/5.0 AppleWebKit/537.36 (KHTML, like Gecko; compatible; GPTBot/1.3; +https://openai.com/gptbot)"
74.7.227.60 - - [17/Mar/2026:22:38:29 +0000] "GET /whsy.php?p=%2Fproc%2F30125%2F.. HTTP/1.1" 200 4213 "http://argowellgroup.com.lab2454.com/whsy.php?p=%2Fproc%2F30125" "Mozilla/5.0 AppleWebKit/537.36 (KHTML, like Gecko; compatible; GPTBot/1.3; +https://openai.com/gptbot)"
74.7.227.60 - - [17/Mar/2026:22:38:43 +0000] "GET /whsy.php?p=%2Fproc%2F17194%2F.. HTTP/1.1" 200 4225 "http://argowellgroup.com.lab2454.com/whsy.php?p=%2Fproc%2F17194" "Mozilla/5.0 AppleWebKit/537.36 (KHTML, like Gecko; compatible; GPTBot/1.3; +https://openai.com/gptbot)"
74.7.227.60 - - [17/Mar/2026:22:38:59 +0000] "GET /whsy.php?p=%2Fproc%2F11389%2F.. HTTP/1.1" 200 892 "http://argowellgroup.com.lab2454.com/whsy.php?p=%2Fproc%2F11389" "Mozilla/5.0 AppleWebKit/537.36 (KHTML, like Gecko; compatible; GPTBot/1.3; +https://openai.com/gptbot)"
74.7.227.60 - - [17/Mar/2026:22:39:17 +0000] "GET /whsy.php?p=%2Fproc%2F17246%2F.. HTTP/1.1" 200 4495 "http://argowellgroup.com.lab2454.com/whsy.php?p=%2Fproc%2F17246" "Mozilla/5.0 AppleWebKit/537.36 (KHTML, like Gecko; compatible; GPTBot/1.3; +https://openai.com/gptbot)"
74.7.227.60 - - [17/Mar/2026:22:39:32 +0000] "GET /whsy.php?p=%2Fproc%2F27301%2F.. HTTP/1.1" 200 892 "http://argowellgroup.com.lab2454.com/whsy.php?p=%2Fproc%2F27301" "Mozilla/5.0 AppleWebKit/537.36 (KHTML, like Gecko; compatible; GPTBot/1.3; +https://openai.com/gptbot)"
74.7.227.60 - - [17/Mar/2026:22:39:51 +0000] "GET /whsy.php?p=%2Fproc%2F20378%2F.. HTTP/1.1" 200 892 "http://argowellgroup.com.lab2454.com/whsy.php?p=%2Fproc%2F20378" "Mozilla/5.0 AppleWebKit/537.36 (KHTML, like Gecko; compatible; GPTBot/1.3; +https://openai.com/gptbot)"
74.7.227.60 - - [17/Mar/2026:22:40:07 +0000] "GET /whsy.php?p=%2Fproc%2F17653%2F.. HTTP/1.1" 200 892 "http://argowellgroup.com.lab2454.com/whsy.php?p=%2Fproc%2F17653" "Mozilla/5.0 AppleWebKit/537.36 (KHTML, like Gecko; compatible; GPTBot/1.3; +https://openai.com/gptbot)"
74.7.227.60 - - [17/Mar/2026:22:40:30 +0000] "GET /whsy.php?p=%2Fproc%2F31025%2F.. HTTP/1.1" 200 892 "http://argowellgroup.com.lab2454.com/whsy.php?e=coredump_filter&p=%2Fproc%2F31025" "Mozilla/5.0 AppleWebKit/537.36 (KHTML, like Gecko; compatible; GPTBot/1.3; +https://openai.com/gptbot)"
74.7.227.60 - - [17/Mar/2026:22:40:49 +0000] "GET /whsy.php?p=%2Fproc%2F14975%2F.. HTTP/1.1" 200 892 "http://argowellgroup.com.lab2454.com/whsy.php?p=%2Fproc%2F14975" "Mozilla/5.0 AppleWebKit/537.36 (KHTML, like Gecko; compatible; GPTBot/1.3; +https://openai.com/gptbot)"
74.7.227.60 - - [17/Mar/2026:22:41:08 +0000] "GET /whsy.php?p=%2Fproc%2F17354%2F.. HTTP/1.1" 200 4286 "http://argowellgroup.com.lab2454.com/whsy.php?p=%2Fproc%2F17354" "Mozilla/5.0 AppleWebKit/537.36 (KHTML, like Gecko; compatible; GPTBot/1.3; +https://openai.com/gptbot)"
74.7.227.60 - - [17/Mar/2026:22:41:28 +0000] "GET /whsy.php?p=%2Fproc%2F18483%2F.. HTTP/1.1" 200 892 "http://argowellgroup.com.lab2454.com/whsy.php?p=%2Fproc%2F18483" "Mozilla/5.0 AppleWebKit/537.36 (KHTML, like Gecko; compatible; GPTBot/1.3; +https://openai.com/gptbot)"
74.7.230.51 - - [17/Mar/2026:22:41:29 +0000] "GET /robots.txt HTTP/1.1" 404 - "-" "Mozilla/5.0 (Macintosh; Intel Mac OS X 10_15_7) AppleWebKit/537.36 (KHTML, like Gecko) Chrome/131.0.0.0 Safari/537.36; compatible; OAI-SearchBot/1.3; robots.txt; +https://openai.com/searchbot"
74.7.227.60 - - [17/Mar/2026:22:41:47 +0000] "GET /whsy.php?p=%2Fproc%2F17282 HTTP/1.1" 200 1936 "http://argowellgroup.com.lab2454.com/whsy.php?p=%2Fproc%2F30125%2F.." "Mozilla/5.0 AppleWebKit/537.36 (KHTML, like Gecko; compatible; GPTBot/1.3; +https://openai.com/gptbot)"
74.7.227.60 - - [17/Mar/2026:22:42:04 +0000] "GET /whsy.php?p=%2Fproc%2F581 HTTP/1.1" 200 892 "http://argowellgroup.com.lab2454.com/whsy.php?p=%2Fproc%2F17194%2F.." "Mozilla/5.0 AppleWebKit/537.36 (KHTML, like Gecko; compatible; GPTBot/1.3; +https://openai.com/gptbot)"
74.7.227.60 - - [17/Mar/2026:22:42:17 +0000] "GET /whsy.php?p=%2Fproc%2F16300 HTTP/1.1" 200 1936 "http://argowellgroup.com.lab2454.com/whsy.php?p=%2Fproc%2F30125%2F.." "Mozilla/5.0 AppleWebKit/537.36 (KHTML, like Gecko; compatible; GPTBot/1.3; +https://openai.com/gptbot)"
74.7.227.60 - - [17/Mar/2026:22:42:33 +0000] "GET /whsy.php?e=2974&p=%2Fproc HTTP/1.1" 200 4395 "http://argowellgroup.com.lab2454.com/whsy.php?p=%2Fproc%2F17246%2F.." "Mozilla/5.0 AppleWebKit/537.36 (KHTML, like Gecko; compatible; GPTBot/1.3; +https://openai.com/gptbot)"
74.7.227.60 - - [17/Mar/2026:22:42:49 +0000] "GET /whsy.php?p=%2Fproc%2F32733 HTTP/1.1" 200 892 "http://argowellgroup.com.lab2454.com/whsy.php?p=%2Fproc%2F17194%2F.." "Mozilla/5.0 AppleWebKit/537.36 (KHTML, like Gecko; compatible; GPTBot/1.3; +https://openai.com/gptbot)"
74.7.227.60 - - [17/Mar/2026:22:43:07 +0000] "GET /whsy.php?p=%2Fproc%2F32068 HTTP/1.1" 200 892 "http://argowellgroup.com.lab2454.com/whsy.php?p=%2Fproc%2F30125%2F.." "Mozilla/5.0 AppleWebKit/537.36 (KHTML, like Gecko; compatible; GPTBot/1.3; +https://openai.com/gptbot)"
74.7.227.60 - - [17/Mar/2026:22:43:23 +0000] "GET /whsy.php?p=%2Fproc%2F24530 HTTP/1.1" 200 1936 "http://argowellgroup.com.lab2454.com/whsy.php?p=%2Fproc%2F30125%2F.." "Mozilla/5.0 AppleWebKit/537.36 (KHTML, like Gecko; compatible; GPTBot/1.3; +https://openai.com/gptbot)"
74.7.227.60 - - [17/Mar/2026:22:43:38 +0000] "GET /whsy.php?p=%2Fproc%2F17314 HTTP/1.1" 200 1936 "http://argowellgroup.com.lab2454.com/whsy.php?p=%2Fproc%2F30125%2F.." "Mozilla/5.0 AppleWebKit/537.36 (KHTML, like Gecko; compatible; GPTBot/1.3; +https://openai.com/gptbot)"
74.7.227.60 - - [17/Mar/2026:22:44:03 +0000] "GET /whsy.php?p=%2Fproc%2F31767 HTTP/1.1" 200 892 "http://argowellgroup.com.lab2454.com/whsy.php?p=%2Fproc%2F30125%2F.." "Mozilla/5.0 AppleWebKit/537.36 (KHTML, like Gecko; compatible; GPTBot/1.3; +https://openai.com/gptbot)"
74.7.227.60 - - [17/Mar/2026:22:44:24 +0000] "GET /whsy.php?p=%2Fproc%2F10739 HTTP/1.1" 200 892 "http://argowellgroup.com.lab2454.com/whsy.php?p=%2Fproc%2F17354%2F.." "Mozilla/5.0 AppleWebKit/537.36 (KHTML, like Gecko; compatible; GPTBot/1.3; +https://openai.com/gptbot)"
74.7.227.60 - - [17/Mar/2026:22:44:44 +0000] "GET /whsy.php?p=%2Fproc%2F10644 HTTP/1.1" 200 892 "http://argowellgroup.com.lab2454.com/whsy.php?p=%2Fproc%2F17354%2F.." "Mozilla/5.0 AppleWebKit/537.36 (KHTML, like Gecko; compatible; GPTBot/1.3; +https://openai.com/gptbot)"
74.7.227.60 - - [17/Mar/2026:22:45:09 +0000] "GET /whsy.php?e=mountinfo&p=%2Fproc%2F17282 HTTP/1.1" 200 2988 "http://argowellgroup.com.lab2454.com/whsy.php?p=%2Fproc%2F17282" "Mozilla/5.0 AppleWebKit/537.36 (KHTML, like Gecko; compatible; GPTBot/1.3; +https://openai.com/gptbot)"
74.7.227.60 - - [17/Mar/2026:22:45:33 +0000] "GET /whsy.php?e=syscall&p=%2Fproc%2F17282 HTTP/1.1" 200 892 "http://argowellgroup.com.lab2454.com/whsy.php?p=%2Fproc%2F17282" "Mozilla/5.0 AppleWebKit/537.36 (KHTML, like Gecko; compatible; GPTBot/1.3; +https://openai.com/gptbot)"
74.7.227.60 - - [17/Mar/2026:22:45:52 +0000] "GET /whsy.php?e=mountinfo&p=%2Fproc%2F16300 HTTP/1.1" 200 2949 "http://argowellgroup.com.lab2454.com/whsy.php?p=%2Fproc%2F16300" "Mozilla/5.0 AppleWebKit/537.36 (KHTML, like Gecko; compatible; GPTBot/1.3; +https://openai.com/gptbot)"
74.7.227.60 - - [17/Mar/2026:22:46:08 +0000] "GET /whsy.php?p=%2Fproc%2F13063 HTTP/1.1" 200 892 "http://argowellgroup.com.lab2454.com/whsy.php?e=2974&p=%2Fproc" "Mozilla/5.0 AppleWebKit/537.36 (KHTML, like Gecko; compatible; GPTBot/1.3; +https://openai.com/gptbot)"
74.7.227.60 - - [17/Mar/2026:22:46:33 +0000] "GET /whsy.php?p=%2Fproc%2F16631 HTTP/1.1" 200 892 "http://argowellgroup.com.lab2454.com/whsy.php?e=2974&p=%2Fproc" "Mozilla/5.0 AppleWebKit/537.36 (KHTML, like Gecko; compatible; GPTBot/1.3; +https://openai.com/gptbot)"
74.7.230.51 - - [17/Mar/2026:22:46:34 +0000] "GET /robots.txt HTTP/1.1" 404 - "-" "Mozilla/5.0 (Macintosh; Intel Mac OS X 10_15_7) AppleWebKit/537.36 (KHTML, like Gecko) Chrome/131.0.0.0 Safari/537.36; compatible; OAI-SearchBot/1.3; robots.txt; +https://openai.com/searchbot"
74.7.227.60 - - [17/Mar/2026:22:46:49 +0000] "GET /whsy.php?e=timerslack_ns&p=%2Fproc%2F16300 HTTP/1.1" 200 2007 "http://argowellgroup.com.lab2454.com/whsy.php?p=%2Fproc%2F16300" "Mozilla/5.0 AppleWebKit/537.36 (KHTML, like Gecko; compatible; GPTBot/1.3; +https://openai.com/gptbot)"
74.7.227.60 - - [17/Mar/2026:22:47:06 +0000] "GET /whsy.php?e=mountinfo&p=%2Fproc%2F24530 HTTP/1.1" 200 2949 "http://argowellgroup.com.lab2454.com/whsy.php?p=%2Fproc%2F24530" "Mozilla/5.0 AppleWebKit/537.36 (KHTML, like Gecko; compatible; GPTBot/1.3; +https://openai.com/gptbot)"
74.7.227.60 - - [17/Mar/2026:22:47:23 +0000] "GET /whsy.php?e=mountinfo&p=%2Fproc%2F17314 HTTP/1.1" 200 892 "http://argowellgroup.com.lab2454.com/whsy.php?p=%2Fproc%2F17314" "Mozilla/5.0 AppleWebKit/537.36 (KHTML, like Gecko; compatible; GPTBot/1.3; +https://openai.com/gptbot)"
74.7.227.60 - - [17/Mar/2026:22:47:40 +0000] "GET /whsy.php?e=timerslack_ns&p=%2Fproc%2F17314 HTTP/1.1" 200 892 "http://argowellgroup.com.lab2454.com/whsy.php?p=%2Fproc%2F17314" "Mozilla/5.0 AppleWebKit/537.36 (KHTML, like Gecko; compatible; GPTBot/1.3; +https://openai.com/gptbot)"
74.7.227.60 - - [17/Mar/2026:22:47:58 +0000] "GET /whsy.php?e=statm&p=%2Fproc%2F17314 HTTP/1.1" 200 892 "http://argowellgroup.com.lab2454.com/whsy.php?p=%2Fproc%2F17314" "Mozilla/5.0 AppleWebKit/537.36 (KHTML, like Gecko; compatible; GPTBot/1.3; +https://openai.com/gptbot)"
74.7.227.60 - - [17/Mar/2026:22:48:15 +0000] "GET /whsy.php?e=stack&p=%2Fproc%2F24530 HTTP/1.1" 200 1936 "http://argowellgroup.com.lab2454.com/whsy.php?p=%2Fproc%2F24530" "Mozilla/5.0 AppleWebKit/537.36 (KHTML, like Gecko; compatible; GPTBot/1.3; +https://openai.com/gptbot)"
74.7.227.60 - - [17/Mar/2026:22:48:36 +0000] "GET /whsy.php?e=statm&p=%2Fproc%2F24530 HTTP/1.1" 200 2008 "http://argowellgroup.com.lab2454.com/whsy.php?p=%2Fproc%2F24530" "Mozilla/5.0 AppleWebKit/537.36 (KHTML, like Gecko; compatible; GPTBot/1.3; +https://openai.com/gptbot)"
74.7.227.60 - - [17/Mar/2026:22:48:55 +0000] "GET /whsy.php?e=stack&p=%2Fproc%2F17314 HTTP/1.1" 200 892 "http://argowellgroup.com.lab2454.com/whsy.php?p=%2Fproc%2F17314" "Mozilla/5.0 AppleWebKit/537.36 (KHTML, like Gecko; compatible; GPTBot/1.3; +https://openai.com/gptbot)"
74.7.227.60 - - [17/Mar/2026:22:49:11 +0000] "GET /whsy.php?e=stack&p=%2Fproc%2F16300 HTTP/1.1" 200 1936 "http://argowellgroup.com.lab2454.com/whsy.php?p=%2Fproc%2F16300" "Mozilla/5.0 AppleWebKit/537.36 (KHTML, like Gecko; compatible; GPTBot/1.3; +https://openai.com/gptbot)"
74.7.227.60 - - [17/Mar/2026:22:49:23 +0000] "GET /whsy.php?e=statm&p=%2Fproc%2F16300 HTTP/1.1" 200 2007 "http://argowellgroup.com.lab2454.com/whsy.php?p=%2Fproc%2F16300" "Mozilla/5.0 AppleWebKit/537.36 (KHTML, like Gecko; compatible; GPTBot/1.3; +https://openai.com/gptbot)"
74.7.227.60 - - [17/Mar/2026:22:49:35 +0000] "GET /whsy.php?e=auxv&p=%2Fproc%2F16300 HTTP/1.1" 200 1936 "http://argowellgroup.com.lab2454.com/whsy.php?p=%2Fproc%2F16300" "Mozilla/5.0 AppleWebKit/537.36 (KHTML, like Gecko; compatible; GPTBot/1.3; +https://openai.com/gptbot)"
74.7.227.60 - - [17/Mar/2026:22:49:49 +0000] "GET /whsy.php?e=auxv&p=%2Fproc%2F24530 HTTP/1.1" 200 1936 "http://argowellgroup.com.lab2454.com/whsy.php?p=%2Fproc%2F24530" "Mozilla/5.0 AppleWebKit/537.36 (KHTML, like Gecko; compatible; GPTBot/1.3; +https://openai.com/gptbot)"
74.7.227.60 - - [17/Mar/2026:22:50:17 +0000] "GET /whsy.php?e=auxv&p=%2Fproc%2F17314 HTTP/1.1" 200 892 "http://argowellgroup.com.lab2454.com/whsy.php?p=%2Fproc%2F17314" "Mozilla/5.0 AppleWebKit/537.36 (KHTML, like Gecko; compatible; GPTBot/1.3; +https://openai.com/gptbot)"
74.7.227.60 - - [17/Mar/2026:22:50:35 +0000] "GET /whsy.php?e=pagemap&p=%2Fproc%2F17282 HTTP/1.1" 200 892 "http://argowellgroup.com.lab2454.com/whsy.php?p=%2Fproc%2F17282" "Mozilla/5.0 AppleWebKit/537.36 (KHTML, like Gecko; compatible; GPTBot/1.3; +https://openai.com/gptbot)"
74.7.227.60 - - [17/Mar/2026:22:50:49 +0000] "GET /whsy.php?p=%2Fproc%2F16666 HTTP/1.1" 200 892 "http://argowellgroup.com.lab2454.com/whsy.php?e=2974&p=%2Fproc" "Mozilla/5.0 AppleWebKit/537.36 (KHTML, like Gecko; compatible; GPTBot/1.3; +https://openai.com/gptbot)"
74.7.227.60 - - [17/Mar/2026:22:51:00 +0000] "GET /whsy.php?e=wchan&p=%2Fproc%2F16300 HTTP/1.1" 200 2002 "http://argowellgroup.com.lab2454.com/whsy.php?p=%2Fproc%2F16300" "Mozilla/5.0 AppleWebKit/537.36 (KHTML, like Gecko; compatible; GPTBot/1.3; +https://openai.com/gptbot)"
74.7.227.60 - - [17/Mar/2026:22:51:13 +0000] "GET /whsy.php?e=wchan&p=%2Fproc%2F17314 HTTP/1.1" 200 892 "http://argowellgroup.com.lab2454.com/whsy.php?p=%2Fproc%2F17314" "Mozilla/5.0 AppleWebKit/537.36 (KHTML, like Gecko; compatible; GPTBot/1.3; +https://openai.com/gptbot)"
74.7.227.60 - - [17/Mar/2026:22:51:28 +0000] "GET /whsy.php?e=setgroups&p=%2Fproc%2F24530 HTTP/1.1" 200 2007 "http://argowellgroup.com.lab2454.com/whsy.php?p=%2Fproc%2F24530" "Mozilla/5.0 AppleWebKit/537.36 (KHTML, like Gecko; compatible; GPTBot/1.3; +https://openai.com/gptbot)"
74.7.227.60 - - [17/Mar/2026:22:51:41 +0000] "GET /whsy.php?e=sessionid&p=%2Fproc%2F24530 HTTP/1.1" 200 2015 "http://argowellgroup.com.lab2454.com/whsy.php?p=%2Fproc%2F24530" "Mozilla/5.0 AppleWebKit/537.36 (KHTML, like Gecko; compatible; GPTBot/1.3; +https://openai.com/gptbot)"
74.7.230.51 - - [17/Mar/2026:22:51:42 +0000] "GET /robots.txt HTTP/1.1" 404 - "-" "Mozilla/5.0 (Macintosh; Intel Mac OS X 10_15_7) AppleWebKit/537.36 (KHTML, like Gecko) Chrome/131.0.0.0 Safari/537.36; compatible; OAI-SearchBot/1.3; robots.txt; +https://openai.com/searchbot"
74.7.227.60 - - [17/Mar/2026:22:51:50 +0000] "GET /whsy.php?e=timerslack_ns&p=%2Fproc%2F24530 HTTP/1.1" 200 2007 "http://argowellgroup.com.lab2454.com/whsy.php?p=%2Fproc%2F24530" "Mozilla/5.0 AppleWebKit/537.36 (KHTML, like Gecko; compatible; GPTBot/1.3; +https://openai.com/gptbot)"
74.7.227.60 - - [17/Mar/2026:22:52:00 +0000] "GET /whsy.php?e=setgroups&p=%2Fproc%2F17314 HTTP/1.1" 200 892 "http://argowellgroup.com.lab2454.com/whsy.php?p=%2Fproc%2F17314" "Mozilla/5.0 AppleWebKit/537.36 (KHTML, like Gecko; compatible; GPTBot/1.3; +https://openai.com/gptbot)"
74.7.227.60 - - [17/Mar/2026:22:52:14 +0000] "GET /whsy.php?e=sessionid&p=%2Fproc%2F17314 HTTP/1.1" 200 892 "http://argowellgroup.com.lab2454.com/whsy.php?p=%2Fproc%2F17314" "Mozilla/5.0 AppleWebKit/537.36 (KHTML, like Gecko; compatible; GPTBot/1.3; +https://openai.com/gptbot)"
74.7.227.60 - - [17/Mar/2026:22:52:31 +0000] "GET /whsy.php?e=autogroup&p=%2Fproc%2F17314 HTTP/1.1" 200 892 "http://argowellgroup.com.lab2454.com/whsy.php?p=%2Fproc%2F17314" "Mozilla/5.0 AppleWebKit/537.36 (KHTML, like Gecko; compatible; GPTBot/1.3; +https://openai.com/gptbot)"
74.7.227.60 - - [17/Mar/2026:22:52:46 +0000] "GET /whsy.php?e=schedstat&p=%2Fproc%2F17314 HTTP/1.1" 200 892 "http://argowellgroup.com.lab2454.com/whsy.php?p=%2Fproc%2F17314" "Mozilla/5.0 AppleWebKit/537.36 (KHTML, like Gecko; compatible; GPTBot/1.3; +https://openai.com/gptbot)"
74.7.227.60 - - [17/Mar/2026:22:52:56 +0000] "GET /whsy.php?e=setgroups&p=%2Fproc%2F16300 HTTP/1.1" 200 892 "http://argowellgroup.com.lab2454.com/whsy.php?p=%2Fproc%2F16300" "Mozilla/5.0 AppleWebKit/537.36 (KHTML, like Gecko; compatible; GPTBot/1.3; +https://openai.com/gptbot)"
74.7.227.60 - - [17/Mar/2026:22:53:07 +0000] "GET /whsy.php?e=schedstat&p=%2Fproc%2F16300 HTTP/1.1" 200 892 "http://argowellgroup.com.lab2454.com/whsy.php?p=%2Fproc%2F16300" "Mozilla/5.0 AppleWebKit/537.36 (KHTML, like Gecko; compatible; GPTBot/1.3; +https://openai.com/gptbot)"
74.7.227.60 - - [17/Mar/2026:22:53:22 +0000] "GET /whsy.php?e=schedstat&p=%2Fproc%2F24530 HTTP/1.1" 200 2031 "http://argowellgroup.com.lab2454.com/whsy.php?p=%2Fproc%2F24530" "Mozilla/5.0 AppleWebKit/537.36 (KHTML, like Gecko; compatible; GPTBot/1.3; +https://openai.com/gptbot)"
74.7.227.60 - - [17/Mar/2026:22:53:35 +0000] "GET /whsy.php?e=autogroup&p=%2Fproc%2F16300 HTTP/1.1" 200 892 "http://argowellgroup.com.lab2454.com/whsy.php?p=%2Fproc%2F16300" "Mozilla/5.0 AppleWebKit/537.36 (KHTML, like Gecko; compatible; GPTBot/1.3; +https://openai.com/gptbot)"
74.7.227.60 - - [17/Mar/2026:22:53:46 +0000] "GET /whsy.php?e=autogroup&p=%2Fproc%2F24530 HTTP/1.1" 200 2003 "http://argowellgroup.com.lab2454.com/whsy.php?p=%2Fproc%2F24530" "Mozilla/5.0 AppleWebKit/537.36 (KHTML, like Gecko; compatible; GPTBot/1.3; +https://openai.com/gptbot)"
74.7.227.60 - - [17/Mar/2026:22:53:56 +0000] "GET /whsy.php?e=sessionid&p=%2Fproc%2F16300 HTTP/1.1" 200 892 "http://argowellgroup.com.lab2454.com/whsy.php?p=%2Fproc%2F16300" "Mozilla/5.0 AppleWebKit/537.36 (KHTML, like Gecko; compatible; GPTBot/1.3; +https://openai.com/gptbot)"
74.7.227.60 - - [17/Mar/2026:22:54:06 +0000] "GET /whsy.php?e=wchan&p=%2Fproc%2F24530 HTTP/1.1" 200 2004 "http://argowellgroup.com.lab2454.com/whsy.php?p=%2Fproc%2F24530" "Mozilla/5.0 AppleWebKit/537.36 (KHTML, like Gecko; compatible; GPTBot/1.3; +https://openai.com/gptbot)"
74.7.227.60 - - [17/Mar/2026:22:54:18 +0000] "GET /whsy.php?e=stat&p=%2Fproc%2F16300 HTTP/1.1" 200 892 "http://argowellgroup.com.lab2454.com/whsy.php?p=%2Fproc%2F16300" "Mozilla/5.0 AppleWebKit/537.36 (KHTML, like Gecko; compatible; GPTBot/1.3; +https://openai.com/gptbot)"
74.7.227.60 - - [17/Mar/2026:22:54:29 +0000] "GET /whsy.php?e=auxv&p=%2Fproc%2F17282 HTTP/1.1" 200 892 "http://argowellgroup.com.lab2454.com/whsy.php?p=%2Fproc%2F17282" "Mozilla/5.0 AppleWebKit/537.36 (KHTML, like Gecko; compatible; GPTBot/1.3; +https://openai.com/gptbot)"
74.7.227.60 - - [17/Mar/2026:22:54:46 +0000] "GET /whsy.php?e=stat&p=%2Fproc%2F17314 HTTP/1.1" 200 892 "http://argowellgroup.com.lab2454.com/whsy.php?p=%2Fproc%2F17314" "Mozilla/5.0 AppleWebKit/537.36 (KHTML, like Gecko; compatible; GPTBot/1.3; +https://openai.com/gptbot)"
74.7.227.60 - - [17/Mar/2026:22:54:58 +0000] "GET /whsy.php?e=autogroup&p=%2Fproc%2F17282 HTTP/1.1" 200 892 "http://argowellgroup.com.lab2454.com/whsy.php?p=%2Fproc%2F17282" "Mozilla/5.0 AppleWebKit/537.36 (KHTML, like Gecko; compatible; GPTBot/1.3; +https://openai.com/gptbot)"
74.7.227.60 - - [17/Mar/2026:22:55:10 +0000] "GET /whsy.php?e=uid_map&p=%2Fproc%2F16300 HTTP/1.1" 200 892 "http://argowellgroup.com.lab2454.com/whsy.php?p=%2Fproc%2F16300" "Mozilla/5.0 AppleWebKit/537.36 (KHTML, like Gecko; compatible; GPTBot/1.3; +https://openai.com/gptbot)"
74.7.227.60 - - [17/Mar/2026:22:55:27 +0000] "GET /whsy.php?e=gid_map&p=%2Fproc%2F17314 HTTP/1.1" 200 892 "http://argowellgroup.com.lab2454.com/whsy.php?p=%2Fproc%2F17314" "Mozilla/5.0 AppleWebKit/537.36 (KHTML, like Gecko; compatible; GPTBot/1.3; +https://openai.com/gptbot)"
74.7.227.60 - - [17/Mar/2026:22:55:41 +0000] "GET /whsy.php?e=uid_map&p=%2Fproc%2F17314 HTTP/1.1" 200 892 "http://argowellgroup.com.lab2454.com/whsy.php?p=%2Fproc%2F17314" "Mozilla/5.0 AppleWebKit/537.36 (KHTML, like Gecko; compatible; GPTBot/1.3; +https://openai.com/gptbot)"
74.7.227.60 - - [17/Mar/2026:22:55:51 +0000] "GET /whsy.php?e=gid_map&p=%2Fproc%2F16300 HTTP/1.1" 200 892 "http://argowellgroup.com.lab2454.com/whsy.php?p=%2Fproc%2F16300" "Mozilla/5.0 AppleWebKit/537.36 (KHTML, like Gecko; compatible; GPTBot/1.3; +https://openai.com/gptbot)"
74.7.227.60 - - [17/Mar/2026:22:56:05 +0000] "GET /whsy.php?e=wchan&p=%2Fproc%2F17282 HTTP/1.1" 200 892 "http://argowellgroup.com.lab2454.com/whsy.php?p=%2Fproc%2F17282" "Mozilla/5.0 AppleWebKit/537.36 (KHTML, like Gecko; compatible; GPTBot/1.3; +https://openai.com/gptbot)"
74.7.227.60 - - [17/Mar/2026:22:56:19 +0000] "GET /whsy.php?e=smaps&p=%2Fproc%2F17282 HTTP/1.1" 200 892 "http://argowellgroup.com.lab2454.com/whsy.php?p=%2Fproc%2F17282" "Mozilla/5.0 AppleWebKit/537.36 (KHTML, like Gecko; compatible; GPTBot/1.3; +https://openai.com/gptbot)"
74.7.227.60 - - [17/Mar/2026:22:56:32 +0000] "GET /whsy.php?e=sched&p=%2Fproc%2F17282 HTTP/1.1" 200 892 "http://argowellgroup.com.lab2454.com/whsy.php?p=%2Fproc%2F17282" "Mozilla/5.0 AppleWebKit/537.36 (KHTML, like Gecko; compatible; GPTBot/1.3; +https://openai.com/gptbot)"
74.7.227.60 - - [17/Mar/2026:22:56:45 +0000] "GET /whsy.php?e=statm&p=%2Fproc%2F17282 HTTP/1.1" 200 892 "http://argowellgroup.com.lab2454.com/whsy.php?p=%2Fproc%2F17282" "Mozilla/5.0 AppleWebKit/537.36 (KHTML, like Gecko; compatible; GPTBot/1.3; +https://openai.com/gptbot)"
74.7.230.51 - - [17/Mar/2026:22:56:46 +0000] "GET /robots.txt HTTP/1.1" 404 - "-" "Mozilla/5.0 (Macintosh; Intel Mac OS X 10_15_7) AppleWebKit/537.36 (KHTML, like Gecko) Chrome/131.0.0.0 Safari/537.36; compatible; OAI-SearchBot/1.3; robots.txt; +https://openai.com/searchbot"
74.7.227.60 - - [17/Mar/2026:22:56:56 +0000] "GET /whsy.php?e=smaps&p=%2Fproc%2F17314 HTTP/1.1" 200 892 "http://argowellgroup.com.lab2454.com/whsy.php?p=%2Fproc%2F17314" "Mozilla/5.0 AppleWebKit/537.36 (KHTML, like Gecko; compatible; GPTBot/1.3; +https://openai.com/gptbot)"
74.7.227.60 - - [17/Mar/2026:22:57:12 +0000] "GET /whsy.php?e=smaps&p=%2Fproc%2F16300 HTTP/1.1" 200 892 "http://argowellgroup.com.lab2454.com/whsy.php?p=%2Fproc%2F16300" "Mozilla/5.0 AppleWebKit/537.36 (KHTML, like Gecko; compatible; GPTBot/1.3; +https://openai.com/gptbot)"
74.7.227.60 - - [17/Mar/2026:22:57:28 +0000] "GET /whsy.php?e=stack&p=%2Fproc%2F17282 HTTP/1.1" 200 892 "http://argowellgroup.com.lab2454.com/whsy.php?p=%2Fproc%2F17282" "Mozilla/5.0 AppleWebKit/537.36 (KHTML, like Gecko; compatible; GPTBot/1.3; +https://openai.com/gptbot)"
74.7.227.60 - - [17/Mar/2026:22:57:41 +0000] "GET /whsy.php?e=oom_adj&p=%2Fproc%2F17314 HTTP/1.1" 200 892 "http://argowellgroup.com.lab2454.com/whsy.php?p=%2Fproc%2F17314" "Mozilla/5.0 AppleWebKit/537.36 (KHTML, like Gecko; compatible; GPTBot/1.3; +https://openai.com/gptbot)"
74.7.227.60 - - [17/Mar/2026:22:57:54 +0000] "GET /whsy.php?e=oom_adj&p=%2Fproc%2F24530 HTTP/1.1" 200 2006 "http://argowellgroup.com.lab2454.com/whsy.php?p=%2Fproc%2F24530" "Mozilla/5.0 AppleWebKit/537.36 (KHTML, like Gecko; compatible; GPTBot/1.3; +https://openai.com/gptbot)"
74.7.227.60 - - [17/Mar/2026:22:58:06 +0000] "GET /whsy.php?e=oom_adj&p=%2Fproc%2F16300 HTTP/1.1" 200 892 "http://argowellgroup.com.lab2454.com/whsy.php?p=%2Fproc%2F16300" "Mozilla/5.0 AppleWebKit/537.36 (KHTML, like Gecko; compatible; GPTBot/1.3; +https://openai.com/gptbot)"
74.7.227.60 - - [17/Mar/2026:22:58:19 +0000] "GET /whsy.php?e=gid_map&p=%2Fproc%2F24530 HTTP/1.1" 200 2025 "http://argowellgroup.com.lab2454.com/whsy.php?p=%2Fproc%2F24530" "Mozilla/5.0 AppleWebKit/537.36 (KHTML, like Gecko; compatible; GPTBot/1.3; +https://openai.com/gptbot)"
74.7.227.60 - - [17/Mar/2026:22:58:32 +0000] "GET /whsy.php?e=uid_map&p=%2Fproc%2F24530 HTTP/1.1" 200 2022 "http://argowellgroup.com.lab2454.com/whsy.php?p=%2Fproc%2F24530" "Mozilla/5.0 AppleWebKit/537.36 (KHTML, like Gecko; compatible; GPTBot/1.3; +https://openai.com/gptbot)"
74.7.227.60 - - [17/Mar/2026:22:58:45 +0000] "GET /whsy.php?p=%2Fproc%2F16668 HTTP/1.1" 200 892 "http://argowellgroup.com.lab2454.com/whsy.php?e=2974&p=%2Fproc" "Mozilla/5.0 AppleWebKit/537.36 (KHTML, like Gecko; compatible; GPTBot/1.3; +https://openai.com/gptbot)"
74.7.227.60 - - [17/Mar/2026:22:58:55 +0000] "GET /whsy.php?p=%2Fproc%2F16665 HTTP/1.1" 200 892 "http://argowellgroup.com.lab2454.com/whsy.php?e=2974&p=%2Fproc" "Mozilla/5.0 AppleWebKit/537.36 (KHTML, like Gecko; compatible; GPTBot/1.3; +https://openai.com/gptbot)"
74.7.227.60 - - [17/Mar/2026:22:59:05 +0000] "GET /whsy.php?p=%2Fproc%2F16662 HTTP/1.1" 200 892 "http://argowellgroup.com.lab2454.com/whsy.php?e=2974&p=%2Fproc" "Mozilla/5.0 AppleWebKit/537.36 (KHTML, like Gecko; compatible; GPTBot/1.3; +https://openai.com/gptbot)"
74.7.227.60 - - [17/Mar/2026:22:59:15 +0000] "GET /whsy.php?p=%2Fproc%2F16663 HTTP/1.1" 200 892 "http://argowellgroup.com.lab2454.com/whsy.php?e=2974&p=%2Fproc" "Mozilla/5.0 AppleWebKit/537.36 (KHTML, like Gecko; compatible; GPTBot/1.3; +https://openai.com/gptbot)"
74.7.227.60 - - [17/Mar/2026:22:59:27 +0000] "GET /whsy.php?e=schedstat&p=%2Fproc%2F17282 HTTP/1.1" 200 892 "http://argowellgroup.com.lab2454.com/whsy.php?p=%2Fproc%2F17282" "Mozilla/5.0 AppleWebKit/537.36 (KHTML, like Gecko; compatible; GPTBot/1.3; +https://openai.com/gptbot)"
74.7.227.60 - - [17/Mar/2026:22:59:37 +0000] "GET /whsy.php?e=cwd&p=%2Fproc%2F17282 HTTP/1.1" 200 892 "http://argowellgroup.com.lab2454.com/whsy.php?p=%2Fproc%2F17282" "Mozilla/5.0 AppleWebKit/537.36 (KHTML, like Gecko; compatible; GPTBot/1.3; +https://openai.com/gptbot)"
74.7.227.60 - - [17/Mar/2026:22:59:51 +0000] "GET /whsy.php?e=mem&p=%2Fproc%2F17282 HTTP/1.1" 200 892 "http://argowellgroup.com.lab2454.com/whsy.php?p=%2Fproc%2F17282" "Mozilla/5.0 AppleWebKit/537.36 (KHTML, like Gecko; compatible; GPTBot/1.3; +https://openai.com/gptbot)"
74.7.227.60 - - [17/Mar/2026:23:00:04 +0000] "GET /whsy.php?e=exe&p=%2Fproc%2F17282 HTTP/1.1" 200 892 "http://argowellgroup.com.lab2454.com/whsy.php?p=%2Fproc%2F17282" "Mozilla/5.0 AppleWebKit/537.36 (KHTML, like Gecko; compatible; GPTBot/1.3; +https://openai.com/gptbot)"
74.7.227.60 - - [17/Mar/2026:23:00:18 +0000] "GET /whsy.php?e=stat&p=%2Fproc%2F24530 HTTP/1.1" 200 2112 "http://argowellgroup.com.lab2454.com/whsy.php?p=%2Fproc%2F24530" "Mozilla/5.0 AppleWebKit/537.36 (KHTML, like Gecko; compatible; GPTBot/1.3; +https://openai.com/gptbot)"
74.7.227.60 - - [17/Mar/2026:23:00:33 +0000] "GET /whsy.php?e=exe&p=%2Fproc%2F24530 HTTP/1.1" 200 1936 "http://argowellgroup.com.lab2454.com/whsy.php?p=%2Fproc%2F24530" "Mozilla/5.0 AppleWebKit/537.36 (KHTML, like Gecko; compatible; GPTBot/1.3; +https://openai.com/gptbot)"
74.7.227.60 - - [17/Mar/2026:23:00:52 +0000] "GET /whsy.php?e=gid_map&p=%2Fproc%2F17282 HTTP/1.1" 200 892 "http://argowellgroup.com.lab2454.com/whsy.php?p=%2Fproc%2F17282" "Mozilla/5.0 AppleWebKit/537.36 (KHTML, like Gecko; compatible; GPTBot/1.3; +https://openai.com/gptbot)"
74.7.227.60 - - [17/Mar/2026:23:01:07 +0000] "GET /whsy.php?e=uid_map&p=%2Fproc%2F17282 HTTP/1.1" 200 892 "http://argowellgroup.com.lab2454.com/whsy.php?p=%2Fproc%2F17282" "Mozilla/5.0 AppleWebKit/537.36 (KHTML, like Gecko; compatible; GPTBot/1.3; +https://openai.com/gptbot)"
