74.7.227.60 - - [17/Mar/2026:20:56:08 +0000] "GET /whsy.php?e=icmp&p=%2Fproc%2F17218%2Fnet HTTP/1.1" 200 2580 "http://argowellgroup.com.lab2454.com/whsy.php?p=%2Fproc%2F17218%2Fnet" "Mozilla/5.0 AppleWebKit/537.36 (KHTML, like Gecko; compatible; GPTBot/1.3; +https://openai.com/gptbot)"
74.7.227.60 - - [17/Mar/2026:20:56:21 +0000] "GET /whsy.php?e=snmp&p=%2Fproc%2F30125%2Fnet HTTP/1.1" 200 3242 "http://argowellgroup.com.lab2454.com/whsy.php?p=%2Fproc%2F30125%2Fnet" "Mozilla/5.0 AppleWebKit/537.36 (KHTML, like Gecko; compatible; GPTBot/1.3; +https://openai.com/gptbot)"
74.7.227.60 - - [17/Mar/2026:20:56:35 +0000] "GET /whsy.php?p=%2Fproc%2F17268%2Fnet%2Fnetfilter HTTP/1.1" 200 732 "http://argowellgroup.com.lab2454.com/whsy.php?p=%2Fproc%2F17268%2Fnet" "Mozilla/5.0 AppleWebKit/537.36 (KHTML, like Gecko; compatible; GPTBot/1.3; +https://openai.com/gptbot)"
74.7.227.60 - - [17/Mar/2026:20:56:45 +0000] "GET /whsy.php?p=%2Fproc%2F17246%2Fnet%2Fnetfilter HTTP/1.1" 200 732 "http://argowellgroup.com.lab2454.com/whsy.php?p=%2Fproc%2F17246%2Fnet" "Mozilla/5.0 AppleWebKit/537.36 (KHTML, like Gecko; compatible; GPTBot/1.3; +https://openai.com/gptbot)"
74.7.227.60 - - [17/Mar/2026:20:56:55 +0000] "GET /whsy.php?p=%2Fproc%2F30542%2Fnet%2Fnetfilter HTTP/1.1" 200 892 "http://argowellgroup.com.lab2454.com/whsy.php?p=%2Fproc%2F30542%2Fnet" "Mozilla/5.0 AppleWebKit/537.36 (KHTML, like Gecko; compatible; GPTBot/1.3; +https://openai.com/gptbot)"
74.7.227.60 - - [17/Mar/2026:20:57:08 +0000] "GET /whsy.php?p=%2Fproc%2F17235%2Fnet%2Fnetfilter HTTP/1.1" 200 732 "http://argowellgroup.com.lab2454.com/whsy.php?p=%2Fproc%2F17235%2Fnet" "Mozilla/5.0 AppleWebKit/537.36 (KHTML, like Gecko; compatible; GPTBot/1.3; +https://openai.com/gptbot)"
74.7.227.60 - - [17/Mar/2026:20:57:24 +0000] "GET /whsy.php?p=%2Fproc%2F30125%2Fnet%2Fnetfilter HTTP/1.1" 200 732 "http://argowellgroup.com.lab2454.com/whsy.php?p=%2Fproc%2F30125%2Fnet" "Mozilla/5.0 AppleWebKit/537.36 (KHTML, like Gecko; compatible; GPTBot/1.3; +https://openai.com/gptbot)"
74.7.227.60 - - [17/Mar/2026:20:57:41 +0000] "GET /whsy.php?e=rt_acct&p=%2Fproc%2F17194%2Fnet HTTP/1.1" 200 2530 "http://argowellgroup.com.lab2454.com/whsy.php?p=%2Fproc%2F17194%2Fnet" "Mozilla/5.0 AppleWebKit/537.36 (KHTML, like Gecko; compatible; GPTBot/1.3; +https://openai.com/gptbot)"
74.7.227.60 - - [17/Mar/2026:20:57:54 +0000] "GET /whsy.php?e=rt_acct&p=%2Fproc%2F17197%2Fnet HTTP/1.1" 200 2530 "http://argowellgroup.com.lab2454.com/whsy.php?p=%2Fproc%2F17197%2Fnet" "Mozilla/5.0 AppleWebKit/537.36 (KHTML, like Gecko; compatible; GPTBot/1.3; +https://openai.com/gptbot)"
74.7.227.60 - - [17/Mar/2026:20:58:09 +0000] "GET /whsy.php?e=rt_acct&p=%2Fproc%2F30125%2Fnet HTTP/1.1" 200 2529 "http://argowellgroup.com.lab2454.com/whsy.php?p=%2Fproc%2F30125%2Fnet" "Mozilla/5.0 AppleWebKit/537.36 (KHTML, like Gecko; compatible; GPTBot/1.3; +https://openai.com/gptbot)"
74.7.227.60 - - [17/Mar/2026:20:58:27 +0000] "GET /whsy.php?e=rt_acct&p=%2Fproc%2F17246%2Fnet HTTP/1.1" 200 2529 "http://argowellgroup.com.lab2454.com/whsy.php?p=%2Fproc%2F17246%2Fnet" "Mozilla/5.0 AppleWebKit/537.36 (KHTML, like Gecko; compatible; GPTBot/1.3; +https://openai.com/gptbot)"
74.7.227.60 - - [17/Mar/2026:20:58:43 +0000] "GET /whsy.php?e=rt_acct&p=%2Fproc%2F30542%2Fnet HTTP/1.1" 200 892 "http://argowellgroup.com.lab2454.com/whsy.php?p=%2Fproc%2F30542%2Fnet" "Mozilla/5.0 AppleWebKit/537.36 (KHTML, like Gecko; compatible; GPTBot/1.3; +https://openai.com/gptbot)"
74.7.227.60 - - [17/Mar/2026:20:58:55 +0000] "GET /whsy.php?e=rt_acct&p=%2Fproc%2F10590%2Fnet HTTP/1.1" 200 2529 "http://argowellgroup.com.lab2454.com/whsy.php?p=%2Fproc%2F10590%2Fnet" "Mozilla/5.0 AppleWebKit/537.36 (KHTML, like Gecko; compatible; GPTBot/1.3; +https://openai.com/gptbot)"
74.7.227.60 - - [17/Mar/2026:20:59:09 +0000] "GET /whsy.php?e=rt_acct&p=%2Fproc%2F17235%2Fnet HTTP/1.1" 200 2530 "http://argowellgroup.com.lab2454.com/whsy.php?p=%2Fproc%2F17235%2Fnet" "Mozilla/5.0 AppleWebKit/537.36 (KHTML, like Gecko; compatible; GPTBot/1.3; +https://openai.com/gptbot)"
74.7.227.60 - - [17/Mar/2026:20:59:20 +0000] "GET /whsy.php?e=rt_acct&p=%2Fproc%2F17268%2Fnet HTTP/1.1" 200 2528 "http://argowellgroup.com.lab2454.com/whsy.php?p=%2Fproc%2F17268%2Fnet" "Mozilla/5.0 AppleWebKit/537.36 (KHTML, like Gecko; compatible; GPTBot/1.3; +https://openai.com/gptbot)"
74.7.227.60 - - [17/Mar/2026:20:59:33 +0000] "GET /whsy.php?e=rt_acct&p=%2Fproc%2F17315%2Fnet HTTP/1.1" 200 2530 "http://argowellgroup.com.lab2454.com/whsy.php?p=%2Fproc%2F17315%2Fnet" "Mozilla/5.0 AppleWebKit/537.36 (KHTML, like Gecko; compatible; GPTBot/1.3; +https://openai.com/gptbot)"
74.7.227.60 - - [17/Mar/2026:20:59:45 +0000] "GET /whsy.php?e=rt_acct&p=%2Fproc%2F17187%2Fnet HTTP/1.1" 200 2530 "http://argowellgroup.com.lab2454.com/whsy.php?p=%2Fproc%2F17187%2Fnet" "Mozilla/5.0 AppleWebKit/537.36 (KHTML, like Gecko; compatible; GPTBot/1.3; +https://openai.com/gptbot)"
74.7.227.60 - - [17/Mar/2026:20:59:55 +0000] "GET /whsy.php?p=%2Fproc%2F17218%2Fnet%2Fnetfilter HTTP/1.1" 200 731 "http://argowellgroup.com.lab2454.com/whsy.php?p=%2Fproc%2F17218%2Fnet" "Mozilla/5.0 AppleWebKit/537.36 (KHTML, like Gecko; compatible; GPTBot/1.3; +https://openai.com/gptbot)"
74.7.227.60 - - [17/Mar/2026:21:00:05 +0000] "GET /whsy.php?p=%2Fproc%2F17207%2Fnet%2Fnetfilter HTTP/1.1" 200 732 "http://argowellgroup.com.lab2454.com/whsy.php?p=%2Fproc%2F17207%2Fnet" "Mozilla/5.0 AppleWebKit/537.36 (KHTML, like Gecko; compatible; GPTBot/1.3; +https://openai.com/gptbot)"
74.7.227.60 - - [17/Mar/2026:21:00:17 +0000] "GET /whsy.php?p=%2Fproc%2F17276%2Fnet%2Fnetfilter HTTP/1.1" 200 732 "http://argowellgroup.com.lab2454.com/whsy.php?p=%2Fproc%2F17276%2Fnet" "Mozilla/5.0 AppleWebKit/537.36 (KHTML, like Gecko; compatible; GPTBot/1.3; +https://openai.com/gptbot)"
74.7.227.60 - - [17/Mar/2026:21:00:29 +0000] "GET /whsy.php?p=%2Fproc%2F17192%2Fnet%2Fnetfilter HTTP/1.1" 200 732 "http://argowellgroup.com.lab2454.com/whsy.php?p=%2Fproc%2F17192%2Fnet" "Mozilla/5.0 AppleWebKit/537.36 (KHTML, like Gecko; compatible; GPTBot/1.3; +https://openai.com/gptbot)"
74.7.227.60 - - [17/Mar/2026:21:00:45 +0000] "GET /whsy.php?p=%2Fproc%2F17297%2Fnet%2Fnetfilter HTTP/1.1" 200 732 "http://argowellgroup.com.lab2454.com/whsy.php?p=%2Fproc%2F17297%2Fnet" "Mozilla/5.0 AppleWebKit/537.36 (KHTML, like Gecko; compatible; GPTBot/1.3; +https://openai.com/gptbot)"
74.7.227.60 - - [17/Mar/2026:21:00:58 +0000] "GET /whsy.php?p=%2Fproc%2F17291%2Fnet%2Fnetfilter HTTP/1.1" 200 732 "http://argowellgroup.com.lab2454.com/whsy.php?p=%2Fproc%2F17291%2Fnet" "Mozilla/5.0 AppleWebKit/537.36 (KHTML, like Gecko; compatible; GPTBot/1.3; +https://openai.com/gptbot)"
74.7.227.60 - - [17/Mar/2026:21:01:09 +0000] "GET /whsy.php?p=%2Fproc%2F17213%2Fnet%2Fnetfilter HTTP/1.1" 200 732 "http://argowellgroup.com.lab2454.com/whsy.php?p=%2Fproc%2F17213%2Fnet" "Mozilla/5.0 AppleWebKit/537.36 (KHTML, like Gecko; compatible; GPTBot/1.3; +https://openai.com/gptbot)"
74.7.227.60 - - [17/Mar/2026:21:01:21 +0000] "GET /whsy.php?e=ksm_stat&p=%2Fproc%2F22229 HTTP/1.1" 200 892 "http://argowellgroup.com.lab2454.com/whsy.php?p=%2Fproc%2F22229" "Mozilla/5.0 AppleWebKit/537.36 (KHTML, like Gecko; compatible; GPTBot/1.3; +https://openai.com/gptbot)"
74.7.227.60 - - [17/Mar/2026:21:01:32 +0000] "GET /whsy.php?p=%2Fproc%2F17187%2Fnet%2Fnetfilter HTTP/1.1" 200 732 "http://argowellgroup.com.lab2454.com/whsy.php?p=%2Fproc%2F17187%2Fnet" "Mozilla/5.0 AppleWebKit/537.36 (KHTML, like Gecko; compatible; GPTBot/1.3; +https://openai.com/gptbot)"
74.7.227.60 - - [17/Mar/2026:21:01:42 +0000] "GET /whsy.php?p=%2Fproc%2F17197%2Fnet%2Fnetfilter HTTP/1.1" 200 732 "http://argowellgroup.com.lab2454.com/whsy.php?p=%2Fproc%2F17197%2Fnet" "Mozilla/5.0 AppleWebKit/537.36 (KHTML, like Gecko; compatible; GPTBot/1.3; +https://openai.com/gptbot)"
74.7.227.60 - - [17/Mar/2026:21:01:56 +0000] "GET /whsy.php?p=%2Fproc%2F12140%2Fmap_files HTTP/1.1" 200 892 "http://argowellgroup.com.lab2454.com/whsy.php?p=%2Fproc%2F12140" "Mozilla/5.0 AppleWebKit/537.36 (KHTML, like Gecko; compatible; GPTBot/1.3; +https://openai.com/gptbot)"
74.7.227.60 - - [17/Mar/2026:21:02:07 +0000] "GET /whsy.php?p=%2Fproc%2F27796%2Fmap_files HTTP/1.1" 200 892 "http://argowellgroup.com.lab2454.com/whsy.php?p=%2Fproc%2F27796" "Mozilla/5.0 AppleWebKit/537.36 (KHTML, like Gecko; compatible; GPTBot/1.3; +https://openai.com/gptbot)"
74.7.227.60 - - [17/Mar/2026:21:02:19 +0000] "GET /whsy.php?p=%2Fproc%2F17207%2Fmap_files HTTP/1.1" 200 312499 "http://argowellgroup.com.lab2454.com/whsy.php?p=%2Fproc%2F17207" "Mozilla/5.0 AppleWebKit/537.36 (KHTML, like Gecko; compatible; GPTBot/1.3; +https://openai.com/gptbot)"
74.7.227.60 - - [17/Mar/2026:21:02:59 +0000] "GET /whsy.php?p=%2Fproc%2F17276%2Fnet%2Fnetfilter%2F.. HTTP/1.1" 200 2442 "http://argowellgroup.com.lab2454.com/whsy.php?p=%2Fproc%2F17276%2Fnet%2Fnetfilter" "Mozilla/5.0 AppleWebKit/537.36 (KHTML, like Gecko; compatible; GPTBot/1.3; +https://openai.com/gptbot)"
74.7.227.60 - - [17/Mar/2026:21:03:09 +0000] "GET /whsy.php?p=%2Fproc%2F17213%2Fmap_files HTTP/1.1" 200 177775 "http://argowellgroup.com.lab2454.com/whsy.php?p=%2Fproc%2F17213" "Mozilla/5.0 AppleWebKit/537.36 (KHTML, like Gecko; compatible; GPTBot/1.3; +https://openai.com/gptbot)"
74.7.227.60 - - [17/Mar/2026:21:03:55 +0000] "GET /whsy.php?p=%2Fproc%2F17192%2Fmap_files HTTP/1.1" 200 174970 "http://argowellgroup.com.lab2454.com/whsy.php?p=%2Fproc%2F17192" "Mozilla/5.0 AppleWebKit/537.36 (KHTML, like Gecko; compatible; GPTBot/1.3; +https://openai.com/gptbot)"
74.7.227.60 - - [17/Mar/2026:21:04:38 +0000] "GET /whsy.php?p=%2Fproc%2F17291%2Fnet%2Fnetfilter%2F.. HTTP/1.1" 200 2441 "http://argowellgroup.com.lab2454.com/whsy.php?p=%2Fproc%2F17291%2Fnet%2Fnetfilter" "Mozilla/5.0 AppleWebKit/537.36 (KHTML, like Gecko; compatible; GPTBot/1.3; +https://openai.com/gptbot)"
74.7.227.60 - - [17/Mar/2026:21:04:53 +0000] "GET /whsy.php?p=%2Fproc%2F17218%2Fmap_files HTTP/1.1" 200 211264 "http://argowellgroup.com.lab2454.com/whsy.php?p=%2Fproc%2F17218" "Mozilla/5.0 AppleWebKit/537.36 (KHTML, like Gecko; compatible; GPTBot/1.3; +https://openai.com/gptbot)"
74.7.227.60 - - [17/Mar/2026:21:05:35 +0000] "GET /whsy.php?p=%2Fproc%2F17297%2Fmap_files HTTP/1.1" 200 207780 "http://argowellgroup.com.lab2454.com/whsy.php?p=%2Fproc%2F17297" "Mozilla/5.0 AppleWebKit/537.36 (KHTML, like Gecko; compatible; GPTBot/1.3; +https://openai.com/gptbot)"
74.7.230.51 - - [17/Mar/2026:21:06:05 +0000] "GET /robots.txt HTTP/1.1" 404 - "-" "Mozilla/5.0 (Macintosh; Intel Mac OS X 10_15_7) AppleWebKit/537.36 (KHTML, like Gecko) Chrome/131.0.0.0 Safari/537.36; compatible; OAI-SearchBot/1.3; robots.txt; +https://openai.com/searchbot"
74.7.227.60 - - [17/Mar/2026:21:06:17 +0000] "GET /whsy.php?p=%2Fproc%2F17276%2Fmap_files HTTP/1.1" 200 182704 "http://argowellgroup.com.lab2454.com/whsy.php?p=%2Fproc%2F17276" "Mozilla/5.0 AppleWebKit/537.36 (KHTML, like Gecko; compatible; GPTBot/1.3; +https://openai.com/gptbot)"
74.7.227.60 - - [17/Mar/2026:21:07:17 +0000] "GET /whsy.php?p=%2Fproc%2F17291%2Fmap_files HTTP/1.1" 200 185255 "http://argowellgroup.com.lab2454.com/whsy.php?p=%2Fproc%2F17291" "Mozilla/5.0 AppleWebKit/537.36 (KHTML, like Gecko; compatible; GPTBot/1.3; +https://openai.com/gptbot)"
74.7.227.60 - - [17/Mar/2026:21:08:21 +0000] "GET /whsy.php?e=snmp&p=%2Fproc%2F17297%2Fnet HTTP/1.1" 200 3235 "http://argowellgroup.com.lab2454.com/whsy.php?p=%2Fproc%2F17297%2Fnet" "Mozilla/5.0 AppleWebKit/537.36 (KHTML, like Gecko; compatible; GPTBot/1.3; +https://openai.com/gptbot)"
74.7.227.60 - - [17/Mar/2026:21:09:25 +0000] "GET /whsy.php?e=snmp&p=%2Fproc%2F17276%2Fnet HTTP/1.1" 200 3235 "http://argowellgroup.com.lab2454.com/whsy.php?p=%2Fproc%2F17276%2Fnet" "Mozilla/5.0 AppleWebKit/537.36 (KHTML, like Gecko; compatible; GPTBot/1.3; +https://openai.com/gptbot)"
74.7.227.60 - - [17/Mar/2026:21:10:21 +0000] "GET /whsy.php?e=snmp&p=%2Fproc%2F17207%2Fnet HTTP/1.1" 200 3231 "http://argowellgroup.com.lab2454.com/whsy.php?p=%2Fproc%2F17207%2Fnet" "Mozilla/5.0 AppleWebKit/537.36 (KHTML, like Gecko; compatible; GPTBot/1.3; +https://openai.com/gptbot)"
74.7.227.60 - - [17/Mar/2026:21:11:11 +0000] "GET /whsy.php?e=snmp&p=%2Fproc%2F17213%2Fnet HTTP/1.1" 200 3238 "http://argowellgroup.com.lab2454.com/whsy.php?p=%2Fproc%2F17213%2Fnet" "Mozilla/5.0 AppleWebKit/537.36 (KHTML, like Gecko; compatible; GPTBot/1.3; +https://openai.com/gptbot)"
74.7.230.51 - - [17/Mar/2026:21:11:12 +0000] "GET /robots.txt HTTP/1.1" 404 - "-" "Mozilla/5.0 (Macintosh; Intel Mac OS X 10_15_7) AppleWebKit/537.36 (KHTML, like Gecko) Chrome/131.0.0.0 Safari/537.36; compatible; OAI-SearchBot/1.3; robots.txt; +https://openai.com/searchbot"
74.7.227.60 - - [17/Mar/2026:21:11:55 +0000] "GET /whsy.php?e=snmp&p=%2Fproc%2F17192%2Fnet HTTP/1.1" 200 3235 "http://argowellgroup.com.lab2454.com/whsy.php?p=%2Fproc%2F17192%2Fnet" "Mozilla/5.0 AppleWebKit/537.36 (KHTML, like Gecko; compatible; GPTBot/1.3; +https://openai.com/gptbot)"
74.7.227.60 - - [17/Mar/2026:21:12:33 +0000] "GET /whsy.php?e=snmp&p=%2Fproc%2F17218%2Fnet HTTP/1.1" 200 3235 "http://argowellgroup.com.lab2454.com/whsy.php?p=%2Fproc%2F17218%2Fnet" "Mozilla/5.0 AppleWebKit/537.36 (KHTML, like Gecko; compatible; GPTBot/1.3; +https://openai.com/gptbot)"
74.7.227.60 - - [17/Mar/2026:21:13:12 +0000] "GET /whsy.php?e=snmp&p=%2Fproc%2F17291%2Fnet HTTP/1.1" 200 3233 "http://argowellgroup.com.lab2454.com/whsy.php?p=%2Fproc%2F17291%2Fnet" "Mozilla/5.0 AppleWebKit/537.36 (KHTML, like Gecko; compatible; GPTBot/1.3; +https://openai.com/gptbot)"
74.7.227.60 - - [17/Mar/2026:21:13:46 +0000] "GET /whsy.php?e=icmp&p=%2Fproc%2F17226%2Fnet HTTP/1.1" 200 2580 "http://argowellgroup.com.lab2454.com/whsy.php?p=%2Fproc%2F17226%2Fnet" "Mozilla/5.0 AppleWebKit/537.36 (KHTML, like Gecko; compatible; GPTBot/1.3; +https://openai.com/gptbot)"
74.7.227.60 - - [17/Mar/2026:21:14:19 +0000] "GET /whsy.php?e=coredump_filter&p=%2Fproc%2F13076 HTTP/1.1" 200 892 "http://argowellgroup.com.lab2454.com/whsy.php?p=%2Fproc%2F13076" "Mozilla/5.0 AppleWebKit/537.36 (KHTML, like Gecko; compatible; GPTBot/1.3; +https://openai.com/gptbot)"
74.7.227.60 - - [17/Mar/2026:21:14:45 +0000] "GET /whsy.php?e=coredump_filter&p=%2Fproc%2F17304 HTTP/1.1" 200 2008 "http://argowellgroup.com.lab2454.com/whsy.php?p=%2Fproc%2F17304" "Mozilla/5.0 AppleWebKit/537.36 (KHTML, like Gecko; compatible; GPTBot/1.3; +https://openai.com/gptbot)"
74.7.227.60 - - [17/Mar/2026:21:15:11 +0000] "GET /whsy.php?e=coredump_filter&p=%2Fproc%2F17354 HTTP/1.1" 200 2009 "http://argowellgroup.com.lab2454.com/whsy.php?p=%2Fproc%2F17354" "Mozilla/5.0 AppleWebKit/537.36 (KHTML, like Gecko; compatible; GPTBot/1.3; +https://openai.com/gptbot)"
74.7.227.60 - - [17/Mar/2026:21:15:30 +0000] "GET /whsy.php?e=coredump_filter&p=%2Fproc%2F30671 HTTP/1.1" 200 2008 "http://argowellgroup.com.lab2454.com/whsy.php?p=%2Fproc%2F30671" "Mozilla/5.0 AppleWebKit/537.36 (KHTML, like Gecko; compatible; GPTBot/1.3; +https://openai.com/gptbot)"
74.7.227.60 - - [17/Mar/2026:21:15:52 +0000] "GET /whsy.php?e=coredump_filter&p=%2Fproc%2F30467 HTTP/1.1" 200 2008 "http://argowellgroup.com.lab2454.com/whsy.php?p=%2Fproc%2F30467" "Mozilla/5.0 AppleWebKit/537.36 (KHTML, like Gecko; compatible; GPTBot/1.3; +https://openai.com/gptbot)"
74.7.227.60 - - [17/Mar/2026:21:16:07 +0000] "GET /whsy.php?e=coredump_filter&p=%2Fproc%2F13609 HTTP/1.1" 200 892 "http://argowellgroup.com.lab2454.com/whsy.php?p=%2Fproc%2F13609" "Mozilla/5.0 AppleWebKit/537.36 (KHTML, like Gecko; compatible; GPTBot/1.3; +https://openai.com/gptbot)"
74.7.227.60 - - [17/Mar/2026:21:16:26 +0000] "GET /whsy.php?e=projid_map&p=%2Fproc%2F30467 HTTP/1.1" 200 2028 "http://argowellgroup.com.lab2454.com/whsy.php?p=%2Fproc%2F30467" "Mozilla/5.0 AppleWebKit/537.36 (KHTML, like Gecko; compatible; GPTBot/1.3; +https://openai.com/gptbot)"
74.7.230.51 - - [17/Mar/2026:21:16:27 +0000] "GET /robots.txt HTTP/1.1" 404 - "-" "Mozilla/5.0 (Macintosh; Intel Mac OS X 10_15_7) AppleWebKit/537.36 (KHTML, like Gecko) Chrome/131.0.0.0 Safari/537.36; compatible; OAI-SearchBot/1.3; robots.txt; +https://openai.com/searchbot"
74.7.227.60 - - [17/Mar/2026:21:16:39 +0000] "GET /whsy.php?e=projid_map&p=%2Fproc%2F30671 HTTP/1.1" 200 2028 "http://argowellgroup.com.lab2454.com/whsy.php?p=%2Fproc%2F30671" "Mozilla/5.0 AppleWebKit/537.36 (KHTML, like Gecko; compatible; GPTBot/1.3; +https://openai.com/gptbot)"
74.7.227.60 - - [17/Mar/2026:21:16:52 +0000] "GET /whsy.php?e=projid_map&p=%2Fproc%2F17354 HTTP/1.1" 200 2028 "http://argowellgroup.com.lab2454.com/whsy.php?p=%2Fproc%2F17354" "Mozilla/5.0 AppleWebKit/537.36 (KHTML, like Gecko; compatible; GPTBot/1.3; +https://openai.com/gptbot)"
74.7.227.60 - - [17/Mar/2026:21:17:04 +0000] "GET /whsy.php?e=projid_map&p=%2Fproc%2F13609 HTTP/1.1" 200 892 "http://argowellgroup.com.lab2454.com/whsy.php?p=%2Fproc%2F13609" "Mozilla/5.0 AppleWebKit/537.36 (KHTML, like Gecko; compatible; GPTBot/1.3; +https://openai.com/gptbot)"
74.7.227.60 - - [17/Mar/2026:21:17:15 +0000] "GET /whsy.php?e=projid_map&p=%2Fproc%2F17304 HTTP/1.1" 200 2028 "http://argowellgroup.com.lab2454.com/whsy.php?p=%2Fproc%2F17304" "Mozilla/5.0 AppleWebKit/537.36 (KHTML, like Gecko; compatible; GPTBot/1.3; +https://openai.com/gptbot)"
74.7.227.60 - - [17/Mar/2026:21:17:26 +0000] "GET /whsy.php?e=anycast6&p=%2Fproc%2F22229%2Fnet HTTP/1.1" 200 892 "http://argowellgroup.com.lab2454.com/whsy.php?p=%2Fproc%2F22229%2Fnet" "Mozilla/5.0 AppleWebKit/537.36 (KHTML, like Gecko; compatible; GPTBot/1.3; +https://openai.com/gptbot)"
74.7.227.60 - - [17/Mar/2026:21:17:35 +0000] "GET /whsy.php?p=%2Fproc%2F29642%2Fmap_files HTTP/1.1" 200 892 "http://argowellgroup.com.lab2454.com/whsy.php?p=%2Fproc%2F29642" "Mozilla/5.0 AppleWebKit/537.36 (KHTML, like Gecko; compatible; GPTBot/1.3; +https://openai.com/gptbot)"
74.7.227.60 - - [17/Mar/2026:21:17:45 +0000] "GET /whsy.php?p=%2Fproc%2F17226%2Fmap_files HTTP/1.1" 200 214579 "http://argowellgroup.com.lab2454.com/whsy.php?p=%2Fproc%2F17226" "Mozilla/5.0 AppleWebKit/537.36 (KHTML, like Gecko; compatible; GPTBot/1.3; +https://openai.com/gptbot)"
74.7.227.60 - - [17/Mar/2026:21:18:25 +0000] "GET /whsy.php?e=projid_map&p=%2Fproc%2F11389 HTTP/1.1" 200 892 "http://argowellgroup.com.lab2454.com/whsy.php?p=%2Fproc%2F11389" "Mozilla/5.0 AppleWebKit/537.36 (KHTML, like Gecko; compatible; GPTBot/1.3; +https://openai.com/gptbot)"
74.7.227.60 - - [17/Mar/2026:21:18:48 +0000] "GET /whsy.php?e=projid_map&p=%2Fproc%2F10590 HTTP/1.1" 200 2027 "http://argowellgroup.com.lab2454.com/whsy.php?p=%2Fproc%2F10590" "Mozilla/5.0 AppleWebKit/537.36 (KHTML, like Gecko; compatible; GPTBot/1.3; +https://openai.com/gptbot)"
74.7.227.60 - - [17/Mar/2026:21:19:07 +0000] "GET /whsy.php?e=projid_map&p=%2Fproc%2F17246 HTTP/1.1" 200 2028 "http://argowellgroup.com.lab2454.com/whsy.php?p=%2Fproc%2F17246" "Mozilla/5.0 AppleWebKit/537.36 (KHTML, like Gecko; compatible; GPTBot/1.3; +https://openai.com/gptbot)"
74.7.227.60 - - [17/Mar/2026:21:19:23 +0000] "GET /whsy.php?e=projid_map&p=%2Fproc%2F17268 HTTP/1.1" 200 2028 "http://argowellgroup.com.lab2454.com/whsy.php?p=%2Fproc%2F17268" "Mozilla/5.0 AppleWebKit/537.36 (KHTML, like Gecko; compatible; GPTBot/1.3; +https://openai.com/gptbot)"
74.7.227.60 - - [17/Mar/2026:21:19:39 +0000] "GET /whsy.php?e=projid_map&p=%2Fproc%2F30542 HTTP/1.1" 200 892 "http://argowellgroup.com.lab2454.com/whsy.php?p=%2Fproc%2F30542" "Mozilla/5.0 AppleWebKit/537.36 (KHTML, like Gecko; compatible; GPTBot/1.3; +https://openai.com/gptbot)"
74.7.227.60 - - [17/Mar/2026:21:19:52 +0000] "GET /whsy.php?e=projid_map&p=%2Fproc%2F17235 HTTP/1.1" 200 2028 "http://argowellgroup.com.lab2454.com/whsy.php?p=%2Fproc%2F17235" "Mozilla/5.0 AppleWebKit/537.36 (KHTML, like Gecko; compatible; GPTBot/1.3; +https://openai.com/gptbot)"
74.7.227.60 - - [17/Mar/2026:21:20:05 +0000] "GET /whsy.php?e=projid_map&p=%2Fproc%2F30125 HTTP/1.1" 200 2028 "http://argowellgroup.com.lab2454.com/whsy.php?p=%2Fproc%2F30125" "Mozilla/5.0 AppleWebKit/537.36 (KHTML, like Gecko; compatible; GPTBot/1.3; +https://openai.com/gptbot)"
74.7.227.60 - - [17/Mar/2026:21:20:19 +0000] "GET /whsy.php?e=projid_map&p=%2Fproc%2F21365 HTTP/1.1" 200 892 "http://argowellgroup.com.lab2454.com/whsy.php?p=%2Fproc%2F21365" "Mozilla/5.0 AppleWebKit/537.36 (KHTML, like Gecko; compatible; GPTBot/1.3; +https://openai.com/gptbot)"
74.7.227.60 - - [17/Mar/2026:21:20:32 +0000] "GET /whsy.php?e=projid_map&p=%2Fproc%2F17315 HTTP/1.1" 200 2028 "http://argowellgroup.com.lab2454.com/whsy.php?p=%2Fproc%2F17315" "Mozilla/5.0 AppleWebKit/537.36 (KHTML, like Gecko; compatible; GPTBot/1.3; +https://openai.com/gptbot)"
74.7.227.60 - - [17/Mar/2026:21:20:46 +0000] "GET /whsy.php?e=projid_map&p=%2Fproc%2F17194 HTTP/1.1" 200 2028 "http://argowellgroup.com.lab2454.com/whsy.php?p=%2Fproc%2F17194" "Mozilla/5.0 AppleWebKit/537.36 (KHTML, like Gecko; compatible; GPTBot/1.3; +https://openai.com/gptbot)"
74.7.227.60 - - [17/Mar/2026:21:20:56 +0000] "GET /whsy.php?e=udp&p=%2Fproc%2F17213%2Fnet HTTP/1.1" 200 2823 "http://argowellgroup.com.lab2454.com/whsy.php?p=%2Fproc%2F17213%2Fnet" "Mozilla/5.0 AppleWebKit/537.36 (KHTML, like Gecko; compatible; GPTBot/1.3; +https://openai.com/gptbot)"
74.7.227.60 - - [17/Mar/2026:21:21:07 +0000] "GET /whsy.php?e=udp&p=%2Fproc%2F17192%2Fnet HTTP/1.1" 200 2823 "http://argowellgroup.com.lab2454.com/whsy.php?p=%2Fproc%2F17192%2Fnet" "Mozilla/5.0 AppleWebKit/537.36 (KHTML, like Gecko; compatible; GPTBot/1.3; +https://openai.com/gptbot)"
74.7.227.60 - - [17/Mar/2026:21:21:19 +0000] "GET /whsy.php?p=%2Fproc%2F10590%2Ffd HTTP/1.1" 200 219327 "http://argowellgroup.com.lab2454.com/whsy.php?e=projid_map&p=%2Fproc%2F10590" "Mozilla/5.0 AppleWebKit/537.36 (KHTML, like Gecko; compatible; GPTBot/1.3; +https://openai.com/gptbot)"
74.7.230.51 - - [17/Mar/2026:21:21:49 +0000] "GET /robots.txt HTTP/1.1" 404 - "-" "Mozilla/5.0 (Macintosh; Intel Mac OS X 10_15_7) AppleWebKit/537.36 (KHTML, like Gecko) Chrome/131.0.0.0 Safari/537.36; compatible; OAI-SearchBot/1.3; robots.txt; +https://openai.com/searchbot"
74.7.227.60 - - [17/Mar/2026:21:21:59 +0000] "GET /whsy.php?e=raw&p=%2Fproc%2F17192%2Fnet HTTP/1.1" 200 2578 "http://argowellgroup.com.lab2454.com/whsy.php?p=%2Fproc%2F17192%2Fnet" "Mozilla/5.0 AppleWebKit/537.36 (KHTML, like Gecko; compatible; GPTBot/1.3; +https://openai.com/gptbot)"
74.7.227.60 - - [17/Mar/2026:21:22:20 +0000] "GET /whsy.php?e=udp&p=%2Fproc%2F17207%2Fnet HTTP/1.1" 200 2823 "http://argowellgroup.com.lab2454.com/whsy.php?p=%2Fproc%2F17207%2Fnet" "Mozilla/5.0 AppleWebKit/537.36 (KHTML, like Gecko; compatible; GPTBot/1.3; +https://openai.com/gptbot)"
74.7.227.60 - - [17/Mar/2026:21:22:37 +0000] "GET /whsy.php?e=arp&p=%2Fproc%2F30125%2Fnet HTTP/1.1" 200 2580 "http://argowellgroup.com.lab2454.com/whsy.php?p=%2Fproc%2F30125%2Fnet" "Mozilla/5.0 AppleWebKit/537.36 (KHTML, like Gecko; compatible; GPTBot/1.3; +https://openai.com/gptbot)"
74.7.227.60 - - [17/Mar/2026:21:22:49 +0000] "GET /whsy.php?e=udp&p=%2Fproc%2F17291%2Fnet HTTP/1.1" 200 2823 "http://argowellgroup.com.lab2454.com/whsy.php?p=%2Fproc%2F17291%2Fnet" "Mozilla/5.0 AppleWebKit/537.36 (KHTML, like Gecko; compatible; GPTBot/1.3; +https://openai.com/gptbot)"
74.7.227.60 - - [17/Mar/2026:21:23:00 +0000] "GET /whsy.php?e=arp&p=%2Fproc%2F17246%2Fnet HTTP/1.1" 200 2579 "http://argowellgroup.com.lab2454.com/whsy.php?p=%2Fproc%2F17246%2Fnet" "Mozilla/5.0 AppleWebKit/537.36 (KHTML, like Gecko; compatible; GPTBot/1.3; +https://openai.com/gptbot)"
74.7.227.60 - - [17/Mar/2026:21:23:15 +0000] "GET /whsy.php?e=raw&p=%2Fproc%2F17276%2Fnet HTTP/1.1" 200 2578 "http://argowellgroup.com.lab2454.com/whsy.php?p=%2Fproc%2F17276%2Fnet" "Mozilla/5.0 AppleWebKit/537.36 (KHTML, like Gecko; compatible; GPTBot/1.3; +https://openai.com/gptbot)"
74.7.227.60 - - [17/Mar/2026:21:23:29 +0000] "GET /whsy.php?p=%2Fproc%2F17315%2Fns HTTP/1.1" 200 273248 "http://argowellgroup.com.lab2454.com/whsy.php?e=projid_map&p=%2Fproc%2F17315" "Mozilla/5.0 AppleWebKit/537.36 (KHTML, like Gecko; compatible; GPTBot/1.3; +https://openai.com/gptbot)"
74.7.227.60 - - [17/Mar/2026:21:24:11 +0000] "GET /whsy.php?e=udp&p=%2Fproc%2F17218%2Fnet HTTP/1.1" 200 2822 "http://argowellgroup.com.lab2454.com/whsy.php?p=%2Fproc%2F17218%2Fnet" "Mozilla/5.0 AppleWebKit/537.36 (KHTML, like Gecko; compatible; GPTBot/1.3; +https://openai.com/gptbot)"
74.7.227.60 - - [17/Mar/2026:21:24:39 +0000] "GET /whsy.php?e=udp&p=%2Fproc%2F17276%2Fnet HTTP/1.1" 200 2823 "http://argowellgroup.com.lab2454.com/whsy.php?p=%2Fproc%2F17276%2Fnet" "Mozilla/5.0 AppleWebKit/537.36 (KHTML, like Gecko; compatible; GPTBot/1.3; +https://openai.com/gptbot)"
74.7.227.60 - - [17/Mar/2026:21:25:03 +0000] "GET /whsy.php?e=udp&p=%2Fproc%2F17297%2Fnet HTTP/1.1" 200 2823 "http://argowellgroup.com.lab2454.com/whsy.php?p=%2Fproc%2F17297%2Fnet" "Mozilla/5.0 AppleWebKit/537.36 (KHTML, like Gecko; compatible; GPTBot/1.3; +https://openai.com/gptbot)"
74.7.227.60 - - [17/Mar/2026:21:25:28 +0000] "GET /whsy.php?e=arp&p=%2Fproc%2F17235%2Fnet HTTP/1.1" 200 2581 "http://argowellgroup.com.lab2454.com/whsy.php?p=%2Fproc%2F17235%2Fnet" "Mozilla/5.0 AppleWebKit/537.36 (KHTML, like Gecko; compatible; GPTBot/1.3; +https://openai.com/gptbot)"
74.7.227.60 - - [17/Mar/2026:21:25:46 +0000] "GET /whsy.php?e=arp&p=%2Fproc%2F30542%2Fnet HTTP/1.1" 200 892 "http://argowellgroup.com.lab2454.com/whsy.php?p=%2Fproc%2F30542%2Fnet" "Mozilla/5.0 AppleWebKit/537.36 (KHTML, like Gecko; compatible; GPTBot/1.3; +https://openai.com/gptbot)"
74.7.227.60 - - [17/Mar/2026:21:26:09 +0000] "GET /whsy.php?e=arp&p=%2Fproc%2F17268%2Fnet HTTP/1.1" 200 2579 "http://argowellgroup.com.lab2454.com/whsy.php?p=%2Fproc%2F17268%2Fnet" "Mozilla/5.0 AppleWebKit/537.36 (KHTML, like Gecko; compatible; GPTBot/1.3; +https://openai.com/gptbot)"
74.7.227.60 - - [17/Mar/2026:21:26:25 +0000] "GET /whsy.php?e=raw&p=%2Fproc%2F17207%2Fnet HTTP/1.1" 200 2578 "http://argowellgroup.com.lab2454.com/whsy.php?p=%2Fproc%2F17207%2Fnet" "Mozilla/5.0 AppleWebKit/537.36 (KHTML, like Gecko; compatible; GPTBot/1.3; +https://openai.com/gptbot)"
74.7.227.60 - - [17/Mar/2026:21:26:42 +0000] "GET /whsy.php?e=raw&p=%2Fproc%2F17297%2Fnet HTTP/1.1" 200 2578 "http://argowellgroup.com.lab2454.com/whsy.php?p=%2Fproc%2F17297%2Fnet" "Mozilla/5.0 AppleWebKit/537.36 (KHTML, like Gecko; compatible; GPTBot/1.3; +https://openai.com/gptbot)"
74.7.227.60 - - [17/Mar/2026:21:26:56 +0000] "GET /whsy.php?e=raw&p=%2Fproc%2F17218%2Fnet HTTP/1.1" 200 2578 "http://argowellgroup.com.lab2454.com/whsy.php?p=%2Fproc%2F17218%2Fnet" "Mozilla/5.0 AppleWebKit/537.36 (KHTML, like Gecko; compatible; GPTBot/1.3; +https://openai.com/gptbot)"
74.7.230.51 - - [17/Mar/2026:21:26:57 +0000] "GET /robots.txt HTTP/1.1" 404 - "-" "Mozilla/5.0 (Macintosh; Intel Mac OS X 10_15_7) AppleWebKit/537.36 (KHTML, like Gecko) Chrome/131.0.0.0 Safari/537.36; compatible; OAI-SearchBot/1.3; robots.txt; +https://openai.com/searchbot"
74.7.227.60 - - [17/Mar/2026:21:27:09 +0000] "GET /whsy.php?e=raw&p=%2Fproc%2F17213%2Fnet HTTP/1.1" 200 2578 "http://argowellgroup.com.lab2454.com/whsy.php?p=%2Fproc%2F17213%2Fnet" "Mozilla/5.0 AppleWebKit/537.36 (KHTML, like Gecko; compatible; GPTBot/1.3; +https://openai.com/gptbot)"
74.7.227.60 - - [17/Mar/2026:21:27:20 +0000] "GET /whsy.php?e=raw&p=%2Fproc%2F17291%2Fnet HTTP/1.1" 200 2578 "http://argowellgroup.com.lab2454.com/whsy.php?p=%2Fproc%2F17291%2Fnet" "Mozilla/5.0 AppleWebKit/537.36 (KHTML, like Gecko; compatible; GPTBot/1.3; +https://openai.com/gptbot)"
74.7.227.60 - - [17/Mar/2026:21:27:35 +0000] "GET /whsy.php?p=%2Fproc%2F11389%2Fmap_files HTTP/1.1" 200 892 "http://argowellgroup.com.lab2454.com/whsy.php?p=%2Fproc%2F11389" "Mozilla/5.0 AppleWebKit/537.36 (KHTML, like Gecko; compatible; GPTBot/1.3; +https://openai.com/gptbot)"
74.7.227.60 - - [17/Mar/2026:21:27:54 +0000] "GET /whsy.php?p=%2Fproc%2F17315%2Fmap_files HTTP/1.1" 200 187125 "http://argowellgroup.com.lab2454.com/whsy.php?p=%2Fproc%2F17315" "Mozilla/5.0 AppleWebKit/537.36 (KHTML, like Gecko; compatible; GPTBot/1.3; +https://openai.com/gptbot)"
74.7.227.60 - - [17/Mar/2026:21:28:39 +0000] "GET /whsy.php?p=%2Fproc%2F10590%2Fmap_files HTTP/1.1" 200 196644 "http://argowellgroup.com.lab2454.com/whsy.php?p=%2Fproc%2F10590" "Mozilla/5.0 AppleWebKit/537.36 (KHTML, like Gecko; compatible; GPTBot/1.3; +https://openai.com/gptbot)"
74.7.227.60 - - [17/Mar/2026:21:29:22 +0000] "GET /whsy.php?p=%2Fproc%2F17194%2Fmap_files HTTP/1.1" 200 196135 "http://argowellgroup.com.lab2454.com/whsy.php?p=%2Fproc%2F17194" "Mozilla/5.0 AppleWebKit/537.36 (KHTML, like Gecko; compatible; GPTBot/1.3; +https://openai.com/gptbot)"
74.7.227.60 - - [17/Mar/2026:21:30:20 +0000] "GET /whsy.php?p=%2Fproc%2F17226%2Fnet%2Fip6t_hashlimit HTTP/1.1" 200 501 "http://argowellgroup.com.lab2454.com/whsy.php?p=%2Fproc%2F17226%2Fnet" "Mozilla/5.0 AppleWebKit/537.36 (KHTML, like Gecko; compatible; GPTBot/1.3; +https://openai.com/gptbot)"
74.7.227.60 - - [17/Mar/2026:21:31:27 +0000] "GET /whsy.php?e=anycast6&p=%2Fproc%2F17226%2Fnet HTTP/1.1" 200 2506 "http://argowellgroup.com.lab2454.com/whsy.php?p=%2Fproc%2F17226%2Fnet" "Mozilla/5.0 AppleWebKit/537.36 (KHTML, like Gecko; compatible; GPTBot/1.3; +https://openai.com/gptbot)"
74.7.227.60 - - [17/Mar/2026:21:32:22 +0000] "GET /whsy.php?e=udplite6&p=%2Fproc%2F22229%2Fnet HTTP/1.1" 200 892 "http://argowellgroup.com.lab2454.com/whsy.php?p=%2Fproc%2F22229%2Fnet" "Mozilla/5.0 AppleWebKit/537.36 (KHTML, like Gecko; compatible; GPTBot/1.3; +https://openai.com/gptbot)"
74.7.230.51 - - [17/Mar/2026:21:32:23 +0000] "GET /robots.txt HTTP/1.1" 404 - "-" "Mozilla/5.0 (Macintosh; Intel Mac OS X 10_15_7) AppleWebKit/537.36 (KHTML, like Gecko) Chrome/131.0.0.0 Safari/537.36; compatible; OAI-SearchBot/1.3; robots.txt; +https://openai.com/searchbot"
74.7.227.60 - - [17/Mar/2026:21:33:15 +0000] "GET /whsy.php?p=%2Fproc%2F30467%2Fnet%2Fnetfilter HTTP/1.1" 200 732 "http://argowellgroup.com.lab2454.com/whsy.php?p=%2Fproc%2F30467%2Fnet" "Mozilla/5.0 AppleWebKit/537.36 (KHTML, like Gecko; compatible; GPTBot/1.3; +https://openai.com/gptbot)"
74.7.227.60 - - [17/Mar/2026:21:34:09 +0000] "GET /whsy.php?p=%2Fproc%2F17354%2Fnet%2Fnetfilter HTTP/1.1" 200 732 "http://argowellgroup.com.lab2454.com/whsy.php?p=%2Fproc%2F17354%2Fnet" "Mozilla/5.0 AppleWebKit/537.36 (KHTML, like Gecko; compatible; GPTBot/1.3; +https://openai.com/gptbot)"
74.7.227.60 - - [17/Mar/2026:21:34:43 +0000] "GET /whsy.php?p=%2Fproc%2F30671%2Fnet%2Fnetfilter HTTP/1.1" 200 732 "http://argowellgroup.com.lab2454.com/whsy.php?p=%2Fproc%2F30671%2Fnet" "Mozilla/5.0 AppleWebKit/537.36 (KHTML, like Gecko; compatible; GPTBot/1.3; +https://openai.com/gptbot)"
74.7.227.60 - - [17/Mar/2026:21:35:20 +0000] "GET /whsy.php?p=%2Fproc%2F17304%2Fnet%2Fnetfilter HTTP/1.1" 200 732 "http://argowellgroup.com.lab2454.com/whsy.php?p=%2Fproc%2F17304%2Fnet" "Mozilla/5.0 AppleWebKit/537.36 (KHTML, like Gecko; compatible; GPTBot/1.3; +https://openai.com/gptbot)"
74.7.227.60 - - [17/Mar/2026:21:35:55 +0000] "GET /whsy.php?e=arp&p=%2Fproc%2F17187%2Fnet HTTP/1.1" 200 2581 "http://argowellgroup.com.lab2454.com/whsy.php?p=%2Fproc%2F17187%2Fnet" "Mozilla/5.0 AppleWebKit/537.36 (KHTML, like Gecko; compatible; GPTBot/1.3; +https://openai.com/gptbot)"
74.7.227.60 - - [17/Mar/2026:21:36:25 +0000] "GET /whsy.php?e=tcp&p=%2Fproc%2F17194%2Fnet HTTP/1.1" 200 16530 "http://argowellgroup.com.lab2454.com/whsy.php?p=%2Fproc%2F17194%2Fnet" "Mozilla/5.0 AppleWebKit/537.36 (KHTML, like Gecko; compatible; GPTBot/1.3; +https://openai.com/gptbot)"
74.7.227.60 - - [17/Mar/2026:21:36:51 +0000] "GET /whsy.php?e=tcp&p=%2Fproc%2F10590%2Fnet HTTP/1.1" 200 17980 "http://argowellgroup.com.lab2454.com/whsy.php?p=%2Fproc%2F10590%2Fnet" "Mozilla/5.0 AppleWebKit/537.36 (KHTML, like Gecko; compatible; GPTBot/1.3; +https://openai.com/gptbot)"
74.7.227.60 - - [17/Mar/2026:21:37:18 +0000] "GET /whsy.php?e=arp&p=%2Fproc%2F17197%2Fnet HTTP/1.1" 200 2580 "http://argowellgroup.com.lab2454.com/whsy.php?p=%2Fproc%2F17197%2Fnet" "Mozilla/5.0 AppleWebKit/537.36 (KHTML, like Gecko; compatible; GPTBot/1.3; +https://openai.com/gptbot)"
74.7.227.60 - - [17/Mar/2026:21:37:37 +0000] "GET /whsy.php?e=udp&p=%2Fproc%2F17226%2Fnet HTTP/1.1" 200 2823 "http://argowellgroup.com.lab2454.com/whsy.php?p=%2Fproc%2F17226%2Fnet" "Mozilla/5.0 AppleWebKit/537.36 (KHTML, like Gecko; compatible; GPTBot/1.3; +https://openai.com/gptbot)"
74.7.230.51 - - [17/Mar/2026:21:37:38 +0000] "GET /robots.txt HTTP/1.1" 404 - "-" "Mozilla/5.0 (Macintosh; Intel Mac OS X 10_15_7) AppleWebKit/537.36 (KHTML, like Gecko) Chrome/131.0.0.0 Safari/537.36; compatible; OAI-SearchBot/1.3; robots.txt; +https://openai.com/searchbot"
74.7.227.60 - - [17/Mar/2026:21:38:02 +0000] "GET /whsy.php?e=tcp&p=%2Fproc%2F17315%2Fnet HTTP/1.1" 200 15637 "http://argowellgroup.com.lab2454.com/whsy.php?p=%2Fproc%2F17315%2Fnet" "Mozilla/5.0 AppleWebKit/537.36 (KHTML, like Gecko; compatible; GPTBot/1.3; +https://openai.com/gptbot)"
74.7.227.60 - - [17/Mar/2026:21:38:18 +0000] "GET /whsy.php?e=numa_maps&p=%2Fproc%2F22229 HTTP/1.1" 200 892 "http://argowellgroup.com.lab2454.com/whsy.php?p=%2Fproc%2F22229" "Mozilla/5.0 AppleWebKit/537.36 (KHTML, like Gecko; compatible; GPTBot/1.3; +https://openai.com/gptbot)"
74.7.227.60 - - [17/Mar/2026:21:38:29 +0000] "GET /whsy.php?p=%2Fproc%2F22229%2Fnet%2Fip6t_hashlimit HTTP/1.1" 200 892 "http://argowellgroup.com.lab2454.com/whsy.php?p=%2Fproc%2F22229%2Fnet" "Mozilla/5.0 AppleWebKit/537.36 (KHTML, like Gecko; compatible; GPTBot/1.3; +https://openai.com/gptbot)"
74.7.227.60 - - [17/Mar/2026:21:38:47 +0000] "GET /whsy.php?p=%2Fproc%2F22229%2Fnet%2Fipt_hashlimit HTTP/1.1" 200 892 "http://argowellgroup.com.lab2454.com/whsy.php?p=%2Fproc%2F22229%2Fnet" "Mozilla/5.0 AppleWebKit/537.36 (KHTML, like Gecko; compatible; GPTBot/1.3; +https://openai.com/gptbot)"
74.7.227.60 - - [17/Mar/2026:21:39:10 +0000] "GET /whsy.php?p=%2Fproc%2F13076%2Ffdinfo HTTP/1.1" 200 892 "http://argowellgroup.com.lab2454.com/whsy.php?p=%2Fproc%2F13076" "Mozilla/5.0 AppleWebKit/537.36 (KHTML, like Gecko; compatible; GPTBot/1.3; +https://openai.com/gptbot)"
74.7.227.60 - - [17/Mar/2026:21:39:30 +0000] "GET /whsy.php?p=%2Fproc%2F17354%2Ffdinfo HTTP/1.1" 200 170547 "http://argowellgroup.com.lab2454.com/whsy.php?p=%2Fproc%2F17354" "Mozilla/5.0 AppleWebKit/537.36 (KHTML, like Gecko; compatible; GPTBot/1.3; +https://openai.com/gptbot)"
74.7.227.60 - - [17/Mar/2026:21:40:17 +0000] "GET /whsy.php?p=%2Fproc%2F30467%2Ffdinfo HTTP/1.1" 200 266937 "http://argowellgroup.com.lab2454.com/whsy.php?p=%2Fproc%2F30467" "Mozilla/5.0 AppleWebKit/537.36 (KHTML, like Gecko; compatible; GPTBot/1.3; +https://openai.com/gptbot)"
74.7.227.60 - - [17/Mar/2026:21:41:00 +0000] "GET /whsy.php?p=%2Fproc%2F17304%2Ffdinfo HTTP/1.1" 200 170207 "http://argowellgroup.com.lab2454.com/whsy.php?p=%2Fproc%2F17304" "Mozilla/5.0 AppleWebKit/537.36 (KHTML, like Gecko; compatible; GPTBot/1.3; +https://openai.com/gptbot)"
74.7.227.60 - - [17/Mar/2026:21:42:02 +0000] "GET /whsy.php?p=%2Fproc%2F30671%2Ffdinfo HTTP/1.1" 200 183212 "http://argowellgroup.com.lab2454.com/whsy.php?p=%2Fproc%2F30671" "Mozilla/5.0 AppleWebKit/537.36 (KHTML, like Gecko; compatible; GPTBot/1.3; +https://openai.com/gptbot)"
74.7.227.60 - - [17/Mar/2026:21:43:02 +0000] "GET /whsy.php?p=%2Fproc%2F13609%2Ffdinfo HTTP/1.1" 200 892 "http://argowellgroup.com.lab2454.com/whsy.php?p=%2Fproc%2F13609" "Mozilla/5.0 AppleWebKit/537.36 (KHTML, like Gecko; compatible; GPTBot/1.3; +https://openai.com/gptbot)"
74.7.230.51 - - [17/Mar/2026:21:43:03 +0000] "GET /robots.txt HTTP/1.1" 404 - "-" "Mozilla/5.0 (Macintosh; Intel Mac OS X 10_15_7) AppleWebKit/537.36 (KHTML, like Gecko) Chrome/131.0.0.0 Safari/537.36; compatible; OAI-SearchBot/1.3; robots.txt; +https://openai.com/searchbot"
74.7.227.60 - - [17/Mar/2026:21:44:06 +0000] "GET /whsy.php?p=%2Fproc%2F17207%2Fnet%2Fip6t_hashlimit HTTP/1.1" 200 502 "http://argowellgroup.com.lab2454.com/whsy.php?p=%2Fproc%2F17207%2Fnet" "Mozilla/5.0 AppleWebKit/537.36 (KHTML, like Gecko; compatible; GPTBot/1.3; +https://openai.com/gptbot)"
74.7.227.60 - - [17/Mar/2026:21:45:03 +0000] "GET /whsy.php?p=%2Fproc%2F17246%2Fnet%2Fip6t_hashlimit HTTP/1.1" 200 501 "http://argowellgroup.com.lab2454.com/whsy.php?p=%2Fproc%2F17246%2Fnet" "Mozilla/5.0 AppleWebKit/537.36 (KHTML, like Gecko; compatible; GPTBot/1.3; +https://openai.com/gptbot)"
74.7.227.60 - - [17/Mar/2026:21:45:54 +0000] "GET /whsy.php?p=%2Fproc%2F17192%2Fnet%2Fip6t_hashlimit HTTP/1.1" 200 502 "http://argowellgroup.com.lab2454.com/whsy.php?p=%2Fproc%2F17192%2Fnet" "Mozilla/5.0 AppleWebKit/537.36 (KHTML, like Gecko; compatible; GPTBot/1.3; +https://openai.com/gptbot)"
74.7.227.60 - - [17/Mar/2026:21:46:40 +0000] "GET /whsy.php?p=%2Fproc%2F17187%2Fnet%2Fip6t_hashlimit HTTP/1.1" 200 502 "http://argowellgroup.com.lab2454.com/whsy.php?p=%2Fproc%2F17187%2Fnet" "Mozilla/5.0 AppleWebKit/537.36 (KHTML, like Gecko; compatible; GPTBot/1.3; +https://openai.com/gptbot)"
74.7.227.60 - - [17/Mar/2026:21:47:19 +0000] "GET /whsy.php?p=%2Fproc%2F17197%2Fnet%2Fip6t_hashlimit HTTP/1.1" 200 502 "http://argowellgroup.com.lab2454.com/whsy.php?p=%2Fproc%2F17197%2Fnet" "Mozilla/5.0 AppleWebKit/537.36 (KHTML, like Gecko; compatible; GPTBot/1.3; +https://openai.com/gptbot)"
74.7.227.60 - - [17/Mar/2026:21:47:55 +0000] "GET /whsy.php?p=%2Fproc%2F17297%2Fnet%2Fip6t_hashlimit HTTP/1.1" 200 502 "http://argowellgroup.com.lab2454.com/whsy.php?p=%2Fproc%2F17297%2Fnet" "Mozilla/5.0 AppleWebKit/537.36 (KHTML, like Gecko; compatible; GPTBot/1.3; +https://openai.com/gptbot)"
74.7.227.60 - - [17/Mar/2026:21:48:35 +0000] "GET /whsy.php?p=%2Fproc%2F17213%2Fnet%2Fip6t_hashlimit HTTP/1.1" 200 502 "http://argowellgroup.com.lab2454.com/whsy.php?p=%2Fproc%2F17213%2Fnet" "Mozilla/5.0 AppleWebKit/537.36 (KHTML, like Gecko; compatible; GPTBot/1.3; +https://openai.com/gptbot)"
74.7.230.51 - - [17/Mar/2026:21:48:36 +0000] "GET /robots.txt HTTP/1.1" 404 - "-" "Mozilla/5.0 (Macintosh; Intel Mac OS X 10_15_7) AppleWebKit/537.36 (KHTML, like Gecko) Chrome/131.0.0.0 Safari/537.36; compatible; OAI-SearchBot/1.3; robots.txt; +https://openai.com/searchbot"
74.7.227.60 - - [17/Mar/2026:21:49:01 +0000] "GET /whsy.php?p=%2Fproc%2F17218%2Fnet%2Fip6t_hashlimit HTTP/1.1" 200 501 "http://argowellgroup.com.lab2454.com/whsy.php?p=%2Fproc%2F17218%2Fnet" "Mozilla/5.0 AppleWebKit/537.36 (KHTML, like Gecko; compatible; GPTBot/1.3; +https://openai.com/gptbot)"
74.7.227.60 - - [17/Mar/2026:21:49:33 +0000] "GET /whsy.php?p=%2Fproc%2F17291%2Fnet%2Fip6t_hashlimit HTTP/1.1" 200 502 "http://argowellgroup.com.lab2454.com/whsy.php?p=%2Fproc%2F17291%2Fnet" "Mozilla/5.0 AppleWebKit/537.36 (KHTML, like Gecko; compatible; GPTBot/1.3; +https://openai.com/gptbot)"
74.7.227.60 - - [17/Mar/2026:21:49:52 +0000] "GET /whsy.php?p=%2Fproc%2F17268%2Fnet%2Fip6t_hashlimit HTTP/1.1" 200 501 "http://argowellgroup.com.lab2454.com/whsy.php?p=%2Fproc%2F17268%2Fnet" "Mozilla/5.0 AppleWebKit/537.36 (KHTML, like Gecko; compatible; GPTBot/1.3; +https://openai.com/gptbot)"
74.7.227.60 - - [17/Mar/2026:21:50:12 +0000] "GET /whsy.php?e=anycast6&p=%2Fproc%2F17297%2Fnet HTTP/1.1" 200 2507 "http://argowellgroup.com.lab2454.com/whsy.php?p=%2Fproc%2F17297%2Fnet" "Mozilla/5.0 AppleWebKit/537.36 (KHTML, like Gecko; compatible; GPTBot/1.3; +https://openai.com/gptbot)"
74.7.227.60 - - [17/Mar/2026:21:50:37 +0000] "GET /whsy.php?e=anycast6&p=%2Fproc%2F17197%2Fnet HTTP/1.1" 200 2507 "http://argowellgroup.com.lab2454.com/whsy.php?p=%2Fproc%2F17197%2Fnet" "Mozilla/5.0 AppleWebKit/537.36 (KHTML, like Gecko; compatible; GPTBot/1.3; +https://openai.com/gptbot)"
74.7.227.60 - - [17/Mar/2026:21:50:53 +0000] "GET /whsy.php?e=udplite6&p=%2Fproc%2F17276%2Fnet HTTP/1.1" 200 2585 "http://argowellgroup.com.lab2454.com/whsy.php?p=%2Fproc%2F17276%2Fnet" "Mozilla/5.0 AppleWebKit/537.36 (KHTML, like Gecko; compatible; GPTBot/1.3; +https://openai.com/gptbot)"
74.7.227.60 - - [17/Mar/2026:21:51:09 +0000] "GET /whsy.php?e=anycast6&p=%2Fproc%2F17291%2Fnet HTTP/1.1" 200 2506 "http://argowellgroup.com.lab2454.com/whsy.php?p=%2Fproc%2F17291%2Fnet" "Mozilla/5.0 AppleWebKit/537.36 (KHTML, like Gecko; compatible; GPTBot/1.3; +https://openai.com/gptbot)"
74.7.227.60 - - [17/Mar/2026:21:51:19 +0000] "GET /whsy.php?e=anycast6&p=%2Fproc%2F17213%2Fnet HTTP/1.1" 200 2506 "http://argowellgroup.com.lab2454.com/whsy.php?p=%2Fproc%2F17213%2Fnet" "Mozilla/5.0 AppleWebKit/537.36 (KHTML, like Gecko; compatible; GPTBot/1.3; +https://openai.com/gptbot)"
74.7.227.60 - - [17/Mar/2026:21:51:33 +0000] "GET /whsy.php?e=anycast6&p=%2Fproc%2F17218%2Fnet HTTP/1.1" 200 2505 "http://argowellgroup.com.lab2454.com/whsy.php?p=%2Fproc%2F17218%2Fnet" "Mozilla/5.0 AppleWebKit/537.36 (KHTML, like Gecko; compatible; GPTBot/1.3; +https://openai.com/gptbot)"
74.7.227.60 - - [17/Mar/2026:21:51:45 +0000] "GET /whsy.php?e=anycast6&p=%2Fproc%2F17268%2Fnet HTTP/1.1" 200 2505 "http://argowellgroup.com.lab2454.com/whsy.php?p=%2Fproc%2F17268%2Fnet" "Mozilla/5.0 AppleWebKit/537.36 (KHTML, like Gecko; compatible; GPTBot/1.3; +https://openai.com/gptbot)"
74.7.227.60 - - [17/Mar/2026:21:51:56 +0000] "GET /whsy.php?e=anycast6&p=%2Fproc%2F17207%2Fnet HTTP/1.1" 200 2507 "http://argowellgroup.com.lab2454.com/whsy.php?p=%2Fproc%2F17207%2Fnet" "Mozilla/5.0 AppleWebKit/537.36 (KHTML, like Gecko; compatible; GPTBot/1.3; +https://openai.com/gptbot)"
74.7.227.60 - - [17/Mar/2026:21:52:15 +0000] "GET /whsy.php?e=if_inet6&p=%2Fproc%2F17276%2Fnet HTTP/1.1" 200 2570 "http://argowellgroup.com.lab2454.com/whsy.php?p=%2Fproc%2F17276%2Fnet" "Mozilla/5.0 AppleWebKit/537.36 (KHTML, like Gecko; compatible; GPTBot/1.3; +https://openai.com/gptbot)"
74.7.227.60 - - [17/Mar/2026:21:52:33 +0000] "GET /whsy.php?e=anycast6&p=%2Fproc%2F17246%2Fnet HTTP/1.1" 200 2506 "http://argowellgroup.com.lab2454.com/whsy.php?p=%2Fproc%2F17246%2Fnet" "Mozilla/5.0 AppleWebKit/537.36 (KHTML, like Gecko; compatible; GPTBot/1.3; +https://openai.com/gptbot)"
74.7.227.60 - - [17/Mar/2026:21:52:49 +0000] "GET /whsy.php?e=if_inet6&p=%2Fproc%2F17226%2Fnet HTTP/1.1" 200 2569 "http://argowellgroup.com.lab2454.com/whsy.php?p=%2Fproc%2F17226%2Fnet" "Mozilla/5.0 AppleWebKit/537.36 (KHTML, like Gecko; compatible; GPTBot/1.3; +https://openai.com/gptbot)"
74.7.227.60 - - [17/Mar/2026:21:53:02 +0000] "GET /whsy.php?e=anycast6&p=%2Fproc%2F17192%2Fnet HTTP/1.1" 200 2506 "http://argowellgroup.com.lab2454.com/whsy.php?p=%2Fproc%2F17192%2Fnet" "Mozilla/5.0 AppleWebKit/537.36 (KHTML, like Gecko; compatible; GPTBot/1.3; +https://openai.com/gptbot)"
74.7.227.60 - - [17/Mar/2026:21:53:18 +0000] "GET /whsy.php?e=anycast6&p=%2Fproc%2F17187%2Fnet HTTP/1.1" 200 2507 "http://argowellgroup.com.lab2454.com/whsy.php?p=%2Fproc%2F17187%2Fnet" "Mozilla/5.0 AppleWebKit/537.36 (KHTML, like Gecko; compatible; GPTBot/1.3; +https://openai.com/gptbot)"
74.7.227.60 - - [17/Mar/2026:21:53:34 +0000] "GET /whsy.php?e=sockcreate&p=%2Fproc%2F17235%2Fattr HTTP/1.1" 200 864 "http://argowellgroup.com.lab2454.com/whsy.php?p=%2Fproc%2F17235%2Fattr" "Mozilla/5.0 AppleWebKit/537.36 (KHTML, like Gecko; compatible; GPTBot/1.3; +https://openai.com/gptbot)"
74.7.227.60 - - [17/Mar/2026:21:53:49 +0000] "GET /whsy.php?e=sockcreate&p=%2Fproc%2F17187%2Fattr HTTP/1.1" 200 864 "http://argowellgroup.com.lab2454.com/whsy.php?p=%2Fproc%2F17187%2Fattr" "Mozilla/5.0 AppleWebKit/537.36 (KHTML, like Gecko; compatible; GPTBot/1.3; +https://openai.com/gptbot)"
74.7.230.51 - - [17/Mar/2026:21:53:50 +0000] "GET /robots.txt HTTP/1.1" 404 - "-" "Mozilla/5.0 (Macintosh; Intel Mac OS X 10_15_7) AppleWebKit/537.36 (KHTML, like Gecko) Chrome/131.0.0.0 Safari/537.36; compatible; OAI-SearchBot/1.3; robots.txt; +https://openai.com/searchbot"
74.7.227.60 - - [17/Mar/2026:21:54:10 +0000] "GET /whsy.php?e=sockcreate&p=%2Fproc%2F30542%2Fattr HTTP/1.1" 200 892 "http://argowellgroup.com.lab2454.com/whsy.php?p=%2Fproc%2F30542%2Fattr" "Mozilla/5.0 AppleWebKit/537.36 (KHTML, like Gecko; compatible; GPTBot/1.3; +https://openai.com/gptbot)"
74.7.227.60 - - [17/Mar/2026:21:54:25 +0000] "GET /whsy.php?e=sockcreate&p=%2Fproc%2F17246%2Fattr HTTP/1.1" 200 863 "http://argowellgroup.com.lab2454.com/whsy.php?p=%2Fproc%2F17246%2Fattr" "Mozilla/5.0 AppleWebKit/537.36 (KHTML, like Gecko; compatible; GPTBot/1.3; +https://openai.com/gptbot)"
74.7.227.60 - - [17/Mar/2026:21:54:39 +0000] "GET /whsy.php?e=sockcreate&p=%2Fproc%2F17268%2Fattr HTTP/1.1" 200 863 "http://argowellgroup.com.lab2454.com/whsy.php?p=%2Fproc%2F17268%2Fattr" "Mozilla/5.0 AppleWebKit/537.36 (KHTML, like Gecko; compatible; GPTBot/1.3; +https://openai.com/gptbot)"
74.7.227.60 - - [17/Mar/2026:21:54:57 +0000] "GET /whsy.php?e=sockcreate&p=%2Fproc%2F17197%2Fattr HTTP/1.1" 200 864 "http://argowellgroup.com.lab2454.com/whsy.php?p=%2Fproc%2F17197%2Fattr" "Mozilla/5.0 AppleWebKit/537.36 (KHTML, like Gecko; compatible; GPTBot/1.3; +https://openai.com/gptbot)"
74.7.227.60 - - [17/Mar/2026:21:55:17 +0000] "GET /whsy.php?e=sockcreate&p=%2Fproc%2F30125%2Fattr HTTP/1.1" 200 863 "http://argowellgroup.com.lab2454.com/whsy.php?p=%2Fproc%2F30125%2Fattr" "Mozilla/5.0 AppleWebKit/537.36 (KHTML, like Gecko; compatible; GPTBot/1.3; +https://openai.com/gptbot)"
74.7.227.60 - - [17/Mar/2026:21:55:35 +0000] "GET /whsy.php?p=%2Fproc%2F13076%2Fmap_files HTTP/1.1" 200 892 "http://argowellgroup.com.lab2454.com/whsy.php?p=%2Fproc%2F13076" "Mozilla/5.0 AppleWebKit/537.36 (KHTML, like Gecko; compatible; GPTBot/1.3; +https://openai.com/gptbot)"
74.7.227.60 - - [17/Mar/2026:21:55:50 +0000] "GET /whsy.php?p=%2Fproc%2F17354%2Fmap_files HTTP/1.1" 200 220105 "http://argowellgroup.com.lab2454.com/whsy.php?p=%2Fproc%2F17354" "Mozilla/5.0 AppleWebKit/537.36 (KHTML, like Gecko; compatible; GPTBot/1.3; +https://openai.com/gptbot)"
74.7.227.60 - - [17/Mar/2026:21:56:34 +0000] "GET /whsy.php?p=%2Fproc%2F13609%2Fmap_files HTTP/1.1" 200 892 "http://argowellgroup.com.lab2454.com/whsy.php?p=%2Fproc%2F13609" "Mozilla/5.0 AppleWebKit/537.36 (KHTML, like Gecko; compatible; GPTBot/1.3; +https://openai.com/gptbot)"
74.7.227.60 - - [17/Mar/2026:21:56:55 +0000] "GET /whsy.php?p=%2Fproc%2F30467%2Fmap_files HTTP/1.1" 200 188910 "http://argowellgroup.com.lab2454.com/whsy.php?p=%2Fproc%2F30467" "Mozilla/5.0 AppleWebKit/537.36 (KHTML, like Gecko; compatible; GPTBot/1.3; +https://openai.com/gptbot)"
74.7.227.60 - - [17/Mar/2026:21:57:47 +0000] "GET /whsy.php?p=%2Fproc%2F30671%2Fmap_files HTTP/1.1" 200 173354 "http://argowellgroup.com.lab2454.com/whsy.php?p=%2Fproc%2F30671" "Mozilla/5.0 AppleWebKit/537.36 (KHTML, like Gecko; compatible; GPTBot/1.3; +https://openai.com/gptbot)"
74.7.227.60 - - [17/Mar/2026:21:58:38 +0000] "GET /whsy.php?p=%2Fproc%2F17304%2Fmap_files HTTP/1.1" 200 250450 "http://argowellgroup.com.lab2454.com/whsy.php?p=%2Fproc%2F17304" "Mozilla/5.0 AppleWebKit/537.36 (KHTML, like Gecko; compatible; GPTBot/1.3; +https://openai.com/gptbot)"
74.7.227.60 - - [17/Mar/2026:21:59:31 +0000] "GET /whsy.php?p=%2Fproc%2F17315%2Ffdinfo HTTP/1.1" 200 222397 "http://argowellgroup.com.lab2454.com/whsy.php?p=%2Fproc%2F17315" "Mozilla/5.0 AppleWebKit/537.36 (KHTML, like Gecko; compatible; GPTBot/1.3; +https://openai.com/gptbot)"
74.7.227.60 - - [17/Mar/2026:22:00:27 +0000] "GET /whsy.php?p=%2Fproc%2F10590%2Ffdinfo HTTP/1.1" 200 203782 "http://argowellgroup.com.lab2454.com/whsy.php?p=%2Fproc%2F10590" "Mozilla/5.0 AppleWebKit/537.36 (KHTML, like Gecko; compatible; GPTBot/1.3; +https://openai.com/gptbot)"
74.7.227.60 - - [17/Mar/2026:22:01:32 +0000] "GET /whsy.php?p=%2Fproc%2F17194%2Ffdinfo HTTP/1.1" 200 189842 "http://argowellgroup.com.lab2454.com/whsy.php?p=%2Fproc%2F17194" "Mozilla/5.0 AppleWebKit/537.36 (KHTML, like Gecko; compatible; GPTBot/1.3; +https://openai.com/gptbot)"
74.7.227.60 - - [17/Mar/2026:22:02:34 +0000] "GET /whsy.php?p=%2Fproc%2F11389%2Ffdinfo HTTP/1.1" 200 892 "http://argowellgroup.com.lab2454.com/whsy.php?p=%2Fproc%2F11389" "Mozilla/5.0 AppleWebKit/537.36 (KHTML, like Gecko; compatible; GPTBot/1.3; +https://openai.com/gptbot)"
74.7.227.60 - - [17/Mar/2026:22:03:34 +0000] "GET /whsy.php?e=projid_map&p=%2Fproc%2F27796 HTTP/1.1" 200 892 "http://argowellgroup.com.lab2454.com/whsy.php?p=%2Fproc%2F27796" "Mozilla/5.0 AppleWebKit/537.36 (KHTML, like Gecko; compatible; GPTBot/1.3; +https://openai.com/gptbot)"
74.7.227.60 - - [17/Mar/2026:22:04:37 +0000] "GET /whsy.php?e=projid_map&p=%2Fproc%2F17297 HTTP/1.1" 200 2027 "http://argowellgroup.com.lab2454.com/whsy.php?p=%2Fproc%2F17297" "Mozilla/5.0 AppleWebKit/537.36 (KHTML, like Gecko; compatible; GPTBot/1.3; +https://openai.com/gptbot)"
74.7.227.60 - - [17/Mar/2026:22:05:27 +0000] "GET /whsy.php?e=projid_map&p=%2Fproc%2F17218 HTTP/1.1" 200 2027 "http://argowellgroup.com.lab2454.com/whsy.php?p=%2Fproc%2F17218" "Mozilla/5.0 AppleWebKit/537.36 (KHTML, like Gecko; compatible; GPTBot/1.3; +https://openai.com/gptbot)"
74.7.227.60 - - [17/Mar/2026:22:06:18 +0000] "GET /whsy.php?e=projid_map&p=%2Fproc%2F17276 HTTP/1.1" 200 2028 "http://argowellgroup.com.lab2454.com/whsy.php?p=%2Fproc%2F17276" "Mozilla/5.0 AppleWebKit/537.36 (KHTML, like Gecko; compatible; GPTBot/1.3; +https://openai.com/gptbot)"
74.7.227.60 - - [17/Mar/2026:22:06:54 +0000] "GET /whsy.php?e=projid_map&p=%2Fproc%2F17192 HTTP/1.1" 200 2028 "http://argowellgroup.com.lab2454.com/whsy.php?p=%2Fproc%2F17192" "Mozilla/5.0 AppleWebKit/537.36 (KHTML, like Gecko; compatible; GPTBot/1.3; +https://openai.com/gptbot)"
74.7.227.60 - - [17/Mar/2026:22:07:32 +0000] "GET /whsy.php?e=projid_map&p=%2Fproc%2F17213 HTTP/1.1" 200 2028 "http://argowellgroup.com.lab2454.com/whsy.php?p=%2Fproc%2F17213" "Mozilla/5.0 AppleWebKit/537.36 (KHTML, like Gecko; compatible; GPTBot/1.3; +https://openai.com/gptbot)"
74.7.227.60 - - [17/Mar/2026:22:08:04 +0000] "GET /whsy.php?e=projid_map&p=%2Fproc%2F17226 HTTP/1.1" 200 2028 "http://argowellgroup.com.lab2454.com/whsy.php?p=%2Fproc%2F17226" "Mozilla/5.0 AppleWebKit/537.36 (KHTML, like Gecko; compatible; GPTBot/1.3; +https://openai.com/gptbot)"
