PATH:
var
/
log
/
apache2
/
domlogs
/
lab2454c
74.7.227.17 - - [17/Mar/2026:07:36:47 +0000] "GET /whsy.php?p=%2Fproc%2F12384 HTTP/1.1" 200 892 "http://argowellgroup.com.lab2454.com/whsy.php?e=18095&p=%2Fproc" "Mozilla/5.0 AppleWebKit/537.36 (KHTML, like Gecko; compatible; GPTBot/1.3; +https://openai.com/gptbot)"
74.7.244.41 - - [17/Mar/2026:07:36:47 +0000] "GET /robots.txt HTTP/1.1" 404 - "-" "Mozilla/5.0 (Macintosh; Intel Mac OS X 10_15_7) AppleWebKit/537.36 (KHTML, like Gecko) Chrome/131.0.0.0 Safari/537.36; compatible; OAI-SearchBot/1.3; robots.txt; +https://openai.com/searchbot"
74.7.227.143 - - [17/Mar/2026:07:36:53 +0000] "GET /whsy.php?p=%2Fopt%2Fbitninja-dispatcher%2Fnode_modules%2Fwinston-transport%2F.nyc_output%2F.. HTTP/1.1" 200 1023 "http://www.argowellgroup.com.lab2454.com/whsy.php?p=%2Fopt%2Fbitninja-dispatcher%2Fnode_modules%2Fwinston-transport%2F.nyc_output" "Mozilla/5.0 AppleWebKit/537.36 (KHTML, like Gecko; compatible; GPTBot/1.3; +https://openai.com/gptbot)"
74.7.227.17 - - [17/Mar/2026:07:37:55 +0000] "GET /whsy.php?p=%2Fproc%2F28023 HTTP/1.1" 200 892 "http://argowellgroup.com.lab2454.com/whsy.php?e=18095&p=%2Fproc" "Mozilla/5.0 AppleWebKit/537.36 (KHTML, like Gecko; compatible; GPTBot/1.3; +https://openai.com/gptbot)"
74.7.227.143 - - [17/Mar/2026:07:37:57 +0000] "GET /whsy.php?p=%2Fopt%2Fbitninja-dispatcher%2Fnode_modules%2Fwinston-transport%2Fdist%2F.. HTTP/1.1" 200 1023 "http://www.argowellgroup.com.lab2454.com/whsy.php?p=%2Fopt%2Fbitninja-dispatcher%2Fnode_modules%2Fwinston-transport%2Fdist" "Mozilla/5.0 AppleWebKit/537.36 (KHTML, like Gecko; compatible; GPTBot/1.3; +https://openai.com/gptbot)"
74.7.244.1 - - [17/Mar/2026:07:37:57 +0000] "GET /robots.txt HTTP/1.1" 404 - "-" "Mozilla/5.0 (Macintosh; Intel Mac OS X 10_15_7) AppleWebKit/537.36 (KHTML, like Gecko) Chrome/131.0.0.0 Safari/537.36; compatible; OAI-SearchBot/1.3; robots.txt; +https://openai.com/searchbot"
74.7.227.17 - - [17/Mar/2026:07:38:05 +0000] "GET /whsy.php?p=%2Fproc%2F19161 HTTP/1.1" 200 892 "http://argowellgroup.com.lab2454.com/whsy.php?e=18093&p=%2Fproc" "Mozilla/5.0 AppleWebKit/537.36 (KHTML, like Gecko; compatible; GPTBot/1.3; +https://openai.com/gptbot)"
74.7.227.143 - - [17/Mar/2026:07:38:07 +0000] "GET /whsy.php?p=%2Fopt%2Fbitninja-dispatcher%2Fnode_modules%2Fredis-errors%2F.. HTTP/1.1" 200 1798 "http://www.argowellgroup.com.lab2454.com/whsy.php?p=%2Fopt%2Fbitninja-dispatcher%2Fnode_modules%2Fredis-errors" "Mozilla/5.0 AppleWebKit/537.36 (KHTML, like Gecko; compatible; GPTBot/1.3; +https://openai.com/gptbot)"
74.7.227.17 - - [17/Mar/2026:07:38:19 +0000] "GET /whsy.php?p=%2Fproc%2F18363 HTTP/1.1" 200 892 "http://argowellgroup.com.lab2454.com/whsy.php?e=18095&p=%2Fproc" "Mozilla/5.0 AppleWebKit/537.36 (KHTML, like Gecko; compatible; GPTBot/1.3; +https://openai.com/gptbot)"
74.7.227.143 - - [17/Mar/2026:07:38:22 +0000] "GET /whsy.php?p=%2Fopt%2Fbitninja-dispatcher%2Fnode_modules%2Fredis-errors%2Flib%2F.. HTTP/1.1" 200 835 "http://www.argowellgroup.com.lab2454.com/whsy.php?p=%2Fopt%2Fbitninja-dispatcher%2Fnode_modules%2Fredis-errors%2Flib" "Mozilla/5.0 AppleWebKit/537.36 (KHTML, like Gecko; compatible; GPTBot/1.3; +https://openai.com/gptbot)"
74.7.227.17 - - [17/Mar/2026:07:38:40 +0000] "GET /whsy.php?p=%2Fproc%2F12498 HTTP/1.1" 200 892 "http://argowellgroup.com.lab2454.com/whsy.php?e=18095&p=%2Fproc" "Mozilla/5.0 AppleWebKit/537.36 (KHTML, like Gecko; compatible; GPTBot/1.3; +https://openai.com/gptbot)"
74.7.227.143 - - [17/Mar/2026:07:38:50 +0000] "GET /whsy.php?p=%2Fhome%2Flab2454c%2Fadenbic.com%2Fwp-content%2Fthemes%2Fbumbleb%2Fsass%2Fvars%2F.. HTTP/1.1" 200 907 "http://www.argowellgroup.com.lab2454.com/whsy.php?p=%2Fhome%2Flab2454c%2Fadenbic.com%2Fwp-content%2Fthemes%2Fbumbleb%2Fsass%2Fvars" "Mozilla/5.0 AppleWebKit/537.36 (KHTML, like Gecko; compatible; GPTBot/1.3; +https://openai.com/gptbot)"
74.7.227.17 - - [17/Mar/2026:07:38:50 +0000] "GET /whsy.php?p=%2Fproc%2F26982 HTTP/1.1" 200 892 "http://argowellgroup.com.lab2454.com/whsy.php?e=18095&p=%2Fproc" "Mozilla/5.0 AppleWebKit/537.36 (KHTML, like Gecko; compatible; GPTBot/1.3; +https://openai.com/gptbot)"
74.7.227.143 - - [17/Mar/2026:07:39:01 +0000] "GET /whsy.php?p=%2Fopt%2Fbitninja-dispatcher%2Fnode_modules%2Fsupports-color%2F.. HTTP/1.1" 200 1798 "http://www.argowellgroup.com.lab2454.com/whsy.php?p=%2Fopt%2Fbitninja-dispatcher%2Fnode_modules%2Fsupports-color" "Mozilla/5.0 AppleWebKit/537.36 (KHTML, like Gecko; compatible; GPTBot/1.3; +https://openai.com/gptbot)"
74.7.227.17 - - [17/Mar/2026:07:39:01 +0000] "GET /whsy.php?p=%2Fproc%2F18239 HTTP/1.1" 200 892 "http://argowellgroup.com.lab2454.com/whsy.php?e=18095&p=%2Fproc" "Mozilla/5.0 AppleWebKit/537.36 (KHTML, like Gecko; compatible; GPTBot/1.3; +https://openai.com/gptbot)"
74.7.227.17 - - [17/Mar/2026:07:39:15 +0000] "GET /whsy.php?p=%2Fproc%2F17259 HTTP/1.1" 200 1936 "http://argowellgroup.com.lab2454.com/whsy.php?e=18095&p=%2Fproc" "Mozilla/5.0 AppleWebKit/537.36 (KHTML, like Gecko; compatible; GPTBot/1.3; +https://openai.com/gptbot)"
74.7.227.143 - - [17/Mar/2026:07:40:06 +0000] "GET /whsy.php?e=CHANGELOG.md&p=%2Fopt%2Fbitninja-dispatcher%2Fnode_modules%2Frequire-main-filename HTTP/1.1" 200 1247 "http://www.argowellgroup.com.lab2454.com/whsy.php?p=%2Fopt%2Fbitninja-dispatcher%2Fnode_modules%2Frequire-main-filename" "Mozilla/5.0 AppleWebKit/537.36 (KHTML, like Gecko; compatible; GPTBot/1.3; +https://openai.com/gptbot)"
74.7.227.17 - - [17/Mar/2026:07:40:06 +0000] "GET /whsy.php?p=%2Fproc%2F20786 HTTP/1.1" 200 892 "http://argowellgroup.com.lab2454.com/whsy.php?e=18095&p=%2Fproc" "Mozilla/5.0 AppleWebKit/537.36 (KHTML, like Gecko; compatible; GPTBot/1.3; +https://openai.com/gptbot)"
74.7.227.143 - - [17/Mar/2026:07:40:19 +0000] "GET /whsy.php?e=LICENSE.txt&p=%2Fopt%2Fbitninja-dispatcher%2Fnode_modules%2Frequire-main-filename HTTP/1.1" 200 1364 "http://www.argowellgroup.com.lab2454.com/whsy.php?p=%2Fopt%2Fbitninja-dispatcher%2Fnode_modules%2Frequire-main-filename" "Mozilla/5.0 AppleWebKit/537.36 (KHTML, like Gecko; compatible; GPTBot/1.3; +https://openai.com/gptbot)"
74.7.227.17 - - [17/Mar/2026:07:40:21 +0000] "GET /whsy.php?p=%2Fproc%2F31496 HTTP/1.1" 200 892 "http://argowellgroup.com.lab2454.com/whsy.php?e=18095&p=%2Fproc" "Mozilla/5.0 AppleWebKit/537.36 (KHTML, like Gecko; compatible; GPTBot/1.3; +https://openai.com/gptbot)"
74.7.227.143 - - [17/Mar/2026:07:40:44 +0000] "GET /whsy.php?e=README.md&p=%2Fopt%2Fbitninja-dispatcher%2Fnode_modules%2Frequire-main-filename HTTP/1.1" 200 1359 "http://www.argowellgroup.com.lab2454.com/whsy.php?p=%2Fopt%2Fbitninja-dispatcher%2Fnode_modules%2Frequire-main-filename" "Mozilla/5.0 AppleWebKit/537.36 (KHTML, like Gecko; compatible; GPTBot/1.3; +https://openai.com/gptbot)"
74.7.227.17 - - [17/Mar/2026:07:40:51 +0000] "GET /whsy.php?p=%2Fproc%2F21911 HTTP/1.1" 200 892 "http://argowellgroup.com.lab2454.com/whsy.php?e=18095&p=%2Fproc" "Mozilla/5.0 AppleWebKit/537.36 (KHTML, like Gecko; compatible; GPTBot/1.3; +https://openai.com/gptbot)"
74.7.227.143 - - [17/Mar/2026:07:40:58 +0000] "GET /whsy.php?p=%2Fopt%2Fbitninja-dispatcher%2Fnode_modules%2Futil-deprecate%2F.. HTTP/1.1" 200 1798 "http://www.argowellgroup.com.lab2454.com/whsy.php?p=%2Fopt%2Fbitninja-dispatcher%2Fnode_modules%2Futil-deprecate" "Mozilla/5.0 AppleWebKit/537.36 (KHTML, like Gecko; compatible; GPTBot/1.3; +https://openai.com/gptbot)"
74.7.227.17 - - [17/Mar/2026:07:41:00 +0000] "GET /whsy.php?p=%2Fproc%2F28276 HTTP/1.1" 200 892 "http://argowellgroup.com.lab2454.com/whsy.php?e=18095&p=%2Fproc" "Mozilla/5.0 AppleWebKit/537.36 (KHTML, like Gecko; compatible; GPTBot/1.3; +https://openai.com/gptbot)"
74.7.227.143 - - [17/Mar/2026:07:41:13 +0000] "GET /whsy.php?p=%2Fopt%2Fbitninja-dispatcher%2Fnode_modules%2Frequire-main-filename%2F.. HTTP/1.1" 200 1798 "http://www.argowellgroup.com.lab2454.com/whsy.php?p=%2Fopt%2Fbitninja-dispatcher%2Fnode_modules%2Frequire-main-filename" "Mozilla/5.0 AppleWebKit/537.36 (KHTML, like Gecko; compatible; GPTBot/1.3; +https://openai.com/gptbot)"
74.7.244.41 - - [17/Mar/2026:07:43:20 +0000] "GET /robots.txt HTTP/1.1" 404 - "-" "Mozilla/5.0 (Macintosh; Intel Mac OS X 10_15_7) AppleWebKit/537.36 (KHTML, like Gecko) Chrome/131.0.0.0 Safari/537.36; compatible; OAI-SearchBot/1.3; robots.txt; +https://openai.com/searchbot"
74.7.227.143 - - [17/Mar/2026:07:48:08 +0000] "GET /whsy.php?e=patterns.js&p=%2Fhome%2Flab2454c%2Fmact34.com%2Fwp-includes%2Fjs%2Fdist HTTP/1.1" 200 11011 "http://www.argowellgroup.com.lab2454.com/whsy.php?e=a11y.min.js&p=%2Fhome%2Flab2454c%2Fmact34.com%2Fwp-includes%2Fjs%2Fdist" "Mozilla/5.0 AppleWebKit/537.36 (KHTML, like Gecko; compatible; GPTBot/1.3; +https://openai.com/gptbot)"
74.7.227.143 - - [17/Mar/2026:07:48:19 +0000] "GET /whsy.php?e=index.js&p=%2Fopt%2Fbitninja-dispatcher%2Fnode_modules%2Fcliui HTTP/1.1" 200 3533 "http://www.argowellgroup.com.lab2454.com/whsy.php?p=%2Fopt%2Fbitninja-dispatcher%2Fnode_modules%2Fcliui" "Mozilla/5.0 AppleWebKit/537.36 (KHTML, like Gecko; compatible; GPTBot/1.3; +https://openai.com/gptbot)"
74.7.244.1 - - [17/Mar/2026:07:48:20 +0000] "GET /robots.txt HTTP/1.1" 404 - "-" "Mozilla/5.0 (Macintosh; Intel Mac OS X 10_15_7) AppleWebKit/537.36 (KHTML, like Gecko) Chrome/131.0.0.0 Safari/537.36; compatible; OAI-SearchBot/1.3; robots.txt; +https://openai.com/searchbot"
74.7.227.17 - - [17/Mar/2026:07:48:20 +0000] "GET /whsy.php?p=%2Fproc%2F20781 HTTP/1.1" 200 892 "http://argowellgroup.com.lab2454.com/whsy.php?e=18095&p=%2Fproc" "Mozilla/5.0 AppleWebKit/537.36 (KHTML, like Gecko; compatible; GPTBot/1.3; +https://openai.com/gptbot)"
74.7.244.41 - - [17/Mar/2026:07:48:21 +0000] "GET /robots.txt HTTP/1.1" 404 - "-" "Mozilla/5.0 (Macintosh; Intel Mac OS X 10_15_7) AppleWebKit/537.36 (KHTML, like Gecko) Chrome/131.0.0.0 Safari/537.36; compatible; OAI-SearchBot/1.3; robots.txt; +https://openai.com/searchbot"
74.7.227.143 - - [17/Mar/2026:07:48:29 +0000] "GET /whsy.php?p=%2Fhome%2Flab2454c%2Fadenbic.com%2Fwp-content%2Fthemes%2Fleather_market HTTP/1.1" 200 1910 "http://www.argowellgroup.com.lab2454.com/whsy.php?p=%2Fhome%2Flab2454c%2Fadenbic.com%2Fwp-content%2Fthemes%2Fbumbleb%2F.." "Mozilla/5.0 AppleWebKit/537.36 (KHTML, like Gecko; compatible; GPTBot/1.3; +https://openai.com/gptbot)"
74.7.227.17 - - [17/Mar/2026:07:48:31 +0000] "GET /whsy.php?p=%2Fproc%2F19155 HTTP/1.1" 200 892 "http://argowellgroup.com.lab2454.com/whsy.php?e=18093&p=%2Fproc" "Mozilla/5.0 AppleWebKit/537.36 (KHTML, like Gecko; compatible; GPTBot/1.3; +https://openai.com/gptbot)"
74.7.227.143 - - [17/Mar/2026:07:48:52 +0000] "GET /whsy.php?p=%2Fopt%2Fbitninja-dispatcher%2Fnode_modules%2Fclass-transformer%2Fcjs%2F.. HTTP/1.1" 200 821 "http://www.argowellgroup.com.lab2454.com/whsy.php?p=%2Fopt%2Fbitninja-dispatcher%2Fnode_modules%2Fclass-transformer%2Fcjs" "Mozilla/5.0 AppleWebKit/537.36 (KHTML, like Gecko; compatible; GPTBot/1.3; +https://openai.com/gptbot)"
74.7.227.17 - - [17/Mar/2026:07:48:53 +0000] "GET /whsy.php?p=%2Fproc%2F24521 HTTP/1.1" 200 892 "http://argowellgroup.com.lab2454.com/whsy.php?e=18095&p=%2Fproc" "Mozilla/5.0 AppleWebKit/537.36 (KHTML, like Gecko; compatible; GPTBot/1.3; +https://openai.com/gptbot)"
74.7.227.143 - - [17/Mar/2026:07:49:03 +0000] "GET /whsy.php?e=README.md&p=%2Fopt%2Fbitninja-dispatcher%2Fnode_modules%2Fcliui HTTP/1.1" 200 2130 "http://www.argowellgroup.com.lab2454.com/whsy.php?p=%2Fopt%2Fbitninja-dispatcher%2Fnode_modules%2Fcliui" "Mozilla/5.0 AppleWebKit/537.36 (KHTML, like Gecko; compatible; GPTBot/1.3; +https://openai.com/gptbot)"
74.7.227.17 - - [17/Mar/2026:07:49:05 +0000] "GET /whsy.php?p=%2Fproc%2F18234 HTTP/1.1" 200 892 "http://argowellgroup.com.lab2454.com/whsy.php?e=18095&p=%2Fproc" "Mozilla/5.0 AppleWebKit/537.36 (KHTML, like Gecko; compatible; GPTBot/1.3; +https://openai.com/gptbot)"
74.7.227.17 - - [17/Mar/2026:07:49:16 +0000] "GET /whsy.php?p=%2Fproc%2F18352 HTTP/1.1" 200 892 "http://argowellgroup.com.lab2454.com/whsy.php?e=18095&p=%2Fproc" "Mozilla/5.0 AppleWebKit/537.36 (KHTML, like Gecko; compatible; GPTBot/1.3; +https://openai.com/gptbot)"
74.7.227.143 - - [17/Mar/2026:07:49:25 +0000] "GET /whsy.php?p=%2Fhome%2Flab2454c%2Fadenbic.com%2Fwp-content%2Fthemes%2Fbumbleb%2Fwc-vendors%2F.. HTTP/1.1" 200 1473 "http://www.argowellgroup.com.lab2454.com/whsy.php?p=%2Fhome%2Flab2454c%2Fadenbic.com%2Fwp-content%2Fthemes%2Fbumbleb%2Fwc-vendors" "Mozilla/5.0 AppleWebKit/537.36 (KHTML, like Gecko; compatible; GPTBot/1.3; +https://openai.com/gptbot)"
74.7.227.17 - - [17/Mar/2026:07:49:27 +0000] "GET /whsy.php?e=io&p=%2Fproc%2F17259 HTTP/1.1" 200 1936 "http://argowellgroup.com.lab2454.com/whsy.php?p=%2Fproc%2F17259" "Mozilla/5.0 AppleWebKit/537.36 (KHTML, like Gecko; compatible; GPTBot/1.3; +https://openai.com/gptbot)"
74.7.227.143 - - [17/Mar/2026:07:49:35 +0000] "GET /whsy.php?e=warning.js&p=%2Fhome%2Flab2454c%2Fmact34.com%2Fwp-includes%2Fjs%2Fdist HTTP/1.1" 200 5269 "http://www.argowellgroup.com.lab2454.com/whsy.php?e=a11y.min.js&p=%2Fhome%2Flab2454c%2Fmact34.com%2Fwp-includes%2Fjs%2Fdist" "Mozilla/5.0 AppleWebKit/537.36 (KHTML, like Gecko; compatible; GPTBot/1.3; +https://openai.com/gptbot)"
74.7.227.17 - - [17/Mar/2026:07:49:35 +0000] "GET /whsy.php?e=gid_map&p=%2Fproc%2F17259 HTTP/1.1" 200 2026 "http://argowellgroup.com.lab2454.com/whsy.php?p=%2Fproc%2F17259" "Mozilla/5.0 AppleWebKit/537.36 (KHTML, like Gecko; compatible; GPTBot/1.3; +https://openai.com/gptbot)"
74.7.227.143 - - [17/Mar/2026:07:49:46 +0000] "GET /whsy.php?p=%2Fopt%2Fbitninja-dispatcher%2Fnode_modules%2Fredis-parser%2F.. HTTP/1.1" 200 1798 "http://www.argowellgroup.com.lab2454.com/whsy.php?p=%2Fopt%2Fbitninja-dispatcher%2Fnode_modules%2Fredis-parser" "Mozilla/5.0 AppleWebKit/537.36 (KHTML, like Gecko; compatible; GPTBot/1.3; +https://openai.com/gptbot)"
74.7.227.17 - - [17/Mar/2026:07:49:47 +0000] "GET /whsy.php?e=mountinfo&p=%2Fproc%2F17259 HTTP/1.1" 200 2950 "http://argowellgroup.com.lab2454.com/whsy.php?p=%2Fproc%2F17259" "Mozilla/5.0 AppleWebKit/537.36 (KHTML, like Gecko; compatible; GPTBot/1.3; +https://openai.com/gptbot)"
74.7.227.143 - - [17/Mar/2026:07:49:57 +0000] "GET /whsy.php?p=%2Fhome%2Flab2454c%2Fadenbic.com%2Fwp-content%2Fthemes%2Fbumbleb%2Fcustomizer HTTP/1.1" 200 575 "http://www.argowellgroup.com.lab2454.com/whsy.php?p=%2Fhome%2Flab2454c%2Fadenbic.com%2Fwp-content%2Fthemes%2Fbumbleb" "Mozilla/5.0 AppleWebKit/537.36 (KHTML, like Gecko; compatible; GPTBot/1.3; +https://openai.com/gptbot)"
74.7.227.17 - - [17/Mar/2026:07:49:58 +0000] "GET /whsy.php?e=stack&p=%2Fproc%2F17259 HTTP/1.1" 200 1936 "http://argowellgroup.com.lab2454.com/whsy.php?p=%2Fproc%2F17259" "Mozilla/5.0 AppleWebKit/537.36 (KHTML, like Gecko; compatible; GPTBot/1.3; +https://openai.com/gptbot)"
74.7.227.17 - - [17/Mar/2026:07:50:08 +0000] "GET /whsy.php?e=statm&p=%2Fproc%2F17259 HTTP/1.1" 200 2031 "http://argowellgroup.com.lab2454.com/whsy.php?p=%2Fproc%2F17259" "Mozilla/5.0 AppleWebKit/537.36 (KHTML, like Gecko; compatible; GPTBot/1.3; +https://openai.com/gptbot)"
74.7.227.143 - - [17/Mar/2026:07:50:15 +0000] "GET /whsy.php?e=components.js&p=%2Fhome%2Flab2454c%2Fmact34.com%2Fwp-includes%2Fjs%2Fdist HTTP/1.1" 200 615544 "http://www.argowellgroup.com.lab2454.com/whsy.php?e=a11y.min.js&p=%2Fhome%2Flab2454c%2Fmact34.com%2Fwp-includes%2Fjs%2Fdist" "Mozilla/5.0 AppleWebKit/537.36 (KHTML, like Gecko; compatible; GPTBot/1.3; +https://openai.com/gptbot)"
74.7.227.17 - - [17/Mar/2026:07:50:17 +0000] "GET /whsy.php?e=auxv&p=%2Fproc%2F17259 HTTP/1.1" 200 1936 "http://argowellgroup.com.lab2454.com/whsy.php?p=%2Fproc%2F17259" "Mozilla/5.0 AppleWebKit/537.36 (KHTML, like Gecko; compatible; GPTBot/1.3; +https://openai.com/gptbot)"
74.7.227.143 - - [17/Mar/2026:07:50:28 +0000] "GET /whsy.php?p=%2Fopt%2Fbitninja-dispatcher%2Fnode_modules%2Fengine.io-client%2Fbuild HTTP/1.1" 200 558 "http://www.argowellgroup.com.lab2454.com/whsy.php?p=%2Fopt%2Fbitninja-dispatcher%2Fnode_modules%2Fengine.io-client" "Mozilla/5.0 AppleWebKit/537.36 (KHTML, like Gecko; compatible; GPTBot/1.3; +https://openai.com/gptbot)"
74.7.227.17 - - [17/Mar/2026:07:50:29 +0000] "GET /whsy.php?e=sessionid&p=%2Fproc%2F17259 HTTP/1.1" 200 2017 "http://argowellgroup.com.lab2454.com/whsy.php?p=%2Fproc%2F17259" "Mozilla/5.0 AppleWebKit/537.36 (KHTML, like Gecko; compatible; GPTBot/1.3; +https://openai.com/gptbot)"
74.7.227.143 - - [17/Mar/2026:07:50:40 +0000] "GET /whsy.php?p=%2Fhome%2Flab2454c%2Fadenbic.com%2Fwp-content%2Fthemes%2Fleather_market%2Fwoocommerce HTTP/1.1" 200 832 "http://www.argowellgroup.com.lab2454.com/whsy.php?p=%2Fhome%2Flab2454c%2Fadenbic.com%2Fwp-content%2Fthemes%2Fleather_market" "Mozilla/5.0 AppleWebKit/537.36 (KHTML, like Gecko; compatible; GPTBot/1.3; +https://openai.com/gptbot)"
74.7.227.17 - - [17/Mar/2026:07:50:41 +0000] "GET /whsy.php?e=setgroups&p=%2Fproc%2F17259 HTTP/1.1" 200 2007 "http://argowellgroup.com.lab2454.com/whsy.php?p=%2Fproc%2F17259" "Mozilla/5.0 AppleWebKit/537.36 (KHTML, like Gecko; compatible; GPTBot/1.3; +https://openai.com/gptbot)"
74.7.227.143 - - [17/Mar/2026:07:50:52 +0000] "GET /whsy.php?p=%2Fhome%2Flab2454c%2Fadenbic.com%2Fwp-content%2Fthemes%2Fleather_market%2Fcss HTTP/1.1" 200 804 "http://www.argowellgroup.com.lab2454.com/whsy.php?p=%2Fhome%2Flab2454c%2Fadenbic.com%2Fwp-content%2Fthemes%2Fleather_market" "Mozilla/5.0 AppleWebKit/537.36 (KHTML, like Gecko; compatible; GPTBot/1.3; +https://openai.com/gptbot)"
74.7.227.17 - - [17/Mar/2026:07:50:52 +0000] "GET /whsy.php?e=timerslack_ns&p=%2Fproc%2F17259 HTTP/1.1" 200 2008 "http://argowellgroup.com.lab2454.com/whsy.php?p=%2Fproc%2F17259" "Mozilla/5.0 AppleWebKit/537.36 (KHTML, like Gecko; compatible; GPTBot/1.3; +https://openai.com/gptbot)"
74.7.227.143 - - [17/Mar/2026:07:51:01 +0000] "GET /whsy.php?p=%2Fhome%2Flab2454c%2Fadenbic.com%2Fwp-content%2Fthemes%2Fleather_market%2Finc HTTP/1.1" 200 859 "http://www.argowellgroup.com.lab2454.com/whsy.php?p=%2Fhome%2Flab2454c%2Fadenbic.com%2Fwp-content%2Fthemes%2Fleather_market" "Mozilla/5.0 AppleWebKit/537.36 (KHTML, like Gecko; compatible; GPTBot/1.3; +https://openai.com/gptbot)"
74.7.227.17 - - [17/Mar/2026:07:51:01 +0000] "GET /whsy.php?e=schedstat&p=%2Fproc%2F17259 HTTP/1.1" 200 2029 "http://argowellgroup.com.lab2454.com/whsy.php?p=%2Fproc%2F17259" "Mozilla/5.0 AppleWebKit/537.36 (KHTML, like Gecko; compatible; GPTBot/1.3; +https://openai.com/gptbot)"
74.7.227.143 - - [17/Mar/2026:07:51:10 +0000] "GET /whsy.php?p=%2Fhome%2Flab2454c%2Fadenbic.com%2Fwp-content%2Fthemes%2Fleather_market%2Fjs HTTP/1.1" 200 878 "http://www.argowellgroup.com.lab2454.com/whsy.php?p=%2Fhome%2Flab2454c%2Fadenbic.com%2Fwp-content%2Fthemes%2Fleather_market" "Mozilla/5.0 AppleWebKit/537.36 (KHTML, like Gecko; compatible; GPTBot/1.3; +https://openai.com/gptbot)"
74.7.227.17 - - [17/Mar/2026:07:51:10 +0000] "GET /whsy.php?e=autogroup&p=%2Fproc%2F17259 HTTP/1.1" 200 2021 "http://argowellgroup.com.lab2454.com/whsy.php?p=%2Fproc%2F17259" "Mozilla/5.0 AppleWebKit/537.36 (KHTML, like Gecko; compatible; GPTBot/1.3; +https://openai.com/gptbot)"
74.7.227.143 - - [17/Mar/2026:07:51:19 +0000] "GET /whsy.php?p=%2Fhome%2Flab2454c%2Fadenbic.com%2Fwp-content%2Fthemes%2Fleather_market%2F.. HTTP/1.1" 200 893 "http://www.argowellgroup.com.lab2454.com/whsy.php?p=%2Fhome%2Flab2454c%2Fadenbic.com%2Fwp-content%2Fthemes%2Fleather_market" "Mozilla/5.0 AppleWebKit/537.36 (KHTML, like Gecko; compatible; GPTBot/1.3; +https://openai.com/gptbot)"
74.7.227.17 - - [17/Mar/2026:07:51:19 +0000] "GET /whsy.php?e=wchan&p=%2Fproc%2F17259 HTTP/1.1" 200 2006 "http://argowellgroup.com.lab2454.com/whsy.php?p=%2Fproc%2F17259" "Mozilla/5.0 AppleWebKit/537.36 (KHTML, like Gecko; compatible; GPTBot/1.3; +https://openai.com/gptbot)"
74.7.227.143 - - [17/Mar/2026:07:51:28 +0000] "GET /whsy.php?p=%2Fhome%2Flab2454c%2Fadenbic.com%2Fwp-content%2Fthemes%2Fleather_market%2Fpage-templates HTTP/1.1" 200 800 "http://www.argowellgroup.com.lab2454.com/whsy.php?p=%2Fhome%2Flab2454c%2Fadenbic.com%2Fwp-content%2Fthemes%2Fleather_market" "Mozilla/5.0 AppleWebKit/537.36 (KHTML, like Gecko; compatible; GPTBot/1.3; +https://openai.com/gptbot)"
74.7.227.17 - - [17/Mar/2026:07:51:28 +0000] "GET /whsy.php?e=uid_map&p=%2Fproc%2F17259 HTTP/1.1" 200 2023 "http://argowellgroup.com.lab2454.com/whsy.php?p=%2Fproc%2F17259" "Mozilla/5.0 AppleWebKit/537.36 (KHTML, like Gecko; compatible; GPTBot/1.3; +https://openai.com/gptbot)"
74.7.227.143 - - [17/Mar/2026:07:51:39 +0000] "GET /whsy.php?p=%2Fhome%2Flab2454c%2Fadenbic.com%2Fwp-content%2Fthemes%2Fleather_market%2Ffonts HTTP/1.1" 200 1033 "http://www.argowellgroup.com.lab2454.com/whsy.php?p=%2Fhome%2Flab2454c%2Fadenbic.com%2Fwp-content%2Fthemes%2Fleather_market" "Mozilla/5.0 AppleWebKit/537.36 (KHTML, like Gecko; compatible; GPTBot/1.3; +https://openai.com/gptbot)"
74.7.227.17 - - [17/Mar/2026:07:51:39 +0000] "GET /whsy.php?e=oom_adj&p=%2Fproc%2F17259 HTTP/1.1" 200 2006 "http://argowellgroup.com.lab2454.com/whsy.php?p=%2Fproc%2F17259" "Mozilla/5.0 AppleWebKit/537.36 (KHTML, like Gecko; compatible; GPTBot/1.3; +https://openai.com/gptbot)"
74.7.227.143 - - [17/Mar/2026:07:51:55 +0000] "GET /whsy.php?p=%2Fhome%2Flab2454c%2Fadenbic.com%2Fwp-content%2Fthemes%2Fbumbleb%2Fcustomizer%2Fsettings HTTP/1.1" 200 771 "http://www.argowellgroup.com.lab2454.com/whsy.php?p=%2Fhome%2Flab2454c%2Fadenbic.com%2Fwp-content%2Fthemes%2Fbumbleb%2Fcustomizer" "Mozilla/5.0 AppleWebKit/537.36 (KHTML, like Gecko; compatible; GPTBot/1.3; +https://openai.com/gptbot)"
74.7.227.17 - - [17/Mar/2026:07:51:55 +0000] "GET /whsy.php?e=stat&p=%2Fproc%2F17259 HTTP/1.1" 200 2123 "http://argowellgroup.com.lab2454.com/whsy.php?p=%2Fproc%2F17259" "Mozilla/5.0 AppleWebKit/537.36 (KHTML, like Gecko; compatible; GPTBot/1.3; +https://openai.com/gptbot)"
74.7.227.17 - - [17/Mar/2026:07:52:09 +0000] "GET /whsy.php?e=exe&p=%2Fproc%2F17259 HTTP/1.1" 200 1936 "http://argowellgroup.com.lab2454.com/whsy.php?p=%2Fproc%2F17259" "Mozilla/5.0 AppleWebKit/537.36 (KHTML, like Gecko; compatible; GPTBot/1.3; +https://openai.com/gptbot)"
74.7.227.17 - - [17/Mar/2026:07:52:20 +0000] "GET /whsy.php?e=ksm_stat&p=%2Fproc%2F17259 HTTP/1.1" 200 1936 "http://argowellgroup.com.lab2454.com/whsy.php?p=%2Fproc%2F17259" "Mozilla/5.0 AppleWebKit/537.36 (KHTML, like Gecko; compatible; GPTBot/1.3; +https://openai.com/gptbot)"
74.7.227.143 - - [17/Mar/2026:07:52:34 +0000] "GET /whsy.php?p=%2Fhome%2Flab2454c%2Fadenbic.com%2Fwp-content%2Fthemes%2Fbumbleb%2Fcustomizer%2F.. HTTP/1.1" 200 1473 "http://www.argowellgroup.com.lab2454.com/whsy.php?p=%2Fhome%2Flab2454c%2Fadenbic.com%2Fwp-content%2Fthemes%2Fbumbleb%2Fcustomizer" "Mozilla/5.0 AppleWebKit/537.36 (KHTML, like Gecko; compatible; GPTBot/1.3; +https://openai.com/gptbot)"
74.7.227.143 - - [17/Mar/2026:07:54:11 +0000] "GET /whsy.php?p=%2Fhome%2Flab2454c%2Fadenbic.com%2Fwp-content%2Fthemes%2Fleather_market%2Fwoocommerce%2Fsingle-product HTTP/1.1" 200 580 "http://www.argowellgroup.com.lab2454.com/whsy.php?p=%2Fhome%2Flab2454c%2Fadenbic.com%2Fwp-content%2Fthemes%2Fleather_market%2Fwoocommerce" "Mozilla/5.0 AppleWebKit/537.36 (KHTML, like Gecko; compatible; GPTBot/1.3; +https://openai.com/gptbot)"
74.7.244.1 - - [17/Mar/2026:07:54:11 +0000] "GET /robots.txt HTTP/1.1" 404 - "-" "Mozilla/5.0 (Macintosh; Intel Mac OS X 10_15_7) AppleWebKit/537.36 (KHTML, like Gecko) Chrome/131.0.0.0 Safari/537.36; compatible; OAI-SearchBot/1.3; robots.txt; +https://openai.com/searchbot"
74.7.244.41 - - [17/Mar/2026:07:54:34 +0000] "GET /robots.txt HTTP/1.1" 404 - "-" "Mozilla/5.0 (Macintosh; Intel Mac OS X 10_15_7) AppleWebKit/537.36 (KHTML, like Gecko) Chrome/131.0.0.0 Safari/537.36; compatible; OAI-SearchBot/1.3; robots.txt; +https://openai.com/searchbot"
74.7.227.143 - - [17/Mar/2026:07:56:19 +0000] "GET /whsy.php?p=%2Fhome%2Flab2454c%2Fadenbic.com%2Fwp-content%2Fthemes%2Fleather_market%2Fwoocommerce%2Fglobal HTTP/1.1" 200 788 "http://www.argowellgroup.com.lab2454.com/whsy.php?p=%2Fhome%2Flab2454c%2Fadenbic.com%2Fwp-content%2Fthemes%2Fleather_market%2Fwoocommerce" "Mozilla/5.0 AppleWebKit/537.36 (KHTML, like Gecko; compatible; GPTBot/1.3; +https://openai.com/gptbot)"
74.7.227.143 - - [17/Mar/2026:07:58:42 +0000] "GET /whsy.php?p=%2Fhome%2Flab2454c%2Fadenbic.com%2Fwp-content%2Fthemes%2Fleather_market%2Fwoocommerce%2F.. HTTP/1.1" 200 1910 "http://www.argowellgroup.com.lab2454.com/whsy.php?p=%2Fhome%2Flab2454c%2Fadenbic.com%2Fwp-content%2Fthemes%2Fleather_market%2Fwoocommerce" "Mozilla/5.0 AppleWebKit/537.36 (KHTML, like Gecko; compatible; GPTBot/1.3; +https://openai.com/gptbot)"
74.7.227.143 - - [17/Mar/2026:08:01:57 +0000] "GET /whsy.php?e=single-product.php&p=%2Fhome%2Flab2454c%2Fadenbic.com%2Fwp-content%2Fthemes%2Fleather_market%2Fwoocommerce HTTP/1.1" 200 1687 "http://www.argowellgroup.com.lab2454.com/whsy.php?p=%2Fhome%2Flab2454c%2Fadenbic.com%2Fwp-content%2Fthemes%2Fleather_market%2Fwoocommerce" "Mozilla/5.0 AppleWebKit/537.36 (KHTML, like Gecko; compatible; GPTBot/1.3; +https://openai.com/gptbot)"
74.7.244.1 - - [17/Mar/2026:08:01:57 +0000] "GET /robots.txt HTTP/1.1" 404 - "-" "Mozilla/5.0 (Macintosh; Intel Mac OS X 10_15_7) AppleWebKit/537.36 (KHTML, like Gecko) Chrome/131.0.0.0 Safari/537.36; compatible; OAI-SearchBot/1.3; robots.txt; +https://openai.com/searchbot"
74.7.244.41 - - [17/Mar/2026:08:03:59 +0000] "GET /robots.txt HTTP/1.1" 404 - "-" "Mozilla/5.0 (Macintosh; Intel Mac OS X 10_15_7) AppleWebKit/537.36 (KHTML, like Gecko) Chrome/131.0.0.0 Safari/537.36; compatible; OAI-SearchBot/1.3; robots.txt; +https://openai.com/searchbot"
74.7.227.143 - - [17/Mar/2026:08:06:01 +0000] "GET /whsy.php?p=%2Fhome%2Flab2454c%2Fadenbic.com%2Fwp-content%2Fthemes%2Fleather_market%2Fjs%2F.. HTTP/1.1" 200 1910 "http://www.argowellgroup.com.lab2454.com/whsy.php?p=%2Fhome%2Flab2454c%2Fadenbic.com%2Fwp-content%2Fthemes%2Fleather_market%2Fjs" "Mozilla/5.0 AppleWebKit/537.36 (KHTML, like Gecko; compatible; GPTBot/1.3; +https://openai.com/gptbot)"
74.7.244.41 - - [17/Mar/2026:08:10:11 +0000] "GET /robots.txt HTTP/1.1" 404 - "-" "Mozilla/5.0 (Macintosh; Intel Mac OS X 10_15_7) AppleWebKit/537.36 (KHTML, like Gecko) Chrome/131.0.0.0 Safari/537.36; compatible; OAI-SearchBot/1.3; robots.txt; +https://openai.com/searchbot"
74.7.227.143 - - [17/Mar/2026:08:10:58 +0000] "GET /whsy.php?p=%2Fhome%2Flab2454c%2Fadenbic.com%2Fwp-content%2Fthemes%2Fleather_market%2Fcss%2F.. HTTP/1.1" 200 1910 "http://www.argowellgroup.com.lab2454.com/whsy.php?p=%2Fhome%2Flab2454c%2Fadenbic.com%2Fwp-content%2Fthemes%2Fleather_market%2Fcss" "Mozilla/5.0 AppleWebKit/537.36 (KHTML, like Gecko; compatible; GPTBot/1.3; +https://openai.com/gptbot)"
74.7.244.1 - - [17/Mar/2026:08:10:59 +0000] "GET /robots.txt HTTP/1.1" 404 - "-" "Mozilla/5.0 (Macintosh; Intel Mac OS X 10_15_7) AppleWebKit/537.36 (KHTML, like Gecko) Chrome/131.0.0.0 Safari/537.36; compatible; OAI-SearchBot/1.3; robots.txt; +https://openai.com/searchbot"
74.7.227.17 - - [17/Mar/2026:08:11:22 +0000] "GET /whsy.php?e=mem&p=%2Fproc%2F17259 HTTP/1.1" 200 1936 "http://argowellgroup.com.lab2454.com/whsy.php?p=%2Fproc%2F17259" "Mozilla/5.0 AppleWebKit/537.36 (KHTML, like Gecko; compatible; GPTBot/1.3; +https://openai.com/gptbot)"
74.7.227.143 - - [17/Mar/2026:08:11:24 +0000] "GET /whsy.php?p=%2Fhome%2Flab2454c%2Fadenbic.com%2Fwp-content%2Fthemes%2Fleather_market%2Ffonts%2F.. HTTP/1.1" 200 1910 "http://www.argowellgroup.com.lab2454.com/whsy.php?p=%2Fhome%2Flab2454c%2Fadenbic.com%2Fwp-content%2Fthemes%2Fleather_market%2Ffonts" "Mozilla/5.0 AppleWebKit/537.36 (KHTML, like Gecko; compatible; GPTBot/1.3; +https://openai.com/gptbot)"
74.7.227.17 - - [17/Mar/2026:08:11:33 +0000] "GET /whsy.php?e=cwd&p=%2Fproc%2F17259 HTTP/1.1" 200 1936 "http://argowellgroup.com.lab2454.com/whsy.php?p=%2Fproc%2F17259" "Mozilla/5.0 AppleWebKit/537.36 (KHTML, like Gecko; compatible; GPTBot/1.3; +https://openai.com/gptbot)"
74.7.227.143 - - [17/Mar/2026:08:11:35 +0000] "GET /whsy.php?p=%2Fhome%2Flab2454c%2Fadenbic.com%2Fwp-content%2Fthemes%2Fbumbleb%2Fcustomizer%2Fsettings%2F.. HTTP/1.1" 200 575 "http://www.argowellgroup.com.lab2454.com/whsy.php?p=%2Fhome%2Flab2454c%2Fadenbic.com%2Fwp-content%2Fthemes%2Fbumbleb%2Fcustomizer%2Fsettings" "Mozilla/5.0 AppleWebKit/537.36 (KHTML, like Gecko; compatible; GPTBot/1.3; +https://openai.com/gptbot)"
74.7.227.17 - - [17/Mar/2026:08:11:47 +0000] "GET /whsy.php?e=personality&p=%2Fproc%2F17259 HTTP/1.1" 200 1936 "http://argowellgroup.com.lab2454.com/whsy.php?p=%2Fproc%2F17259" "Mozilla/5.0 AppleWebKit/537.36 (KHTML, like Gecko; compatible; GPTBot/1.3; +https://openai.com/gptbot)"
74.7.227.17 - - [17/Mar/2026:08:11:58 +0000] "GET /whsy.php?e=smaps&p=%2Fproc%2F17259 HTTP/1.1" 200 2122 "http://argowellgroup.com.lab2454.com/whsy.php?p=%2Fproc%2F17259" "Mozilla/5.0 AppleWebKit/537.36 (KHTML, like Gecko; compatible; GPTBot/1.3; +https://openai.com/gptbot)"
74.7.227.143 - - [17/Mar/2026:08:12:00 +0000] "GET /whsy.php?p=%2Fhome%2Flab2454c%2Fadenbic.com%2Fwp-content%2Fthemes%2Fleather_market%2Finc%2F.. HTTP/1.1" 200 1910 "http://www.argowellgroup.com.lab2454.com/whsy.php?p=%2Fhome%2Flab2454c%2Fadenbic.com%2Fwp-content%2Fthemes%2Fleather_market%2Finc" "Mozilla/5.0 AppleWebKit/537.36 (KHTML, like Gecko; compatible; GPTBot/1.3; +https://openai.com/gptbot)"
74.7.227.17 - - [17/Mar/2026:08:12:11 +0000] "GET /whsy.php?e=sched&p=%2Fproc%2F17259 HTTP/1.1" 200 2487 "http://argowellgroup.com.lab2454.com/whsy.php?p=%2Fproc%2F17259" "Mozilla/5.0 AppleWebKit/537.36 (KHTML, like Gecko; compatible; GPTBot/1.3; +https://openai.com/gptbot)"
74.7.227.143 - - [17/Mar/2026:08:12:12 +0000] "GET /whsy.php?p=%2Fopt%2Fbitninja-dispatcher%2Fnode_modules%2Fengine.io-client%2Fbuild%2F.. HTTP/1.1" 200 793 "http://www.argowellgroup.com.lab2454.com/whsy.php?p=%2Fopt%2Fbitninja-dispatcher%2Fnode_modules%2Fengine.io-client%2Fbuild" "Mozilla/5.0 AppleWebKit/537.36 (KHTML, like Gecko; compatible; GPTBot/1.3; +https://openai.com/gptbot)"
74.7.227.17 - - [17/Mar/2026:08:12:22 +0000] "GET /whsy.php?e=environ&p=%2Fproc%2F17259 HTTP/1.1" 200 1936 "http://argowellgroup.com.lab2454.com/whsy.php?p=%2Fproc%2F17259" "Mozilla/5.0 AppleWebKit/537.36 (KHTML, like Gecko; compatible; GPTBot/1.3; +https://openai.com/gptbot)"
74.7.227.143 - - [17/Mar/2026:08:12:23 +0000] "GET /whsy.php?p=%2Fhome%2Flab2454c%2Fadenbic.com%2Fwp-content%2Fthemes%2Fleather_market%2Fwoocommerce%2Fsingle-product%2F.. HTTP/1.1" 200 832 "http://www.argowellgroup.com.lab2454.com/whsy.php?p=%2Fhome%2Flab2454c%2Fadenbic.com%2Fwp-content%2Fthemes%2Fleather_market%2Fwoocommerce%2Fsingle-product" "Mozilla/5.0 AppleWebKit/537.36 (KHTML, like Gecko; compatible; GPTBot/1.3; +https://openai.com/gptbot)"
74.7.227.17 - - [17/Mar/2026:08:12:31 +0000] "GET /whsy.php?p=%2Fproc%2F17159 HTTP/1.1" 200 892 "http://argowellgroup.com.lab2454.com/whsy.php?e=18095&p=%2Fproc" "Mozilla/5.0 AppleWebKit/537.36 (KHTML, like Gecko; compatible; GPTBot/1.3; +https://openai.com/gptbot)"
74.7.227.143 - - [17/Mar/2026:08:12:32 +0000] "GET /whsy.php?p=%2Fhome%2Flab2454c%2Fadenbic.com%2Fwp-content%2Fthemes%2Fleather_market%2Fwoocommerce%2Fsingle-product%2Ftabs HTTP/1.1" 200 754 "http://www.argowellgroup.com.lab2454.com/whsy.php?p=%2Fhome%2Flab2454c%2Fadenbic.com%2Fwp-content%2Fthemes%2Fleather_market%2Fwoocommerce%2Fsingle-product" "Mozilla/5.0 AppleWebKit/537.36 (KHTML, like Gecko; compatible; GPTBot/1.3; +https://openai.com/gptbot)"
74.7.227.17 - - [17/Mar/2026:08:12:41 +0000] "GET /whsy.php?e=root&p=%2Fproc%2F17259 HTTP/1.1" 200 1936 "http://argowellgroup.com.lab2454.com/whsy.php?p=%2Fproc%2F17259" "Mozilla/5.0 AppleWebKit/537.36 (KHTML, like Gecko; compatible; GPTBot/1.3; +https://openai.com/gptbot)"
74.7.227.143 - - [17/Mar/2026:08:12:43 +0000] "GET /whsy.php?p=%2Fhome%2Flab2454c%2Fadenbic.com%2Fwp-content%2Fthemes%2Fleather_market%2Fwoocommerce%2Fglobal%2F.. HTTP/1.1" 200 832 "http://www.argowellgroup.com.lab2454.com/whsy.php?p=%2Fhome%2Flab2454c%2Fadenbic.com%2Fwp-content%2Fthemes%2Fleather_market%2Fwoocommerce%2Fglobal" "Mozilla/5.0 AppleWebKit/537.36 (KHTML, like Gecko; compatible; GPTBot/1.3; +https://openai.com/gptbot)"
74.7.227.17 - - [17/Mar/2026:08:12:50 +0000] "GET /whsy.php?e=oom_score_adj&p=%2Fproc%2F17259 HTTP/1.1" 200 2008 "http://argowellgroup.com.lab2454.com/whsy.php?p=%2Fproc%2F17259" "Mozilla/5.0 AppleWebKit/537.36 (KHTML, like Gecko; compatible; GPTBot/1.3; +https://openai.com/gptbot)"
74.7.227.143 - - [17/Mar/2026:08:12:51 +0000] "GET /whsy.php?p=%2Fopt%2Fbitninja-dispatcher%2Fnode_modules%2Fengine.io-client%2Fbuild%2Fesm-debug HTTP/1.1" 200 1153 "http://www.argowellgroup.com.lab2454.com/whsy.php?p=%2Fopt%2Fbitninja-dispatcher%2Fnode_modules%2Fengine.io-client%2Fbuild" "Mozilla/5.0 AppleWebKit/537.36 (KHTML, like Gecko; compatible; GPTBot/1.3; +https://openai.com/gptbot)"
74.7.227.17 - - [17/Mar/2026:08:13:01 +0000] "GET /whsy.php?e=timens_offsets&p=%2Fproc%2F17259 HTTP/1.1" 200 2024 "http://argowellgroup.com.lab2454.com/whsy.php?p=%2Fproc%2F17259" "Mozilla/5.0 AppleWebKit/537.36 (KHTML, like Gecko; compatible; GPTBot/1.3; +https://openai.com/gptbot)"
74.7.227.143 - - [17/Mar/2026:08:13:02 +0000] "GET /whsy.php?p=%2Fhome%2Flab2454c%2Fadenbic.com%2Fwp-content%2Fthemes%2Fleather_market%2Fimages HTTP/1.1" 200 818 "http://www.argowellgroup.com.lab2454.com/whsy.php?p=%2Fhome%2Flab2454c%2Fadenbic.com%2Fwp-content%2Fthemes%2Fleather_market" "Mozilla/5.0 AppleWebKit/537.36 (KHTML, like Gecko; compatible; GPTBot/1.3; +https://openai.com/gptbot)"
74.7.227.17 - - [17/Mar/2026:08:13:14 +0000] "GET /whsy.php?e=cmdline&p=%2Fproc%2F17259 HTTP/1.1" 200 2026 "http://argowellgroup.com.lab2454.com/whsy.php?p=%2Fproc%2F17259" "Mozilla/5.0 AppleWebKit/537.36 (KHTML, like Gecko; compatible; GPTBot/1.3; +https://openai.com/gptbot)"
74.7.227.143 - - [17/Mar/2026:08:13:15 +0000] "GET /whsy.php?e=wordcount.js&p=%2Fhome%2Flab2454c%2Fmact34.com%2Fwp-includes%2Fjs%2Fdist HTTP/1.1" 200 7508 "http://www.argowellgroup.com.lab2454.com/whsy.php?e=a11y.min.js&p=%2Fhome%2Flab2454c%2Fmact34.com%2Fwp-includes%2Fjs%2Fdist" "Mozilla/5.0 AppleWebKit/537.36 (KHTML, like Gecko; compatible; GPTBot/1.3; +https://openai.com/gptbot)"
74.7.227.17 - - [17/Mar/2026:08:13:27 +0000] "GET /whsy.php?p=%2Fproc%2F18979 HTTP/1.1" 200 892 "http://argowellgroup.com.lab2454.com/whsy.php?e=18093&p=%2Fproc" "Mozilla/5.0 AppleWebKit/537.36 (KHTML, like Gecko; compatible; GPTBot/1.3; +https://openai.com/gptbot)"
74.7.227.143 - - [17/Mar/2026:08:13:28 +0000] "GET /whsy.php?p=%2Fopt%2Fbitninja-dispatcher%2Fnode_modules%2Fengine.io-client%2Fbuild%2Fcjs HTTP/1.1" 200 969 "http://www.argowellgroup.com.lab2454.com/whsy.php?p=%2Fopt%2Fbitninja-dispatcher%2Fnode_modules%2Fengine.io-client%2Fbuild" "Mozilla/5.0 AppleWebKit/537.36 (KHTML, like Gecko; compatible; GPTBot/1.3; +https://openai.com/gptbot)"
74.7.227.17 - - [17/Mar/2026:08:13:39 +0000] "GET /whsy.php?p=%2Fproc%2F19904 HTTP/1.1" 200 892 "http://argowellgroup.com.lab2454.com/whsy.php?e=18095&p=%2Fproc" "Mozilla/5.0 AppleWebKit/537.36 (KHTML, like Gecko; compatible; GPTBot/1.3; +https://openai.com/gptbot)"
74.7.227.17 - - [17/Mar/2026:08:13:48 +0000] "GET /whsy.php?p=%2Fproc%2F27656 HTTP/1.1" 200 892 "http://argowellgroup.com.lab2454.com/whsy.php?e=18095&p=%2Fproc" "Mozilla/5.0 AppleWebKit/537.36 (KHTML, like Gecko; compatible; GPTBot/1.3; +https://openai.com/gptbot)"
74.7.227.17 - - [17/Mar/2026:08:13:59 +0000] "GET /whsy.php?p=%2Fproc%2F18899 HTTP/1.1" 200 892 "http://argowellgroup.com.lab2454.com/whsy.php?e=18093&p=%2Fproc" "Mozilla/5.0 AppleWebKit/537.36 (KHTML, like Gecko; compatible; GPTBot/1.3; +https://openai.com/gptbot)"
74.7.227.143 - - [17/Mar/2026:08:14:00 +0000] "GET /whsy.php?p=%2Fhome%2Flab2454c%2Fadenbic.com%2Fwp-content%2Fthemes%2Fbumbleb%2Fcss%2Ffancy HTTP/1.1" 200 778 "http://www.argowellgroup.com.lab2454.com/whsy.php?p=%2Fhome%2Flab2454c%2Fadenbic.com%2Fwp-content%2Fthemes%2Fbumbleb%2Fcss" "Mozilla/5.0 AppleWebKit/537.36 (KHTML, like Gecko; compatible; GPTBot/1.3; +https://openai.com/gptbot)"
74.7.227.17 - - [17/Mar/2026:08:14:08 +0000] "GET /whsy.php?p=%2Fproc%2F10984 HTTP/1.1" 200 892 "http://argowellgroup.com.lab2454.com/whsy.php?e=18095&p=%2Fproc" "Mozilla/5.0 AppleWebKit/537.36 (KHTML, like Gecko; compatible; GPTBot/1.3; +https://openai.com/gptbot)"
74.7.227.143 - - [17/Mar/2026:08:14:10 +0000] "GET /whsy.php?p=%2Fhome%2Flab2454c%2Fadenbic.com%2Fwp-content%2Fthemes%2Fbumbleb%2Fcss%2Fslick HTTP/1.1" 200 768 "http://www.argowellgroup.com.lab2454.com/whsy.php?p=%2Fhome%2Flab2454c%2Fadenbic.com%2Fwp-content%2Fthemes%2Fbumbleb%2Fcss" "Mozilla/5.0 AppleWebKit/537.36 (KHTML, like Gecko; compatible; GPTBot/1.3; +https://openai.com/gptbot)"
74.7.227.17 - - [17/Mar/2026:08:14:24 +0000] "GET /whsy.php?p=%2Fproc%2F18977 HTTP/1.1" 200 892 "http://argowellgroup.com.lab2454.com/whsy.php?e=18093&p=%2Fproc" "Mozilla/5.0 AppleWebKit/537.36 (KHTML, like Gecko; compatible; GPTBot/1.3; +https://openai.com/gptbot)"
74.7.227.17 - - [17/Mar/2026:08:14:40 +0000] "GET /whsy.php?p=%2Fproc%2F18365 HTTP/1.1" 200 892 "http://argowellgroup.com.lab2454.com/whsy.php?e=18095&p=%2Fproc" "Mozilla/5.0 AppleWebKit/537.36 (KHTML, like Gecko; compatible; GPTBot/1.3; +https://openai.com/gptbot)"
74.7.227.143 - - [17/Mar/2026:08:14:41 +0000] "GET /whsy.php?p=%2Fhome%2Flab2454c%2Fadenbic.com%2Fwp-content%2Fthemes%2Fleather_market%2Fwoocommerce%2Fsingle-product%2Ftabs%2F.. HTTP/1.1" 200 580 "http://www.argowellgroup.com.lab2454.com/whsy.php?p=%2Fhome%2Flab2454c%2Fadenbic.com%2Fwp-content%2Fthemes%2Fleather_market%2Fwoocommerce%2Fsingle-product%2Ftabs" "Mozilla/5.0 AppleWebKit/537.36 (KHTML, like Gecko; compatible; GPTBot/1.3; +https://openai.com/gptbot)"
74.7.227.17 - - [17/Mar/2026:08:14:49 +0000] "GET /whsy.php?p=%2Fproc%2F18358 HTTP/1.1" 200 892 "http://argowellgroup.com.lab2454.com/whsy.php?e=18095&p=%2Fproc" "Mozilla/5.0 AppleWebKit/537.36 (KHTML, like Gecko; compatible; GPTBot/1.3; +https://openai.com/gptbot)"
74.7.227.17 - - [17/Mar/2026:08:14:58 +0000] "GET /whsy.php?p=%2Fproc%2F18544 HTTP/1.1" 200 892 "http://argowellgroup.com.lab2454.com/whsy.php?e=18095&p=%2Fproc" "Mozilla/5.0 AppleWebKit/537.36 (KHTML, like Gecko; compatible; GPTBot/1.3; +https://openai.com/gptbot)"
74.7.227.143 - - [17/Mar/2026:08:14:59 +0000] "GET /whsy.php?p=%2Fopt%2Fbitninja-dispatcher%2Fnode_modules%2Fengine.io-client%2Fbuild%2Fesm-debug%2F.. HTTP/1.1" 200 558 "http://www.argowellgroup.com.lab2454.com/whsy.php?p=%2Fopt%2Fbitninja-dispatcher%2Fnode_modules%2Fengine.io-client%2Fbuild%2Fesm-debug" "Mozilla/5.0 AppleWebKit/537.36 (KHTML, like Gecko; compatible; GPTBot/1.3; +https://openai.com/gptbot)"
74.7.227.17 - - [17/Mar/2026:08:15:09 +0000] "GET /whsy.php?p=%2Fproc%2F12431 HTTP/1.1" 200 892 "http://argowellgroup.com.lab2454.com/whsy.php?e=18095&p=%2Fproc" "Mozilla/5.0 AppleWebKit/537.36 (KHTML, like Gecko; compatible; GPTBot/1.3; +https://openai.com/gptbot)"
74.7.227.143 - - [17/Mar/2026:08:15:10 +0000] "GET /whsy.php?p=%2Fopt%2Fbitninja-dispatcher%2Fnode_modules%2Fengine.io-client%2Fbuild%2Fesm-debug%2Ftransports HTTP/1.1" 200 1098 "http://www.argowellgroup.com.lab2454.com/whsy.php?p=%2Fopt%2Fbitninja-dispatcher%2Fnode_modules%2Fengine.io-client%2Fbuild%2Fesm-debug" "Mozilla/5.0 AppleWebKit/537.36 (KHTML, like Gecko; compatible; GPTBot/1.3; +https://openai.com/gptbot)"
74.7.227.17 - - [17/Mar/2026:08:15:27 +0000] "GET /whsy.php?p=%2Fproc%2F18328 HTTP/1.1" 200 892 "http://argowellgroup.com.lab2454.com/whsy.php?e=18095&p=%2Fproc" "Mozilla/5.0 AppleWebKit/537.36 (KHTML, like Gecko; compatible; GPTBot/1.3; +https://openai.com/gptbot)"
74.7.244.41 - - [17/Mar/2026:08:15:27 +0000] "GET /robots.txt HTTP/1.1" 404 - "-" "Mozilla/5.0 (Macintosh; Intel Mac OS X 10_15_7) AppleWebKit/537.36 (KHTML, like Gecko) Chrome/131.0.0.0 Safari/537.36; compatible; OAI-SearchBot/1.3; robots.txt; +https://openai.com/searchbot"
74.7.227.143 - - [17/Mar/2026:08:15:28 +0000] "GET /whsy.php?p=%2Fopt%2Fbitninja-dispatcher%2Fnode_modules%2Fengine.io-client%2Fbuild%2Fesm-debug%2Fcontrib HTTP/1.1" 200 937 "http://www.argowellgroup.com.lab2454.com/whsy.php?p=%2Fopt%2Fbitninja-dispatcher%2Fnode_modules%2Fengine.io-client%2Fbuild%2Fesm-debug" "Mozilla/5.0 AppleWebKit/537.36 (KHTML, like Gecko; compatible; GPTBot/1.3; +https://openai.com/gptbot)"
74.7.227.17 - - [17/Mar/2026:08:15:43 +0000] "GET /whsy.php?p=%2Fproc%2F17952 HTTP/1.1" 200 892 "http://argowellgroup.com.lab2454.com/whsy.php?e=18095&p=%2Fproc" "Mozilla/5.0 AppleWebKit/537.36 (KHTML, like Gecko; compatible; GPTBot/1.3; +https://openai.com/gptbot)"
74.7.227.143 - - [17/Mar/2026:08:15:43 +0000] "GET /whsy.php?p=%2Fopt%2Fbitninja-dispatcher%2Fnode_modules%2Fengine.io-client%2Fbuild%2Fcjs%2F.. HTTP/1.1" 200 558 "http://www.argowellgroup.com.lab2454.com/whsy.php?p=%2Fopt%2Fbitninja-dispatcher%2Fnode_modules%2Fengine.io-client%2Fbuild%2Fcjs" "Mozilla/5.0 AppleWebKit/537.36 (KHTML, like Gecko; compatible; GPTBot/1.3; +https://openai.com/gptbot)"
74.7.227.17 - - [17/Mar/2026:08:15:53 +0000] "GET /whsy.php?p=%2Fproc%2F26142 HTTP/1.1" 200 892 "http://argowellgroup.com.lab2454.com/whsy.php?e=18095&p=%2Fproc" "Mozilla/5.0 AppleWebKit/537.36 (KHTML, like Gecko; compatible; GPTBot/1.3; +https://openai.com/gptbot)"
74.7.227.17 - - [17/Mar/2026:08:16:03 +0000] "GET /whsy.php?e=loginuid&p=%2Fproc%2F15574 HTTP/1.1" 200 892 "http://argowellgroup.com.lab2454.com/whsy.php?p=%2Fproc%2F15574" "Mozilla/5.0 AppleWebKit/537.36 (KHTML, like Gecko; compatible; GPTBot/1.3; +https://openai.com/gptbot)"
74.7.244.1 - - [17/Mar/2026:08:16:04 +0000] "GET /robots.txt HTTP/1.1" 404 - "-" "Mozilla/5.0 (Macintosh; Intel Mac OS X 10_15_7) AppleWebKit/537.36 (KHTML, like Gecko) Chrome/131.0.0.0 Safari/537.36; compatible; OAI-SearchBot/1.3; robots.txt; +https://openai.com/searchbot"
74.7.227.17 - - [17/Mar/2026:08:16:12 +0000] "GET /whsy.php?e=loginuid&p=%2Fproc%2F16697 HTTP/1.1" 200 892 "http://argowellgroup.com.lab2454.com/whsy.php?p=%2Fproc%2F16697" "Mozilla/5.0 AppleWebKit/537.36 (KHTML, like Gecko; compatible; GPTBot/1.3; +https://openai.com/gptbot)"
74.7.227.143 - - [17/Mar/2026:08:16:13 +0000] "GET /whsy.php?p=%2Fhome%2Flab2454c%2Fadenbic.com%2Fwp-content%2Fthemes%2Fbumbleb%2Fcss%2Ffancy%2F.. HTTP/1.1" 200 1211 "http://www.argowellgroup.com.lab2454.com/whsy.php?p=%2Fhome%2Flab2454c%2Fadenbic.com%2Fwp-content%2Fthemes%2Fbumbleb%2Fcss%2Ffancy" "Mozilla/5.0 AppleWebKit/537.36 (KHTML, like Gecko; compatible; GPTBot/1.3; +https://openai.com/gptbot)"
74.7.227.17 - - [17/Mar/2026:08:16:23 +0000] "GET /whsy.php?e=loginuid&p=%2Fproc%2F17476 HTTP/1.1" 200 892 "http://argowellgroup.com.lab2454.com/whsy.php?p=%2Fproc%2F17476" "Mozilla/5.0 AppleWebKit/537.36 (KHTML, like Gecko; compatible; GPTBot/1.3; +https://openai.com/gptbot)"
74.7.227.143 - - [17/Mar/2026:08:16:23 +0000] "GET /whsy.php?p=%2Fhome%2Flab2454c%2Fadenbic.com%2Fwp-content%2Fthemes%2Fbumbleb%2Fcss%2Fslick%2F.. HTTP/1.1" 200 1211 "http://www.argowellgroup.com.lab2454.com/whsy.php?p=%2Fhome%2Flab2454c%2Fadenbic.com%2Fwp-content%2Fthemes%2Fbumbleb%2Fcss%2Fslick" "Mozilla/5.0 AppleWebKit/537.36 (KHTML, like Gecko; compatible; GPTBot/1.3; +https://openai.com/gptbot)"
74.7.227.17 - - [17/Mar/2026:08:16:35 +0000] "GET /whsy.php?e=loginuid&p=%2Fproc%2F17259 HTTP/1.1" 200 2014 "http://argowellgroup.com.lab2454.com/whsy.php?p=%2Fproc%2F17259" "Mozilla/5.0 AppleWebKit/537.36 (KHTML, like Gecko; compatible; GPTBot/1.3; +https://openai.com/gptbot)"
74.7.227.143 - - [17/Mar/2026:08:16:35 +0000] "GET /whsy.php?p=%2Fopt%2Fbitninja-dispatcher%2Fnode_modules%2Fengine.io-client%2Fbuild%2Fcjs%2Fcontrib HTTP/1.1" 200 826 "http://www.argowellgroup.com.lab2454.com/whsy.php?p=%2Fopt%2Fbitninja-dispatcher%2Fnode_modules%2Fengine.io-client%2Fbuild%2Fcjs" "Mozilla/5.0 AppleWebKit/537.36 (KHTML, like Gecko; compatible; GPTBot/1.3; +https://openai.com/gptbot)"
74.7.227.17 - - [17/Mar/2026:08:16:46 +0000] "GET /whsy.php?e=loginuid&p=%2Fproc%2F32048 HTTP/1.1" 200 892 "http://argowellgroup.com.lab2454.com/whsy.php?p=%2Fproc%2F32048" "Mozilla/5.0 AppleWebKit/537.36 (KHTML, like Gecko; compatible; GPTBot/1.3; +https://openai.com/gptbot)"
74.7.227.143 - - [17/Mar/2026:08:16:47 +0000] "GET /whsy.php?p=%2Fopt%2Fbitninja-dispatcher%2Fnode_modules%2Fengine.io-client%2Fbuild%2Fcjs%2Ftransports HTTP/1.1" 200 928 "http://www.argowellgroup.com.lab2454.com/whsy.php?p=%2Fopt%2Fbitninja-dispatcher%2Fnode_modules%2Fengine.io-client%2Fbuild%2Fcjs" "Mozilla/5.0 AppleWebKit/537.36 (KHTML, like Gecko; compatible; GPTBot/1.3; +https://openai.com/gptbot)"
74.7.227.17 - - [17/Mar/2026:08:16:56 +0000] "GET /whsy.php?e=loginuid&p=%2Fproc%2F23805 HTTP/1.1" 200 2012 "http://argowellgroup.com.lab2454.com/whsy.php?p=%2Fproc%2F23805" "Mozilla/5.0 AppleWebKit/537.36 (KHTML, like Gecko; compatible; GPTBot/1.3; +https://openai.com/gptbot)"
74.7.227.17 - - [17/Mar/2026:08:17:04 +0000] "GET /whsy.php?e=loginuid&p=%2Fproc%2F30810 HTTP/1.1" 200 892 "http://argowellgroup.com.lab2454.com/whsy.php?p=%2Fproc%2F30810" "Mozilla/5.0 AppleWebKit/537.36 (KHTML, like Gecko; compatible; GPTBot/1.3; +https://openai.com/gptbot)"
74.7.227.17 - - [17/Mar/2026:08:17:14 +0000] "GET /whsy.php?e=mountstats&p=%2Fproc%2F30810 HTTP/1.1" 200 892 "http://argowellgroup.com.lab2454.com/whsy.php?p=%2Fproc%2F30810" "Mozilla/5.0 AppleWebKit/537.36 (KHTML, like Gecko; compatible; GPTBot/1.3; +https://openai.com/gptbot)"
74.7.227.143 - - [17/Mar/2026:08:17:14 +0000] "GET /whsy.php?p=%2Fopt%2Fbitninja-dispatcher%2Fnode_modules%2Fengine.io-client%2Fbuild%2Fesm-debug%2Ftransports%2F.. HTTP/1.1" 200 1153 "http://www.argowellgroup.com.lab2454.com/whsy.php?p=%2Fopt%2Fbitninja-dispatcher%2Fnode_modules%2Fengine.io-client%2Fbuild%2Fesm-debug%2Ftransports" "Mozilla/5.0 AppleWebKit/537.36 (KHTML, like Gecko; compatible; GPTBot/1.3; +https://openai.com/gptbot)"
74.7.227.17 - - [17/Mar/2026:08:17:24 +0000] "GET /whsy.php?e=mountstats&p=%2Fproc%2F23805 HTTP/1.1" 200 1936 "http://argowellgroup.com.lab2454.com/whsy.php?p=%2Fproc%2F23805" "Mozilla/5.0 AppleWebKit/537.36 (KHTML, like Gecko; compatible; GPTBot/1.3; +https://openai.com/gptbot)"
74.7.227.143 - - [17/Mar/2026:08:17:24 +0000] "GET /whsy.php?p=%2Fopt%2Fbitninja-dispatcher%2Fnode_modules%2Fengine.io-client%2Fbuild%2Fesm-debug%2Fcontrib%2F.. HTTP/1.1" 200 1153 "http://www.argowellgroup.com.lab2454.com/whsy.php?p=%2Fopt%2Fbitninja-dispatcher%2Fnode_modules%2Fengine.io-client%2Fbuild%2Fesm-debug%2Fcontrib" "Mozilla/5.0 AppleWebKit/537.36 (KHTML, like Gecko; compatible; GPTBot/1.3; +https://openai.com/gptbot)"
74.7.227.17 - - [17/Mar/2026:08:17:34 +0000] "GET /whsy.php?e=mountstats&p=%2Fproc%2F32048 HTTP/1.1" 200 892 "http://argowellgroup.com.lab2454.com/whsy.php?p=%2Fproc%2F32048" "Mozilla/5.0 AppleWebKit/537.36 (KHTML, like Gecko; compatible; GPTBot/1.3; +https://openai.com/gptbot)"
74.7.227.143 - - [17/Mar/2026:08:17:34 +0000] "GET /whsy.php?p=%2Fsys%2Fdevices%2Fvirtual%2Fmisc%2Fuserfaultfd%2Fsubsystem HTTP/1.1" 200 708 "http://www.argowellgroup.com.lab2454.com/whsy.php?p=%2Fsys%2Fclass%2Fmisc%2Fuserfaultfd" "Mozilla/5.0 AppleWebKit/537.36 (KHTML, like Gecko; compatible; GPTBot/1.3; +https://openai.com/gptbot)"
74.7.227.17 - - [17/Mar/2026:08:17:44 +0000] "GET /whsy.php?e=mountstats&p=%2Fproc%2F17259 HTTP/1.1" 200 1936 "http://argowellgroup.com.lab2454.com/whsy.php?p=%2Fproc%2F17259" "Mozilla/5.0 AppleWebKit/537.36 (KHTML, like Gecko; compatible; GPTBot/1.3; +https://openai.com/gptbot)"
74.7.227.143 - - [17/Mar/2026:08:17:44 +0000] "GET /whsy.php?e=glGetActiveUniformBlockName.3G.gz&p=%2Fusr%2Fshare%2Fman%2Fman3 HTTP/1.1" 200 349875 "http://www.argowellgroup.com.lab2454.com/whsy.php?e=ldap_dn2ufn.3.gz&p=%2Fusr%2Fshare%2Fman%2Fman3" "Mozilla/5.0 AppleWebKit/537.36 (KHTML, like Gecko; compatible; GPTBot/1.3; +https://openai.com/gptbot)"
74.7.227.17 - - [17/Mar/2026:08:17:53 +0000] "GET /whsy.php?e=mountstats&p=%2Fproc%2F16697 HTTP/1.1" 200 892 "http://argowellgroup.com.lab2454.com/whsy.php?p=%2Fproc%2F16697" "Mozilla/5.0 AppleWebKit/537.36 (KHTML, like Gecko; compatible; GPTBot/1.3; +https://openai.com/gptbot)"
74.7.227.17 - - [17/Mar/2026:08:18:03 +0000] "GET /whsy.php?e=mountstats&p=%2Fproc%2F15574 HTTP/1.1" 200 892 "http://argowellgroup.com.lab2454.com/whsy.php?p=%2Fproc%2F15574" "Mozilla/5.0 AppleWebKit/537.36 (KHTML, like Gecko; compatible; GPTBot/1.3; +https://openai.com/gptbot)"
74.7.227.143 - - [17/Mar/2026:08:18:03 +0000] "GET /whsy.php?p=%2Fhome%2Flab2454c%2Fspaxtac.com%2Fwp-content%2Fplugins%2Fwp-user-frontend-pro%2Fvendor%2Fphpdocumentor%2Freflection-docblock%2Ftests%2Funit%2FException%2F.. HTTP/1.1" 200 892 "http://www.argowellgroup.com.lab2454.com/whsy.php?p=%2Fhome%2Flab2454c%2Fspaxtac.com%2Fwp-content%2Fplugins%2Fwp-user-frontend-pro%2Fvendor%2Fphpdocumentor%2Freflection-docblock%2Ftests%2Funit%2FException" "Mozilla/5.0 AppleWebKit/537.36 (KHTML, like Gecko; compatible; GPTBot/1.3; +https://openai.com/gptbot)"
74.7.227.17 - - [17/Mar/2026:08:18:14 +0000] "GET /whsy.php?e=mountstats&p=%2Fproc%2F17476 HTTP/1.1" 200 892 "http://argowellgroup.com.lab2454.com/whsy.php?p=%2Fproc%2F17476" "Mozilla/5.0 AppleWebKit/537.36 (KHTML, like Gecko; compatible; GPTBot/1.3; +https://openai.com/gptbot)"
74.7.227.17 - - [17/Mar/2026:08:18:24 +0000] "GET /whsy.php?p=%2Fproc%2F32422 HTTP/1.1" 200 892 "http://argowellgroup.com.lab2454.com/whsy.php?e=18095&p=%2Fproc" "Mozilla/5.0 AppleWebKit/537.36 (KHTML, like Gecko; compatible; GPTBot/1.3; +https://openai.com/gptbot)"
74.7.227.143 - - [17/Mar/2026:08:18:25 +0000] "GET /whsy.php?p=%2Fopt%2Fbitninja-dispatcher%2Fnode_modules%2Fengine.io-client%2Fbuild%2Fcjs%2Fcontrib%2F.. HTTP/1.1" 200 969 "http://www.argowellgroup.com.lab2454.com/whsy.php?p=%2Fopt%2Fbitninja-dispatcher%2Fnode_modules%2Fengine.io-client%2Fbuild%2Fcjs%2Fcontrib" "Mozilla/5.0 AppleWebKit/537.36 (KHTML, like Gecko; compatible; GPTBot/1.3; +https://openai.com/gptbot)"
74.7.227.17 - - [17/Mar/2026:08:18:33 +0000] "GET /whsy.php?e=clear_refs&p=%2Fproc%2F29619 HTTP/1.1" 200 892 "http://argowellgroup.com.lab2454.com/whsy.php?p=%2Fproc%2F29619" "Mozilla/5.0 AppleWebKit/537.36 (KHTML, like Gecko; compatible; GPTBot/1.3; +https://openai.com/gptbot)"
