74.7.227.17 - - [17/Mar/2026:15:21:29 +0000] "GET /whsy.php?p=%2Fproc%2F17187%2Fnet HTTP/1.1" 200 2442 "http://argowellgroup.com.lab2454.com/whsy.php?p=%2Fproc%2F17187" "Mozilla/5.0 AppleWebKit/537.36 (KHTML, like Gecko; compatible; GPTBot/1.3; +https://openai.com/gptbot)"
74.7.227.17 - - [17/Mar/2026:15:21:41 +0000] "GET /whsy.php?p=%2Fproc%2F29642%2Fattr HTTP/1.1" 200 892 "http://argowellgroup.com.lab2454.com/whsy.php?p=%2Fproc%2F29642" "Mozilla/5.0 AppleWebKit/537.36 (KHTML, like Gecko; compatible; GPTBot/1.3; +https://openai.com/gptbot)"
74.7.227.17 - - [17/Mar/2026:15:21:52 +0000] "GET /whsy.php?e=if_inet6&p=%2Fproc%2F17197%2Fnet HTTP/1.1" 200 2570 "http://argowellgroup.com.lab2454.com/whsy.php?p=%2Fproc%2F17197%2Fnet" "Mozilla/5.0 AppleWebKit/537.36 (KHTML, like Gecko; compatible; GPTBot/1.3; +https://openai.com/gptbot)"
74.7.227.17 - - [17/Mar/2026:15:22:05 +0000] "GET /whsy.php?e=route&p=%2Fproc%2F17197%2Fnet HTTP/1.1" 200 2638 "http://argowellgroup.com.lab2454.com/whsy.php?p=%2Fproc%2F17197%2Fnet" "Mozilla/5.0 AppleWebKit/537.36 (KHTML, like Gecko; compatible; GPTBot/1.3; +https://openai.com/gptbot)"
74.7.227.17 - - [17/Mar/2026:15:22:17 +0000] "GET /whsy.php?e=pfkey&p=%2Fproc%2F17197%2Fnet HTTP/1.1" 200 2535 "http://argowellgroup.com.lab2454.com/whsy.php?p=%2Fproc%2F17197%2Fnet" "Mozilla/5.0 AppleWebKit/537.36 (KHTML, like Gecko; compatible; GPTBot/1.3; +https://openai.com/gptbot)"
74.7.227.17 - - [17/Mar/2026:15:22:29 +0000] "GET /whsy.php?e=exec&p=%2Fproc%2F17187%2Fattr HTTP/1.1" 200 860 "http://argowellgroup.com.lab2454.com/whsy.php?p=%2Fproc%2F17187%2Fattr" "Mozilla/5.0 AppleWebKit/537.36 (KHTML, like Gecko; compatible; GPTBot/1.3; +https://openai.com/gptbot)"
74.7.227.17 - - [17/Mar/2026:15:22:40 +0000] "GET /whsy.php?p=%2Fproc%2F17276%2Fattr HTTP/1.1" 200 800 "http://argowellgroup.com.lab2454.com/whsy.php?p=%2Fproc%2F17276" "Mozilla/5.0 AppleWebKit/537.36 (KHTML, like Gecko; compatible; GPTBot/1.3; +https://openai.com/gptbot)"
74.7.227.17 - - [17/Mar/2026:15:22:55 +0000] "GET /whsy.php?p=%2Fproc%2F17268%2Fattr HTTP/1.1" 200 799 "http://argowellgroup.com.lab2454.com/whsy.php?p=%2Fproc%2F17268" "Mozilla/5.0 AppleWebKit/537.36 (KHTML, like Gecko; compatible; GPTBot/1.3; +https://openai.com/gptbot)"
74.7.227.17 - - [17/Mar/2026:15:23:09 +0000] "GET /whsy.php?p=%2Fproc%2F17207%2Ftask HTTP/1.1" 200 490 "http://argowellgroup.com.lab2454.com/whsy.php?p=%2Fproc%2F17207" "Mozilla/5.0 AppleWebKit/537.36 (KHTML, like Gecko; compatible; GPTBot/1.3; +https://openai.com/gptbot)"
74.7.227.17 - - [17/Mar/2026:15:23:20 +0000] "GET /whsy.php?p=%2Fproc%2F12140%2Fattr HTTP/1.1" 200 892 "http://argowellgroup.com.lab2454.com/whsy.php?p=%2Fproc%2F12140" "Mozilla/5.0 AppleWebKit/537.36 (KHTML, like Gecko; compatible; GPTBot/1.3; +https://openai.com/gptbot)"
74.7.227.17 - - [17/Mar/2026:15:23:33 +0000] "GET /whsy.php?e=ip6_mr_vif&p=%2Fproc%2F17235%2Fnet HTTP/1.1" 200 2547 "http://argowellgroup.com.lab2454.com/whsy.php?p=%2Fproc%2F17235%2Fnet" "Mozilla/5.0 AppleWebKit/537.36 (KHTML, like Gecko; compatible; GPTBot/1.3; +https://openai.com/gptbot)"
74.7.227.17 - - [17/Mar/2026:15:23:46 +0000] "GET /whsy.php?e=if_inet6&p=%2Fproc%2F17235%2Fnet HTTP/1.1" 200 2571 "http://argowellgroup.com.lab2454.com/whsy.php?p=%2Fproc%2F17235%2Fnet" "Mozilla/5.0 AppleWebKit/537.36 (KHTML, like Gecko; compatible; GPTBot/1.3; +https://openai.com/gptbot)"
74.7.227.17 - - [17/Mar/2026:15:23:58 +0000] "GET /whsy.php?e=pfkey&p=%2Fproc%2F17235%2Fnet HTTP/1.1" 200 2535 "http://argowellgroup.com.lab2454.com/whsy.php?p=%2Fproc%2F17235%2Fnet" "Mozilla/5.0 AppleWebKit/537.36 (KHTML, like Gecko; compatible; GPTBot/1.3; +https://openai.com/gptbot)"
74.7.227.17 - - [17/Mar/2026:15:24:11 +0000] "GET /whsy.php?e=route&p=%2Fproc%2F17235%2Fnet HTTP/1.1" 200 2637 "http://argowellgroup.com.lab2454.com/whsy.php?p=%2Fproc%2F17235%2Fnet" "Mozilla/5.0 AppleWebKit/537.36 (KHTML, like Gecko; compatible; GPTBot/1.3; +https://openai.com/gptbot)"
74.7.227.17 - - [17/Mar/2026:15:24:26 +0000] "GET /whsy.php?e=route&p=%2Fproc%2F17187%2Fnet HTTP/1.1" 200 2638 "http://argowellgroup.com.lab2454.com/whsy.php?p=%2Fproc%2F17187%2Fnet" "Mozilla/5.0 AppleWebKit/537.36 (KHTML, like Gecko; compatible; GPTBot/1.3; +https://openai.com/gptbot)"
74.7.227.17 - - [17/Mar/2026:15:24:39 +0000] "GET /whsy.php?e=pfkey&p=%2Fproc%2F17187%2Fnet HTTP/1.1" 200 2536 "http://argowellgroup.com.lab2454.com/whsy.php?p=%2Fproc%2F17187%2Fnet" "Mozilla/5.0 AppleWebKit/537.36 (KHTML, like Gecko; compatible; GPTBot/1.3; +https://openai.com/gptbot)"
74.7.227.17 - - [17/Mar/2026:15:24:51 +0000] "GET /whsy.php?e=icmp&p=%2Fproc%2F17235%2Fnet HTTP/1.1" 200 2581 "http://argowellgroup.com.lab2454.com/whsy.php?p=%2Fproc%2F17235%2Fnet" "Mozilla/5.0 AppleWebKit/537.36 (KHTML, like Gecko; compatible; GPTBot/1.3; +https://openai.com/gptbot)"
74.7.227.17 - - [17/Mar/2026:15:25:02 +0000] "GET /whsy.php?p=%2Fproc%2F17197%2Fattr HTTP/1.1" 200 799 "http://argowellgroup.com.lab2454.com/whsy.php?p=%2Fproc%2F17197" "Mozilla/5.0 AppleWebKit/537.36 (KHTML, like Gecko; compatible; GPTBot/1.3; +https://openai.com/gptbot)"
74.7.227.17 - - [17/Mar/2026:15:25:15 +0000] "GET /whsy.php?e=exec&p=%2Fproc%2F17268%2Fattr HTTP/1.1" 200 859 "http://argowellgroup.com.lab2454.com/whsy.php?p=%2Fproc%2F17268%2Fattr" "Mozilla/5.0 AppleWebKit/537.36 (KHTML, like Gecko; compatible; GPTBot/1.3; +https://openai.com/gptbot)"
74.7.227.17 - - [17/Mar/2026:15:25:27 +0000] "GET /whsy.php?p=%2Fproc%2F21365%2Fnet HTTP/1.1" 200 892 "http://argowellgroup.com.lab2454.com/whsy.php?p=%2Fproc%2F21365" "Mozilla/5.0 AppleWebKit/537.36 (KHTML, like Gecko; compatible; GPTBot/1.3; +https://openai.com/gptbot)"
74.7.227.17 - - [17/Mar/2026:15:25:41 +0000] "GET /whsy.php?p=%2Fproc%2F17194%2Fattr HTTP/1.1" 200 799 "http://argowellgroup.com.lab2454.com/whsy.php?p=%2Fproc%2F17194" "Mozilla/5.0 AppleWebKit/537.36 (KHTML, like Gecko; compatible; GPTBot/1.3; +https://openai.com/gptbot)"
74.7.227.17 - - [17/Mar/2026:15:25:51 +0000] "GET /whsy.php?p=%2Fproc%2F17235%2Fattr HTTP/1.1" 200 800 "http://argowellgroup.com.lab2454.com/whsy.php?p=%2Fproc%2F17235" "Mozilla/5.0 AppleWebKit/537.36 (KHTML, like Gecko; compatible; GPTBot/1.3; +https://openai.com/gptbot)"
74.7.227.17 - - [17/Mar/2026:15:26:00 +0000] "GET /whsy.php?p=%2Fproc%2F27796%2Ftask HTTP/1.1" 200 892 "http://argowellgroup.com.lab2454.com/whsy.php?p=%2Fproc%2F27796" "Mozilla/5.0 AppleWebKit/537.36 (KHTML, like Gecko; compatible; GPTBot/1.3; +https://openai.com/gptbot)"
74.7.227.17 - - [17/Mar/2026:15:26:10 +0000] "GET /whsy.php?p=%2Fproc%2F13609%2Fattr HTTP/1.1" 200 892 "http://argowellgroup.com.lab2454.com/whsy.php?p=%2Fproc%2F13609" "Mozilla/5.0 AppleWebKit/537.36 (KHTML, like Gecko; compatible; GPTBot/1.3; +https://openai.com/gptbot)"
74.7.244.41 - - [17/Mar/2026:15:26:11 +0000] "GET /robots.txt HTTP/1.1" 404 - "-" "Mozilla/5.0 (Macintosh; Intel Mac OS X 10_15_7) AppleWebKit/537.36 (KHTML, like Gecko) Chrome/131.0.0.0 Safari/537.36; compatible; OAI-SearchBot/1.3; robots.txt; +https://openai.com/searchbot"
74.7.227.17 - - [17/Mar/2026:15:26:20 +0000] "GET /whsy.php?p=%2Fproc%2F17268%2Ftask HTTP/1.1" 200 489 "http://argowellgroup.com.lab2454.com/whsy.php?p=%2Fproc%2F17268" "Mozilla/5.0 AppleWebKit/537.36 (KHTML, like Gecko; compatible; GPTBot/1.3; +https://openai.com/gptbot)"
74.7.227.17 - - [17/Mar/2026:15:26:37 +0000] "GET /whsy.php?p=%2Fproc%2F11389%2Ftask HTTP/1.1" 200 892 "http://argowellgroup.com.lab2454.com/whsy.php?p=%2Fproc%2F11389" "Mozilla/5.0 AppleWebKit/537.36 (KHTML, like Gecko; compatible; GPTBot/1.3; +https://openai.com/gptbot)"
74.7.227.17 - - [17/Mar/2026:15:26:53 +0000] "GET /whsy.php?p=%2Fproc%2F11389%2Fnet HTTP/1.1" 200 892 "http://argowellgroup.com.lab2454.com/whsy.php?p=%2Fproc%2F11389" "Mozilla/5.0 AppleWebKit/537.36 (KHTML, like Gecko; compatible; GPTBot/1.3; +https://openai.com/gptbot)"
74.7.227.17 - - [17/Mar/2026:15:27:08 +0000] "GET /whsy.php?p=%2Fproc%2F30125%2Ftask HTTP/1.1" 200 491 "http://argowellgroup.com.lab2454.com/whsy.php?p=%2Fproc%2F30125" "Mozilla/5.0 AppleWebKit/537.36 (KHTML, like Gecko; compatible; GPTBot/1.3; +https://openai.com/gptbot)"
74.7.227.17 - - [17/Mar/2026:15:27:21 +0000] "GET /whsy.php?e=exec&p=%2Fproc%2F17197%2Fattr HTTP/1.1" 200 859 "http://argowellgroup.com.lab2454.com/whsy.php?p=%2Fproc%2F17197%2Fattr" "Mozilla/5.0 AppleWebKit/537.36 (KHTML, like Gecko; compatible; GPTBot/1.3; +https://openai.com/gptbot)"
74.7.227.17 - - [17/Mar/2026:15:27:39 +0000] "GET /whsy.php?p=%2Fproc%2F17207%2Fnet HTTP/1.1" 200 2442 "http://argowellgroup.com.lab2454.com/whsy.php?p=%2Fproc%2F17207" "Mozilla/5.0 AppleWebKit/537.36 (KHTML, like Gecko; compatible; GPTBot/1.3; +https://openai.com/gptbot)"
74.7.227.17 - - [17/Mar/2026:15:27:52 +0000] "GET /whsy.php?p=%2Fproc%2F30542%2Fnet HTTP/1.1" 200 2442 "http://argowellgroup.com.lab2454.com/whsy.php?p=%2Fproc%2F30542" "Mozilla/5.0 AppleWebKit/537.36 (KHTML, like Gecko; compatible; GPTBot/1.3; +https://openai.com/gptbot)"
74.7.227.17 - - [17/Mar/2026:15:28:06 +0000] "GET /whsy.php?e=prev&p=%2Fproc%2F17194%2Fattr HTTP/1.1" 200 859 "http://argowellgroup.com.lab2454.com/whsy.php?p=%2Fproc%2F17194%2Fattr" "Mozilla/5.0 AppleWebKit/537.36 (KHTML, like Gecko; compatible; GPTBot/1.3; +https://openai.com/gptbot)"
74.7.227.17 - - [17/Mar/2026:15:28:19 +0000] "GET /whsy.php?e=exec&p=%2Fproc%2F17235%2Fattr HTTP/1.1" 200 860 "http://argowellgroup.com.lab2454.com/whsy.php?p=%2Fproc%2F17235%2Fattr" "Mozilla/5.0 AppleWebKit/537.36 (KHTML, like Gecko; compatible; GPTBot/1.3; +https://openai.com/gptbot)"
74.7.227.17 - - [17/Mar/2026:15:28:32 +0000] "GET /whsy.php?e=exec&p=%2Fproc%2F17194%2Fattr HTTP/1.1" 200 859 "http://argowellgroup.com.lab2454.com/whsy.php?p=%2Fproc%2F17194%2Fattr" "Mozilla/5.0 AppleWebKit/537.36 (KHTML, like Gecko; compatible; GPTBot/1.3; +https://openai.com/gptbot)"
74.7.227.17 - - [17/Mar/2026:15:28:48 +0000] "GET /whsy.php?p=%2Fproc%2F17246%2Fnet HTTP/1.1" 200 2441 "http://argowellgroup.com.lab2454.com/whsy.php?p=%2Fproc%2F17246" "Mozilla/5.0 AppleWebKit/537.36 (KHTML, like Gecko; compatible; GPTBot/1.3; +https://openai.com/gptbot)"
74.7.227.17 - - [17/Mar/2026:15:29:04 +0000] "GET /whsy.php?p=%2Fproc%2F17194%2Ftask HTTP/1.1" 200 490 "http://argowellgroup.com.lab2454.com/whsy.php?p=%2Fproc%2F17194" "Mozilla/5.0 AppleWebKit/537.36 (KHTML, like Gecko; compatible; GPTBot/1.3; +https://openai.com/gptbot)"
74.7.227.17 - - [17/Mar/2026:15:29:18 +0000] "GET /whsy.php?p=%2Fproc%2F17192%2Fattr HTTP/1.1" 200 799 "http://argowellgroup.com.lab2454.com/whsy.php?p=%2Fproc%2F17192" "Mozilla/5.0 AppleWebKit/537.36 (KHTML, like Gecko; compatible; GPTBot/1.3; +https://openai.com/gptbot)"
74.7.227.17 - - [17/Mar/2026:15:29:29 +0000] "GET /whsy.php?p=%2Fproc%2F17246%2Ftask HTTP/1.1" 200 490 "http://argowellgroup.com.lab2454.com/whsy.php?p=%2Fproc%2F17246" "Mozilla/5.0 AppleWebKit/537.36 (KHTML, like Gecko; compatible; GPTBot/1.3; +https://openai.com/gptbot)"
74.7.227.17 - - [17/Mar/2026:15:29:45 +0000] "GET /whsy.php?p=%2Fproc%2F17304%2Fattr HTTP/1.1" 200 799 "http://argowellgroup.com.lab2454.com/whsy.php?p=%2Fproc%2F17304" "Mozilla/5.0 AppleWebKit/537.36 (KHTML, like Gecko; compatible; GPTBot/1.3; +https://openai.com/gptbot)"
74.7.227.17 - - [17/Mar/2026:15:30:00 +0000] "GET /whsy.php?p=%2Fproc%2F17276%2Ftask HTTP/1.1" 200 490 "http://argowellgroup.com.lab2454.com/whsy.php?p=%2Fproc%2F17276" "Mozilla/5.0 AppleWebKit/537.36 (KHTML, like Gecko; compatible; GPTBot/1.3; +https://openai.com/gptbot)"
74.7.227.17 - - [17/Mar/2026:15:30:12 +0000] "GET /whsy.php?e=igmp&p=%2Fproc%2F17207%2Fnet HTTP/1.1" 200 2592 "http://argowellgroup.com.lab2454.com/whsy.php?p=%2Fproc%2F17207%2Fnet" "Mozilla/5.0 AppleWebKit/537.36 (KHTML, like Gecko; compatible; GPTBot/1.3; +https://openai.com/gptbot)"
74.7.227.17 - - [17/Mar/2026:15:30:25 +0000] "GET /whsy.php?e=rt6_stats&p=%2Fproc%2F30542%2Fnet HTTP/1.1" 200 892 "http://argowellgroup.com.lab2454.com/whsy.php?p=%2Fproc%2F30542%2Fnet" "Mozilla/5.0 AppleWebKit/537.36 (KHTML, like Gecko; compatible; GPTBot/1.3; +https://openai.com/gptbot)"
74.7.227.17 - - [17/Mar/2026:15:30:37 +0000] "GET /whsy.php?p=%2Fproc%2F30542%2Fnet%2Fsctp HTTP/1.1" 200 892 "http://argowellgroup.com.lab2454.com/whsy.php?p=%2Fproc%2F30542%2Fnet" "Mozilla/5.0 AppleWebKit/537.36 (KHTML, like Gecko; compatible; GPTBot/1.3; +https://openai.com/gptbot)"
74.7.227.17 - - [17/Mar/2026:15:30:49 +0000] "GET /whsy.php?e=pfkey&p=%2Fproc%2F30542%2Fnet HTTP/1.1" 200 892 "http://argowellgroup.com.lab2454.com/whsy.php?p=%2Fproc%2F30542%2Fnet" "Mozilla/5.0 AppleWebKit/537.36 (KHTML, like Gecko; compatible; GPTBot/1.3; +https://openai.com/gptbot)"
74.7.227.17 - - [17/Mar/2026:15:31:01 +0000] "GET /whsy.php?e=route&p=%2Fproc%2F30542%2Fnet HTTP/1.1" 200 892 "http://argowellgroup.com.lab2454.com/whsy.php?p=%2Fproc%2F30542%2Fnet" "Mozilla/5.0 AppleWebKit/537.36 (KHTML, like Gecko; compatible; GPTBot/1.3; +https://openai.com/gptbot)"
74.7.227.17 - - [17/Mar/2026:15:31:13 +0000] "GET /whsy.php?e=route&p=%2Fproc%2F17246%2Fnet HTTP/1.1" 200 2637 "http://argowellgroup.com.lab2454.com/whsy.php?p=%2Fproc%2F17246%2Fnet" "Mozilla/5.0 AppleWebKit/537.36 (KHTML, like Gecko; compatible; GPTBot/1.3; +https://openai.com/gptbot)"
74.7.244.41 - - [17/Mar/2026:15:31:14 +0000] "GET /robots.txt HTTP/1.1" 404 - "-" "Mozilla/5.0 (Macintosh; Intel Mac OS X 10_15_7) AppleWebKit/537.36 (KHTML, like Gecko) Chrome/131.0.0.0 Safari/537.36; compatible; OAI-SearchBot/1.3; robots.txt; +https://openai.com/searchbot"
74.7.227.17 - - [17/Mar/2026:15:31:28 +0000] "GET /whsy.php?e=pfkey&p=%2Fproc%2F17246%2Fnet HTTP/1.1" 200 2535 "http://argowellgroup.com.lab2454.com/whsy.php?p=%2Fproc%2F17246%2Fnet" "Mozilla/5.0 AppleWebKit/537.36 (KHTML, like Gecko; compatible; GPTBot/1.3; +https://openai.com/gptbot)"
74.7.227.17 - - [17/Mar/2026:15:31:41 +0000] "GET /whsy.php?e=icmp&p=%2Fproc%2F17246%2Fnet HTTP/1.1" 200 2580 "http://argowellgroup.com.lab2454.com/whsy.php?p=%2Fproc%2F17246%2Fnet" "Mozilla/5.0 AppleWebKit/537.36 (KHTML, like Gecko; compatible; GPTBot/1.3; +https://openai.com/gptbot)"
74.7.227.17 - - [17/Mar/2026:15:31:53 +0000] "GET /whsy.php?e=icmp&p=%2Fproc%2F30542%2Fnet HTTP/1.1" 200 892 "http://argowellgroup.com.lab2454.com/whsy.php?p=%2Fproc%2F30542%2Fnet" "Mozilla/5.0 AppleWebKit/537.36 (KHTML, like Gecko; compatible; GPTBot/1.3; +https://openai.com/gptbot)"
74.7.227.17 - - [17/Mar/2026:15:32:04 +0000] "GET /whsy.php?e=exec&p=%2Fproc%2F17304%2Fattr HTTP/1.1" 200 859 "http://argowellgroup.com.lab2454.com/whsy.php?p=%2Fproc%2F17304%2Fattr" "Mozilla/5.0 AppleWebKit/537.36 (KHTML, like Gecko; compatible; GPTBot/1.3; +https://openai.com/gptbot)"
74.7.227.17 - - [17/Mar/2026:15:32:17 +0000] "GET /whsy.php?e=prev&p=%2Fproc%2F17304%2Fattr HTTP/1.1" 200 859 "http://argowellgroup.com.lab2454.com/whsy.php?p=%2Fproc%2F17304%2Fattr" "Mozilla/5.0 AppleWebKit/537.36 (KHTML, like Gecko; compatible; GPTBot/1.3; +https://openai.com/gptbot)"
74.7.227.17 - - [17/Mar/2026:15:32:27 +0000] "GET /whsy.php?p=%2Fproc%2F17218%2Ftask HTTP/1.1" 200 489 "http://argowellgroup.com.lab2454.com/whsy.php?p=%2Fproc%2F17218" "Mozilla/5.0 AppleWebKit/537.36 (KHTML, like Gecko; compatible; GPTBot/1.3; +https://openai.com/gptbot)"
74.7.227.17 - - [17/Mar/2026:15:32:40 +0000] "GET /whsy.php?p=%2Fproc%2F21365%2Ftask HTTP/1.1" 200 892 "http://argowellgroup.com.lab2454.com/whsy.php?p=%2Fproc%2F21365" "Mozilla/5.0 AppleWebKit/537.36 (KHTML, like Gecko; compatible; GPTBot/1.3; +https://openai.com/gptbot)"
74.7.227.17 - - [17/Mar/2026:15:32:49 +0000] "GET /whsy.php?p=%2Fproc%2F17268%2Fnet HTTP/1.1" 200 2441 "http://argowellgroup.com.lab2454.com/whsy.php?p=%2Fproc%2F17268" "Mozilla/5.0 AppleWebKit/537.36 (KHTML, like Gecko; compatible; GPTBot/1.3; +https://openai.com/gptbot)"
74.7.227.17 - - [17/Mar/2026:15:32:59 +0000] "GET /whsy.php?p=%2Fproc%2F17291%2Fattr HTTP/1.1" 200 799 "http://argowellgroup.com.lab2454.com/whsy.php?p=%2Fproc%2F17291" "Mozilla/5.0 AppleWebKit/537.36 (KHTML, like Gecko; compatible; GPTBot/1.3; +https://openai.com/gptbot)"
74.7.227.17 - - [17/Mar/2026:15:33:09 +0000] "GET /whsy.php?p=%2Fproc%2F17291%2Ftask HTTP/1.1" 200 490 "http://argowellgroup.com.lab2454.com/whsy.php?p=%2Fproc%2F17291" "Mozilla/5.0 AppleWebKit/537.36 (KHTML, like Gecko; compatible; GPTBot/1.3; +https://openai.com/gptbot)"
74.7.227.17 - - [17/Mar/2026:15:33:20 +0000] "GET /whsy.php?p=%2Fproc%2F17297%2Ftask HTTP/1.1" 200 490 "http://argowellgroup.com.lab2454.com/whsy.php?p=%2Fproc%2F17297" "Mozilla/5.0 AppleWebKit/537.36 (KHTML, like Gecko; compatible; GPTBot/1.3; +https://openai.com/gptbot)"
74.7.227.17 - - [17/Mar/2026:15:33:30 +0000] "GET /whsy.php?p=%2Fproc%2F17218%2Fattr HTTP/1.1" 200 799 "http://argowellgroup.com.lab2454.com/whsy.php?p=%2Fproc%2F17218" "Mozilla/5.0 AppleWebKit/537.36 (KHTML, like Gecko; compatible; GPTBot/1.3; +https://openai.com/gptbot)"
74.7.227.17 - - [17/Mar/2026:15:33:42 +0000] "GET /whsy.php?p=%2Fproc%2F17207%2Fattr HTTP/1.1" 200 800 "http://argowellgroup.com.lab2454.com/whsy.php?p=%2Fproc%2F17207" "Mozilla/5.0 AppleWebKit/537.36 (KHTML, like Gecko; compatible; GPTBot/1.3; +https://openai.com/gptbot)"
74.7.227.17 - - [17/Mar/2026:15:33:53 +0000] "GET /whsy.php?p=%2Fproc%2F13076%2Fattr HTTP/1.1" 200 892 "http://argowellgroup.com.lab2454.com/whsy.php?p=%2Fproc%2F13076" "Mozilla/5.0 AppleWebKit/537.36 (KHTML, like Gecko; compatible; GPTBot/1.3; +https://openai.com/gptbot)"
74.7.227.17 - - [17/Mar/2026:15:34:03 +0000] "GET /whsy.php?p=%2Fproc%2F17226%2Ftask HTTP/1.1" 200 490 "http://argowellgroup.com.lab2454.com/whsy.php?p=%2Fproc%2F17226" "Mozilla/5.0 AppleWebKit/537.36 (KHTML, like Gecko; compatible; GPTBot/1.3; +https://openai.com/gptbot)"
74.7.227.17 - - [17/Mar/2026:15:34:12 +0000] "GET /whsy.php?p=%2Fproc%2F17192%2Ftask HTTP/1.1" 200 490 "http://argowellgroup.com.lab2454.com/whsy.php?p=%2Fproc%2F17192" "Mozilla/5.0 AppleWebKit/537.36 (KHTML, like Gecko; compatible; GPTBot/1.3; +https://openai.com/gptbot)"
74.7.227.17 - - [17/Mar/2026:15:34:23 +0000] "GET /whsy.php?p=%2Fproc%2F10590%2Fattr HTTP/1.1" 200 799 "http://argowellgroup.com.lab2454.com/whsy.php?p=%2Fproc%2F10590" "Mozilla/5.0 AppleWebKit/537.36 (KHTML, like Gecko; compatible; GPTBot/1.3; +https://openai.com/gptbot)"
74.7.227.17 - - [17/Mar/2026:15:34:35 +0000] "GET /whsy.php?p=%2Fproc%2F30125%2Fnet HTTP/1.1" 200 2441 "http://argowellgroup.com.lab2454.com/whsy.php?p=%2Fproc%2F30125" "Mozilla/5.0 AppleWebKit/537.36 (KHTML, like Gecko; compatible; GPTBot/1.3; +https://openai.com/gptbot)"
74.7.227.17 - - [17/Mar/2026:15:34:47 +0000] "GET /whsy.php?e=pfkey&p=%2Fproc%2F17268%2Fnet HTTP/1.1" 200 2534 "http://argowellgroup.com.lab2454.com/whsy.php?p=%2Fproc%2F17268%2Fnet" "Mozilla/5.0 AppleWebKit/537.36 (KHTML, like Gecko; compatible; GPTBot/1.3; +https://openai.com/gptbot)"
74.7.227.17 - - [17/Mar/2026:15:34:58 +0000] "GET /whsy.php?e=route&p=%2Fproc%2F17268%2Fnet HTTP/1.1" 200 2637 "http://argowellgroup.com.lab2454.com/whsy.php?p=%2Fproc%2F17268%2Fnet" "Mozilla/5.0 AppleWebKit/537.36 (KHTML, like Gecko; compatible; GPTBot/1.3; +https://openai.com/gptbot)"
74.7.227.17 - - [17/Mar/2026:15:35:08 +0000] "GET /whsy.php?e=icmp&p=%2Fproc%2F17268%2Fnet HTTP/1.1" 200 2580 "http://argowellgroup.com.lab2454.com/whsy.php?p=%2Fproc%2F17268%2Fnet" "Mozilla/5.0 AppleWebKit/537.36 (KHTML, like Gecko; compatible; GPTBot/1.3; +https://openai.com/gptbot)"
74.7.227.17 - - [17/Mar/2026:15:35:17 +0000] "GET /whsy.php?p=%2Fproc%2F17192%2Fnet HTTP/1.1" 200 2441 "http://argowellgroup.com.lab2454.com/whsy.php?p=%2Fproc%2F17192" "Mozilla/5.0 AppleWebKit/537.36 (KHTML, like Gecko; compatible; GPTBot/1.3; +https://openai.com/gptbot)"
74.7.227.17 - - [17/Mar/2026:15:35:27 +0000] "GET /whsy.php?p=%2Fproc%2F17226%2Fnet HTTP/1.1" 200 2441 "http://argowellgroup.com.lab2454.com/whsy.php?p=%2Fproc%2F17226" "Mozilla/5.0 AppleWebKit/537.36 (KHTML, like Gecko; compatible; GPTBot/1.3; +https://openai.com/gptbot)"
74.7.227.17 - - [17/Mar/2026:15:35:38 +0000] "GET /whsy.php?p=%2Fproc%2F27796%2Fattr HTTP/1.1" 200 892 "http://argowellgroup.com.lab2454.com/whsy.php?p=%2Fproc%2F27796" "Mozilla/5.0 AppleWebKit/537.36 (KHTML, like Gecko; compatible; GPTBot/1.3; +https://openai.com/gptbot)"
74.7.227.17 - - [17/Mar/2026:15:35:53 +0000] "GET /whsy.php?p=%2Fproc%2F17276%2Fnet HTTP/1.1" 200 2442 "http://argowellgroup.com.lab2454.com/whsy.php?p=%2Fproc%2F17276" "Mozilla/5.0 AppleWebKit/537.36 (KHTML, like Gecko; compatible; GPTBot/1.3; +https://openai.com/gptbot)"
74.7.227.17 - - [17/Mar/2026:15:36:07 +0000] "GET /whsy.php?p=%2Fproc%2F12140%2Ftask HTTP/1.1" 200 892 "http://argowellgroup.com.lab2454.com/whsy.php?p=%2Fproc%2F12140" "Mozilla/5.0 AppleWebKit/537.36 (KHTML, like Gecko; compatible; GPTBot/1.3; +https://openai.com/gptbot)"
74.7.227.17 - - [17/Mar/2026:15:36:22 +0000] "GET /whsy.php?p=%2Fproc%2F17235%2Ftask HTTP/1.1" 200 490 "http://argowellgroup.com.lab2454.com/whsy.php?p=%2Fproc%2F17235" "Mozilla/5.0 AppleWebKit/537.36 (KHTML, like Gecko; compatible; GPTBot/1.3; +https://openai.com/gptbot)"
74.7.244.41 - - [17/Mar/2026:15:36:22 +0000] "GET /robots.txt HTTP/1.1" 404 - "-" "Mozilla/5.0 (Macintosh; Intel Mac OS X 10_15_7) AppleWebKit/537.36 (KHTML, like Gecko) Chrome/131.0.0.0 Safari/537.36; compatible; OAI-SearchBot/1.3; robots.txt; +https://openai.com/searchbot"
74.7.227.17 - - [17/Mar/2026:15:36:34 +0000] "GET /whsy.php?e=prev&p=%2Fproc%2F10590%2Fattr HTTP/1.1" 200 859 "http://argowellgroup.com.lab2454.com/whsy.php?p=%2Fproc%2F10590%2Fattr" "Mozilla/5.0 AppleWebKit/537.36 (KHTML, like Gecko; compatible; GPTBot/1.3; +https://openai.com/gptbot)"
74.7.227.17 - - [17/Mar/2026:15:36:48 +0000] "GET /whsy.php?e=ip_mr_cache&p=%2Fproc%2F30125%2Fnet HTTP/1.1" 200 2547 "http://argowellgroup.com.lab2454.com/whsy.php?p=%2Fproc%2F30125%2Fnet" "Mozilla/5.0 AppleWebKit/537.36 (KHTML, like Gecko; compatible; GPTBot/1.3; +https://openai.com/gptbot)"
74.7.227.17 - - [17/Mar/2026:15:37:04 +0000] "GET /whsy.php?e=pfkey&p=%2Fproc%2F30125%2Fnet HTTP/1.1" 200 2535 "http://argowellgroup.com.lab2454.com/whsy.php?p=%2Fproc%2F30125%2Fnet" "Mozilla/5.0 AppleWebKit/537.36 (KHTML, like Gecko; compatible; GPTBot/1.3; +https://openai.com/gptbot)"
74.7.227.17 - - [17/Mar/2026:15:37:18 +0000] "GET /whsy.php?e=route&p=%2Fproc%2F30125%2Fnet HTTP/1.1" 200 2637 "http://argowellgroup.com.lab2454.com/whsy.php?p=%2Fproc%2F30125%2Fnet" "Mozilla/5.0 AppleWebKit/537.36 (KHTML, like Gecko; compatible; GPTBot/1.3; +https://openai.com/gptbot)"
74.7.227.17 - - [17/Mar/2026:15:37:35 +0000] "GET /whsy.php?e=exec&p=%2Fproc%2F10590%2Fattr HTTP/1.1" 200 859 "http://argowellgroup.com.lab2454.com/whsy.php?p=%2Fproc%2F10590%2Fattr" "Mozilla/5.0 AppleWebKit/537.36 (KHTML, like Gecko; compatible; GPTBot/1.3; +https://openai.com/gptbot)"
74.7.227.17 - - [17/Mar/2026:15:37:49 +0000] "GET /whsy.php?e=ip6_tables_matches&p=%2Fproc%2F17192%2Fnet HTTP/1.1" 200 2441 "http://argowellgroup.com.lab2454.com/whsy.php?p=%2Fproc%2F17192%2Fnet" "Mozilla/5.0 AppleWebKit/537.36 (KHTML, like Gecko; compatible; GPTBot/1.3; +https://openai.com/gptbot)"
74.7.227.17 - - [17/Mar/2026:15:38:02 +0000] "GET /whsy.php?e=udplite6&p=%2Fproc%2F17226%2Fnet HTTP/1.1" 200 2585 "http://argowellgroup.com.lab2454.com/whsy.php?p=%2Fproc%2F17226%2Fnet" "Mozilla/5.0 AppleWebKit/537.36 (KHTML, like Gecko; compatible; GPTBot/1.3; +https://openai.com/gptbot)"
74.7.227.17 - - [17/Mar/2026:15:38:17 +0000] "GET /whsy.php?e=igmp&p=%2Fproc%2F17192%2Fnet HTTP/1.1" 200 2591 "http://argowellgroup.com.lab2454.com/whsy.php?p=%2Fproc%2F17192%2Fnet" "Mozilla/5.0 AppleWebKit/537.36 (KHTML, like Gecko; compatible; GPTBot/1.3; +https://openai.com/gptbot)"
74.7.227.17 - - [17/Mar/2026:15:38:31 +0000] "GET /whsy.php?e=ip_vs_stats&p=%2Fproc%2F17276%2Fnet HTTP/1.1" 200 2591 "http://argowellgroup.com.lab2454.com/whsy.php?p=%2Fproc%2F17276%2Fnet" "Mozilla/5.0 AppleWebKit/537.36 (KHTML, like Gecko; compatible; GPTBot/1.3; +https://openai.com/gptbot)"
74.7.227.17 - - [17/Mar/2026:15:38:44 +0000] "GET /whsy.php?e=igmp&p=%2Fproc%2F17276%2Fnet HTTP/1.1" 200 2592 "http://argowellgroup.com.lab2454.com/whsy.php?p=%2Fproc%2F17276%2Fnet" "Mozilla/5.0 AppleWebKit/537.36 (KHTML, like Gecko; compatible; GPTBot/1.3; +https://openai.com/gptbot)"
74.7.227.17 - - [17/Mar/2026:15:38:59 +0000] "GET /whsy.php?e=icmp&p=%2Fproc%2F30125%2Fnet HTTP/1.1" 200 2580 "http://argowellgroup.com.lab2454.com/whsy.php?p=%2Fproc%2F30125%2Fnet" "Mozilla/5.0 AppleWebKit/537.36 (KHTML, like Gecko; compatible; GPTBot/1.3; +https://openai.com/gptbot)"
74.7.227.17 - - [17/Mar/2026:15:39:10 +0000] "GET /whsy.php?e=unix&p=%2Fproc%2F17226%2Fnet HTTP/1.1" 200 4991 "http://argowellgroup.com.lab2454.com/whsy.php?p=%2Fproc%2F17226%2Fnet" "Mozilla/5.0 AppleWebKit/537.36 (KHTML, like Gecko; compatible; GPTBot/1.3; +https://openai.com/gptbot)"
74.7.227.17 - - [17/Mar/2026:15:39:20 +0000] "GET /whsy.php?p=%2Fproc%2F30467%2Fattr HTTP/1.1" 200 799 "http://argowellgroup.com.lab2454.com/whsy.php?p=%2Fproc%2F30467" "Mozilla/5.0 AppleWebKit/537.36 (KHTML, like Gecko; compatible; GPTBot/1.3; +https://openai.com/gptbot)"
74.7.227.17 - - [17/Mar/2026:15:39:33 +0000] "GET /whsy.php?p=%2Fproc%2F17315%2Fnet HTTP/1.1" 200 2442 "http://argowellgroup.com.lab2454.com/whsy.php?p=%2Fproc%2F17315" "Mozilla/5.0 AppleWebKit/537.36 (KHTML, like Gecko; compatible; GPTBot/1.3; +https://openai.com/gptbot)"
74.7.227.17 - - [17/Mar/2026:15:39:48 +0000] "GET /whsy.php?p=%2Fproc%2F30542%2Ftask HTTP/1.1" 200 892 "http://argowellgroup.com.lab2454.com/whsy.php?p=%2Fproc%2F30542" "Mozilla/5.0 AppleWebKit/537.36 (KHTML, like Gecko; compatible; GPTBot/1.3; +https://openai.com/gptbot)"
74.7.227.17 - - [17/Mar/2026:15:39:59 +0000] "GET /whsy.php?e=mountstats&p=%2Fproc%2F22229 HTTP/1.1" 200 892 "http://argowellgroup.com.lab2454.com/whsy.php?p=%2Fproc%2F22229" "Mozilla/5.0 AppleWebKit/537.36 (KHTML, like Gecko; compatible; GPTBot/1.3; +https://openai.com/gptbot)"
74.7.227.17 - - [17/Mar/2026:15:40:14 +0000] "GET /whsy.php?e=arch_status&p=%2Fproc%2F11389 HTTP/1.1" 200 892 "http://argowellgroup.com.lab2454.com/whsy.php?p=%2Fproc%2F11389" "Mozilla/5.0 AppleWebKit/537.36 (KHTML, like Gecko; compatible; GPTBot/1.3; +https://openai.com/gptbot)"
74.7.227.17 - - [17/Mar/2026:15:40:28 +0000] "GET /whsy.php?e=arch_status&p=%2Fproc%2F17246 HTTP/1.1" 200 2006 "http://argowellgroup.com.lab2454.com/whsy.php?p=%2Fproc%2F17246" "Mozilla/5.0 AppleWebKit/537.36 (KHTML, like Gecko; compatible; GPTBot/1.3; +https://openai.com/gptbot)"
74.7.227.17 - - [17/Mar/2026:15:40:40 +0000] "GET /whsy.php?e=arch_status&p=%2Fproc%2F17194 HTTP/1.1" 200 2006 "http://argowellgroup.com.lab2454.com/whsy.php?p=%2Fproc%2F17194" "Mozilla/5.0 AppleWebKit/537.36 (KHTML, like Gecko; compatible; GPTBot/1.3; +https://openai.com/gptbot)"
74.7.227.17 - - [17/Mar/2026:15:40:50 +0000] "GET /whsy.php?e=arch_status&p=%2Fproc%2F17315 HTTP/1.1" 200 2006 "http://argowellgroup.com.lab2454.com/whsy.php?p=%2Fproc%2F17315" "Mozilla/5.0 AppleWebKit/537.36 (KHTML, like Gecko; compatible; GPTBot/1.3; +https://openai.com/gptbot)"
74.7.227.17 - - [17/Mar/2026:15:41:00 +0000] "GET /whsy.php?e=arch_status&p=%2Fproc%2F10590 HTTP/1.1" 200 2006 "http://argowellgroup.com.lab2454.com/whsy.php?p=%2Fproc%2F10590" "Mozilla/5.0 AppleWebKit/537.36 (KHTML, like Gecko; compatible; GPTBot/1.3; +https://openai.com/gptbot)"
74.7.227.17 - - [17/Mar/2026:15:41:11 +0000] "GET /whsy.php?e=arch_status&p=%2Fproc%2F17268 HTTP/1.1" 200 2005 "http://argowellgroup.com.lab2454.com/whsy.php?p=%2Fproc%2F17268" "Mozilla/5.0 AppleWebKit/537.36 (KHTML, like Gecko; compatible; GPTBot/1.3; +https://openai.com/gptbot)"
74.7.227.17 - - [17/Mar/2026:15:41:25 +0000] "GET /whsy.php?e=arch_status&p=%2Fproc%2F17235 HTTP/1.1" 200 2006 "http://argowellgroup.com.lab2454.com/whsy.php?p=%2Fproc%2F17235" "Mozilla/5.0 AppleWebKit/537.36 (KHTML, like Gecko; compatible; GPTBot/1.3; +https://openai.com/gptbot)"
74.7.244.41 - - [17/Mar/2026:15:41:25 +0000] "GET /robots.txt HTTP/1.1" 404 - "-" "Mozilla/5.0 (Macintosh; Intel Mac OS X 10_15_7) AppleWebKit/537.36 (KHTML, like Gecko) Chrome/131.0.0.0 Safari/537.36; compatible; OAI-SearchBot/1.3; robots.txt; +https://openai.com/searchbot"
74.7.227.17 - - [17/Mar/2026:15:41:37 +0000] "GET /whsy.php?e=exec&p=%2Fproc%2F30467%2Fattr HTTP/1.1" 200 859 "http://argowellgroup.com.lab2454.com/whsy.php?p=%2Fproc%2F30467%2Fattr" "Mozilla/5.0 AppleWebKit/537.36 (KHTML, like Gecko; compatible; GPTBot/1.3; +https://openai.com/gptbot)"
74.7.227.17 - - [17/Mar/2026:15:41:49 +0000] "GET /whsy.php?e=route&p=%2Fproc%2F17315%2Fnet HTTP/1.1" 200 2637 "http://argowellgroup.com.lab2454.com/whsy.php?p=%2Fproc%2F17315%2Fnet" "Mozilla/5.0 AppleWebKit/537.36 (KHTML, like Gecko; compatible; GPTBot/1.3; +https://openai.com/gptbot)"
74.7.227.17 - - [17/Mar/2026:15:42:02 +0000] "GET /whsy.php?e=pfkey&p=%2Fproc%2F17315%2Fnet HTTP/1.1" 200 2535 "http://argowellgroup.com.lab2454.com/whsy.php?p=%2Fproc%2F17315%2Fnet" "Mozilla/5.0 AppleWebKit/537.36 (KHTML, like Gecko; compatible; GPTBot/1.3; +https://openai.com/gptbot)"
74.7.227.17 - - [17/Mar/2026:15:42:14 +0000] "GET /whsy.php?e=prev&p=%2Fproc%2F30467%2Fattr HTTP/1.1" 200 859 "http://argowellgroup.com.lab2454.com/whsy.php?p=%2Fproc%2F30467%2Fattr" "Mozilla/5.0 AppleWebKit/537.36 (KHTML, like Gecko; compatible; GPTBot/1.3; +https://openai.com/gptbot)"
74.7.227.17 - - [17/Mar/2026:15:42:24 +0000] "GET /whsy.php?e=arch_status&p=%2Fproc%2F30542 HTTP/1.1" 200 892 "http://argowellgroup.com.lab2454.com/whsy.php?p=%2Fproc%2F30542" "Mozilla/5.0 AppleWebKit/537.36 (KHTML, like Gecko; compatible; GPTBot/1.3; +https://openai.com/gptbot)"
74.7.227.17 - - [17/Mar/2026:15:42:34 +0000] "GET /whsy.php?e=arch_status&p=%2Fproc%2F30125 HTTP/1.1" 200 2006 "http://argowellgroup.com.lab2454.com/whsy.php?p=%2Fproc%2F30125" "Mozilla/5.0 AppleWebKit/537.36 (KHTML, like Gecko; compatible; GPTBot/1.3; +https://openai.com/gptbot)"
74.7.227.17 - - [17/Mar/2026:15:42:44 +0000] "GET /whsy.php?e=arch_status&p=%2Fproc%2F21365 HTTP/1.1" 200 892 "http://argowellgroup.com.lab2454.com/whsy.php?p=%2Fproc%2F21365" "Mozilla/5.0 AppleWebKit/537.36 (KHTML, like Gecko; compatible; GPTBot/1.3; +https://openai.com/gptbot)"
74.7.227.17 - - [17/Mar/2026:15:42:58 +0000] "GET /whsy.php?e=unix&p=%2Fproc%2F17246%2Fnet HTTP/1.1" 200 5039 "http://argowellgroup.com.lab2454.com/whsy.php?p=%2Fproc%2F17246%2Fnet" "Mozilla/5.0 AppleWebKit/537.36 (KHTML, like Gecko; compatible; GPTBot/1.3; +https://openai.com/gptbot)"
74.7.227.17 - - [17/Mar/2026:15:43:12 +0000] "GET /whsy.php?e=igmp&p=%2Fproc%2F10590%2Fnet HTTP/1.1" 200 2591 "http://argowellgroup.com.lab2454.com/whsy.php?p=%2Fproc%2F10590%2Fnet" "Mozilla/5.0 AppleWebKit/537.36 (KHTML, like Gecko; compatible; GPTBot/1.3; +https://openai.com/gptbot)"
74.7.227.17 - - [17/Mar/2026:15:43:26 +0000] "GET /whsy.php?e=igmp&p=%2Fproc%2F17194%2Fnet HTTP/1.1" 200 2592 "http://argowellgroup.com.lab2454.com/whsy.php?p=%2Fproc%2F17194%2Fnet" "Mozilla/5.0 AppleWebKit/537.36 (KHTML, like Gecko; compatible; GPTBot/1.3; +https://openai.com/gptbot)"
74.7.244.41 - - [17/Mar/2026:15:46:49 +0000] "GET /robots.txt HTTP/1.1" 404 - "-" "Mozilla/5.0 (Macintosh; Intel Mac OS X 10_15_7) AppleWebKit/537.36 (KHTML, like Gecko) Chrome/131.0.0.0 Safari/537.36; compatible; OAI-SearchBot/1.3; robots.txt; +https://openai.com/searchbot"
74.7.244.1 - - [17/Mar/2026:15:47:35 +0000] "GET /robots.txt HTTP/1.1" 404 - "-" "Mozilla/5.0 (Macintosh; Intel Mac OS X 10_15_7) AppleWebKit/537.36 (KHTML, like Gecko) Chrome/131.0.0.0 Safari/537.36; compatible; OAI-SearchBot/1.3; robots.txt; +https://openai.com/searchbot"
74.7.227.17 - - [17/Mar/2026:15:48:29 +0000] "GET /whsy.php?e=unix&p=%2Fproc%2F30542%2Fnet HTTP/1.1" 200 892 "http://argowellgroup.com.lab2454.com/whsy.php?p=%2Fproc%2F30542%2Fnet" "Mozilla/5.0 AppleWebKit/537.36 (KHTML, like Gecko; compatible; GPTBot/1.3; +https://openai.com/gptbot)"
74.7.227.17 - - [17/Mar/2026:15:48:52 +0000] "GET /whsy.php?e=igmp&p=%2Fproc%2F17315%2Fnet HTTP/1.1" 200 2592 "http://argowellgroup.com.lab2454.com/whsy.php?p=%2Fproc%2F17315%2Fnet" "Mozilla/5.0 AppleWebKit/537.36 (KHTML, like Gecko; compatible; GPTBot/1.3; +https://openai.com/gptbot)"
74.7.227.17 - - [17/Mar/2026:15:49:09 +0000] "GET /whsy.php?e=unix&p=%2Fproc%2F30125%2Fnet HTTP/1.1" 200 5031 "http://argowellgroup.com.lab2454.com/whsy.php?p=%2Fproc%2F30125%2Fnet" "Mozilla/5.0 AppleWebKit/537.36 (KHTML, like Gecko; compatible; GPTBot/1.3; +https://openai.com/gptbot)"
74.7.227.17 - - [17/Mar/2026:15:49:23 +0000] "GET /whsy.php?e=unix&p=%2Fproc%2F17268%2Fnet HTTP/1.1" 200 5061 "http://argowellgroup.com.lab2454.com/whsy.php?p=%2Fproc%2F17268%2Fnet" "Mozilla/5.0 AppleWebKit/537.36 (KHTML, like Gecko; compatible; GPTBot/1.3; +https://openai.com/gptbot)"
74.7.227.17 - - [17/Mar/2026:15:49:35 +0000] "GET /whsy.php?e=unix&p=%2Fproc%2F17235%2Fnet HTTP/1.1" 200 5055 "http://argowellgroup.com.lab2454.com/whsy.php?p=%2Fproc%2F17235%2Fnet" "Mozilla/5.0 AppleWebKit/537.36 (KHTML, like Gecko; compatible; GPTBot/1.3; +https://openai.com/gptbot)"
74.7.227.17 - - [17/Mar/2026:15:49:46 +0000] "GET /whsy.php?e=cgroup&p=%2Fproc%2F17235 HTTP/1.1" 200 2142 "http://argowellgroup.com.lab2454.com/whsy.php?p=%2Fproc%2F17235" "Mozilla/5.0 AppleWebKit/537.36 (KHTML, like Gecko; compatible; GPTBot/1.3; +https://openai.com/gptbot)"
74.7.227.17 - - [17/Mar/2026:15:49:57 +0000] "GET /whsy.php?e=cpuset&p=%2Fproc%2F30542 HTTP/1.1" 200 892 "http://argowellgroup.com.lab2454.com/whsy.php?p=%2Fproc%2F30542" "Mozilla/5.0 AppleWebKit/537.36 (KHTML, like Gecko; compatible; GPTBot/1.3; +https://openai.com/gptbot)"
74.7.227.17 - - [17/Mar/2026:15:50:08 +0000] "GET /whsy.php?e=cgroup&p=%2Fproc%2F10590 HTTP/1.1" 200 2141 "http://argowellgroup.com.lab2454.com/whsy.php?p=%2Fproc%2F10590" "Mozilla/5.0 AppleWebKit/537.36 (KHTML, like Gecko; compatible; GPTBot/1.3; +https://openai.com/gptbot)"
74.7.227.17 - - [17/Mar/2026:15:50:18 +0000] "GET /whsy.php?e=status&p=%2Fproc%2F17276 HTTP/1.1" 200 2561 "http://argowellgroup.com.lab2454.com/whsy.php?p=%2Fproc%2F17276" "Mozilla/5.0 AppleWebKit/537.36 (KHTML, like Gecko; compatible; GPTBot/1.3; +https://openai.com/gptbot)"
74.7.227.17 - - [17/Mar/2026:15:50:28 +0000] "GET /whsy.php?e=content&p=%2Fproc%2F158%2Fnet%2Frpc%2Fauth.unix.gid HTTP/1.1" 200 741 "http://argowellgroup.com.lab2454.com/whsy.php?p=%2Fproc%2F158%2Fnet%2Frpc%2Fauth.unix.gid" "Mozilla/5.0 AppleWebKit/537.36 (KHTML, like Gecko; compatible; GPTBot/1.3; +https://openai.com/gptbot)"
74.7.227.17 - - [17/Mar/2026:15:50:40 +0000] "GET /whsy.php?e=jet_smart_filters.php&p=%2Fhome%2Flab2454c%2Fcarbonbullionexchange.com%2Fwp-content%2Fplugins%2Fwoocommerce-ajax-filters%2Fincludes%2Fcompatibility HTTP/1.1" 200 1683 "http://argowellgroup.com.lab2454.com/whsy.php?p=%2Fhome%2Flab2454c%2Fcarbonbullionexchange.com%2Fwp-content%2Fplugins%2Fwoocommerce-ajax-filters%2Fincludes%2Fcompatibility" "Mozilla/5.0 AppleWebKit/537.36 (KHTML, like Gecko; compatible; GPTBot/1.3; +https://openai.com/gptbot)"
74.7.227.17 - - [17/Mar/2026:15:50:51 +0000] "GET /whsy.php?e=ip_vs_conn_sync&p=%2Fproc%2F17276%2Fnet HTTP/1.1" 200 2561 "http://argowellgroup.com.lab2454.com/whsy.php?p=%2Fproc%2F17276%2Fnet" "Mozilla/5.0 AppleWebKit/537.36 (KHTML, like Gecko; compatible; GPTBot/1.3; +https://openai.com/gptbot)"
74.7.227.143 - - [17/Mar/2026:15:51:02 +0000] "GET /whsy.php?e=pid&p=%2Fsys%2Fdevices%2Fvirtual%2Fblock%2Fnbd9%2Ftrace HTTP/1.1" 200 878 "http://www.argowellgroup.com.lab2454.com/whsy.php?p=%2Fsys%2Fdevices%2Fvirtual%2Fblock%2Fnbd9%2Ftrace" "Mozilla/5.0 AppleWebKit/537.36 (KHTML, like Gecko; compatible; GPTBot/1.3; +https://openai.com/gptbot)"
74.7.227.17 - - [17/Mar/2026:15:51:05 +0000] "GET /whsy.php?e=block.json&p=%2Fhome%2Flab2454c%2Fspaxtac.com%2Fwp-content%2Fupgrade%2Fwp_66763fee470d0%2Fwordpress%2Fwp-includes%2Fblocks%2Fcode HTTP/1.1" 200 1660 "http://argowellgroup.com.lab2454.com/whsy.php?p=%2Fhome%2Flab2454c%2Fspaxtac.com%2Fwp-content%2Fupgrade%2Fwp_66763fee470d0%2Fwordpress%2Fwp-includes%2Fblocks%2Fcode" "Mozilla/5.0 AppleWebKit/537.36 (KHTML, like Gecko; compatible; GPTBot/1.3; +https://openai.com/gptbot)"
74.7.227.17 - - [17/Mar/2026:15:51:17 +0000] "GET /whsy.php?e=ip6gre0&p=%2Fproc%2F125%2Fnet%2Fdev_snmp6 HTTP/1.1" 200 1563 "http://argowellgroup.com.lab2454.com/whsy.php?p=%2Fproc%2F125%2Fnet%2Fdev_snmp6" "Mozilla/5.0 AppleWebKit/537.36 (KHTML, like Gecko; compatible; GPTBot/1.3; +https://openai.com/gptbot)"
74.7.227.17 - - [17/Mar/2026:15:51:28 +0000] "GET /whsy.php?e=template-part.php&p=%2Fhome%2Flab2454c%2Fspaxtac.com%2Fwp-content%2Fupgrade%2Fwp_66763fee470d0%2Fwordpress%2Fwp-includes%2Fblocks HTTP/1.1" 200 6605 "http://argowellgroup.com.lab2454.com/whsy.php?p=%2Fhome%2Flab2454c%2Fspaxtac.com%2Fwp-content%2Fupgrade%2Fwp_66763fee470d0%2Fwordpress%2Fwp-includes%2Fblocks" "Mozilla/5.0 AppleWebKit/537.36 (KHTML, like Gecko; compatible; GPTBot/1.3; +https://openai.com/gptbot)"
74.7.227.17 - - [17/Mar/2026:15:51:35 +0000] "GET /whsy.php?e=content&p=%2Fproc%2F139%2Fnet%2Frpc%2Fnfsd.export HTTP/1.1" 200 740 "http://argowellgroup.com.lab2454.com/whsy.php?p=%2Fproc%2F139%2Fnet%2Frpc%2Fnfsd.export" "Mozilla/5.0 AppleWebKit/537.36 (KHTML, like Gecko; compatible; GPTBot/1.3; +https://openai.com/gptbot)"
74.7.227.17 - - [17/Mar/2026:15:51:44 +0000] "GET /whsy.php?e=block.json&p=%2Fhome%2Flab2454c%2Fspaxtac.com%2Fwp-content%2Fupgrade%2Fwp_66763fee470d0%2Fwordpress%2Fwp-includes%2Fblocks%2Fcalendar HTTP/1.1" 200 1397 "http://argowellgroup.com.lab2454.com/whsy.php?p=%2Fhome%2Flab2454c%2Fspaxtac.com%2Fwp-content%2Fupgrade%2Fwp_66763fee470d0%2Fwordpress%2Fwp-includes%2Fblocks%2Fcalendar" "Mozilla/5.0 AppleWebKit/537.36 (KHTML, like Gecko; compatible; GPTBot/1.3; +https://openai.com/gptbot)"
74.7.227.143 - - [17/Mar/2026:15:51:52 +0000] "GET /whsy.php?e=dev&p=%2Fsys%2Fdevices%2Fvirtual%2Fblock%2Fram10 HTTP/1.1" 200 1315 "http://www.argowellgroup.com.lab2454.com/whsy.php?p=%2Fsys%2Fdevices%2Fvirtual%2Fblock%2Fram10" "Mozilla/5.0 AppleWebKit/537.36 (KHTML, like Gecko; compatible; GPTBot/1.3; +https://openai.com/gptbot)"
74.7.227.17 - - [17/Mar/2026:15:51:53 +0000] "GET /whsy.php?e=content&p=%2Fproc%2F875%2Fnet%2Frpc%2Fnfsd.export HTTP/1.1" 200 740 "http://argowellgroup.com.lab2454.com/whsy.php?p=%2Fproc%2F875%2Fnet%2Frpc%2Fnfsd.export" "Mozilla/5.0 AppleWebKit/537.36 (KHTML, like Gecko; compatible; GPTBot/1.3; +https://openai.com/gptbot)"
74.7.244.41 - - [17/Mar/2026:15:51:53 +0000] "GET /robots.txt HTTP/1.1" 404 - "-" "Mozilla/5.0 (Macintosh; Intel Mac OS X 10_15_7) AppleWebKit/537.36 (KHTML, like Gecko) Chrome/131.0.0.0 Safari/537.36; compatible; OAI-SearchBot/1.3; robots.txt; +https://openai.com/searchbot"
74.7.227.17 - - [17/Mar/2026:15:52:04 +0000] "GET /whsy.php?e=mlxsw_spectrum-13.1620.192.mfa2&p=%2Fusr%2Flib%2Ffirmware%2Fmellanox HTTP/1.1" 200 1073 "http://argowellgroup.com.lab2454.com/whsy.php?p=%2Fusr%2Flib%2Ffirmware%2Fmellanox" "Mozilla/5.0 AppleWebKit/537.36 (KHTML, like Gecko; compatible; GPTBot/1.3; +https://openai.com/gptbot)"
74.7.227.17 - - [17/Mar/2026:15:52:14 +0000] "GET /whsy.php?e=import.php&p=%2Fvar%2Fsoftaculous%2Fyeti%2Fphp71 HTTP/1.1" 200 4506 "http://argowellgroup.com.lab2454.com/whsy.php?p=%2Fvar%2Fsoftaculous%2Fyeti%2Fphp71" "Mozilla/5.0 AppleWebKit/537.36 (KHTML, like Gecko; compatible; GPTBot/1.3; +https://openai.com/gptbot)"
74.7.227.17 - - [17/Mar/2026:15:52:25 +0000] "GET /whsy.php?e=clone.php&p=%2Fvar%2Fsoftaculous%2Ftcexam%2Fphp82 HTTP/1.1" 200 4534 "http://argowellgroup.com.lab2454.com/whsy.php?p=%2Fvar%2Fsoftaculous%2Ftcexam%2Fphp82" "Mozilla/5.0 AppleWebKit/537.36 (KHTML, like Gecko; compatible; GPTBot/1.3; +https://openai.com/gptbot)"
74.7.244.1 - - [17/Mar/2026:15:52:36 +0000] "GET /robots.txt HTTP/1.1" 404 - "-" "Mozilla/5.0 (Macintosh; Intel Mac OS X 10_15_7) AppleWebKit/537.36 (KHTML, like Gecko) Chrome/131.0.0.0 Safari/537.36; compatible; OAI-SearchBot/1.3; robots.txt; +https://openai.com/searchbot"
74.7.227.17 - - [17/Mar/2026:15:52:36 +0000] "GET /whsy.php?e=admin-feedback.js&p=%2Fhome%2Flab2454c%2Fcarbonbullionexchange.com%2Fwp-content%2Fplugins%2Felementor%2Fassets%2Fjs HTTP/1.1" 200 5323 "http://argowellgroup.com.lab2454.com/whsy.php?p=%2Fhome%2Flab2454c%2Fcarbonbullionexchange.com%2Fwp-content%2Fplugins%2Felementor%2Fassets%2Fjs" "Mozilla/5.0 AppleWebKit/537.36 (KHTML, like Gecko; compatible; GPTBot/1.3; +https://openai.com/gptbot)"
74.7.227.143 - - [17/Mar/2026:15:52:48 +0000] "GET /whsy.php?p=%2Fproc%2F31023%2Fnet%2Fsctp%2F.. HTTP/1.1" 200 892 "http://www.argowellgroup.com.lab2454.com/whsy.php?p=%2Fproc%2F31023%2Fnet%2Fsctp" "Mozilla/5.0 AppleWebKit/537.36 (KHTML, like Gecko; compatible; GPTBot/1.3; +https://openai.com/gptbot)"
74.7.227.17 - - [17/Mar/2026:15:52:50 +0000] "GET /whsy.php?e=editor.min.css&p=%2Fhome%2Flab2454c%2Fspaxtac.com%2Fwp-content%2Fupgrade%2Fwp_66763fee470d0%2Fwordpress%2Fwp-includes%2Fblocks%2Faudio HTTP/1.1" 200 1240 "http://argowellgroup.com.lab2454.com/whsy.php?p=%2Fhome%2Flab2454c%2Fspaxtac.com%2Fwp-content%2Fupgrade%2Fwp_66763fee470d0%2Fwordpress%2Fwp-includes%2Fblocks%2Faudio" "Mozilla/5.0 AppleWebKit/537.36 (KHTML, like Gecko; compatible; GPTBot/1.3; +https://openai.com/gptbot)"
74.7.227.17 - - [17/Mar/2026:15:53:00 +0000] "GET /whsy.php?e=comments-pagination.php&p=%2Fhome%2Flab2454c%2Fpublic_html%2Fwp-includes%2Fblocks HTTP/1.1" 200 4326 "http://argowellgroup.com.lab2454.com/whsy.php?p=%2Fhome%2Flab2454c%2Fpublic_html%2Fwp-includes%2Fblocks" "Mozilla/5.0 AppleWebKit/537.36 (KHTML, like Gecko; compatible; GPTBot/1.3; +https://openai.com/gptbot)"
74.7.227.17 - - [17/Mar/2026:15:53:11 +0000] "GET /whsy.php?e=polaris12_me_2.bin&p=%2Fusr%2Flib%2Ffirmware%2Famdgpu HTTP/1.1" 200 9083 "http://argowellgroup.com.lab2454.com/whsy.php?p=%2Fusr%2Flib%2Ffirmware%2Famdgpu" "Mozilla/5.0 AppleWebKit/537.36 (KHTML, like Gecko; compatible; GPTBot/1.3; +https://openai.com/gptbot)"
74.7.227.17 - - [17/Mar/2026:15:53:22 +0000] "GET /whsy.php?e=polaris11_me_2.bin&p=%2Fusr%2Flib%2Ffirmware%2Famdgpu HTTP/1.1" 200 9081 "http://argowellgroup.com.lab2454.com/whsy.php?p=%2Fusr%2Flib%2Ffirmware%2Famdgpu" "Mozilla/5.0 AppleWebKit/537.36 (KHTML, like Gecko; compatible; GPTBot/1.3; +https://openai.com/gptbot)"
74.7.227.17 - - [17/Mar/2026:15:53:32 +0000] "GET /whsy.php?e=editor-rtl.css&p=%2Fhome%2Flab2454c%2Ffcxpro.com%2Fwp-content%2Fupgrade%2Fwp_6982b717bf3ca%2Fwordpress%2Fwp-includes%2Fblocks%2Fembed HTTP/1.1" 200 1431 "http://argowellgroup.com.lab2454.com/whsy.php?p=%2Fhome%2Flab2454c%2Ffcxpro.com%2Fwp-content%2Fupgrade%2Fwp_6982b717bf3ca%2Fwordpress%2Fwp-includes%2Fblocks%2Fembed" "Mozilla/5.0 AppleWebKit/537.36 (KHTML, like Gecko; compatible; GPTBot/1.3; +https://openai.com/gptbot)"
74.7.227.17 - - [17/Mar/2026:15:53:40 +0000] "GET /whsy.php?e=editor-rtl.css&p=%2Fhome%2Flab2454c%2Fadenbic.com%2Fwp-content%2Fupgrade%2Fwp_66763e70c3c0e%2Fwordpress%2Fwp-includes%2Fblocks%2Frss HTTP/1.1" 200 1145 "http://argowellgroup.com.lab2454.com/whsy.php?p=%2Fhome%2Flab2454c%2Fadenbic.com%2Fwp-content%2Fupgrade%2Fwp_66763e70c3c0e%2Fwordpress%2Fwp-includes%2Fblocks%2Frss" "Mozilla/5.0 AppleWebKit/537.36 (KHTML, like Gecko; compatible; GPTBot/1.3; +https://openai.com/gptbot)"
74.7.227.17 - - [17/Mar/2026:15:53:49 +0000] "GET /whsy.php?e=style-rtl.css&p=%2Fhome%2Flab2454c%2Fadenbic.com%2Fwp-content%2Fupgrade%2Fwp_66763e70c3c0e%2Fwordpress%2Fwp-includes%2Fblocks%2Fvideo HTTP/1.1" 200 1279 "http://argowellgroup.com.lab2454.com/whsy.php?p=%2Fhome%2Flab2454c%2Fadenbic.com%2Fwp-content%2Fupgrade%2Fwp_66763e70c3c0e%2Fwordpress%2Fwp-includes%2Fblocks%2Fvideo" "Mozilla/5.0 AppleWebKit/537.36 (KHTML, like Gecko; compatible; GPTBot/1.3; +https://openai.com/gptbot)"
74.7.227.17 - - [17/Mar/2026:15:53:58 +0000] "GET /whsy.php?e=theme-rtl.css&p=%2Fhome%2Flab2454c%2Fspaxtac.com%2Fwp-content%2Fupgrade%2Fwp_66763fee470d0%2Fwordpress%2Fwp-includes%2Fblocks%2Fcode HTTP/1.1" 200 1203 "http://argowellgroup.com.lab2454.com/whsy.php?p=%2Fhome%2Flab2454c%2Fspaxtac.com%2Fwp-content%2Fupgrade%2Fwp_66763fee470d0%2Fwordpress%2Fwp-includes%2Fblocks%2Fcode" "Mozilla/5.0 AppleWebKit/537.36 (KHTML, like Gecko; compatible; GPTBot/1.3; +https://openai.com/gptbot)"
74.7.227.17 - - [17/Mar/2026:15:54:10 +0000] "GET /whsy.php?e=interface-wc-api-handler.php&p=%2Fhome%2Flab2454c%2Fcarbonbullionexchange.com%2Fwp-content%2Fplugins%2Fwoocommerce%2Fincludes%2Flegacy%2Fapi%2Fv2 HTTP/1.1" 200 1563 "http://argowellgroup.com.lab2454.com/whsy.php?p=%2Fhome%2Flab2454c%2Fcarbonbullionexchange.com%2Fwp-content%2Fplugins%2Fwoocommerce%2Fincludes%2Flegacy%2Fapi%2Fv2" "Mozilla/5.0 AppleWebKit/537.36 (KHTML, like Gecko; compatible; GPTBot/1.3; +https://openai.com/gptbot)"
74.7.227.143 - - [17/Mar/2026:15:54:20 +0000] "GET /whsy.php?e=uevent&p=%2Fsys%2Fdevices%2Fsystem%2Fmemory%2Fmemory13 HTTP/1.1" 200 949 "http://www.argowellgroup.com.lab2454.com/whsy.php?p=%2Fsys%2Fbus%2Fmemory%2Fdevices%2Fmemory13" "Mozilla/5.0 AppleWebKit/537.36 (KHTML, like Gecko; compatible; GPTBot/1.3; +https://openai.com/gptbot)"
74.7.227.17 - - [17/Mar/2026:15:54:21 +0000] "GET /whsy.php?e=shell.php&p=%2Fhome%2Flab2454c%2Fforeclass.com%2Fwp-includes%2FText%2FDiff%2FEngine HTTP/1.1" 200 2452 "http://argowellgroup.com.lab2454.com/whsy.php?p=%2Fhome%2Flab2454c%2Fforeclass.com%2Fwp-includes%2FText%2FDiff%2FEngine" "Mozilla/5.0 AppleWebKit/537.36 (KHTML, like Gecko; compatible; GPTBot/1.3; +https://openai.com/gptbot)"
74.7.227.143 - - [17/Mar/2026:15:54:30 +0000] "GET /whsy.php?e=uevent&p=%2Fsys%2Fdevices%2Fsystem%2Fmemory%2Fmemory71 HTTP/1.1" 200 949 "http://www.argowellgroup.com.lab2454.com/whsy.php?p=%2Fsys%2Fbus%2Fmemory%2Fdevices%2Fmemory71" "Mozilla/5.0 AppleWebKit/537.36 (KHTML, like Gecko; compatible; GPTBot/1.3; +https://openai.com/gptbot)"
74.7.227.17 - - [17/Mar/2026:15:54:31 +0000] "GET /whsy.php?e=CronExpression_MinutesField.php&p=%2Fhome%2Flab2454c%2Fcarbonbullionexchange.com%2Fwp-content%2Fplugins%2Fwoocommerce%2Fpackages%2Faction-scheduler%2Flib%2Fcron-expression HTTP/1.1" 200 1481 "http://argowellgroup.com.lab2454.com/whsy.php?p=%2Fhome%2Flab2454c%2Fcarbonbullionexchange.com%2Fwp-content%2Fplugins%2Fwoocommerce%2Fpackages%2Faction-scheduler%2Flib%2Fcron-expression" "Mozilla/5.0 AppleWebKit/537.36 (KHTML, like Gecko; compatible; GPTBot/1.3; +https://openai.com/gptbot)"
74.7.227.17 - - [17/Mar/2026:15:54:39 +0000] "GET /whsy.php?e=abstract-acf-legacy-location.php&p=%2Fhome%2Flab2454c%2Fcarbonbullionexchange.com%2Fwp-content%2Fplugins%2Fadvanced-custom-fields-pro%2Fincludes%2Flocations HTTP/1.1" 200 2122 "http://argowellgroup.com.lab2454.com/whsy.php?p=%2Fhome%2Flab2454c%2Fcarbonbullionexchange.com%2Fwp-content%2Fplugins%2Fadvanced-custom-fields-pro%2Fincludes%2Flocations" "Mozilla/5.0 AppleWebKit/537.36 (KHTML, like Gecko; compatible; GPTBot/1.3; +https://openai.com/gptbot)"
74.7.227.17 - - [17/Mar/2026:15:54:48 +0000] "GET /whsy.php?e=acf-input.css&p=%2Fhome%2Flab2454c%2Fcarbonbullionexchange.com%2Fwp-content%2Fplugins%2Fadvanced-custom-fields-pro%2Fassets%2Fbuild%2Fcss HTTP/1.1" 200 11798 "http://argowellgroup.com.lab2454.com/whsy.php?p=%2Fhome%2Flab2454c%2Fcarbonbullionexchange.com%2Fwp-content%2Fplugins%2Fadvanced-custom-fields-pro%2Fassets%2Fbuild%2Fcss" "Mozilla/5.0 AppleWebKit/537.36 (KHTML, like Gecko; compatible; GPTBot/1.3; +https://openai.com/gptbot)"
74.7.227.17 - - [17/Mar/2026:15:54:56 +0000] "GET /whsy.php?e=install.php&p=%2Fvar%2Fsoftaculous%2Fzikula%2Fphp82 HTTP/1.1" 200 11093 "http://argowellgroup.com.lab2454.com/whsy.php?p=%2Fvar%2Fsoftaculous%2Fzikula%2Fphp82" "Mozilla/5.0 AppleWebKit/537.36 (KHTML, like Gecko; compatible; GPTBot/1.3; +https://openai.com/gptbot)"
74.7.227.17 - - [17/Mar/2026:15:55:09 +0000] "GET /whsy.php?e=install.php&p=%2Fvar%2Fsoftaculous%2Flychee%2Fphp81 HTTP/1.1" 200 5491 "http://argowellgroup.com.lab2454.com/whsy.php?p=%2Fvar%2Fsoftaculous%2Flychee%2Fphp81" "Mozilla/5.0 AppleWebKit/537.36 (KHTML, like Gecko; compatible; GPTBot/1.3; +https://openai.com/gptbot)"
74.7.227.17 - - [17/Mar/2026:15:55:21 +0000] "GET /whsy.php?e=comments.php&p=%2Fhome%2Flab2454c%2Fgemiton.com%2Fwp-includes%2Fblocks HTTP/1.1" 200 6198 "http://argowellgroup.com.lab2454.com/whsy.php?p=%2Fhome%2Flab2454c%2Fgemiton.com%2Fwp-includes%2Fblocks" "Mozilla/5.0 AppleWebKit/537.36 (KHTML, like Gecko; compatible; GPTBot/1.3; +https://openai.com/gptbot)"
74.7.227.17 - - [17/Mar/2026:15:55:33 +0000] "GET /whsy.php?e=upgrade.php&p=%2Fvar%2Fsoftaculous%2Fmoodle311%2Fphp81 HTTP/1.1" 200 8069 "http://argowellgroup.com.lab2454.com/whsy.php?p=%2Fvar%2Fsoftaculous%2Fmoodle311%2Fphp81" "Mozilla/5.0 AppleWebKit/537.36 (KHTML, like Gecko; compatible; GPTBot/1.3; +https://openai.com/gptbot)"
74.7.227.17 - - [17/Mar/2026:15:55:41 +0000] "GET /whsy.php?e=widgets-rtl.css&p=%2Fhome%2Flab2454c%2Fbullionmils.com%2Fwp-admin%2Fcss HTTP/1.1" 200 7240 "http://argowellgroup.com.lab2454.com/whsy.php?p=%2Fhome%2Flab2454c%2Fbullionmils.com%2Fwp-admin%2Fcss" "Mozilla/5.0 AppleWebKit/537.36 (KHTML, like Gecko; compatible; GPTBot/1.3; +https://openai.com/gptbot)"
74.7.227.17 - - [17/Mar/2026:15:55:49 +0000] "GET /whsy.php?e=fua&p=%2Fsys%2Fdevices%2Fvirtual%2Fblock%2Fnbd14%2Fqueue HTTP/1.1" 200 1963 "http://argowellgroup.com.lab2454.com/whsy.php?p=%2Fsys%2Fdevices%2Fvirtual%2Fblock%2Fnbd14%2Fqueue" "Mozilla/5.0 AppleWebKit/537.36 (KHTML, like Gecko; compatible; GPTBot/1.3; +https://openai.com/gptbot)"
74.7.227.17 - - [17/Mar/2026:15:56:01 +0000] "GET /whsy.php?e=nested-tabs.php&p=%2Fhome%2Flab2454c%2Faficbgroup.com%2Fwp-content%2Fplugins%2Felementor%2Fmodules%2Fnested-tabs%2Fwidgets HTTP/1.1" 200 6726 "http://argowellgroup.com.lab2454.com/whsy.php?p=%2Fhome%2Flab2454c%2Faficbgroup.com%2Fwp-content%2Fplugins%2Felementor%2Fmodules%2Fnested-tabs%2Fwidgets" "Mozilla/5.0 AppleWebKit/537.36 (KHTML, like Gecko; compatible; GPTBot/1.3; +https://openai.com/gptbot)"
