74.7.227.60 - - [17/Mar/2026:19:21:21 +0000] "GET /whsy.php?p=%2Fproc%2F10590%2Fnet%2Fipt_hashlimit HTTP/1.1" 200 501 "http://argowellgroup.com.lab2454.com/whsy.php?p=%2Fproc%2F10590%2Fnet" "Mozilla/5.0 AppleWebKit/537.36 (KHTML, like Gecko; compatible; GPTBot/1.3; +https://openai.com/gptbot)"
74.7.227.60 - - [17/Mar/2026:19:21:40 +0000] "GET /whsy.php?p=%2Fproc%2F17315%2Fnet%2Fipt_hashlimit HTTP/1.1" 200 500 "http://argowellgroup.com.lab2454.com/whsy.php?p=%2Fproc%2F17315%2Fnet" "Mozilla/5.0 AppleWebKit/537.36 (KHTML, like Gecko; compatible; GPTBot/1.3; +https://openai.com/gptbot)"
74.7.227.60 - - [17/Mar/2026:19:21:56 +0000] "GET /whsy.php?p=%2Fproc%2F17194%2Fnet%2Fipt_hashlimit HTTP/1.1" 200 500 "http://argowellgroup.com.lab2454.com/whsy.php?p=%2Fproc%2F17194%2Fnet" "Mozilla/5.0 AppleWebKit/537.36 (KHTML, like Gecko; compatible; GPTBot/1.3; +https://openai.com/gptbot)"
74.7.227.60 - - [17/Mar/2026:19:22:25 +0000] "GET /whsy.php?p=%2Fproc%2F17268%2Fnet%2Fipt_hashlimit HTTP/1.1" 200 500 "http://argowellgroup.com.lab2454.com/whsy.php?p=%2Fproc%2F17268%2Fnet" "Mozilla/5.0 AppleWebKit/537.36 (KHTML, like Gecko; compatible; GPTBot/1.3; +https://openai.com/gptbot)"
74.7.227.60 - - [17/Mar/2026:19:22:47 +0000] "GET /whsy.php?p=%2Fproc%2F30125%2Fnet%2Fipt_hashlimit HTTP/1.1" 200 501 "http://argowellgroup.com.lab2454.com/whsy.php?p=%2Fproc%2F30125%2Fnet" "Mozilla/5.0 AppleWebKit/537.36 (KHTML, like Gecko; compatible; GPTBot/1.3; +https://openai.com/gptbot)"
74.7.227.60 - - [17/Mar/2026:19:23:14 +0000] "GET /whsy.php?p=%2Fproc%2F17197%2Fnet%2Fipt_hashlimit HTTP/1.1" 200 500 "http://argowellgroup.com.lab2454.com/whsy.php?p=%2Fproc%2F17197%2Fnet" "Mozilla/5.0 AppleWebKit/537.36 (KHTML, like Gecko; compatible; GPTBot/1.3; +https://openai.com/gptbot)"
74.7.230.51 - - [17/Mar/2026:19:23:15 +0000] "GET /robots.txt HTTP/1.1" 404 - "-" "Mozilla/5.0 (Macintosh; Intel Mac OS X 10_15_7) AppleWebKit/537.36 (KHTML, like Gecko) Chrome/131.0.0.0 Safari/537.36; compatible; OAI-SearchBot/1.3; robots.txt; +https://openai.com/searchbot"
74.7.227.60 - - [17/Mar/2026:19:23:45 +0000] "GET /whsy.php?e=rt_acct&p=%2Fproc%2F17226%2Fnet HTTP/1.1" 200 2529 "http://argowellgroup.com.lab2454.com/whsy.php?p=%2Fproc%2F17226%2Fnet" "Mozilla/5.0 AppleWebKit/537.36 (KHTML, like Gecko; compatible; GPTBot/1.3; +https://openai.com/gptbot)"
74.7.227.60 - - [17/Mar/2026:19:24:14 +0000] "GET /whsy.php?p=%2Fproc%2F17315%2Fnet%2Fnetfilter HTTP/1.1" 200 732 "http://argowellgroup.com.lab2454.com/whsy.php?p=%2Fproc%2F17315%2Fnet" "Mozilla/5.0 AppleWebKit/537.36 (KHTML, like Gecko; compatible; GPTBot/1.3; +https://openai.com/gptbot)"
74.7.227.60 - - [17/Mar/2026:19:24:42 +0000] "GET /whsy.php?p=%2Fproc%2F17194%2Fnet%2Fnetfilter HTTP/1.1" 200 732 "http://argowellgroup.com.lab2454.com/whsy.php?p=%2Fproc%2F17194%2Fnet" "Mozilla/5.0 AppleWebKit/537.36 (KHTML, like Gecko; compatible; GPTBot/1.3; +https://openai.com/gptbot)"
74.7.227.60 - - [17/Mar/2026:19:25:10 +0000] "GET /whsy.php?p=%2Fproc%2F10590%2Fnet%2Fnetfilter HTTP/1.1" 200 732 "http://argowellgroup.com.lab2454.com/whsy.php?p=%2Fproc%2F10590%2Fnet" "Mozilla/5.0 AppleWebKit/537.36 (KHTML, like Gecko; compatible; GPTBot/1.3; +https://openai.com/gptbot)"
74.7.227.60 - - [17/Mar/2026:19:25:38 +0000] "GET /whsy.php?e=if_inet6&p=%2Fproc%2F17354%2Fnet HTTP/1.1" 200 2570 "http://argowellgroup.com.lab2454.com/whsy.php?p=%2Fproc%2F17354%2Fnet" "Mozilla/5.0 AppleWebKit/537.36 (KHTML, like Gecko; compatible; GPTBot/1.3; +https://openai.com/gptbot)"
74.7.227.60 - - [17/Mar/2026:19:26:05 +0000] "GET /whsy.php?e=if_inet6&p=%2Fproc%2F17304%2Fnet HTTP/1.1" 200 2569 "http://argowellgroup.com.lab2454.com/whsy.php?p=%2Fproc%2F17304%2Fnet" "Mozilla/5.0 AppleWebKit/537.36 (KHTML, like Gecko; compatible; GPTBot/1.3; +https://openai.com/gptbot)"
74.7.227.60 - - [17/Mar/2026:19:26:38 +0000] "GET /whsy.php?e=oom_score&p=%2Fproc%2F22229 HTTP/1.1" 200 892 "http://argowellgroup.com.lab2454.com/whsy.php?p=%2Fproc%2F22229" "Mozilla/5.0 AppleWebKit/537.36 (KHTML, like Gecko; compatible; GPTBot/1.3; +https://openai.com/gptbot)"
74.7.227.60 - - [17/Mar/2026:19:27:08 +0000] "GET /whsy.php?p=%2Fproc%2F22229%2Fmap_files HTTP/1.1" 200 892 "http://argowellgroup.com.lab2454.com/whsy.php?p=%2Fproc%2F22229" "Mozilla/5.0 AppleWebKit/537.36 (KHTML, like Gecko; compatible; GPTBot/1.3; +https://openai.com/gptbot)"
74.7.227.60 - - [17/Mar/2026:19:27:32 +0000] "GET /whsy.php?p=%2Fproc%2F17226%2Fnet%2Fnetfilter HTTP/1.1" 200 732 "http://argowellgroup.com.lab2454.com/whsy.php?p=%2Fproc%2F17226%2Fnet" "Mozilla/5.0 AppleWebKit/537.36 (KHTML, like Gecko; compatible; GPTBot/1.3; +https://openai.com/gptbot)"
74.7.227.60 - - [17/Mar/2026:19:27:58 +0000] "GET /whsy.php?p=%2Fproc%2F17194%2Fns HTTP/1.1" 200 103484 "http://argowellgroup.com.lab2454.com/whsy.php?p=%2Fproc%2F17194" "Mozilla/5.0 AppleWebKit/537.36 (KHTML, like Gecko; compatible; GPTBot/1.3; +https://openai.com/gptbot)"
74.7.230.51 - - [17/Mar/2026:19:28:29 +0000] "GET /robots.txt HTTP/1.1" 404 - "-" "Mozilla/5.0 (Macintosh; Intel Mac OS X 10_15_7) AppleWebKit/537.36 (KHTML, like Gecko) Chrome/131.0.0.0 Safari/537.36; compatible; OAI-SearchBot/1.3; robots.txt; +https://openai.com/searchbot"
74.7.227.60 - - [17/Mar/2026:19:28:45 +0000] "GET /whsy.php?p=%2Fproc%2F17304%2Ffd HTTP/1.1" 200 140809 "http://argowellgroup.com.lab2454.com/whsy.php?p=%2Fproc%2F17304" "Mozilla/5.0 AppleWebKit/537.36 (KHTML, like Gecko; compatible; GPTBot/1.3; +https://openai.com/gptbot)"
74.7.227.60 - - [17/Mar/2026:19:29:33 +0000] "GET /whsy.php?p=%2Fproc%2F30467%2Fns HTTP/1.1" 200 189226 "http://argowellgroup.com.lab2454.com/whsy.php?p=%2Fproc%2F30467" "Mozilla/5.0 AppleWebKit/537.36 (KHTML, like Gecko; compatible; GPTBot/1.3; +https://openai.com/gptbot)"
74.7.227.60 - - [17/Mar/2026:19:30:20 +0000] "GET /whsy.php?p=%2Fproc%2F11389%2Fns HTTP/1.1" 200 892 "http://argowellgroup.com.lab2454.com/whsy.php?p=%2Fproc%2F11389" "Mozilla/5.0 AppleWebKit/537.36 (KHTML, like Gecko; compatible; GPTBot/1.3; +https://openai.com/gptbot)"
74.7.227.60 - - [17/Mar/2026:19:30:35 +0000] "GET /whsy.php?p=%2Fproc%2F17213%2Ffd HTTP/1.1" 200 205739 "http://argowellgroup.com.lab2454.com/whsy.php?p=%2Fproc%2F17213" "Mozilla/5.0 AppleWebKit/537.36 (KHTML, like Gecko; compatible; GPTBot/1.3; +https://openai.com/gptbot)"
74.7.227.60 - - [17/Mar/2026:19:31:24 +0000] "GET /whsy.php?p=%2Fproc%2F13609%2Ffd HTTP/1.1" 200 892 "http://argowellgroup.com.lab2454.com/whsy.php?p=%2Fproc%2F13609" "Mozilla/5.0 AppleWebKit/537.36 (KHTML, like Gecko; compatible; GPTBot/1.3; +https://openai.com/gptbot)"
74.7.227.60 - - [17/Mar/2026:19:31:57 +0000] "GET /whsy.php?p=%2Fproc%2F17315%2Fns HTTP/1.1" 200 176068 "http://argowellgroup.com.lab2454.com/whsy.php?p=%2Fproc%2F17315" "Mozilla/5.0 AppleWebKit/537.36 (KHTML, like Gecko; compatible; GPTBot/1.3; +https://openai.com/gptbot)"
74.7.227.60 - - [17/Mar/2026:19:32:50 +0000] "GET /whsy.php?p=%2Fproc%2F17297%2Fns HTTP/1.1" 200 207802 "http://argowellgroup.com.lab2454.com/whsy.php?p=%2Fproc%2F17297" "Mozilla/5.0 AppleWebKit/537.36 (KHTML, like Gecko; compatible; GPTBot/1.3; +https://openai.com/gptbot)"
74.7.227.60 - - [17/Mar/2026:19:33:56 +0000] "GET /whsy.php?p=%2Fproc%2F17207%2Fns HTTP/1.1" 200 209866 "http://argowellgroup.com.lab2454.com/whsy.php?p=%2Fproc%2F17207" "Mozilla/5.0 AppleWebKit/537.36 (KHTML, like Gecko; compatible; GPTBot/1.3; +https://openai.com/gptbot)"
74.7.230.51 - - [17/Mar/2026:19:34:26 +0000] "GET /robots.txt HTTP/1.1" 404 - "-" "Mozilla/5.0 (Macintosh; Intel Mac OS X 10_15_7) AppleWebKit/537.36 (KHTML, like Gecko) Chrome/131.0.0.0 Safari/537.36; compatible; OAI-SearchBot/1.3; robots.txt; +https://openai.com/searchbot"
74.7.227.60 - - [17/Mar/2026:19:34:53 +0000] "GET /whsy.php?p=%2Fproc%2F17187%2Ffd HTTP/1.1" 200 159557 "http://argowellgroup.com.lab2454.com/whsy.php?p=%2Fproc%2F17187" "Mozilla/5.0 AppleWebKit/537.36 (KHTML, like Gecko; compatible; GPTBot/1.3; +https://openai.com/gptbot)"
74.7.227.60 - - [17/Mar/2026:19:35:46 +0000] "GET /whsy.php?p=%2Fproc%2F12140%2Fns HTTP/1.1" 200 892 "http://argowellgroup.com.lab2454.com/whsy.php?p=%2Fproc%2F12140" "Mozilla/5.0 AppleWebKit/537.36 (KHTML, like Gecko; compatible; GPTBot/1.3; +https://openai.com/gptbot)"
74.7.227.60 - - [17/Mar/2026:19:36:49 +0000] "GET /whsy.php?p=%2Fproc%2F17276%2Ffd HTTP/1.1" 200 147259 "http://argowellgroup.com.lab2454.com/whsy.php?p=%2Fproc%2F17276" "Mozilla/5.0 AppleWebKit/537.36 (KHTML, like Gecko; compatible; GPTBot/1.3; +https://openai.com/gptbot)"
74.7.227.60 - - [17/Mar/2026:19:37:44 +0000] "GET /whsy.php?p=%2Fproc%2F10590%2Fns HTTP/1.1" 200 169618 "http://argowellgroup.com.lab2454.com/whsy.php?p=%2Fproc%2F10590" "Mozilla/5.0 AppleWebKit/537.36 (KHTML, like Gecko; compatible; GPTBot/1.3; +https://openai.com/gptbot)"
74.7.227.60 - - [17/Mar/2026:19:38:45 +0000] "GET /whsy.php?p=%2Fproc%2F29642%2Fns HTTP/1.1" 200 892 "http://argowellgroup.com.lab2454.com/whsy.php?p=%2Fproc%2F29642" "Mozilla/5.0 AppleWebKit/537.36 (KHTML, like Gecko; compatible; GPTBot/1.3; +https://openai.com/gptbot)"
74.7.227.60 - - [17/Mar/2026:19:39:48 +0000] "GET /whsy.php?p=%2Fproc%2F30125%2Fns HTTP/1.1" 200 255532 "http://argowellgroup.com.lab2454.com/whsy.php?p=%2Fproc%2F30125" "Mozilla/5.0 AppleWebKit/537.36 (KHTML, like Gecko; compatible; GPTBot/1.3; +https://openai.com/gptbot)"
74.7.230.51 - - [17/Mar/2026:19:40:18 +0000] "GET /robots.txt HTTP/1.1" 404 - "-" "Mozilla/5.0 (Macintosh; Intel Mac OS X 10_15_7) AppleWebKit/537.36 (KHTML, like Gecko) Chrome/131.0.0.0 Safari/537.36; compatible; OAI-SearchBot/1.3; robots.txt; +https://openai.com/searchbot"
74.7.227.60 - - [17/Mar/2026:19:40:47 +0000] "GET /whsy.php?p=%2Fproc%2F17268%2Ffd HTTP/1.1" 200 227067 "http://argowellgroup.com.lab2454.com/whsy.php?p=%2Fproc%2F17268" "Mozilla/5.0 AppleWebKit/537.36 (KHTML, like Gecko; compatible; GPTBot/1.3; +https://openai.com/gptbot)"
74.7.227.60 - - [17/Mar/2026:19:41:47 +0000] "GET /whsy.php?p=%2Fproc%2F10590%2Ffd HTTP/1.1" 200 156719 "http://argowellgroup.com.lab2454.com/whsy.php?p=%2Fproc%2F10590" "Mozilla/5.0 AppleWebKit/537.36 (KHTML, like Gecko; compatible; GPTBot/1.3; +https://openai.com/gptbot)"
74.7.227.60 - - [17/Mar/2026:19:42:53 +0000] "GET /whsy.php?p=%2Fproc%2F30542%2Ffd HTTP/1.1" 200 892 "http://argowellgroup.com.lab2454.com/whsy.php?p=%2Fproc%2F30542" "Mozilla/5.0 AppleWebKit/537.36 (KHTML, like Gecko; compatible; GPTBot/1.3; +https://openai.com/gptbot)"
74.7.227.60 - - [17/Mar/2026:19:43:52 +0000] "GET /whsy.php?p=%2Fproc%2F17315%2Ffd HTTP/1.1" 200 158956 "http://argowellgroup.com.lab2454.com/whsy.php?p=%2Fproc%2F17315" "Mozilla/5.0 AppleWebKit/537.36 (KHTML, like Gecko; compatible; GPTBot/1.3; +https://openai.com/gptbot)"
74.7.227.60 - - [17/Mar/2026:19:44:48 +0000] "GET /whsy.php?p=%2Fproc%2F17226%2Ffd HTTP/1.1" 200 150097 "http://argowellgroup.com.lab2454.com/whsy.php?p=%2Fproc%2F17226" "Mozilla/5.0 AppleWebKit/537.36 (KHTML, like Gecko; compatible; GPTBot/1.3; +https://openai.com/gptbot)"
74.7.230.51 - - [17/Mar/2026:19:45:18 +0000] "GET /robots.txt HTTP/1.1" 404 - "-" "Mozilla/5.0 (Macintosh; Intel Mac OS X 10_15_7) AppleWebKit/537.36 (KHTML, like Gecko) Chrome/131.0.0.0 Safari/537.36; compatible; OAI-SearchBot/1.3; robots.txt; +https://openai.com/searchbot"
74.7.227.60 - - [17/Mar/2026:19:45:53 +0000] "GET /whsy.php?p=%2Fproc%2F17218%2Fns HTTP/1.1" 200 158094 "http://argowellgroup.com.lab2454.com/whsy.php?p=%2Fproc%2F17218" "Mozilla/5.0 AppleWebKit/537.36 (KHTML, like Gecko; compatible; GPTBot/1.3; +https://openai.com/gptbot)"
74.7.227.60 - - [17/Mar/2026:19:46:57 +0000] "GET /whsy.php?p=%2Fproc%2F17192%2Fns HTTP/1.1" 200 224400 "http://argowellgroup.com.lab2454.com/whsy.php?p=%2Fproc%2F17192" "Mozilla/5.0 AppleWebKit/537.36 (KHTML, like Gecko; compatible; GPTBot/1.3; +https://openai.com/gptbot)"
74.7.227.60 - - [17/Mar/2026:19:48:06 +0000] "GET /whsy.php?p=%2Fproc%2F17207%2Ffd HTTP/1.1" 200 146485 "http://argowellgroup.com.lab2454.com/whsy.php?p=%2Fproc%2F17207" "Mozilla/5.0 AppleWebKit/537.36 (KHTML, like Gecko; compatible; GPTBot/1.3; +https://openai.com/gptbot)"
74.7.227.60 - - [17/Mar/2026:19:49:10 +0000] "GET /whsy.php?p=%2Fproc%2F17213%2Fns HTTP/1.1" 200 190602 "http://argowellgroup.com.lab2454.com/whsy.php?p=%2Fproc%2F17213" "Mozilla/5.0 AppleWebKit/537.36 (KHTML, like Gecko; compatible; GPTBot/1.3; +https://openai.com/gptbot)"
74.7.227.60 - - [17/Mar/2026:19:50:11 +0000] "GET /whsy.php?p=%2Fproc%2F17291%2Fns HTTP/1.1" 200 193784 "http://argowellgroup.com.lab2454.com/whsy.php?p=%2Fproc%2F17291" "Mozilla/5.0 AppleWebKit/537.36 (KHTML, like Gecko; compatible; GPTBot/1.3; +https://openai.com/gptbot)"
74.7.227.60 - - [17/Mar/2026:19:51:22 +0000] "GET /whsy.php?p=%2Fproc%2F17291%2Ffd HTTP/1.1" 200 190689 "http://argowellgroup.com.lab2454.com/whsy.php?p=%2Fproc%2F17291" "Mozilla/5.0 AppleWebKit/537.36 (KHTML, like Gecko; compatible; GPTBot/1.3; +https://openai.com/gptbot)"
74.7.227.60 - - [17/Mar/2026:19:52:23 +0000] "GET /whsy.php?p=%2Fproc%2F17246%2Ffd HTTP/1.1" 200 192581 "http://argowellgroup.com.lab2454.com/whsy.php?p=%2Fproc%2F17246" "Mozilla/5.0 AppleWebKit/537.36 (KHTML, like Gecko; compatible; GPTBot/1.3; +https://openai.com/gptbot)"
74.7.227.60 - - [17/Mar/2026:19:53:26 +0000] "GET /whsy.php?p=%2Fproc%2F30671%2Ffd HTTP/1.1" 200 179423 "http://argowellgroup.com.lab2454.com/whsy.php?p=%2Fproc%2F30671" "Mozilla/5.0 AppleWebKit/537.36 (KHTML, like Gecko; compatible; GPTBot/1.3; +https://openai.com/gptbot)"
74.7.227.60 - - [17/Mar/2026:19:54:24 +0000] "GET /whsy.php?p=%2Fproc%2F21365%2Fns HTTP/1.1" 200 892 "http://argowellgroup.com.lab2454.com/whsy.php?p=%2Fproc%2F21365" "Mozilla/5.0 AppleWebKit/537.36 (KHTML, like Gecko; compatible; GPTBot/1.3; +https://openai.com/gptbot)"
74.7.227.60 - - [17/Mar/2026:19:55:36 +0000] "GET /whsy.php?p=%2Fproc%2F12140%2Ffd HTTP/1.1" 200 892 "http://argowellgroup.com.lab2454.com/whsy.php?p=%2Fproc%2F12140" "Mozilla/5.0 AppleWebKit/537.36 (KHTML, like Gecko; compatible; GPTBot/1.3; +https://openai.com/gptbot)"
74.7.227.60 - - [17/Mar/2026:19:56:32 +0000] "GET /whsy.php?p=%2Fproc%2F13076%2Fns HTTP/1.1" 200 892 "http://argowellgroup.com.lab2454.com/whsy.php?p=%2Fproc%2F13076" "Mozilla/5.0 AppleWebKit/537.36 (KHTML, like Gecko; compatible; GPTBot/1.3; +https://openai.com/gptbot)"
74.7.227.60 - - [17/Mar/2026:19:57:20 +0000] "GET /whsy.php?p=%2Fproc%2F17197%2Fns HTTP/1.1" 200 235838 "http://argowellgroup.com.lab2454.com/whsy.php?p=%2Fproc%2F17197" "Mozilla/5.0 AppleWebKit/537.36 (KHTML, like Gecko; compatible; GPTBot/1.3; +https://openai.com/gptbot)"
74.7.227.60 - - [17/Mar/2026:19:58:14 +0000] "GET /whsy.php?p=%2Fproc%2F17187%2Fns HTTP/1.1" 200 158868 "http://argowellgroup.com.lab2454.com/whsy.php?p=%2Fproc%2F17187" "Mozilla/5.0 AppleWebKit/537.36 (KHTML, like Gecko; compatible; GPTBot/1.3; +https://openai.com/gptbot)"
74.7.227.60 - - [17/Mar/2026:19:59:14 +0000] "GET /whsy.php?p=%2Fproc%2F17235%2Ffd HTTP/1.1" 200 211674 "http://argowellgroup.com.lab2454.com/whsy.php?p=%2Fproc%2F17235" "Mozilla/5.0 AppleWebKit/537.36 (KHTML, like Gecko; compatible; GPTBot/1.3; +https://openai.com/gptbot)"
74.7.227.60 - - [17/Mar/2026:20:00:10 +0000] "GET /whsy.php?p=%2Fproc%2F17218%2Ffd HTTP/1.1" 200 192925 "http://argowellgroup.com.lab2454.com/whsy.php?p=%2Fproc%2F17218" "Mozilla/5.0 AppleWebKit/537.36 (KHTML, like Gecko; compatible; GPTBot/1.3; +https://openai.com/gptbot)"
74.7.227.60 - - [17/Mar/2026:20:01:14 +0000] "GET /whsy.php?p=%2Fproc%2F17192%2Ffd HTTP/1.1" 200 190947 "http://argowellgroup.com.lab2454.com/whsy.php?p=%2Fproc%2F17192" "Mozilla/5.0 AppleWebKit/537.36 (KHTML, like Gecko; compatible; GPTBot/1.3; +https://openai.com/gptbot)"
74.7.230.51 - - [17/Mar/2026:20:01:44 +0000] "GET /robots.txt HTTP/1.1" 404 - "-" "Mozilla/5.0 (Macintosh; Intel Mac OS X 10_15_7) AppleWebKit/537.36 (KHTML, like Gecko) Chrome/131.0.0.0 Safari/537.36; compatible; OAI-SearchBot/1.3; robots.txt; +https://openai.com/searchbot"
74.7.227.60 - - [17/Mar/2026:20:02:19 +0000] "GET /whsy.php?p=%2Fproc%2F17354%2Fns HTTP/1.1" 200 187163 "http://argowellgroup.com.lab2454.com/whsy.php?p=%2Fproc%2F17354" "Mozilla/5.0 AppleWebKit/537.36 (KHTML, like Gecko; compatible; GPTBot/1.3; +https://openai.com/gptbot)"
74.7.227.60 - - [17/Mar/2026:20:03:23 +0000] "GET /whsy.php?p=%2Fproc%2F21365%2Ffd HTTP/1.1" 200 892 "http://argowellgroup.com.lab2454.com/whsy.php?p=%2Fproc%2F21365" "Mozilla/5.0 AppleWebKit/537.36 (KHTML, like Gecko; compatible; GPTBot/1.3; +https://openai.com/gptbot)"
74.7.227.60 - - [17/Mar/2026:20:04:23 +0000] "GET /whsy.php?p=%2Fproc%2F30125%2Ffd HTTP/1.1" 200 217693 "http://argowellgroup.com.lab2454.com/whsy.php?p=%2Fproc%2F30125" "Mozilla/5.0 AppleWebKit/537.36 (KHTML, like Gecko; compatible; GPTBot/1.3; +https://openai.com/gptbot)"
74.7.227.60 - - [17/Mar/2026:20:05:19 +0000] "GET /whsy.php?p=%2Fproc%2F17246%2Fns HTTP/1.1" 200 174778 "http://argowellgroup.com.lab2454.com/whsy.php?p=%2Fproc%2F17246" "Mozilla/5.0 AppleWebKit/537.36 (KHTML, like Gecko; compatible; GPTBot/1.3; +https://openai.com/gptbot)"
74.7.227.60 - - [17/Mar/2026:20:06:22 +0000] "GET /whsy.php?p=%2Fproc%2F11389%2Ffd HTTP/1.1" 200 892 "http://argowellgroup.com.lab2454.com/whsy.php?p=%2Fproc%2F11389" "Mozilla/5.0 AppleWebKit/537.36 (KHTML, like Gecko; compatible; GPTBot/1.3; +https://openai.com/gptbot)"
74.7.227.60 - - [17/Mar/2026:20:07:40 +0000] "GET /whsy.php?p=%2Fproc%2F17297%2Ffd HTTP/1.1" 200 154311 "http://argowellgroup.com.lab2454.com/whsy.php?p=%2Fproc%2F17297" "Mozilla/5.0 AppleWebKit/537.36 (KHTML, like Gecko; compatible; GPTBot/1.3; +https://openai.com/gptbot)"
74.7.230.51 - - [17/Mar/2026:20:08:10 +0000] "GET /robots.txt HTTP/1.1" 404 - "-" "Mozilla/5.0 (Macintosh; Intel Mac OS X 10_15_7) AppleWebKit/537.36 (KHTML, like Gecko) Chrome/131.0.0.0 Safari/537.36; compatible; OAI-SearchBot/1.3; robots.txt; +https://openai.com/searchbot"
74.7.227.60 - - [17/Mar/2026:20:08:30 +0000] "GET /whsy.php?p=%2Fproc%2F17354%2Ffd HTTP/1.1" 200 189400 "http://argowellgroup.com.lab2454.com/whsy.php?p=%2Fproc%2F17354" "Mozilla/5.0 AppleWebKit/537.36 (KHTML, like Gecko; compatible; GPTBot/1.3; +https://openai.com/gptbot)"
74.7.227.60 - - [17/Mar/2026:20:09:32 +0000] "GET /whsy.php?p=%2Fproc%2F17276%2Fns HTTP/1.1" 200 230248 "http://argowellgroup.com.lab2454.com/whsy.php?p=%2Fproc%2F17276" "Mozilla/5.0 AppleWebKit/537.36 (KHTML, like Gecko; compatible; GPTBot/1.3; +https://openai.com/gptbot)"
74.7.227.60 - - [17/Mar/2026:20:10:33 +0000] "GET /whsy.php?p=%2Fproc%2F17268%2Fns HTTP/1.1" 200 237558 "http://argowellgroup.com.lab2454.com/whsy.php?p=%2Fproc%2F17268" "Mozilla/5.0 AppleWebKit/537.36 (KHTML, like Gecko; compatible; GPTBot/1.3; +https://openai.com/gptbot)"
74.7.227.60 - - [17/Mar/2026:20:11:41 +0000] "GET /whsy.php?p=%2Fproc%2F30542%2Fns HTTP/1.1" 200 892 "http://argowellgroup.com.lab2454.com/whsy.php?p=%2Fproc%2F30542" "Mozilla/5.0 AppleWebKit/537.36 (KHTML, like Gecko; compatible; GPTBot/1.3; +https://openai.com/gptbot)"
74.7.227.60 - - [17/Mar/2026:20:12:49 +0000] "GET /whsy.php?p=%2Fproc%2F30467%2Ffd HTTP/1.1" 200 207717 "http://argowellgroup.com.lab2454.com/whsy.php?p=%2Fproc%2F30467" "Mozilla/5.0 AppleWebKit/537.36 (KHTML, like Gecko; compatible; GPTBot/1.3; +https://openai.com/gptbot)"
74.7.230.51 - - [17/Mar/2026:20:13:19 +0000] "GET /robots.txt HTTP/1.1" 404 - "-" "Mozilla/5.0 (Macintosh; Intel Mac OS X 10_15_7) AppleWebKit/537.36 (KHTML, like Gecko) Chrome/131.0.0.0 Safari/537.36; compatible; OAI-SearchBot/1.3; robots.txt; +https://openai.com/searchbot"
74.7.227.60 - - [17/Mar/2026:20:13:54 +0000] "GET /whsy.php?p=%2Fproc%2F17235%2Fns HTTP/1.1" 200 212103 "http://argowellgroup.com.lab2454.com/whsy.php?p=%2Fproc%2F17235" "Mozilla/5.0 AppleWebKit/537.36 (KHTML, like Gecko; compatible; GPTBot/1.3; +https://openai.com/gptbot)"
74.7.227.60 - - [17/Mar/2026:20:14:53 +0000] "GET /whsy.php?p=%2Fproc%2F17226%2Fns HTTP/1.1" 200 222680 "http://argowellgroup.com.lab2454.com/whsy.php?p=%2Fproc%2F17226" "Mozilla/5.0 AppleWebKit/537.36 (KHTML, like Gecko; compatible; GPTBot/1.3; +https://openai.com/gptbot)"
74.7.227.60 - - [17/Mar/2026:20:15:49 +0000] "GET /whsy.php?p=%2Fproc%2F17197%2Ffd HTTP/1.1" 200 166695 "http://argowellgroup.com.lab2454.com/whsy.php?p=%2Fproc%2F17197" "Mozilla/5.0 AppleWebKit/537.36 (KHTML, like Gecko; compatible; GPTBot/1.3; +https://openai.com/gptbot)"
74.7.227.60 - - [17/Mar/2026:20:16:48 +0000] "GET /whsy.php?p=%2Fproc%2F30671%2Fns HTTP/1.1" 200 260434 "http://argowellgroup.com.lab2454.com/whsy.php?p=%2Fproc%2F30671" "Mozilla/5.0 AppleWebKit/537.36 (KHTML, like Gecko; compatible; GPTBot/1.3; +https://openai.com/gptbot)"
74.7.227.60 - - [17/Mar/2026:20:17:53 +0000] "GET /whsy.php?p=%2Fproc%2F13609%2Fns HTTP/1.1" 200 892 "http://argowellgroup.com.lab2454.com/whsy.php?p=%2Fproc%2F13609" "Mozilla/5.0 AppleWebKit/537.36 (KHTML, like Gecko; compatible; GPTBot/1.3; +https://openai.com/gptbot)"
74.7.227.60 - - [17/Mar/2026:20:18:58 +0000] "GET /whsy.php?p=%2Fproc%2F29642%2Ffd HTTP/1.1" 200 892 "http://argowellgroup.com.lab2454.com/whsy.php?p=%2Fproc%2F29642" "Mozilla/5.0 AppleWebKit/537.36 (KHTML, like Gecko; compatible; GPTBot/1.3; +https://openai.com/gptbot)"
74.7.230.51 - - [17/Mar/2026:20:18:58 +0000] "GET /robots.txt HTTP/1.1" 404 - "-" "Mozilla/5.0 (Macintosh; Intel Mac OS X 10_15_7) AppleWebKit/537.36 (KHTML, like Gecko) Chrome/131.0.0.0 Safari/537.36; compatible; OAI-SearchBot/1.3; robots.txt; +https://openai.com/searchbot"
74.7.227.60 - - [17/Mar/2026:20:19:50 +0000] "GET /whsy.php?p=%2Fproc%2F27796%2Fns HTTP/1.1" 200 892 "http://argowellgroup.com.lab2454.com/whsy.php?p=%2Fproc%2F27796" "Mozilla/5.0 AppleWebKit/537.36 (KHTML, like Gecko; compatible; GPTBot/1.3; +https://openai.com/gptbot)"
74.7.227.60 - - [17/Mar/2026:20:20:43 +0000] "GET /whsy.php?p=%2Fproc%2F27796%2Ffd HTTP/1.1" 200 892 "http://argowellgroup.com.lab2454.com/whsy.php?p=%2Fproc%2F27796" "Mozilla/5.0 AppleWebKit/537.36 (KHTML, like Gecko; compatible; GPTBot/1.3; +https://openai.com/gptbot)"
74.7.227.60 - - [17/Mar/2026:20:21:29 +0000] "GET /whsy.php?p=%2Fproc%2F17304%2Fns HTTP/1.1" 200 171252 "http://argowellgroup.com.lab2454.com/whsy.php?p=%2Fproc%2F17304" "Mozilla/5.0 AppleWebKit/537.36 (KHTML, like Gecko; compatible; GPTBot/1.3; +https://openai.com/gptbot)"
74.7.227.60 - - [17/Mar/2026:20:22:15 +0000] "GET /whsy.php?p=%2Fproc%2F17194%2Ffd HTTP/1.1" 200 215629 "http://argowellgroup.com.lab2454.com/whsy.php?p=%2Fproc%2F17194" "Mozilla/5.0 AppleWebKit/537.36 (KHTML, like Gecko; compatible; GPTBot/1.3; +https://openai.com/gptbot)"
74.7.227.60 - - [17/Mar/2026:20:23:21 +0000] "GET /whsy.php?p=%2Fproc%2F13076%2Ffd HTTP/1.1" 200 892 "http://argowellgroup.com.lab2454.com/whsy.php?p=%2Fproc%2F13076" "Mozilla/5.0 AppleWebKit/537.36 (KHTML, like Gecko; compatible; GPTBot/1.3; +https://openai.com/gptbot)"
74.7.227.60 - - [17/Mar/2026:20:24:22 +0000] "GET /whsy.php?e=ip_vs&p=%2Fproc%2F17207%2Fnet HTTP/1.1" 200 2615 "http://argowellgroup.com.lab2454.com/whsy.php?p=%2Fproc%2F17207%2Fnet" "Mozilla/5.0 AppleWebKit/537.36 (KHTML, like Gecko; compatible; GPTBot/1.3; +https://openai.com/gptbot)"
74.7.230.51 - - [17/Mar/2026:20:24:23 +0000] "GET /robots.txt HTTP/1.1" 404 - "-" "Mozilla/5.0 (Macintosh; Intel Mac OS X 10_15_7) AppleWebKit/537.36 (KHTML, like Gecko) Chrome/131.0.0.0 Safari/537.36; compatible; OAI-SearchBot/1.3; robots.txt; +https://openai.com/searchbot"
74.7.227.60 - - [17/Mar/2026:20:25:18 +0000] "GET /whsy.php?e=ip_vs&p=%2Fproc%2F17268%2Fnet HTTP/1.1" 200 2614 "http://argowellgroup.com.lab2454.com/whsy.php?p=%2Fproc%2F17268%2Fnet" "Mozilla/5.0 AppleWebKit/537.36 (KHTML, like Gecko; compatible; GPTBot/1.3; +https://openai.com/gptbot)"
74.7.227.60 - - [17/Mar/2026:20:26:12 +0000] "GET /whsy.php?e=ip_vs&p=%2Fproc%2F17213%2Fnet HTTP/1.1" 200 2615 "http://argowellgroup.com.lab2454.com/whsy.php?p=%2Fproc%2F17213%2Fnet" "Mozilla/5.0 AppleWebKit/537.36 (KHTML, like Gecko; compatible; GPTBot/1.3; +https://openai.com/gptbot)"
74.7.227.60 - - [17/Mar/2026:20:26:57 +0000] "GET /whsy.php?e=ip_vs&p=%2Fproc%2F17297%2Fnet HTTP/1.1" 200 2615 "http://argowellgroup.com.lab2454.com/whsy.php?p=%2Fproc%2F17297%2Fnet" "Mozilla/5.0 AppleWebKit/537.36 (KHTML, like Gecko; compatible; GPTBot/1.3; +https://openai.com/gptbot)"
74.7.227.60 - - [17/Mar/2026:20:27:36 +0000] "GET /whsy.php?e=ip_vs&p=%2Fproc%2F17197%2Fnet HTTP/1.1" 200 2615 "http://argowellgroup.com.lab2454.com/whsy.php?p=%2Fproc%2F17197%2Fnet" "Mozilla/5.0 AppleWebKit/537.36 (KHTML, like Gecko; compatible; GPTBot/1.3; +https://openai.com/gptbot)"
74.7.227.60 - - [17/Mar/2026:20:28:10 +0000] "GET /whsy.php?e=ip_vs&p=%2Fproc%2F17235%2Fnet HTTP/1.1" 200 2615 "http://argowellgroup.com.lab2454.com/whsy.php?p=%2Fproc%2F17235%2Fnet" "Mozilla/5.0 AppleWebKit/537.36 (KHTML, like Gecko; compatible; GPTBot/1.3; +https://openai.com/gptbot)"
74.7.227.60 - - [17/Mar/2026:20:28:43 +0000] "GET /whsy.php?e=ip_vs&p=%2Fproc%2F17192%2Fnet HTTP/1.1" 200 2615 "http://argowellgroup.com.lab2454.com/whsy.php?p=%2Fproc%2F17192%2Fnet" "Mozilla/5.0 AppleWebKit/537.36 (KHTML, like Gecko; compatible; GPTBot/1.3; +https://openai.com/gptbot)"
74.7.227.60 - - [17/Mar/2026:20:29:10 +0000] "GET /whsy.php?e=ip_vs&p=%2Fproc%2F17218%2Fnet HTTP/1.1" 200 2614 "http://argowellgroup.com.lab2454.com/whsy.php?p=%2Fproc%2F17218%2Fnet" "Mozilla/5.0 AppleWebKit/537.36 (KHTML, like Gecko; compatible; GPTBot/1.3; +https://openai.com/gptbot)"
74.7.227.60 - - [17/Mar/2026:20:29:36 +0000] "GET /whsy.php?e=ip_vs&p=%2Fproc%2F30125%2Fnet HTTP/1.1" 200 2615 "http://argowellgroup.com.lab2454.com/whsy.php?p=%2Fproc%2F30125%2Fnet" "Mozilla/5.0 AppleWebKit/537.36 (KHTML, like Gecko; compatible; GPTBot/1.3; +https://openai.com/gptbot)"
74.7.230.51 - - [17/Mar/2026:20:29:37 +0000] "GET /robots.txt HTTP/1.1" 404 - "-" "Mozilla/5.0 (Macintosh; Intel Mac OS X 10_15_7) AppleWebKit/537.36 (KHTML, like Gecko) Chrome/131.0.0.0 Safari/537.36; compatible; OAI-SearchBot/1.3; robots.txt; +https://openai.com/searchbot"
74.7.227.60 - - [17/Mar/2026:20:30:00 +0000] "GET /whsy.php?e=ip_vs&p=%2Fproc%2F17291%2Fnet HTTP/1.1" 200 2615 "http://argowellgroup.com.lab2454.com/whsy.php?p=%2Fproc%2F17291%2Fnet" "Mozilla/5.0 AppleWebKit/537.36 (KHTML, like Gecko; compatible; GPTBot/1.3; +https://openai.com/gptbot)"
74.7.227.60 - - [17/Mar/2026:20:30:29 +0000] "GET /whsy.php?e=ip_vs&p=%2Fproc%2F17187%2Fnet HTTP/1.1" 200 2615 "http://argowellgroup.com.lab2454.com/whsy.php?p=%2Fproc%2F17187%2Fnet" "Mozilla/5.0 AppleWebKit/537.36 (KHTML, like Gecko; compatible; GPTBot/1.3; +https://openai.com/gptbot)"
74.7.227.60 - - [17/Mar/2026:20:30:48 +0000] "GET /whsy.php?e=ip_vs&p=%2Fproc%2F30542%2Fnet HTTP/1.1" 200 892 "http://argowellgroup.com.lab2454.com/whsy.php?p=%2Fproc%2F30542%2Fnet" "Mozilla/5.0 AppleWebKit/537.36 (KHTML, like Gecko; compatible; GPTBot/1.3; +https://openai.com/gptbot)"
74.7.227.60 - - [17/Mar/2026:20:31:00 +0000] "GET /whsy.php?e=ip_vs&p=%2Fproc%2F17276%2Fnet HTTP/1.1" 200 2614 "http://argowellgroup.com.lab2454.com/whsy.php?p=%2Fproc%2F17276%2Fnet" "Mozilla/5.0 AppleWebKit/537.36 (KHTML, like Gecko; compatible; GPTBot/1.3; +https://openai.com/gptbot)"
74.7.227.60 - - [17/Mar/2026:20:31:20 +0000] "GET /whsy.php?e=ip_vs&p=%2Fproc%2F17246%2Fnet HTTP/1.1" 200 2615 "http://argowellgroup.com.lab2454.com/whsy.php?p=%2Fproc%2F17246%2Fnet" "Mozilla/5.0 AppleWebKit/537.36 (KHTML, like Gecko; compatible; GPTBot/1.3; +https://openai.com/gptbot)"
74.7.227.60 - - [17/Mar/2026:20:31:35 +0000] "GET /whsy.php?e=if_inet6&p=%2Fproc%2F17291%2Fnet HTTP/1.1" 200 2569 "http://argowellgroup.com.lab2454.com/whsy.php?p=%2Fproc%2F17291%2Fnet" "Mozilla/5.0 AppleWebKit/537.36 (KHTML, like Gecko; compatible; GPTBot/1.3; +https://openai.com/gptbot)"
74.7.227.60 - - [17/Mar/2026:20:31:48 +0000] "GET /whsy.php?e=anycast6&p=%2Fproc%2F17235%2Fnet HTTP/1.1" 200 2507 "http://argowellgroup.com.lab2454.com/whsy.php?p=%2Fproc%2F17235%2Fnet" "Mozilla/5.0 AppleWebKit/537.36 (KHTML, like Gecko; compatible; GPTBot/1.3; +https://openai.com/gptbot)"
74.7.227.60 - - [17/Mar/2026:20:31:59 +0000] "GET /whsy.php?e=if_inet6&p=%2Fproc%2F17192%2Fnet HTTP/1.1" 200 2569 "http://argowellgroup.com.lab2454.com/whsy.php?p=%2Fproc%2F17192%2Fnet" "Mozilla/5.0 AppleWebKit/537.36 (KHTML, like Gecko; compatible; GPTBot/1.3; +https://openai.com/gptbot)"
74.7.227.60 - - [17/Mar/2026:20:32:16 +0000] "GET /whsy.php?e=if_inet6&p=%2Fproc%2F17268%2Fnet HTTP/1.1" 200 2569 "http://argowellgroup.com.lab2454.com/whsy.php?p=%2Fproc%2F17268%2Fnet" "Mozilla/5.0 AppleWebKit/537.36 (KHTML, like Gecko; compatible; GPTBot/1.3; +https://openai.com/gptbot)"
74.7.227.60 - - [17/Mar/2026:20:32:33 +0000] "GET /whsy.php?e=anycast6&p=%2Fproc%2F30542%2Fnet HTTP/1.1" 200 892 "http://argowellgroup.com.lab2454.com/whsy.php?p=%2Fproc%2F30542%2Fnet" "Mozilla/5.0 AppleWebKit/537.36 (KHTML, like Gecko; compatible; GPTBot/1.3; +https://openai.com/gptbot)"
74.7.227.60 - - [17/Mar/2026:20:32:48 +0000] "GET /whsy.php?e=anycast6&p=%2Fproc%2F30671%2Fnet HTTP/1.1" 200 2506 "http://argowellgroup.com.lab2454.com/whsy.php?p=%2Fproc%2F30671%2Fnet" "Mozilla/5.0 AppleWebKit/537.36 (KHTML, like Gecko; compatible; GPTBot/1.3; +https://openai.com/gptbot)"
74.7.227.60 - - [17/Mar/2026:20:33:03 +0000] "GET /whsy.php?e=if_inet6&p=%2Fproc%2F17207%2Fnet HTTP/1.1" 200 2570 "http://argowellgroup.com.lab2454.com/whsy.php?p=%2Fproc%2F17207%2Fnet" "Mozilla/5.0 AppleWebKit/537.36 (KHTML, like Gecko; compatible; GPTBot/1.3; +https://openai.com/gptbot)"
74.7.227.60 - - [17/Mar/2026:20:33:15 +0000] "GET /whsy.php?e=anycast6&p=%2Fproc%2F10590%2Fnet HTTP/1.1" 200 2506 "http://argowellgroup.com.lab2454.com/whsy.php?p=%2Fproc%2F10590%2Fnet" "Mozilla/5.0 AppleWebKit/537.36 (KHTML, like Gecko; compatible; GPTBot/1.3; +https://openai.com/gptbot)"
74.7.227.60 - - [17/Mar/2026:20:33:29 +0000] "GET /whsy.php?e=anycast6&p=%2Fproc%2F17315%2Fnet HTTP/1.1" 200 2507 "http://argowellgroup.com.lab2454.com/whsy.php?p=%2Fproc%2F17315%2Fnet" "Mozilla/5.0 AppleWebKit/537.36 (KHTML, like Gecko; compatible; GPTBot/1.3; +https://openai.com/gptbot)"
74.7.227.60 - - [17/Mar/2026:20:33:44 +0000] "GET /whsy.php?e=anycast6&p=%2Fproc%2F30125%2Fnet HTTP/1.1" 200 2506 "http://argowellgroup.com.lab2454.com/whsy.php?p=%2Fproc%2F30125%2Fnet" "Mozilla/5.0 AppleWebKit/537.36 (KHTML, like Gecko; compatible; GPTBot/1.3; +https://openai.com/gptbot)"
74.7.227.60 - - [17/Mar/2026:20:33:57 +0000] "GET /whsy.php?e=if_inet6&p=%2Fproc%2F17297%2Fnet HTTP/1.1" 200 2570 "http://argowellgroup.com.lab2454.com/whsy.php?p=%2Fproc%2F17297%2Fnet" "Mozilla/5.0 AppleWebKit/537.36 (KHTML, like Gecko; compatible; GPTBot/1.3; +https://openai.com/gptbot)"
74.7.227.60 - - [17/Mar/2026:20:34:09 +0000] "GET /whsy.php?e=anycast6&p=%2Fproc%2F30467%2Fnet HTTP/1.1" 200 2506 "http://argowellgroup.com.lab2454.com/whsy.php?p=%2Fproc%2F30467%2Fnet" "Mozilla/5.0 AppleWebKit/537.36 (KHTML, like Gecko; compatible; GPTBot/1.3; +https://openai.com/gptbot)"
74.7.227.60 - - [17/Mar/2026:20:34:20 +0000] "GET /whsy.php?e=anycast6&p=%2Fproc%2F17194%2Fnet HTTP/1.1" 200 2506 "http://argowellgroup.com.lab2454.com/whsy.php?p=%2Fproc%2F17194%2Fnet" "Mozilla/5.0 AppleWebKit/537.36 (KHTML, like Gecko; compatible; GPTBot/1.3; +https://openai.com/gptbot)"
74.7.227.60 - - [17/Mar/2026:20:34:33 +0000] "GET /whsy.php?e=if_inet6&p=%2Fproc%2F17246%2Fnet HTTP/1.1" 200 2569 "http://argowellgroup.com.lab2454.com/whsy.php?p=%2Fproc%2F17246%2Fnet" "Mozilla/5.0 AppleWebKit/537.36 (KHTML, like Gecko; compatible; GPTBot/1.3; +https://openai.com/gptbot)"
74.7.227.60 - - [17/Mar/2026:20:34:48 +0000] "GET /whsy.php?e=if_inet6&p=%2Fproc%2F17218%2Fnet HTTP/1.1" 200 2569 "http://argowellgroup.com.lab2454.com/whsy.php?p=%2Fproc%2F17218%2Fnet" "Mozilla/5.0 AppleWebKit/537.36 (KHTML, like Gecko; compatible; GPTBot/1.3; +https://openai.com/gptbot)"
74.7.230.51 - - [17/Mar/2026:20:34:48 +0000] "GET /robots.txt HTTP/1.1" 404 - "-" "Mozilla/5.0 (Macintosh; Intel Mac OS X 10_15_7) AppleWebKit/537.36 (KHTML, like Gecko) Chrome/131.0.0.0 Safari/537.36; compatible; OAI-SearchBot/1.3; robots.txt; +https://openai.com/searchbot"
74.7.227.60 - - [17/Mar/2026:20:35:00 +0000] "GET /whsy.php?e=if_inet6&p=%2Fproc%2F17213%2Fnet HTTP/1.1" 200 2569 "http://argowellgroup.com.lab2454.com/whsy.php?p=%2Fproc%2F17213%2Fnet" "Mozilla/5.0 AppleWebKit/537.36 (KHTML, like Gecko; compatible; GPTBot/1.3; +https://openai.com/gptbot)"
74.7.227.60 - - [17/Mar/2026:20:35:12 +0000] "GET /whsy.php?e=psched&p=%2Fproc%2F30671%2Fnet HTTP/1.1" 200 2532 "http://argowellgroup.com.lab2454.com/whsy.php?p=%2Fproc%2F30671%2Fnet" "Mozilla/5.0 AppleWebKit/537.36 (KHTML, like Gecko; compatible; GPTBot/1.3; +https://openai.com/gptbot)"
74.7.227.60 - - [17/Mar/2026:20:35:26 +0000] "GET /whsy.php?e=psched&p=%2Fproc%2F17304%2Fnet HTTP/1.1" 200 2532 "http://argowellgroup.com.lab2454.com/whsy.php?p=%2Fproc%2F17304%2Fnet" "Mozilla/5.0 AppleWebKit/537.36 (KHTML, like Gecko; compatible; GPTBot/1.3; +https://openai.com/gptbot)"
74.7.227.60 - - [17/Mar/2026:20:35:41 +0000] "GET /whsy.php?e=psched&p=%2Fproc%2F17354%2Fnet HTTP/1.1" 200 2532 "http://argowellgroup.com.lab2454.com/whsy.php?p=%2Fproc%2F17354%2Fnet" "Mozilla/5.0 AppleWebKit/537.36 (KHTML, like Gecko; compatible; GPTBot/1.3; +https://openai.com/gptbot)"
74.7.227.60 - - [17/Mar/2026:20:35:56 +0000] "GET /whsy.php?e=psched&p=%2Fproc%2F30467%2Fnet HTTP/1.1" 200 2532 "http://argowellgroup.com.lab2454.com/whsy.php?p=%2Fproc%2F30467%2Fnet" "Mozilla/5.0 AppleWebKit/537.36 (KHTML, like Gecko; compatible; GPTBot/1.3; +https://openai.com/gptbot)"
74.7.227.60 - - [17/Mar/2026:20:36:09 +0000] "GET /whsy.php?e=packet&p=%2Fproc%2F10590%2Fnet HTTP/1.1" 200 2571 "http://argowellgroup.com.lab2454.com/whsy.php?p=%2Fproc%2F10590%2Fnet" "Mozilla/5.0 AppleWebKit/537.36 (KHTML, like Gecko; compatible; GPTBot/1.3; +https://openai.com/gptbot)"
74.7.227.60 - - [17/Mar/2026:20:36:21 +0000] "GET /whsy.php?e=packet&p=%2Fproc%2F17194%2Fnet HTTP/1.1" 200 2572 "http://argowellgroup.com.lab2454.com/whsy.php?p=%2Fproc%2F17194%2Fnet" "Mozilla/5.0 AppleWebKit/537.36 (KHTML, like Gecko; compatible; GPTBot/1.3; +https://openai.com/gptbot)"
74.7.227.60 - - [17/Mar/2026:20:36:36 +0000] "GET /whsy.php?e=packet&p=%2Fproc%2F17315%2Fnet HTTP/1.1" 200 2572 "http://argowellgroup.com.lab2454.com/whsy.php?p=%2Fproc%2F17315%2Fnet" "Mozilla/5.0 AppleWebKit/537.36 (KHTML, like Gecko; compatible; GPTBot/1.3; +https://openai.com/gptbot)"
74.7.227.60 - - [17/Mar/2026:20:36:53 +0000] "GET /whsy.php?e=projid_map&p=%2Fproc%2F17197 HTTP/1.1" 200 2028 "http://argowellgroup.com.lab2454.com/whsy.php?p=%2Fproc%2F17197" "Mozilla/5.0 AppleWebKit/537.36 (KHTML, like Gecko; compatible; GPTBot/1.3; +https://openai.com/gptbot)"
74.7.227.60 - - [17/Mar/2026:20:37:13 +0000] "GET /whsy.php?e=projid_map&p=%2Fproc%2F17187 HTTP/1.1" 200 2028 "http://argowellgroup.com.lab2454.com/whsy.php?p=%2Fproc%2F17187" "Mozilla/5.0 AppleWebKit/537.36 (KHTML, like Gecko; compatible; GPTBot/1.3; +https://openai.com/gptbot)"
74.7.227.60 - - [17/Mar/2026:20:37:28 +0000] "GET /whsy.php?p=%2Fproc%2F17235%2Ffdinfo HTTP/1.1" 200 237017 "http://argowellgroup.com.lab2454.com/whsy.php?p=%2Fproc%2F17235" "Mozilla/5.0 AppleWebKit/537.36 (KHTML, like Gecko; compatible; GPTBot/1.3; +https://openai.com/gptbot)"
74.7.227.60 - - [17/Mar/2026:20:38:14 +0000] "GET /whsy.php?p=%2Fproc%2F17268%2Ffdinfo HTTP/1.1" 200 236507 "http://argowellgroup.com.lab2454.com/whsy.php?p=%2Fproc%2F17268" "Mozilla/5.0 AppleWebKit/537.36 (KHTML, like Gecko; compatible; GPTBot/1.3; +https://openai.com/gptbot)"
74.7.227.60 - - [17/Mar/2026:20:38:58 +0000] "GET /whsy.php?p=%2Fproc%2F21365%2Ffdinfo HTTP/1.1" 200 892 "http://argowellgroup.com.lab2454.com/whsy.php?p=%2Fproc%2F21365" "Mozilla/5.0 AppleWebKit/537.36 (KHTML, like Gecko; compatible; GPTBot/1.3; +https://openai.com/gptbot)"
74.7.227.60 - - [17/Mar/2026:20:39:15 +0000] "GET /whsy.php?p=%2Fproc%2F30125%2Ffdinfo HTTP/1.1" 200 248152 "http://argowellgroup.com.lab2454.com/whsy.php?p=%2Fproc%2F30125" "Mozilla/5.0 AppleWebKit/537.36 (KHTML, like Gecko; compatible; GPTBot/1.3; +https://openai.com/gptbot)"
74.7.227.60 - - [17/Mar/2026:20:39:56 +0000] "GET /whsy.php?p=%2Fproc%2F30542%2Ffdinfo HTTP/1.1" 200 892 "http://argowellgroup.com.lab2454.com/whsy.php?p=%2Fproc%2F30542" "Mozilla/5.0 AppleWebKit/537.36 (KHTML, like Gecko; compatible; GPTBot/1.3; +https://openai.com/gptbot)"
74.7.230.51 - - [17/Mar/2026:20:39:57 +0000] "GET /robots.txt HTTP/1.1" 404 - "-" "Mozilla/5.0 (Macintosh; Intel Mac OS X 10_15_7) AppleWebKit/537.36 (KHTML, like Gecko) Chrome/131.0.0.0 Safari/537.36; compatible; OAI-SearchBot/1.3; robots.txt; +https://openai.com/searchbot"
74.7.227.60 - - [17/Mar/2026:20:40:26 +0000] "GET /whsy.php?p=%2Fproc%2F17246%2Ffdinfo HTTP/1.1" 200 238547 "http://argowellgroup.com.lab2454.com/whsy.php?p=%2Fproc%2F17246" "Mozilla/5.0 AppleWebKit/537.36 (KHTML, like Gecko; compatible; GPTBot/1.3; +https://openai.com/gptbot)"
74.7.227.60 - - [17/Mar/2026:20:41:10 +0000] "GET /whsy.php?p=%2Fproc%2F17276%2Fnet%2Fip6t_hashlimit HTTP/1.1" 200 501 "http://argowellgroup.com.lab2454.com/whsy.php?p=%2Fproc%2F17276%2Fnet" "Mozilla/5.0 AppleWebKit/537.36 (KHTML, like Gecko; compatible; GPTBot/1.3; +https://openai.com/gptbot)"
74.7.227.60 - - [17/Mar/2026:20:42:18 +0000] "GET /whsy.php?e=udplite6&p=%2Fproc%2F10590%2Fnet HTTP/1.1" 200 2584 "http://argowellgroup.com.lab2454.com/whsy.php?p=%2Fproc%2F10590%2Fnet" "Mozilla/5.0 AppleWebKit/537.36 (KHTML, like Gecko; compatible; GPTBot/1.3; +https://openai.com/gptbot)"
74.7.227.60 - - [17/Mar/2026:20:43:06 +0000] "GET /whsy.php?e=if_inet6&p=%2Fproc%2F10590%2Fnet HTTP/1.1" 200 2569 "http://argowellgroup.com.lab2454.com/whsy.php?p=%2Fproc%2F10590%2Fnet" "Mozilla/5.0 AppleWebKit/537.36 (KHTML, like Gecko; compatible; GPTBot/1.3; +https://openai.com/gptbot)"
74.7.227.60 - - [17/Mar/2026:20:43:53 +0000] "GET /whsy.php?e=if_inet6&p=%2Fproc%2F30467%2Fnet HTTP/1.1" 200 2569 "http://argowellgroup.com.lab2454.com/whsy.php?p=%2Fproc%2F30467%2Fnet" "Mozilla/5.0 AppleWebKit/537.36 (KHTML, like Gecko; compatible; GPTBot/1.3; +https://openai.com/gptbot)"
74.7.227.60 - - [17/Mar/2026:20:44:39 +0000] "GET /whsy.php?e=udplite6&p=%2Fproc%2F17194%2Fnet HTTP/1.1" 200 2585 "http://argowellgroup.com.lab2454.com/whsy.php?p=%2Fproc%2F17194%2Fnet" "Mozilla/5.0 AppleWebKit/537.36 (KHTML, like Gecko; compatible; GPTBot/1.3; +https://openai.com/gptbot)"
74.7.227.60 - - [17/Mar/2026:20:45:21 +0000] "GET /whsy.php?e=udplite6&p=%2Fproc%2F17315%2Fnet HTTP/1.1" 200 2586 "http://argowellgroup.com.lab2454.com/whsy.php?p=%2Fproc%2F17315%2Fnet" "Mozilla/5.0 AppleWebKit/537.36 (KHTML, like Gecko; compatible; GPTBot/1.3; +https://openai.com/gptbot)"
74.7.230.51 - - [17/Mar/2026:20:45:22 +0000] "GET /robots.txt HTTP/1.1" 404 - "-" "Mozilla/5.0 (Macintosh; Intel Mac OS X 10_15_7) AppleWebKit/537.36 (KHTML, like Gecko) Chrome/131.0.0.0 Safari/537.36; compatible; OAI-SearchBot/1.3; robots.txt; +https://openai.com/searchbot"
74.7.227.60 - - [17/Mar/2026:20:45:57 +0000] "GET /whsy.php?e=udplite6&p=%2Fproc%2F30467%2Fnet HTTP/1.1" 200 2585 "http://argowellgroup.com.lab2454.com/whsy.php?p=%2Fproc%2F30467%2Fnet" "Mozilla/5.0 AppleWebKit/537.36 (KHTML, like Gecko; compatible; GPTBot/1.3; +https://openai.com/gptbot)"
74.7.227.60 - - [17/Mar/2026:20:46:36 +0000] "GET /whsy.php?e=udplite6&p=%2Fproc%2F30671%2Fnet HTTP/1.1" 200 2585 "http://argowellgroup.com.lab2454.com/whsy.php?p=%2Fproc%2F30671%2Fnet" "Mozilla/5.0 AppleWebKit/537.36 (KHTML, like Gecko; compatible; GPTBot/1.3; +https://openai.com/gptbot)"
74.7.227.60 - - [17/Mar/2026:20:46:56 +0000] "GET /whsy.php?e=if_inet6&p=%2Fproc%2F30671%2Fnet HTTP/1.1" 200 2570 "http://argowellgroup.com.lab2454.com/whsy.php?p=%2Fproc%2F30671%2Fnet" "Mozilla/5.0 AppleWebKit/537.36 (KHTML, like Gecko; compatible; GPTBot/1.3; +https://openai.com/gptbot)"
74.7.227.60 - - [17/Mar/2026:20:47:24 +0000] "GET /whsy.php?e=if_inet6&p=%2Fproc%2F17194%2Fnet HTTP/1.1" 200 2569 "http://argowellgroup.com.lab2454.com/whsy.php?p=%2Fproc%2F17194%2Fnet" "Mozilla/5.0 AppleWebKit/537.36 (KHTML, like Gecko; compatible; GPTBot/1.3; +https://openai.com/gptbot)"
74.7.227.60 - - [17/Mar/2026:20:47:51 +0000] "GET /whsy.php?e=if_inet6&p=%2Fproc%2F17315%2Fnet HTTP/1.1" 200 2570 "http://argowellgroup.com.lab2454.com/whsy.php?p=%2Fproc%2F17315%2Fnet" "Mozilla/5.0 AppleWebKit/537.36 (KHTML, like Gecko; compatible; GPTBot/1.3; +https://openai.com/gptbot)"
74.7.227.60 - - [17/Mar/2026:20:48:12 +0000] "GET /whsy.php?e=anycast6&p=%2Fproc%2F17276%2Fnet HTTP/1.1" 200 2507 "http://argowellgroup.com.lab2454.com/whsy.php?p=%2Fproc%2F17276%2Fnet" "Mozilla/5.0 AppleWebKit/537.36 (KHTML, like Gecko; compatible; GPTBot/1.3; +https://openai.com/gptbot)"
74.7.227.60 - - [17/Mar/2026:20:48:32 +0000] "GET /whsy.php?e=udplite6&p=%2Fproc%2F17207%2Fnet HTTP/1.1" 200 2586 "http://argowellgroup.com.lab2454.com/whsy.php?p=%2Fproc%2F17207%2Fnet" "Mozilla/5.0 AppleWebKit/537.36 (KHTML, like Gecko; compatible; GPTBot/1.3; +https://openai.com/gptbot)"
74.7.227.60 - - [17/Mar/2026:20:48:51 +0000] "GET /whsy.php?e=if_inet6&p=%2Fproc%2F30125%2Fnet HTTP/1.1" 200 2570 "http://argowellgroup.com.lab2454.com/whsy.php?p=%2Fproc%2F30125%2Fnet" "Mozilla/5.0 AppleWebKit/537.36 (KHTML, like Gecko; compatible; GPTBot/1.3; +https://openai.com/gptbot)"
74.7.227.60 - - [17/Mar/2026:20:49:12 +0000] "GET /whsy.php?e=anycast6&p=%2Fproc%2F17354%2Fnet HTTP/1.1" 200 2507 "http://argowellgroup.com.lab2454.com/whsy.php?p=%2Fproc%2F17354%2Fnet" "Mozilla/5.0 AppleWebKit/537.36 (KHTML, like Gecko; compatible; GPTBot/1.3; +https://openai.com/gptbot)"
74.7.227.60 - - [17/Mar/2026:20:49:27 +0000] "GET /whsy.php?e=udplite6&p=%2Fproc%2F17218%2Fnet HTTP/1.1" 200 2585 "http://argowellgroup.com.lab2454.com/whsy.php?p=%2Fproc%2F17218%2Fnet" "Mozilla/5.0 AppleWebKit/537.36 (KHTML, like Gecko; compatible; GPTBot/1.3; +https://openai.com/gptbot)"
74.7.227.60 - - [17/Mar/2026:20:49:43 +0000] "GET /whsy.php?e=udplite6&p=%2Fproc%2F17268%2Fnet HTTP/1.1" 200 2585 "http://argowellgroup.com.lab2454.com/whsy.php?p=%2Fproc%2F17268%2Fnet" "Mozilla/5.0 AppleWebKit/537.36 (KHTML, like Gecko; compatible; GPTBot/1.3; +https://openai.com/gptbot)"
74.7.227.60 - - [17/Mar/2026:20:49:58 +0000] "GET /whsy.php?e=udplite6&p=%2Fproc%2F17235%2Fnet HTTP/1.1" 200 2586 "http://argowellgroup.com.lab2454.com/whsy.php?p=%2Fproc%2F17235%2Fnet" "Mozilla/5.0 AppleWebKit/537.36 (KHTML, like Gecko; compatible; GPTBot/1.3; +https://openai.com/gptbot)"
74.7.227.60 - - [17/Mar/2026:20:50:20 +0000] "GET /whsy.php?e=if_inet6&p=%2Fproc%2F30542%2Fnet HTTP/1.1" 200 892 "http://argowellgroup.com.lab2454.com/whsy.php?p=%2Fproc%2F30542%2Fnet" "Mozilla/5.0 AppleWebKit/537.36 (KHTML, like Gecko; compatible; GPTBot/1.3; +https://openai.com/gptbot)"
74.7.227.60 - - [17/Mar/2026:20:50:35 +0000] "GET /whsy.php?e=udplite6&p=%2Fproc%2F17291%2Fnet HTTP/1.1" 200 2585 "http://argowellgroup.com.lab2454.com/whsy.php?p=%2Fproc%2F17291%2Fnet" "Mozilla/5.0 AppleWebKit/537.36 (KHTML, like Gecko; compatible; GPTBot/1.3; +https://openai.com/gptbot)"
74.7.230.51 - - [17/Mar/2026:20:50:36 +0000] "GET /robots.txt HTTP/1.1" 404 - "-" "Mozilla/5.0 (Macintosh; Intel Mac OS X 10_15_7) AppleWebKit/537.36 (KHTML, like Gecko) Chrome/131.0.0.0 Safari/537.36; compatible; OAI-SearchBot/1.3; robots.txt; +https://openai.com/searchbot"
74.7.227.60 - - [17/Mar/2026:20:50:47 +0000] "GET /whsy.php?e=udplite6&p=%2Fproc%2F17246%2Fnet HTTP/1.1" 200 2585 "http://argowellgroup.com.lab2454.com/whsy.php?p=%2Fproc%2F17246%2Fnet" "Mozilla/5.0 AppleWebKit/537.36 (KHTML, like Gecko; compatible; GPTBot/1.3; +https://openai.com/gptbot)"
74.7.227.60 - - [17/Mar/2026:20:51:02 +0000] "GET /whsy.php?e=anycast6&p=%2Fproc%2F17304%2Fnet HTTP/1.1" 200 2506 "http://argowellgroup.com.lab2454.com/whsy.php?p=%2Fproc%2F17304%2Fnet" "Mozilla/5.0 AppleWebKit/537.36 (KHTML, like Gecko; compatible; GPTBot/1.3; +https://openai.com/gptbot)"
74.7.227.60 - - [17/Mar/2026:20:51:16 +0000] "GET /whsy.php?e=udplite6&p=%2Fproc%2F17297%2Fnet HTTP/1.1" 200 2586 "http://argowellgroup.com.lab2454.com/whsy.php?p=%2Fproc%2F17297%2Fnet" "Mozilla/5.0 AppleWebKit/537.36 (KHTML, like Gecko; compatible; GPTBot/1.3; +https://openai.com/gptbot)"
74.7.227.60 - - [17/Mar/2026:20:51:30 +0000] "GET /whsy.php?e=udplite6&p=%2Fproc%2F17187%2Fnet HTTP/1.1" 200 2586 "http://argowellgroup.com.lab2454.com/whsy.php?p=%2Fproc%2F17187%2Fnet" "Mozilla/5.0 AppleWebKit/537.36 (KHTML, like Gecko; compatible; GPTBot/1.3; +https://openai.com/gptbot)"
74.7.227.60 - - [17/Mar/2026:20:51:43 +0000] "GET /whsy.php?e=udplite6&p=%2Fproc%2F17197%2Fnet HTTP/1.1" 200 2586 "http://argowellgroup.com.lab2454.com/whsy.php?p=%2Fproc%2F17197%2Fnet" "Mozilla/5.0 AppleWebKit/537.36 (KHTML, like Gecko; compatible; GPTBot/1.3; +https://openai.com/gptbot)"
74.7.227.60 - - [17/Mar/2026:20:51:56 +0000] "GET /whsy.php?e=udplite6&p=%2Fproc%2F17213%2Fnet HTTP/1.1" 200 2585 "http://argowellgroup.com.lab2454.com/whsy.php?p=%2Fproc%2F17213%2Fnet" "Mozilla/5.0 AppleWebKit/537.36 (KHTML, like Gecko; compatible; GPTBot/1.3; +https://openai.com/gptbot)"
74.7.227.60 - - [17/Mar/2026:20:52:14 +0000] "GET /whsy.php?e=udplite6&p=%2Fproc%2F30125%2Fnet HTTP/1.1" 200 2585 "http://argowellgroup.com.lab2454.com/whsy.php?p=%2Fproc%2F30125%2Fnet" "Mozilla/5.0 AppleWebKit/537.36 (KHTML, like Gecko; compatible; GPTBot/1.3; +https://openai.com/gptbot)"
74.7.227.60 - - [17/Mar/2026:20:52:28 +0000] "GET /whsy.php?e=udplite6&p=%2Fproc%2F30542%2Fnet HTTP/1.1" 200 892 "http://argowellgroup.com.lab2454.com/whsy.php?p=%2Fproc%2F30542%2Fnet" "Mozilla/5.0 AppleWebKit/537.36 (KHTML, like Gecko; compatible; GPTBot/1.3; +https://openai.com/gptbot)"
74.7.227.60 - - [17/Mar/2026:20:52:44 +0000] "GET /whsy.php?e=if_inet6&p=%2Fproc%2F17187%2Fnet HTTP/1.1" 200 2570 "http://argowellgroup.com.lab2454.com/whsy.php?p=%2Fproc%2F17187%2Fnet" "Mozilla/5.0 AppleWebKit/537.36 (KHTML, like Gecko; compatible; GPTBot/1.3; +https://openai.com/gptbot)"
74.7.227.60 - - [17/Mar/2026:20:52:57 +0000] "GET /whsy.php?e=udplite6&p=%2Fproc%2F17192%2Fnet HTTP/1.1" 200 2585 "http://argowellgroup.com.lab2454.com/whsy.php?p=%2Fproc%2F17192%2Fnet" "Mozilla/5.0 AppleWebKit/537.36 (KHTML, like Gecko; compatible; GPTBot/1.3; +https://openai.com/gptbot)"
74.7.227.60 - - [17/Mar/2026:20:53:14 +0000] "GET /whsy.php?p=%2Fhome%2Flab2454c%2Farchswipe.com%2Fwp-includes%2FText%2FDiff%2FRenderer%2F.. HTTP/1.1" 200 766 "http://argowellgroup.com.lab2454.com/whsy.php?p=%2Fhome%2Flab2454c%2Farchswipe.com%2Fwp-includes%2FText%2FDiff%2FRenderer" "Mozilla/5.0 AppleWebKit/537.36 (KHTML, like Gecko; compatible; GPTBot/1.3; +https://openai.com/gptbot)"
74.7.227.60 - - [17/Mar/2026:20:53:30 +0000] "GET /whsy.php?e=icmp&p=%2Fproc%2F17213%2Fnet HTTP/1.1" 200 2580 "http://argowellgroup.com.lab2454.com/whsy.php?p=%2Fproc%2F17213%2Fnet" "Mozilla/5.0 AppleWebKit/537.36 (KHTML, like Gecko; compatible; GPTBot/1.3; +https://openai.com/gptbot)"
74.7.227.60 - - [17/Mar/2026:20:53:45 +0000] "GET /whsy.php?e=icmp&p=%2Fproc%2F17276%2Fnet HTTP/1.1" 200 2581 "http://argowellgroup.com.lab2454.com/whsy.php?p=%2Fproc%2F17276%2Fnet" "Mozilla/5.0 AppleWebKit/537.36 (KHTML, like Gecko; compatible; GPTBot/1.3; +https://openai.com/gptbot)"
74.7.227.60 - - [17/Mar/2026:20:53:59 +0000] "GET /whsy.php?e=snmp&p=%2Fproc%2F17197%2Fnet HTTP/1.1" 200 3235 "http://argowellgroup.com.lab2454.com/whsy.php?p=%2Fproc%2F17197%2Fnet" "Mozilla/5.0 AppleWebKit/537.36 (KHTML, like Gecko; compatible; GPTBot/1.3; +https://openai.com/gptbot)"
74.7.227.60 - - [17/Mar/2026:20:54:16 +0000] "GET /whsy.php?e=icmp&p=%2Fproc%2F17207%2Fnet HTTP/1.1" 200 2580 "http://argowellgroup.com.lab2454.com/whsy.php?p=%2Fproc%2F17207%2Fnet" "Mozilla/5.0 AppleWebKit/537.36 (KHTML, like Gecko; compatible; GPTBot/1.3; +https://openai.com/gptbot)"
74.7.227.60 - - [17/Mar/2026:20:54:31 +0000] "GET /whsy.php?e=snmp&p=%2Fproc%2F17246%2Fnet HTTP/1.1" 200 3230 "http://argowellgroup.com.lab2454.com/whsy.php?p=%2Fproc%2F17246%2Fnet" "Mozilla/5.0 AppleWebKit/537.36 (KHTML, like Gecko; compatible; GPTBot/1.3; +https://openai.com/gptbot)"
74.7.227.60 - - [17/Mar/2026:20:54:43 +0000] "GET /whsy.php?e=icmp&p=%2Fproc%2F17192%2Fnet HTTP/1.1" 200 2580 "http://argowellgroup.com.lab2454.com/whsy.php?p=%2Fproc%2F17192%2Fnet" "Mozilla/5.0 AppleWebKit/537.36 (KHTML, like Gecko; compatible; GPTBot/1.3; +https://openai.com/gptbot)"
74.7.227.60 - - [17/Mar/2026:20:54:56 +0000] "GET /whsy.php?e=snmp&p=%2Fproc%2F17235%2Fnet HTTP/1.1" 200 3235 "http://argowellgroup.com.lab2454.com/whsy.php?p=%2Fproc%2F17235%2Fnet" "Mozilla/5.0 AppleWebKit/537.36 (KHTML, like Gecko; compatible; GPTBot/1.3; +https://openai.com/gptbot)"
74.7.227.60 - - [17/Mar/2026:20:55:09 +0000] "GET /whsy.php?e=icmp&p=%2Fproc%2F17291%2Fnet HTTP/1.1" 200 2580 "http://argowellgroup.com.lab2454.com/whsy.php?p=%2Fproc%2F17291%2Fnet" "Mozilla/5.0 AppleWebKit/537.36 (KHTML, like Gecko; compatible; GPTBot/1.3; +https://openai.com/gptbot)"
74.7.227.60 - - [17/Mar/2026:20:55:22 +0000] "GET /whsy.php?e=snmp&p=%2Fproc%2F30542%2Fnet HTTP/1.1" 200 892 "http://argowellgroup.com.lab2454.com/whsy.php?p=%2Fproc%2F30542%2Fnet" "Mozilla/5.0 AppleWebKit/537.36 (KHTML, like Gecko; compatible; GPTBot/1.3; +https://openai.com/gptbot)"
74.7.227.60 - - [17/Mar/2026:20:55:35 +0000] "GET /whsy.php?e=icmp&p=%2Fproc%2F17297%2Fnet HTTP/1.1" 200 2581 "http://argowellgroup.com.lab2454.com/whsy.php?p=%2Fproc%2F17297%2Fnet" "Mozilla/5.0 AppleWebKit/537.36 (KHTML, like Gecko; compatible; GPTBot/1.3; +https://openai.com/gptbot)"
74.7.227.60 - - [17/Mar/2026:20:55:45 +0000] "GET /whsy.php?e=snmp&p=%2Fproc%2F17268%2Fnet HTTP/1.1" 200 3232 "http://argowellgroup.com.lab2454.com/whsy.php?p=%2Fproc%2F17268%2Fnet" "Mozilla/5.0 AppleWebKit/537.36 (KHTML, like Gecko; compatible; GPTBot/1.3; +https://openai.com/gptbot)"
74.7.227.60 - - [17/Mar/2026:20:55:57 +0000] "GET /whsy.php?e=snmp&p=%2Fproc%2F17187%2Fnet HTTP/1.1" 200 3233 "http://argowellgroup.com.lab2454.com/whsy.php?p=%2Fproc%2F17187%2Fnet" "Mozilla/5.0 AppleWebKit/537.36 (KHTML, like Gecko; compatible; GPTBot/1.3; +https://openai.com/gptbot)"
