119.8.237.57 - - [21/Mar/2026:08:06:00 +0000] "GET /wp-includes/js/jquery/jquery-migrate.min.js?ver=3.4.1 HTTP/1.1" 200 4872 "-" "Mozilla/5.0 (Macintosh; Intel Mac OS X 10_15_7) AppleWebKit/537.36 (KHTML, like Gecko) Chrome/141.0.0.0 Safari/537.36"
119.8.237.57 - - [21/Mar/2026:08:06:00 +0000] "GET /wp-content/plugins/elementor/assets/lib/font-awesome/js/v4-shims.min.js?ver=3.4.4 HTTP/1.1" 200 4205 "-" "Mozilla/5.0 (Macintosh; Intel Mac OS X 10_15_7) AppleWebKit/537.36 (KHTML, like Gecko) Chrome/141.0.0.0 Safari/537.36"
119.8.237.57 - - [21/Mar/2026:08:06:00 +0000] "GET /wp-includes/js/jquery/ui/core.min.js?ver=1.13.3 HTTP/1.1" 200 7106 "-" "Mozilla/5.0 (Macintosh; Intel Mac OS X 10_15_7) AppleWebKit/537.36 (KHTML, like Gecko) Chrome/141.0.0.0 Safari/537.36"
119.8.237.57 - - [21/Mar/2026:08:06:00 +0000] "GET /wp-includes/js/dist/dom-ready.min.js?ver=f77871ff7694fffea381 HTTP/1.1" 200 320 "-" "Mozilla/5.0 (Macintosh; Intel Mac OS X 10_15_7) AppleWebKit/537.36 (KHTML, like Gecko) Chrome/141.0.0.0 Safari/537.36"
119.8.237.57 - - [21/Mar/2026:08:06:00 +0000] "GET /wp-includes/js/dist/hooks.min.js?ver=dd5603f07f9220ed27f1 HTTP/1.1" 200 1941 "-" "Mozilla/5.0 (Macintosh; Intel Mac OS X 10_15_7) AppleWebKit/537.36 (KHTML, like Gecko) Chrome/141.0.0.0 Safari/537.36"
119.8.237.57 - - [21/Mar/2026:08:06:00 +0000] "GET /wp-includes/js/jquery/ui/mouse.min.js?ver=1.13.3 HTTP/1.1" 200 1098 "-" "Mozilla/5.0 (Macintosh; Intel Mac OS X 10_15_7) AppleWebKit/537.36 (KHTML, like Gecko) Chrome/141.0.0.0 Safari/537.36"
119.8.237.57 - - [21/Mar/2026:08:06:00 +0000] "GET /wp-includes/js/dist/i18n.min.js?ver=c26c3dc7bed366793375 HTTP/1.1" 200 2229 "-" "Mozilla/5.0 (Macintosh; Intel Mac OS X 10_15_7) AppleWebKit/537.36 (KHTML, like Gecko) Chrome/141.0.0.0 Safari/537.36"
119.8.237.57 - - [21/Mar/2026:08:06:00 +0000] "GET /wp-includes/js/clipboard.min.js?ver=2.0.11 HTTP/1.1" 200 3150 "-" "Mozilla/5.0 (Macintosh; Intel Mac OS X 10_15_7) AppleWebKit/537.36 (KHTML, like Gecko) Chrome/141.0.0.0 Safari/537.36"
119.8.237.57 - - [21/Mar/2026:08:06:00 +0000] "GET /wp-includes/js/dist/a11y.min.js?ver=cb460b4676c94bd228ed HTTP/1.1" 200 929 "-" "Mozilla/5.0 (Macintosh; Intel Mac OS X 10_15_7) AppleWebKit/537.36 (KHTML, like Gecko) Chrome/141.0.0.0 Safari/537.36"
119.8.237.57 - - [21/Mar/2026:08:06:01 +0000] "GET /wp-includes/js/plupload/plupload.min.js?ver=2.1.9 HTTP/1.1" 200 5587 "-" "Mozilla/5.0 (Macintosh; Intel Mac OS X 10_15_7) AppleWebKit/537.36 (KHTML, like Gecko) Chrome/141.0.0.0 Safari/537.36"
119.8.237.57 - - [21/Mar/2026:08:06:01 +0000] "GET /wp-includes/js/plupload/moxie.min.js?ver=1.3.5.1 HTTP/1.1" 200 27378 "-" "Mozilla/5.0 (Macintosh; Intel Mac OS X 10_15_7) AppleWebKit/537.36 (KHTML, like Gecko) Chrome/141.0.0.0 Safari/537.36"
119.8.237.57 - - [21/Mar/2026:08:06:01 +0000] "GET /wp-includes/js/plupload/handlers.min.js?ver=6.9 HTTP/1.1" 200 3880 "-" "Mozilla/5.0 (Macintosh; Intel Mac OS X 10_15_7) AppleWebKit/537.36 (KHTML, like Gecko) Chrome/141.0.0.0 Safari/537.36"
119.8.237.57 - - [21/Mar/2026:08:06:01 +0000] "GET /wp-includes/js/underscore.min.js?ver=1.13.7 HTTP/1.1" 200 7317 "-" "Mozilla/5.0 (Macintosh; Intel Mac OS X 10_15_7) AppleWebKit/537.36 (KHTML, like Gecko) Chrome/141.0.0.0 Safari/537.36"
119.8.237.57 - - [21/Mar/2026:08:06:01 +0000] "GET /wp-includes/js/jquery/ui/sortable.min.js?ver=1.13.3 HTTP/1.1" 200 6586 "-" "Mozilla/5.0 (Macintosh; Intel Mac OS X 10_15_7) AppleWebKit/537.36 (KHTML, like Gecko) Chrome/141.0.0.0 Safari/537.36"
119.8.237.57 - - [21/Mar/2026:08:06:01 +0000] "GET /wp-content/plugins/wp-user-frontend/assets/js/upload.js?ver=6.9 HTTP/1.1" 200 2283 "-" "Mozilla/5.0 (Macintosh; Intel Mac OS X 10_15_7) AppleWebKit/537.36 (KHTML, like Gecko) Chrome/141.0.0.0 Safari/537.36"
119.8.237.57 - - [21/Mar/2026:08:06:01 +0000] "GET /wp-content/plugins/wp-user-frontend/assets/js/frontend-form.min.js?ver=6.9 HTTP/1.1" 200 5942 "-" "Mozilla/5.0 (Macintosh; Intel Mac OS X 10_15_7) AppleWebKit/537.36 (KHTML, like Gecko) Chrome/141.0.0.0 Safari/537.36"
119.8.237.57 - - [21/Mar/2026:08:06:01 +0000] "GET /wp-content/plugins/wp-user-frontend/assets/vendor/sweetalert2/dist/sweetalert2.js?ver=3.5.21 HTTP/1.1" 200 11576 "-" "Mozilla/5.0 (Macintosh; Intel Mac OS X 10_15_7) AppleWebKit/537.36 (KHTML, like Gecko) Chrome/141.0.0.0 Safari/537.36"
119.8.237.57 - - [21/Mar/2026:08:06:01 +0000] "GET /wp-content/plugins/contact-form-7/includes/js/index.js?ver=5.5.2 HTTP/1.1" 200 3767 "-" "Mozilla/5.0 (Macintosh; Intel Mac OS X 10_15_7) AppleWebKit/537.36 (KHTML, like Gecko) Chrome/141.0.0.0 Safari/537.36"
119.8.237.57 - - [21/Mar/2026:08:06:01 +0000] "GET /wp-includes/js/dist/vendor/wp-polyfill.min.js?ver=3.15.0 HTTP/1.1" 200 11852 "-" "Mozilla/5.0 (Macintosh; Intel Mac OS X 10_15_7) AppleWebKit/537.36 (KHTML, like Gecko) Chrome/141.0.0.0 Safari/537.36"
119.8.237.57 - - [21/Mar/2026:08:06:01 +0000] "GET /wp-content/plugins/elementskit-lite/libs/framework/assets/js/frontend-script.js?ver=2.3.7 HTTP/1.1" 200 40 "-" "Mozilla/5.0 (Macintosh; Intel Mac OS X 10_15_7) AppleWebKit/537.36 (KHTML, like Gecko) Chrome/141.0.0.0 Safari/537.36"
119.8.237.57 - - [21/Mar/2026:08:06:01 +0000] "GET /wp-content/themes/hello-elementor/assets/js/hello-frontend.min.js?ver=1.0.0 HTTP/1.1" 200 1010 "-" "Mozilla/5.0 (Macintosh; Intel Mac OS X 10_15_7) AppleWebKit/537.36 (KHTML, like Gecko) Chrome/141.0.0.0 Safari/537.36"
119.8.237.57 - - [21/Mar/2026:08:06:02 +0000] "GET /wp-content/plugins/elementskit-lite/widgets/init/assets/js/widget-scripts.js?ver=2.3.7 HTTP/1.1" 200 44029 "-" "Mozilla/5.0 (Macintosh; Intel Mac OS X 10_15_7) AppleWebKit/537.36 (KHTML, like Gecko) Chrome/141.0.0.0 Safari/537.36"
119.8.237.57 - - [21/Mar/2026:08:06:02 +0000] "GET /wp-includes/js/jquery/ui/datepicker.min.js?ver=1.13.3 HTTP/1.1" 200 10907 "-" "Mozilla/5.0 (Macintosh; Intel Mac OS X 10_15_7) AppleWebKit/537.36 (KHTML, like Gecko) Chrome/141.0.0.0 Safari/537.36"
119.8.237.57 - - [21/Mar/2026:08:06:02 +0000] "GET /wp-includes/js/jquery/ui/autocomplete.min.js?ver=1.13.3 HTTP/1.1" 200 2905 "-" "Mozilla/5.0 (Macintosh; Intel Mac OS X 10_15_7) AppleWebKit/537.36 (KHTML, like Gecko) Chrome/141.0.0.0 Safari/537.36"
119.8.237.57 - - [21/Mar/2026:08:06:02 +0000] "GET /wp-includes/js/jquery/suggest.min.js?ver=1.1-20110113 HTTP/1.1" 200 1340 "-" "Mozilla/5.0 (Macintosh; Intel Mac OS X 10_15_7) AppleWebKit/537.36 (KHTML, like Gecko) Chrome/141.0.0.0 Safari/537.36"
119.8.237.57 - - [21/Mar/2026:08:06:02 +0000] "GET /wp-includes/js/jquery/ui/slider.min.js?ver=1.13.3 HTTP/1.1" 200 3138 "-" "Mozilla/5.0 (Macintosh; Intel Mac OS X 10_15_7) AppleWebKit/537.36 (KHTML, like Gecko) Chrome/141.0.0.0 Safari/537.36"
119.8.237.57 - - [21/Mar/2026:08:06:02 +0000] "GET /wp-includes/js/jquery/ui/menu.min.js?ver=1.13.3 HTTP/1.1" 200 3058 "-" "Mozilla/5.0 (Macintosh; Intel Mac OS X 10_15_7) AppleWebKit/537.36 (KHTML, like Gecko) Chrome/141.0.0.0 Safari/537.36"
119.8.237.57 - - [21/Mar/2026:08:06:02 +0000] "GET /wp-content/plugins/wp-user-frontend/assets/js/subscriptions.js?ver=6.9 HTTP/1.1" 200 1748 "-" "Mozilla/5.0 (Macintosh; Intel Mac OS X 10_15_7) AppleWebKit/537.36 (KHTML, like Gecko) Chrome/141.0.0.0 Safari/537.36"
119.8.237.57 - - [21/Mar/2026:08:06:02 +0000] "GET /wp-content/plugins/elementor-pro/assets/js/webpack-pro.runtime.min.js?ver=3.4.2 HTTP/1.1" 200 2161 "-" "Mozilla/5.0 (Macintosh; Intel Mac OS X 10_15_7) AppleWebKit/537.36 (KHTML, like Gecko) Chrome/141.0.0.0 Safari/537.36"
119.8.237.57 - - [21/Mar/2026:08:06:03 +0000] "GET /wp-content/plugins/elementor/assets/js/frontend-modules.min.js?ver=3.4.4 HTTP/1.1" 200 4542 "-" "Mozilla/5.0 (Macintosh; Intel Mac OS X 10_15_7) AppleWebKit/537.36 (KHTML, like Gecko) Chrome/141.0.0.0 Safari/537.36"
119.8.237.57 - - [21/Mar/2026:08:06:03 +0000] "GET /wp-content/plugins/elementor/assets/js/webpack.runtime.min.js?ver=3.4.4 HTTP/1.1" 200 2158 "-" "Mozilla/5.0 (Macintosh; Intel Mac OS X 10_15_7) AppleWebKit/537.36 (KHTML, like Gecko) Chrome/141.0.0.0 Safari/537.36"
119.8.237.57 - - [21/Mar/2026:08:06:03 +0000] "GET /wp-content/plugins/elementor-pro/assets/js/frontend.min.js?ver=3.4.2 HTTP/1.1" 200 5306 "-" "Mozilla/5.0 (Macintosh; Intel Mac OS X 10_15_7) AppleWebKit/537.36 (KHTML, like Gecko) Chrome/141.0.0.0 Safari/537.36"
119.8.237.57 - - [21/Mar/2026:08:06:03 +0000] "GET /wp-content/plugins/elementor/assets/lib/waypoints/waypoints.min.js?ver=4.0.2 HTTP/1.1" 200 2993 "-" "Mozilla/5.0 (Macintosh; Intel Mac OS X 10_15_7) AppleWebKit/537.36 (KHTML, like Gecko) Chrome/141.0.0.0 Safari/537.36"
119.8.237.57 - - [21/Mar/2026:08:06:03 +0000] "GET /wp-content/plugins/elementor/assets/lib/swiper/swiper.min.js?ver=5.3.6 HTTP/1.1" 200 35491 "-" "Mozilla/5.0 (Macintosh; Intel Mac OS X 10_15_7) AppleWebKit/537.36 (KHTML, like Gecko) Chrome/141.0.0.0 Safari/537.36"
119.8.237.57 - - [21/Mar/2026:08:06:03 +0000] "GET /wp-content/plugins/elementor/assets/lib/share-link/share-link.min.js?ver=3.4.4 HTTP/1.1" 200 1099 "-" "Mozilla/5.0 (Macintosh; Intel Mac OS X 10_15_7) AppleWebKit/537.36 (KHTML, like Gecko) Chrome/141.0.0.0 Safari/537.36"
119.8.237.57 - - [21/Mar/2026:08:06:03 +0000] "GET /wp-content/plugins/elementor-pro/assets/js/preloaded-elements-handlers.min.js?ver=3.4.2 HTTP/1.1" 200 27291 "-" "Mozilla/5.0 (Macintosh; Intel Mac OS X 10_15_7) AppleWebKit/537.36 (KHTML, like Gecko) Chrome/141.0.0.0 Safari/537.36"
119.8.237.57 - - [21/Mar/2026:08:06:03 +0000] "GET /wp-content/plugins/elementor/assets/lib/dialog/dialog.min.js?ver=4.8.1 HTTP/1.1" 200 3510 "-" "Mozilla/5.0 (Macintosh; Intel Mac OS X 10_15_7) AppleWebKit/537.36 (KHTML, like Gecko) Chrome/141.0.0.0 Safari/537.36"
119.8.237.57 - - [21/Mar/2026:08:06:03 +0000] "GET /wp-content/plugins/elementskit-lite/widgets/init/assets/js/animate-circle.js?ver=2.3.7 HTTP/1.1" 200 442 "-" "Mozilla/5.0 (Macintosh; Intel Mac OS X 10_15_7) AppleWebKit/537.36 (KHTML, like Gecko) Chrome/141.0.0.0 Safari/537.36"
119.8.237.57 - - [21/Mar/2026:08:06:03 +0000] "GET /wp-content/plugins/elementor/assets/js/frontend.min.js?ver=3.4.4 HTTP/1.1" 200 10608 "-" "Mozilla/5.0 (Macintosh; Intel Mac OS X 10_15_7) AppleWebKit/537.36 (KHTML, like Gecko) Chrome/141.0.0.0 Safari/537.36"
119.8.237.57 - - [21/Mar/2026:08:06:04 +0000] "GET /wp-content/plugins/elementskit-lite/widgets/init/assets/js/elementor.js?ver=2.3.7 HTTP/1.1" 200 3980 "-" "Mozilla/5.0 (Macintosh; Intel Mac OS X 10_15_7) AppleWebKit/537.36 (KHTML, like Gecko) Chrome/141.0.0.0 Safari/537.36"
119.8.237.57 - - [21/Mar/2026:08:06:04 +0000] "GET /wp-content/plugins/elementor/assets/js/preloaded-modules.min.js?ver=3.4.4 HTTP/1.1" 200 9042 "-" "Mozilla/5.0 (Macintosh; Intel Mac OS X 10_15_7) AppleWebKit/537.36 (KHTML, like Gecko) Chrome/141.0.0.0 Safari/537.36"
119.8.237.57 - - [21/Mar/2026:08:06:04 +0000] "GET /wp-content/plugins/elementor-pro/assets/lib/sticky/jquery.sticky.min.js?ver=3.4.2 HTTP/1.1" 200 1895 "-" "Mozilla/5.0 (Macintosh; Intel Mac OS X 10_15_7) AppleWebKit/537.36 (KHTML, like Gecko) Chrome/141.0.0.0 Safari/537.36"
139.162.194.112 - - [21/Mar/2026:08:05:57 +0000] "POST /wp-cron.php?doing_wp_cron=1774080357.7842888832092285156250 HTTP/1.1" 200 20 "-" "WordPress/6.9; http://invest.westernclear.com"
45.139.31.40 - - [21/Mar/2026:17:05:18 +0000] "GET /wp-includes/css/buttons.min.css?ver=6.9 HTTP/1.1" 200 1470 "http://invest.westernclear.com/wp-login.php" "Mozilla/5.0 (Windows NT 6.1; Win64; x64; rv:87.0) Gecko/20100101 Firefox/87.0"
45.139.31.40 - - [21/Mar/2026:17:05:18 +0000] "GET /wp-admin/css/forms.min.css?ver=6.9 HTTP/1.1" 200 6605 "http://invest.westernclear.com/wp-login.php" "Mozilla/5.0 (Windows NT 6.1; Win64; x64; rv:87.0) Gecko/20100101 Firefox/87.0"
45.139.31.40 - - [21/Mar/2026:17:05:18 +0000] "GET /wp-includes/css/dashicons.min.css?ver=6.9 HTTP/1.1" 200 35721 "http://invest.westernclear.com/wp-login.php" "Mozilla/5.0 (Windows NT 6.1; Win64; x64; rv:87.0) Gecko/20100101 Firefox/87.0"
45.139.31.40 - - [21/Mar/2026:17:05:18 +0000] "GET /wp-admin/css/l10n.min.css?ver=6.9 HTTP/1.1" 200 767 "http://invest.westernclear.com/wp-login.php" "Mozilla/5.0 (Windows NT 6.1; Win64; x64; rv:87.0) Gecko/20100101 Firefox/87.0"
45.139.31.40 - - [21/Mar/2026:17:05:18 +0000] "GET /wp-admin/css/login.min.css?ver=6.9 HTTP/1.1" 200 2171 "http://invest.westernclear.com/wp-login.php" "Mozilla/5.0 (Windows NT 6.1; Win64; x64; rv:87.0) Gecko/20100101 Firefox/87.0"
45.139.31.40 - - [21/Mar/2026:17:05:18 +0000] "GET /wp-includes/js/clipboard.min.js?ver=2.0.11 HTTP/1.1" 200 3150 "http://invest.westernclear.com/wp-login.php" "Mozilla/5.0 (Windows NT 6.1; Win64; x64; rv:87.0) Gecko/20100101 Firefox/87.0"
45.139.31.40 - - [21/Mar/2026:17:05:18 +0000] "GET /wp-includes/js/jquery/jquery.min.js?ver=3.7.1 HTTP/1.1" 200 30368 "http://invest.westernclear.com/wp-login.php" "Mozilla/5.0 (Windows NT 6.1; Win64; x64; rv:87.0) Gecko/20100101 Firefox/87.0"
45.139.31.40 - - [21/Mar/2026:17:05:18 +0000] "GET /wp-includes/js/jquery/jquery-migrate.min.js?ver=3.4.1 HTTP/1.1" 200 4872 "http://invest.westernclear.com/wp-login.php" "Mozilla/5.0 (Windows NT 6.1; Win64; x64; rv:87.0) Gecko/20100101 Firefox/87.0"
45.139.31.40 - - [21/Mar/2026:17:05:18 +0000] "GET /wp-includes/js/zxcvbn-async.min.js?ver=1.0 HTTP/1.1" 200 256 "http://invest.westernclear.com/wp-login.php" "Mozilla/5.0 (Windows NT 6.1; Win64; x64; rv:87.0) Gecko/20100101 Firefox/87.0"
45.139.31.40 - - [21/Mar/2026:17:05:18 +0000] "GET /wp-includes/js/dist/hooks.min.js?ver=dd5603f07f9220ed27f1 HTTP/1.1" 200 1941 "http://invest.westernclear.com/wp-login.php" "Mozilla/5.0 (Windows NT 6.1; Win64; x64; rv:87.0) Gecko/20100101 Firefox/87.0"
45.139.31.40 - - [21/Mar/2026:17:05:19 +0000] "GET /wp-includes/js/dist/i18n.min.js?ver=c26c3dc7bed366793375 HTTP/1.1" 200 2229 "http://invest.westernclear.com/wp-login.php" "Mozilla/5.0 (Windows NT 6.1; Win64; x64; rv:87.0) Gecko/20100101 Firefox/87.0"
45.139.31.40 - - [21/Mar/2026:17:05:19 +0000] "GET /wp-includes/js/underscore.min.js?ver=1.13.7 HTTP/1.1" 200 7317 "http://invest.westernclear.com/wp-login.php" "Mozilla/5.0 (Windows NT 6.1; Win64; x64; rv:87.0) Gecko/20100101 Firefox/87.0"
45.139.31.40 - - [21/Mar/2026:17:05:19 +0000] "GET /wp-admin/js/password-strength-meter.min.js?ver=6.9 HTTP/1.1" 200 621 "http://invest.westernclear.com/wp-login.php" "Mozilla/5.0 (Windows NT 6.1; Win64; x64; rv:87.0) Gecko/20100101 Firefox/87.0"
45.139.31.40 - - [21/Mar/2026:17:05:11 +0000] "GET /wp-login.php HTTP/1.1" 200 2090 "-" "Mozilla/5.0 (Windows NT 6.1; Win64; x64; rv:87.0) Gecko/20100101 Firefox/87.0"
45.139.31.40 - - [21/Mar/2026:17:05:19 +0000] "GET /wp-includes/js/wp-util.min.js?ver=6.9 HTTP/1.1" 200 756 "http://invest.westernclear.com/wp-login.php" "Mozilla/5.0 (Windows NT 6.1; Win64; x64; rv:87.0) Gecko/20100101 Firefox/87.0"
45.139.31.40 - - [21/Mar/2026:17:05:19 +0000] "GET /wp-includes/js/dist/dom-ready.min.js?ver=f77871ff7694fffea381 HTTP/1.1" 200 320 "http://invest.westernclear.com/wp-login.php" "Mozilla/5.0 (Windows NT 6.1; Win64; x64; rv:87.0) Gecko/20100101 Firefox/87.0"
45.139.31.40 - - [21/Mar/2026:17:05:19 +0000] "GET /wp-includes/js/dist/a11y.min.js?ver=cb460b4676c94bd228ed HTTP/1.1" 200 929 "http://invest.westernclear.com/wp-login.php" "Mozilla/5.0 (Windows NT 6.1; Win64; x64; rv:87.0) Gecko/20100101 Firefox/87.0"
45.139.31.40 - - [21/Mar/2026:17:05:19 +0000] "GET /wp-admin/js/user-profile.min.js?ver=6.9 HTTP/1.1" 200 3150 "http://invest.westernclear.com/wp-login.php" "Mozilla/5.0 (Windows NT 6.1; Win64; x64; rv:87.0) Gecko/20100101 Firefox/87.0"
45.139.31.40 - - [21/Mar/2026:17:05:19 +0000] "GET /wp-admin/images/wordpress-logo.svg?ver=20131107 HTTP/1.1" 200 818 "http://invest.westernclear.com/wp-login.php" "Mozilla/5.0 (Windows NT 6.1; Win64; x64; rv:87.0) Gecko/20100101 Firefox/87.0"
45.139.31.40 - - [21/Mar/2026:17:05:19 +0000] "GET /wp-includes/js/zxcvbn.min.js HTTP/1.1" 200 399661 "http://invest.westernclear.com/wp-login.php" "Mozilla/5.0 (Windows NT 6.1; Win64; x64; rv:87.0) Gecko/20100101 Firefox/87.0"
139.162.194.112 - - [21/Mar/2026:17:05:18 +0000] "POST /wp-cron.php?doing_wp_cron=1774112718.0487940311431884765625 HTTP/1.1" 200 20 "-" "WordPress/6.9; http://invest.westernclear.com"
45.139.31.40 - - [21/Mar/2026:17:05:24 +0000] "POST /wp-login.php HTTP/1.1" 302 20 "http://invest.westernclear.com/wp-login.php" "Mozilla/5.0 (Windows NT 6.1; Win64; x64; rv:87.0) Gecko/20100101 Firefox/87.0"
45.139.31.40 - - [21/Mar/2026:17:05:31 +0000] "GET /login/?redirect_to=http%3A%2F%2Finvest.westernclear.com%2Fwp-admin%2F&action=confirm_admin_email&wp_lang=en_US HTTP/1.1" 200 23983 "http://invest.westernclear.com/wp-login.php" "Mozilla/5.0 (Windows NT 6.1; Win64; x64; rv:87.0) Gecko/20100101 Firefox/87.0"
45.139.31.40 - - [21/Mar/2026:17:05:39 +0000] "GET /wp-content/plugins/insert-headers-and-footers/build/admin-bar.css?ver=8afeca4aaad1d56fefb41623b6b7b000 HTTP/1.1" 200 658 "http://invest.westernclear.com/login/?redirect_to=http%3A%2F%2Finvest.westernclear.com%2Fwp-admin%2F&action=confirm_admin_email&wp_lang=en_US" "Mozilla/5.0 (Windows NT 6.1; Win64; x64; rv:87.0) Gecko/20100101 Firefox/87.0"
45.139.31.40 - - [21/Mar/2026:17:05:39 +0000] "GET /wp-includes/css/admin-bar.min.css?ver=6.9 HTTP/1.1" 200 3812 "http://invest.westernclear.com/login/?redirect_to=http%3A%2F%2Finvest.westernclear.com%2Fwp-admin%2F&action=confirm_admin_email&wp_lang=en_US" "Mozilla/5.0 (Windows NT 6.1; Win64; x64; rv:87.0) Gecko/20100101 Firefox/87.0"
45.139.31.40 - - [21/Mar/2026:17:05:39 +0000] "GET /wp-content/plugins/elementor/assets/lib/eicons/css/elementor-icons.min.css?ver=5.12.0 HTTP/1.1" 200 3696 "http://invest.westernclear.com/login/?redirect_to=http%3A%2F%2Finvest.westernclear.com%2Fwp-admin%2F&action=confirm_admin_email&wp_lang=en_US" "Mozilla/5.0 (Windows NT 6.1; Win64; x64; rv:87.0) Gecko/20100101 Firefox/87.0"
45.139.31.40 - - [21/Mar/2026:17:05:39 +0000] "GET /wp-content/plugins/elementor/assets/css/common.min.css?ver=3.4.4 HTTP/1.1" 200 2693 "http://invest.westernclear.com/login/?redirect_to=http%3A%2F%2Finvest.westernclear.com%2Fwp-admin%2F&action=confirm_admin_email&wp_lang=en_US" "Mozilla/5.0 (Windows NT 6.1; Win64; x64; rv:87.0) Gecko/20100101 Firefox/87.0"
45.139.31.40 - - [21/Mar/2026:17:05:39 +0000] "GET /wp-includes/css/dist/block-library/style.min.css?ver=6.9 HTTP/1.1" 200 15951 "http://invest.westernclear.com/login/?redirect_to=http%3A%2F%2Finvest.westernclear.com%2Fwp-admin%2F&action=confirm_admin_email&wp_lang=en_US" "Mozilla/5.0 (Windows NT 6.1; Win64; x64; rv:87.0) Gecko/20100101 Firefox/87.0"
45.139.31.40 - - [21/Mar/2026:17:05:39 +0000] "GET /wp-content/plugins/contact-form-7/includes/css/styles.css?ver=5.5.2 HTTP/1.1" 200 972 "http://invest.westernclear.com/login/?redirect_to=http%3A%2F%2Finvest.westernclear.com%2Fwp-admin%2F&action=confirm_admin_email&wp_lang=en_US" "Mozilla/5.0 (Windows NT 6.1; Win64; x64; rv:87.0) Gecko/20100101 Firefox/87.0"
45.139.31.40 - - [21/Mar/2026:17:05:39 +0000] "GET /wp-content/themes/hello-theme-child-master/investments/common.css?ver=6.9 HTTP/1.1" 200 291 "http://invest.westernclear.com/login/?redirect_to=http%3A%2F%2Finvest.westernclear.com%2Fwp-admin%2F&action=confirm_admin_email&wp_lang=en_US" "Mozilla/5.0 (Windows NT 6.1; Win64; x64; rv:87.0) Gecko/20100101 Firefox/87.0"
45.139.31.40 - - [21/Mar/2026:17:05:39 +0000] "GET /wp-content/themes/hello-elementor/style.min.css?ver=2.4.1 HTTP/1.1" 200 2323 "http://invest.westernclear.com/login/?redirect_to=http%3A%2F%2Finvest.westernclear.com%2Fwp-admin%2F&action=confirm_admin_email&wp_lang=en_US" "Mozilla/5.0 (Windows NT 6.1; Win64; x64; rv:87.0) Gecko/20100101 Firefox/87.0"
45.139.31.40 - - [21/Mar/2026:17:05:39 +0000] "GET /wp-content/themes/hello-elementor/theme.min.css?ver=2.4.1 HTTP/1.1" 200 2538 "http://invest.westernclear.com/login/?redirect_to=http%3A%2F%2Finvest.westernclear.com%2Fwp-admin%2F&action=confirm_admin_email&wp_lang=en_US" "Mozilla/5.0 (Windows NT 6.1; Win64; x64; rv:87.0) Gecko/20100101 Firefox/87.0"
45.139.31.40 - - [21/Mar/2026:17:05:39 +0000] "GET /wp-content/uploads/elementor/css/custom-frontend.min.css?ver=1637321561 HTTP/1.1" 200 17665 "http://invest.westernclear.com/login/?redirect_to=http%3A%2F%2Finvest.westernclear.com%2Fwp-admin%2F&action=confirm_admin_email&wp_lang=en_US" "Mozilla/5.0 (Windows NT 6.1; Win64; x64; rv:87.0) Gecko/20100101 Firefox/87.0"
45.139.31.40 - - [21/Mar/2026:17:05:39 +0000] "GET /wp-content/plugins/elementskit-lite/modules/elementskit-icon-pack/assets/css/ekiticons.css?ver=2.3.7 HTTP/1.1" 200 12652 "http://invest.westernclear.com/login/?redirect_to=http%3A%2F%2Finvest.westernclear.com%2Fwp-admin%2F&action=confirm_admin_email&wp_lang=en_US" "Mozilla/5.0 (Windows NT 6.1; Win64; x64; rv:87.0) Gecko/20100101 Firefox/87.0"
45.139.31.40 - - [21/Mar/2026:17:05:39 +0000] "GET /wp-content/uploads/elementor/css/custom-pro-frontend.min.css?ver=1637321561 HTTP/1.1" 200 27760 "http://invest.westernclear.com/login/?redirect_to=http%3A%2F%2Finvest.westernclear.com%2Fwp-admin%2F&action=confirm_admin_email&wp_lang=en_US" "Mozilla/5.0 (Windows NT 6.1; Win64; x64; rv:87.0) Gecko/20100101 Firefox/87.0"
45.139.31.40 - - [21/Mar/2026:17:05:39 +0000] "GET /wp-content/plugins/elementor/assets/lib/font-awesome/css/v4-shims.min.css?ver=3.4.4 HTTP/1.1" 200 4229 "http://invest.westernclear.com/login/?redirect_to=http%3A%2F%2Finvest.westernclear.com%2Fwp-admin%2F&action=confirm_admin_email&wp_lang=en_US" "Mozilla/5.0 (Windows NT 6.1; Win64; x64; rv:87.0) Gecko/20100101 Firefox/87.0"
45.139.31.40 - - [21/Mar/2026:17:05:39 +0000] "GET /wp-content/plugins/elementor/assets/lib/font-awesome/css/all.min.css?ver=3.4.4 HTTP/1.1" 200 12869 "http://invest.westernclear.com/login/?redirect_to=http%3A%2F%2Finvest.westernclear.com%2Fwp-admin%2F&action=confirm_admin_email&wp_lang=en_US" "Mozilla/5.0 (Windows NT 6.1; Win64; x64; rv:87.0) Gecko/20100101 Firefox/87.0"
45.139.31.40 - - [21/Mar/2026:17:05:39 +0000] "GET /wp-content/themes/hello-theme-child-master/style.css?ver=1.0.0 HTTP/1.1" 200 4952 "http://invest.westernclear.com/login/?redirect_to=http%3A%2F%2Finvest.westernclear.com%2Fwp-admin%2F&action=confirm_admin_email&wp_lang=en_US" "Mozilla/5.0 (Windows NT 6.1; Win64; x64; rv:87.0) Gecko/20100101 Firefox/87.0"
45.139.31.40 - - [21/Mar/2026:17:05:40 +0000] "GET /wp-content/plugins/elementskit-lite/widgets/init/assets/css/responsive.css?ver=2.3.7 HTTP/1.1" 200 3115 "http://invest.westernclear.com/login/?redirect_to=http%3A%2F%2Finvest.westernclear.com%2Fwp-admin%2F&action=confirm_admin_email&wp_lang=en_US" "Mozilla/5.0 (Windows NT 6.1; Win64; x64; rv:87.0) Gecko/20100101 Firefox/87.0"
45.139.31.40 - - [21/Mar/2026:17:05:39 +0000] "GET /wp-content/plugins/elementskit-lite/widgets/init/assets/css/widget-styles.css?ver=2.3.7 HTTP/1.1" 200 49828 "http://invest.westernclear.com/login/?redirect_to=http%3A%2F%2Finvest.westernclear.com%2Fwp-admin%2F&action=confirm_admin_email&wp_lang=en_US" "Mozilla/5.0 (Windows NT 6.1; Win64; x64; rv:87.0) Gecko/20100101 Firefox/87.0"
45.139.31.40 - - [21/Mar/2026:17:05:40 +0000] "GET /wp-content/plugins/wp-user-frontend/assets/css/frontend-forms.css?ver=6.9 HTTP/1.1" 200 7678 "http://invest.westernclear.com/login/?redirect_to=http%3A%2F%2Finvest.westernclear.com%2Fwp-admin%2F&action=confirm_admin_email&wp_lang=en_US" "Mozilla/5.0 (Windows NT 6.1; Win64; x64; rv:87.0) Gecko/20100101 Firefox/87.0"
45.139.31.40 - - [21/Mar/2026:17:05:40 +0000] "GET /wp-content/plugins/wp-user-frontend/assets/css/jquery-ui-1.9.1.custom.css?ver=6.9 HTTP/1.1" 200 6218 "http://invest.westernclear.com/login/?redirect_to=http%3A%2F%2Finvest.westernclear.com%2Fwp-admin%2F&action=confirm_admin_email&wp_lang=en_US" "Mozilla/5.0 (Windows NT 6.1; Win64; x64; rv:87.0) Gecko/20100101 Firefox/87.0"
45.139.31.40 - - [21/Mar/2026:17:05:40 +0000] "GET /wp-includes/js/jquery/ui/core.min.js?ver=1.13.3 HTTP/1.1" 200 7106 "http://invest.westernclear.com/login/?redirect_to=http%3A%2F%2Finvest.westernclear.com%2Fwp-admin%2F&action=confirm_admin_email&wp_lang=en_US" "Mozilla/5.0 (Windows NT 6.1; Win64; x64; rv:87.0) Gecko/20100101 Firefox/87.0"
45.139.31.40 - - [21/Mar/2026:17:05:40 +0000] "GET /wp-content/plugins/wp-user-frontend/assets/vendor/sweetalert2/dist/sweetalert2.css?ver=3.5.21 HTTP/1.1" 200 3185 "http://invest.westernclear.com/login/?redirect_to=http%3A%2F%2Finvest.westernclear.com%2Fwp-admin%2F&action=confirm_admin_email&wp_lang=en_US" "Mozilla/5.0 (Windows NT 6.1; Win64; x64; rv:87.0) Gecko/20100101 Firefox/87.0"
45.139.31.40 - - [21/Mar/2026:17:05:40 +0000] "GET /wp-includes/js/jquery/ui/mouse.min.js?ver=1.13.3 HTTP/1.1" 200 1098 "http://invest.westernclear.com/login/?redirect_to=http%3A%2F%2Finvest.westernclear.com%2Fwp-admin%2F&action=confirm_admin_email&wp_lang=en_US" "Mozilla/5.0 (Windows NT 6.1; Win64; x64; rv:87.0) Gecko/20100101 Firefox/87.0"
45.139.31.40 - - [21/Mar/2026:17:05:40 +0000] "GET /wp-content/plugins/elementor/assets/lib/font-awesome/js/v4-shims.min.js?ver=3.4.4 HTTP/1.1" 200 4205 "http://invest.westernclear.com/login/?redirect_to=http%3A%2F%2Finvest.westernclear.com%2Fwp-admin%2F&action=confirm_admin_email&wp_lang=en_US" "Mozilla/5.0 (Windows NT 6.1; Win64; x64; rv:87.0) Gecko/20100101 Firefox/87.0"
45.139.31.40 - - [21/Mar/2026:17:05:40 +0000] "GET /wp-includes/js/plupload/moxie.min.js?ver=1.3.5.1 HTTP/1.1" 200 27378 "http://invest.westernclear.com/login/?redirect_to=http%3A%2F%2Finvest.westernclear.com%2Fwp-admin%2F&action=confirm_admin_email&wp_lang=en_US" "Mozilla/5.0 (Windows NT 6.1; Win64; x64; rv:87.0) Gecko/20100101 Firefox/87.0"
45.139.31.40 - - [21/Mar/2026:17:05:40 +0000] "GET /wp-includes/js/plupload/plupload.min.js?ver=2.1.9 HTTP/1.1" 200 5587 "http://invest.westernclear.com/login/?redirect_to=http%3A%2F%2Finvest.westernclear.com%2Fwp-admin%2F&action=confirm_admin_email&wp_lang=en_US" "Mozilla/5.0 (Windows NT 6.1; Win64; x64; rv:87.0) Gecko/20100101 Firefox/87.0"
45.139.31.40 - - [21/Mar/2026:17:05:40 +0000] "GET /wp-includes/js/plupload/handlers.min.js?ver=6.9 HTTP/1.1" 200 3880 "http://invest.westernclear.com/login/?redirect_to=http%3A%2F%2Finvest.westernclear.com%2Fwp-admin%2F&action=confirm_admin_email&wp_lang=en_US" "Mozilla/5.0 (Windows NT 6.1; Win64; x64; rv:87.0) Gecko/20100101 Firefox/87.0"
45.139.31.40 - - [21/Mar/2026:17:05:40 +0000] "GET /wp-content/plugins/wp-user-frontend/assets/js/upload.js?ver=6.9 HTTP/1.1" 200 2283 "http://invest.westernclear.com/login/?redirect_to=http%3A%2F%2Finvest.westernclear.com%2Fwp-admin%2F&action=confirm_admin_email&wp_lang=en_US" "Mozilla/5.0 (Windows NT 6.1; Win64; x64; rv:87.0) Gecko/20100101 Firefox/87.0"
45.139.31.40 - - [21/Mar/2026:17:05:40 +0000] "GET /wp-includes/js/jquery/ui/sortable.min.js?ver=1.13.3 HTTP/1.1" 200 6586 "http://invest.westernclear.com/login/?redirect_to=http%3A%2F%2Finvest.westernclear.com%2Fwp-admin%2F&action=confirm_admin_email&wp_lang=en_US" "Mozilla/5.0 (Windows NT 6.1; Win64; x64; rv:87.0) Gecko/20100101 Firefox/87.0"
45.139.31.40 - - [21/Mar/2026:17:05:40 +0000] "GET /wp-content/plugins/wp-user-frontend/assets/js/frontend-form.min.js?ver=6.9 HTTP/1.1" 200 5942 "http://invest.westernclear.com/login/?redirect_to=http%3A%2F%2Finvest.westernclear.com%2Fwp-admin%2F&action=confirm_admin_email&wp_lang=en_US" "Mozilla/5.0 (Windows NT 6.1; Win64; x64; rv:87.0) Gecko/20100101 Firefox/87.0"
45.139.31.40 - - [21/Mar/2026:17:05:40 +0000] "GET /wp-content/plugins/wp-user-frontend/assets/vendor/sweetalert2/dist/sweetalert2.js?ver=3.5.21 HTTP/1.1" 200 11576 "http://invest.westernclear.com/login/?redirect_to=http%3A%2F%2Finvest.westernclear.com%2Fwp-admin%2F&action=confirm_admin_email&wp_lang=en_US" "Mozilla/5.0 (Windows NT 6.1; Win64; x64; rv:87.0) Gecko/20100101 Firefox/87.0"
45.139.31.40 - - [21/Mar/2026:17:05:40 +0000] "GET /wp-content/plugins/insert-headers-and-footers/build/admin-bar.js?ver=8afeca4aaad1d56fefb41623b6b7b000 HTTP/1.1" 200 557 "http://invest.westernclear.com/login/?redirect_to=http%3A%2F%2Finvest.westernclear.com%2Fwp-admin%2F&action=confirm_admin_email&wp_lang=en_US" "Mozilla/5.0 (Windows NT 6.1; Win64; x64; rv:87.0) Gecko/20100101 Firefox/87.0"
45.139.31.40 - - [21/Mar/2026:17:05:40 +0000] "GET /wp-includes/js/dist/vendor/wp-polyfill.min.js?ver=3.15.0 HTTP/1.1" 200 11852 "http://invest.westernclear.com/login/?redirect_to=http%3A%2F%2Finvest.westernclear.com%2Fwp-admin%2F&action=confirm_admin_email&wp_lang=en_US" "Mozilla/5.0 (Windows NT 6.1; Win64; x64; rv:87.0) Gecko/20100101 Firefox/87.0"
45.139.31.40 - - [21/Mar/2026:17:05:40 +0000] "GET /wp-content/plugins/contact-form-7/includes/js/index.js?ver=5.5.2 HTTP/1.1" 200 3767 "http://invest.westernclear.com/login/?redirect_to=http%3A%2F%2Finvest.westernclear.com%2Fwp-admin%2F&action=confirm_admin_email&wp_lang=en_US" "Mozilla/5.0 (Windows NT 6.1; Win64; x64; rv:87.0) Gecko/20100101 Firefox/87.0"
45.139.31.40 - - [21/Mar/2026:17:05:41 +0000] "GET /wp-content/themes/hello-elementor/assets/js/hello-frontend.min.js?ver=1.0.0 HTTP/1.1" 200 1010 "http://invest.westernclear.com/login/?redirect_to=http%3A%2F%2Finvest.westernclear.com%2Fwp-admin%2F&action=confirm_admin_email&wp_lang=en_US" "Mozilla/5.0 (Windows NT 6.1; Win64; x64; rv:87.0) Gecko/20100101 Firefox/87.0"
45.139.31.40 - - [21/Mar/2026:17:05:41 +0000] "GET /wp-content/plugins/elementskit-lite/libs/framework/assets/js/frontend-script.js?ver=2.3.7 HTTP/1.1" 200 40 "http://invest.westernclear.com/login/?redirect_to=http%3A%2F%2Finvest.westernclear.com%2Fwp-admin%2F&action=confirm_admin_email&wp_lang=en_US" "Mozilla/5.0 (Windows NT 6.1; Win64; x64; rv:87.0) Gecko/20100101 Firefox/87.0"
45.139.31.40 - - [21/Mar/2026:17:05:41 +0000] "GET /wp-content/plugins/elementskit-lite/widgets/init/assets/js/widget-scripts.js?ver=2.3.7 HTTP/1.1" 200 44029 "http://invest.westernclear.com/login/?redirect_to=http%3A%2F%2Finvest.westernclear.com%2Fwp-admin%2F&action=confirm_admin_email&wp_lang=en_US" "Mozilla/5.0 (Windows NT 6.1; Win64; x64; rv:87.0) Gecko/20100101 Firefox/87.0"
45.139.31.40 - - [21/Mar/2026:17:05:41 +0000] "GET /wp-includes/js/jquery/ui/draggable.min.js?ver=1.13.3 HTTP/1.1" 200 4875 "http://invest.westernclear.com/login/?redirect_to=http%3A%2F%2Finvest.westernclear.com%2Fwp-admin%2F&action=confirm_admin_email&wp_lang=en_US" "Mozilla/5.0 (Windows NT 6.1; Win64; x64; rv:87.0) Gecko/20100101 Firefox/87.0"
45.139.31.40 - - [21/Mar/2026:17:05:41 +0000] "GET /wp-includes/js/backbone.min.js?ver=1.6.0 HTTP/1.1" 200 8021 "http://invest.westernclear.com/login/?redirect_to=http%3A%2F%2Finvest.westernclear.com%2Fwp-admin%2F&action=confirm_admin_email&wp_lang=en_US" "Mozilla/5.0 (Windows NT 6.1; Win64; x64; rv:87.0) Gecko/20100101 Firefox/87.0"
45.139.31.40 - - [21/Mar/2026:17:05:41 +0000] "GET /wp-content/plugins/elementor/assets/lib/backbone/backbone.radio.min.js?ver=1.0.4 HTTP/1.1" 200 1568 "http://invest.westernclear.com/login/?redirect_to=http%3A%2F%2Finvest.westernclear.com%2Fwp-admin%2F&action=confirm_admin_email&wp_lang=en_US" "Mozilla/5.0 (Windows NT 6.1; Win64; x64; rv:87.0) Gecko/20100101 Firefox/87.0"
45.139.31.40 - - [21/Mar/2026:17:05:41 +0000] "GET /wp-content/plugins/elementor/assets/lib/backbone/backbone.marionette.min.js?ver=2.4.5.e1 HTTP/1.1" 200 11502 "http://invest.westernclear.com/login/?redirect_to=http%3A%2F%2Finvest.westernclear.com%2Fwp-admin%2F&action=confirm_admin_email&wp_lang=en_US" "Mozilla/5.0 (Windows NT 6.1; Win64; x64; rv:87.0) Gecko/20100101 Firefox/87.0"
45.139.31.40 - - [21/Mar/2026:17:05:41 +0000] "GET /wp-content/plugins/elementor/assets/lib/dialog/dialog.min.js?ver=4.8.1 HTTP/1.1" 200 3510 "http://invest.westernclear.com/login/?redirect_to=http%3A%2F%2Finvest.westernclear.com%2Fwp-admin%2F&action=confirm_admin_email&wp_lang=en_US" "Mozilla/5.0 (Windows NT 6.1; Win64; x64; rv:87.0) Gecko/20100101 Firefox/87.0"
45.139.31.40 - - [21/Mar/2026:17:05:41 +0000] "GET /wp-content/plugins/elementor/assets/js/common-modules.min.js?ver=3.4.4 HTTP/1.1" 200 30185 "http://invest.westernclear.com/login/?redirect_to=http%3A%2F%2Finvest.westernclear.com%2Fwp-admin%2F&action=confirm_admin_email&wp_lang=en_US" "Mozilla/5.0 (Windows NT 6.1; Win64; x64; rv:87.0) Gecko/20100101 Firefox/87.0"
45.139.31.40 - - [21/Mar/2026:17:05:41 +0000] "GET /wp-includes/js/api-request.min.js?ver=6.9 HTTP/1.1" 200 590 "http://invest.westernclear.com/login/?redirect_to=http%3A%2F%2Finvest.westernclear.com%2Fwp-admin%2F&action=confirm_admin_email&wp_lang=en_US" "Mozilla/5.0 (Windows NT 6.1; Win64; x64; rv:87.0) Gecko/20100101 Firefox/87.0"
45.139.31.40 - - [21/Mar/2026:17:05:41 +0000] "GET /wp-content/plugins/elementor/assets/js/common.min.js?ver=3.4.4 HTTP/1.1" 200 45168 "http://invest.westernclear.com/login/?redirect_to=http%3A%2F%2Finvest.westernclear.com%2Fwp-admin%2F&action=confirm_admin_email&wp_lang=en_US" "Mozilla/5.0 (Windows NT 6.1; Win64; x64; rv:87.0) Gecko/20100101 Firefox/87.0"
45.139.31.40 - - [21/Mar/2026:17:05:41 +0000] "GET /wp-content/plugins/elementor/assets/js/app-loader.min.js?ver=3.4.4 HTTP/1.1" 200 25415 "http://invest.westernclear.com/login/?redirect_to=http%3A%2F%2Finvest.westernclear.com%2Fwp-admin%2F&action=confirm_admin_email&wp_lang=en_US" "Mozilla/5.0 (Windows NT 6.1; Win64; x64; rv:87.0) Gecko/20100101 Firefox/87.0"
45.139.31.40 - - [21/Mar/2026:17:05:41 +0000] "GET /wp-includes/js/jquery/ui/datepicker.min.js?ver=1.13.3 HTTP/1.1" 200 10907 "http://invest.westernclear.com/login/?redirect_to=http%3A%2F%2Finvest.westernclear.com%2Fwp-admin%2F&action=confirm_admin_email&wp_lang=en_US" "Mozilla/5.0 (Windows NT 6.1; Win64; x64; rv:87.0) Gecko/20100101 Firefox/87.0"
45.139.31.40 - - [21/Mar/2026:17:05:41 +0000] "GET /wp-includes/js/jquery/ui/menu.min.js?ver=1.13.3 HTTP/1.1" 200 3058 "http://invest.westernclear.com/login/?redirect_to=http%3A%2F%2Finvest.westernclear.com%2Fwp-admin%2F&action=confirm_admin_email&wp_lang=en_US" "Mozilla/5.0 (Windows NT 6.1; Win64; x64; rv:87.0) Gecko/20100101 Firefox/87.0"
45.139.31.40 - - [21/Mar/2026:17:05:41 +0000] "GET /wp-includes/js/jquery/ui/autocomplete.min.js?ver=1.13.3 HTTP/1.1" 200 2905 "http://invest.westernclear.com/login/?redirect_to=http%3A%2F%2Finvest.westernclear.com%2Fwp-admin%2F&action=confirm_admin_email&wp_lang=en_US" "Mozilla/5.0 (Windows NT 6.1; Win64; x64; rv:87.0) Gecko/20100101 Firefox/87.0"
74.7.244.32 - - [21/Mar/2026:17:51:20 +0000] "GET /robots.txt HTTP/1.1" 200 115 "-" "Mozilla/5.0 (Macintosh; Intel Mac OS X 10_15_7) AppleWebKit/537.36 (KHTML, like Gecko) Chrome/131.0.0.0 Safari/537.36; compatible; OAI-SearchBot/1.3; robots.txt; +https://openai.com/searchbot"
139.162.194.112 - - [21/Mar/2026:17:51:25 +0000] "POST /wp-cron.php?doing_wp_cron=1774115485.8920760154724121093750 HTTP/1.1" 200 20 "-" "WordPress/6.9; http://invest.westernclear.com"
74.7.227.57 - - [21/Mar/2026:17:51:34 +0000] "GET /wp-sitemap.xml HTTP/1.1" 200 257 "-" "Mozilla/5.0 AppleWebKit/537.36 (KHTML, like Gecko; compatible; GPTBot/1.3; +https://openai.com/gptbot)"
139.162.194.112 - - [21/Mar/2026:17:51:38 +0000] "POST /wp-cron.php?doing_wp_cron=1774115498.3547770977020263671875 HTTP/1.1" 200 20 "-" "WordPress/6.9; http://invest.westernclear.com"
142.44.225.8 - - [21/Mar/2026:18:37:04 +0000] "GET /robots.txt HTTP/1.1" 200 115 "-" "Mozilla/5.0 (compatible; AhrefsBot/7.0; +http://ahrefs.com/robot/)"
139.162.194.112 - - [21/Mar/2026:18:37:10 +0000] "POST /wp-cron.php?doing_wp_cron=1774118230.6892440319061279296875 HTTP/1.1" 200 20 "-" "WordPress/6.9; http://invest.westernclear.com"
54.37.118.83 - - [21/Mar/2026:18:37:12 +0000] "GET /wp-sitemap.xml HTTP/1.1" 200 257 "-" "Mozilla/5.0 (compatible; AhrefsBot/7.0; +http://ahrefs.com/robot/)"
139.162.194.112 - - [21/Mar/2026:18:37:16 +0000] "POST /wp-cron.php?doing_wp_cron=1774118236.9195599555969238281250 HTTP/1.1" 200 20 "-" "WordPress/6.9; http://invest.westernclear.com"
92.222.108.106 - - [21/Mar/2026:18:37:19 +0000] "GET /wp-sitemap-posts-post-1.xml HTTP/1.1" 200 224 "-" "Mozilla/5.0 (compatible; AhrefsBot/7.0; +http://ahrefs.com/robot/)"
139.162.194.112 - - [21/Mar/2026:18:37:23 +0000] "POST /wp-cron.php?doing_wp_cron=1774118243.2359900474548339843750 HTTP/1.1" 200 20 "-" "WordPress/6.9; http://invest.westernclear.com"
51.68.247.208 - - [21/Mar/2026:18:37:25 +0000] "GET /wp-sitemap-posts-page-1.xml HTTP/1.1" 200 580 "-" "Mozilla/5.0 (compatible; AhrefsBot/7.0; +http://ahrefs.com/robot/)"
139.162.194.112 - - [21/Mar/2026:18:37:29 +0000] "POST /wp-cron.php?doing_wp_cron=1774118249.6130518913269042968750 HTTP/1.1" 200 20 "-" "WordPress/6.9; http://invest.westernclear.com"
176.31.139.2 - - [21/Mar/2026:18:37:32 +0000] "GET /wp-sitemap-posts-elementskit_template-1.xml HTTP/1.1" 200 259 "-" "Mozilla/5.0 (compatible; AhrefsBot/7.0; +http://ahrefs.com/robot/)"
139.162.194.112 - - [21/Mar/2026:18:37:36 +0000] "POST /wp-cron.php?doing_wp_cron=1774118256.1361210346221923828125 HTTP/1.1" 200 20 "-" "WordPress/6.9; http://invest.westernclear.com"
54.37.118.72 - - [21/Mar/2026:18:37:39 +0000] "GET /wp-sitemap-posts-investments-1.xml HTTP/1.1" 200 294 "-" "Mozilla/5.0 (compatible; AhrefsBot/7.0; +http://ahrefs.com/robot/)"
139.162.194.112 - - [21/Mar/2026:18:37:43 +0000] "POST /wp-cron.php?doing_wp_cron=1774118263.2610158920288085937500 HTTP/1.1" 200 20 "-" "WordPress/6.9; http://invest.westernclear.com"
5.39.109.174 - - [21/Mar/2026:18:38:01 +0000] "GET /wp-sitemap-taxonomies-category-1.xml HTTP/1.1" 200 195 "-" "Mozilla/5.0 (compatible; AhrefsBot/7.0; +http://ahrefs.com/robot/)"
139.162.194.112 - - [21/Mar/2026:18:38:08 +0000] "POST /wp-cron.php?doing_wp_cron=1774118288.5257821083068847656250 HTTP/1.1" 200 20 "-" "WordPress/6.9; http://invest.westernclear.com"
176.31.139.18 - - [21/Mar/2026:18:38:11 +0000] "GET /wp-sitemap-taxonomies-investments-cat-1.xml HTTP/1.1" 200 224 "-" "Mozilla/5.0 (compatible; AhrefsBot/7.0; +http://ahrefs.com/robot/)"
139.162.194.112 - - [21/Mar/2026:18:38:21 +0000] "POST /wp-cron.php?doing_wp_cron=1774118300.9832580089569091796875 HTTP/1.1" 200 20 "-" "WordPress/6.9; http://invest.westernclear.com"
5.39.109.170 - - [21/Mar/2026:18:38:49 +0000] "GET /wp-sitemap-users-1.xml HTTP/1.1" 200 190 "-" "Mozilla/5.0 (compatible; AhrefsBot/7.0; +http://ahrefs.com/robot/)"
139.162.194.112 - - [21/Mar/2026:18:38:53 +0000] "POST /wp-cron.php?doing_wp_cron=1774118332.9958689212799072265625 HTTP/1.1" 200 20 "-" "WordPress/6.9; http://invest.westernclear.com"
185.177.72.22 - - [21/Mar/2026:20:55:37 +0000] "GET / HTTP/1.1" 200 24899 "-" "curl/8.7.1"
139.162.194.112 - - [21/Mar/2026:20:55:49 +0000] "POST /wp-cron.php?doing_wp_cron=1774126545.1414599418640136718750 HTTP/1.1" 200 20 "-" "WordPress/6.9; http://invest.westernclear.com"
105.98.18.218 - - [22/Mar/2026:02:56:38 +0000] "GET http://invest.westernclear.com/investments/precious-metals-portfolio HTTP/1.1" 301 20 "http://invest.westernclear.com/" "Mozilla/5.0 (Windows NT 10.0; Win64; x64) AppleWebKit/537.36 (KHTML, like Gecko) Chrome/135.0.0.0 Safari/537.36"
139.162.194.112 - - [22/Mar/2026:02:56:47 +0000] "POST /wp-cron.php?doing_wp_cron=1774148207.6354200839996337890625 HTTP/1.1" 200 20 "-" "WordPress/6.9; http://invest.westernclear.com"
146.190.164.6 - - [22/Mar/2026:04:18:12 +0000] "GET / HTTP/1.1" 301 20 "-" "Mozilla/5.0 (X11; Linux x86_64) AppleWebKit/537.36 (KHTML, like Gecko) Chrome/142.0.0.0 Safari/537.36"
139.162.194.112 - - [22/Mar/2026:04:18:21 +0000] "POST /wp-cron.php?doing_wp_cron=1774153101.5868389606475830078125 HTTP/1.1" 200 20 "-" "WordPress/6.9; http://invest.westernclear.com"
66.249.70.131 - - [22/Mar/2026:13:27:40 +0000] "GET /robots.txt HTTP/1.1" 301 20 "-" "Mozilla/5.0 (compatible; Googlebot/2.1; +http://www.google.com/bot.html)"
139.162.194.112 - - [22/Mar/2026:13:27:47 +0000] "POST /wp-cron.php?doing_wp_cron=1774186067.3635990619659423828125 HTTP/1.1" 200 20 "-" "WordPress/6.9; http://invest.westernclear.com"
66.249.64.230 - - [22/Mar/2026:13:27:48 +0000] "GET /robots.txt HTTP/1.1" 200 115 "-" "Mozilla/5.0 (compatible; Googlebot/2.1; +http://www.google.com/bot.html)"
139.162.194.112 - - [22/Mar/2026:13:27:53 +0000] "POST /wp-cron.php?doing_wp_cron=1774186073.6827490329742431640625 HTTP/1.1" 200 20 "-" "WordPress/6.9; http://invest.westernclear.com"
162.142.125.33 - - [22/Mar/2026:14:55:33 +0000] "GET / HTTP/1.1" 200 24898 "-" "Mozilla/5.0 (compatible; CensysInspect/1.1; +https://about.censys.io/)"
162.142.125.33 - - [22/Mar/2026:14:55:41 +0000] "GET /favicon.ico HTTP/1.1" 302 20 "-" "Mozilla/5.0 (compatible; CensysInspect/1.1; +https://about.censys.io/)"
139.162.194.112 - - [22/Mar/2026:14:55:44 +0000] "POST /wp-cron.php?doing_wp_cron=1774191340.3134129047393798828125 HTTP/1.1" 200 20 "-" "WordPress/6.9; http://invest.westernclear.com"
139.162.194.112 - - [22/Mar/2026:14:55:46 +0000] "POST /wp-cron.php?doing_wp_cron=1774191346.0062201023101806640625 HTTP/1.1" 200 20 "-" "WordPress/6.9; http://invest.westernclear.com"
74.7.244.32 - - [22/Mar/2026:17:52:22 +0000] "GET /robots.txt HTTP/1.1" 200 115 "-" "Mozilla/5.0 (Macintosh; Intel Mac OS X 10_15_7) AppleWebKit/537.36 (KHTML, like Gecko) Chrome/131.0.0.0 Safari/537.36; compatible; OAI-SearchBot/1.3; robots.txt; +https://openai.com/searchbot"
139.162.194.112 - - [22/Mar/2026:17:52:28 +0000] "POST /wp-cron.php?doing_wp_cron=1774201948.7952609062194824218750 HTTP/1.1" 200 20 "-" "WordPress/6.9; http://invest.westernclear.com"
74.7.227.57 - - [22/Mar/2026:17:52:35 +0000] "GET /wp-sitemap.xml HTTP/1.1" 200 257 "-" "Mozilla/5.0 AppleWebKit/537.36 (KHTML, like Gecko; compatible; GPTBot/1.3; +https://openai.com/gptbot)"
139.162.194.112 - - [22/Mar/2026:17:52:40 +0000] "POST /wp-cron.php?doing_wp_cron=1774201960.6252160072326660156250 HTTP/1.1" 200 20 "-" "WordPress/6.9; http://invest.westernclear.com"
66.132.172.223 - - [22/Mar/2026:18:26:14 +0000] "GET / HTTP/1.1" 301 20 "-" "Mozilla/5.0 (compatible; CensysInspect/1.1; +https://about.censys.io/)"
139.162.194.112 - - [22/Mar/2026:18:26:20 +0000] "POST /wp-cron.php?doing_wp_cron=1774203980.1210350990295410156250 HTTP/1.1" 200 20 "-" "WordPress/6.9; http://invest.westernclear.com"
66.132.172.223 - - [22/Mar/2026:18:26:24 +0000] "GET / HTTP/1.1" 200 24898 "-" "Mozilla/5.0 (compatible; CensysInspect/1.1; +https://about.censys.io/)"
139.162.194.112 - - [22/Mar/2026:18:26:38 +0000] "POST /wp-cron.php?doing_wp_cron=1774203995.5333220958709716796875 HTTP/1.1" 200 20 "-" "WordPress/6.9; http://invest.westernclear.com"
66.132.172.223 - - [22/Mar/2026:18:26:41 +0000] "GET /favicon.ico HTTP/1.1" 302 20 "-" "Mozilla/5.0 (compatible; CensysInspect/1.1; +https://about.censys.io/)"
139.162.194.112 - - [22/Mar/2026:18:26:45 +0000] "POST /wp-cron.php?doing_wp_cron=1774204005.4694700241088867187500 HTTP/1.1" 200 20 "-" "WordPress/6.9; http://invest.westernclear.com"
66.249.64.228 - - [22/Mar/2026:19:23:50 +0000] "GET /robots.txt HTTP/1.1" 200 115 "-" "Mozilla/5.0 (compatible; Googlebot/2.1; +http://www.google.com/bot.html)"
139.162.194.112 - - [22/Mar/2026:19:23:58 +0000] "POST /wp-cron.php?doing_wp_cron=1774207438.5047640800476074218750 HTTP/1.1" 200 20 "-" "WordPress/6.9; http://invest.westernclear.com"
20.151.11.236 - - [22/Mar/2026:21:13:14 +0000] "GET /wp-content/plugins/hellopress/wp_filemanager.php HTTP/1.1" 301 - "-" "-"
139.162.194.112 - - [22/Mar/2026:21:13:23 +0000] "POST /wp-cron.php?doing_wp_cron=1774214003.4175870418548583984375 HTTP/1.1" 200 20 "-" "WordPress/6.9; http://invest.westernclear.com"
20.151.11.236 - - [22/Mar/2026:21:13:24 +0000] "GET /wp-content/plugins/hellopress/wp_filemanager.php HTTP/1.1" 404 74619 "-" "-"
[+]
..
[-] climateassettrade.com.lab2454.com-ssl_log
[edit]
[-] erbarter.com.lab2454.com
[edit]
[-] crediteen.com.lab2454.com
[edit]
[-] africanforeigninvestment.com.lab2454.com-ssl_log
[edit]
[-] highnetrock.com.lab2454.com-ssl_log
[edit]
[-] nationalclimatechangeregistry.com.lab2454.com
[edit]
[-] crypthorize.net.lab2454.com
[edit]
[-] isparxcloud.com.lab2454.com-ssl_log
[edit]
[-] securepaychip.com.lab2454.com
[edit]
[-] carbonbullionmint.com.lab2454.com
[edit]
[-] shakalar.com.lab2454.com
[edit]
[-] am.elementalrock.com
[edit]
[-] shakcoin.com.lab2454.com-ssl_log
[edit]
[-] tudeflix.com.lab2454.com
[edit]
[-] vaxfi.com.lab2454.com
[edit]
[-] westernclear.net.lab2454.com-ssl_log
[edit]
[-] beleci.com.lab2454.com-ssl_log
[edit]
[-] sports.sparxnovate.com.lab2454.com
[edit]
[-] nfsin.org.lab2454.com
[edit]
[-] reelcode.com.lab2454.com
[edit]
[-] dansact.com.lab2454.com-ssl_log
[edit]
[-] worldcarboncapture.com.lab2454.com-ssl_log
[edit]
[-] payvory.com.lab2454.com
[edit]
[-] amgholdingcompany.com.lab2454.com
[edit]
[-] omvstudio.com.lab2454.com-ssl_log
[edit]
[-] kyotounitnotes.com.lab2454.com
[edit]
[-] keebchat.com.lab2454.com
[edit]
[-] africanforeignfinancialcredit.com.lab2454.com
[edit]
[-] vkeycloud.com.lab2454.com-ssl_log
[edit]
[-] kyc.datmont.com
[edit]
[-] budget.veritserv.com-ssl_log
[edit]
[-] datmont.com.lab2454.com
[edit]
[-] sports.keyreum.com-ssl_log
[edit]
[-] carbonbullion.com.lab2454.com
[edit]
[-] mactbank.com.lab2454.com
[edit]
[-] costbloc.org.lab2454.com
[edit]
[-] sothebry.softkinesis.com-ssl_log
[edit]
[-] gemsaq.com.lab2454.com-ssl_log
[edit]
[-] foremostcard.com.lab2454.com-ssl_log
[edit]
[-] elementalrefinery.com.lab2454.com
[edit]
[-] omvplay.com.lab2454.com-ssl_log
[edit]
[-] igpma.com.lab2454.com-ssl_log
[edit]
[-] veritserv.net.lab2454.com-ssl_log
[edit]
[-] kyotounitexchange.com.lab2454.com
[edit]
[-] sothebankuab.lab2454.com
[edit]
[-] argowell.com.lab2454.com-ssl_log
[edit]
[-] lab2454.com-ssl_log
[edit]
[-] internationalmetaversebank.com.lab2454.com
[edit]
[-] caimexchange.com.lab2454.com
[edit]
[-] validatekey.com.lab2454.com
[edit]
[-] bancmils.com.lab2454.com-ssl_log
[edit]
[-] shop.elementalmill.com
[edit]
[-] mact34.com.lab2454.com-ssl_log
[edit]
[-] firstdigitalbank.com.lab2454.com-ssl_log
[edit]
[-] cotexprotocol.com.lab2454.com-ssl_log
[edit]
[-] costbloc.net.lab2454.com
[edit]
[-] gemcommodity.com.lab2454.com
[edit]
[-] originalmediaverse.com.lab2454.com
[edit]
[-] cbmegroup.com.lab2454.com-ssl_log
[edit]
[-] bullclimate.com.lab2454.com-ssl_log
[edit]
[-] westernclear.com.lab2454.com-ssl_log
[edit]
[-] 23rdpay.com.lab2454.com-ssl_log
[edit]
[-] elementalrock.lab2454.com
[edit]
[-] carbonbullionmarketexchange.com.lab2454.com-ssl_log
[edit]
[-] igsin.com.lab2454.com-ssl_log
[edit]
[-] scostrade.com.lab2454.com
[edit]
[-] cbmindex.com.lab2454.com
[edit]
[-] climatecontinental.com.lab2454.com
[edit]
[-] imbtrust.lab2454.com
[edit]
[-] keyreum.org.lab2454.com-ssl_log
[edit]
[-] gemstockmarket.com.lab2454.com
[edit]
[-] embaar.com.lab2454.com
[edit]
[-] worldcarboncapture.org.lab2454.com-ssl_log
[edit]
[-] invest.equitablebarter.com
[edit]
[-] carbonbullion.net.lab2454.com-ssl_log
[edit]
[-] datmont.com.lab2454.com-ssl_log
[edit]
[-] wyntle.com.lab2454.com
[edit]
[-] lordritzy.com.lab2454.com
[edit]
[-] caimexchange.com.lab2454.com-ssl_log
[edit]
[-] omvstudios.com.lab2454.com-ssl_log
[edit]
[-] environmentalassetsexchange.com.lab2454.com
[edit]
[-] ifsin.org.lab2454.com-ssl_log
[edit]
[-] omvse.com.lab2454.com
[edit]
[-] minersandcommoditytraders.com.lab2454.com-ssl_log
[edit]
[-] mellogia.com.lab2454.com-ssl_log
[edit]
[-] sow.veritserv.com-ssl_log
[edit]
[-] gemspotmarket.com.lab2454.com
[edit]
[-] softkinesis.com.lab2454.com-ssl_log
[edit]
[-] environmentalassetsexchange.com.lab2454.com-ssl_log
[edit]
[-] internationalminersbank.com.lab2454.com
[edit]
[-] kyotounits.com.lab2454.com-ssl_log
[edit]
[-] healthvalidate.lab2454.com-ssl_log
[edit]
[-] bullclimate.com.lab2454.com
[edit]
[-] biocei.com.lab2454.com
[edit]
[-] gemition.com.lab2454.com-ssl_log
[edit]
[-] carbonbullion.net.lab2454.com
[edit]
[-] veritserv.com.lab2454.com
[edit]
[-] aficb.com.lab2454.com-ssl_log
[edit]
[-] ifsin.com.lab2454.com
[edit]
[-] incforce.com.lab2454.com-ssl_log
[edit]
[-] gemcommodity.com.lab2454.com-ssl_log
[edit]
[-] environmentalassetexchange.com.lab2454.com
[edit]
[-] carbonbullionexchange.com.lab2454.com
[edit]
[-] shaksettle.com.lab2454.com
[edit]
[-] sparxnovate.net.lab2454.com-ssl_log
[edit]
[-] argowellsproperties.com.lab2454.com
[edit]
[-] bullionmils.com.lab2454.com-ssl_log
[edit]
[-] banksafeone.com.lab2454.com-ssl_log
[edit]
[-] imbtrust.lab2454.com-ssl_log
[edit]
[-] cashewpay.com.lab2454.com
[edit]
[-] wyntle.com.lab2454.com-ssl_log
[edit]
[-] argowellgroup.com.lab2454.com-ssl_log
[edit]
[-] sparxnovate.com.lab2454.com-ssl_log
[edit]
[-] veritserv.net.lab2454.com
[edit]
[-] internationalmetaversebank.com.lab2454.com-ssl_log
[edit]
[-] igstin.org.lab2454.com
[edit]
[-] environmentalassetexchange.com.lab2454.com-ssl_log
[edit]
[-] crypto.keyreum.com-ssl_log
[edit]
[-] invest.credityork.com-ssl_log
[edit]
[-] carbonbullionmint.com.lab2454.com-ssl_log
[edit]
[-] shakcoin.com.lab2454.com
[edit]
[-] crypthorize.com.lab2454.com
[edit]
[-] keebchat.com.lab2454.com-ssl_log
[edit]
[-] assetmontree.com.lab2454.com-ssl_log
[edit]
[-] hibiscash.com.lab2454.com
[edit]
[-] crypthorize.org.lab2454.com-ssl_log
[edit]
[-] shakalar.org.lab2454.com
[edit]
[-] bespoketrading.com.lab2454.com
[edit]
[-] bullionmils.com.lab2454.com
[edit]
[-] futurescarbonexchange.com.lab2454.com-ssl_log
[edit]
[-] climatecontinental.com.lab2454.com-ssl_log
[edit]
[-] kyotounitnote.com.lab2454.com
[edit]
[-] financial.datmont.com
[edit]
[-] tripvare.com.lab2454.com-ssl_log
[edit]
[-] costinbulk.com.lab2454.com
[edit]
[-] londston.com.lab2454.com-ssl_log
[edit]
[-] onemediaverse.com.lab2454.com-ssl_log
[edit]
[-] credityork.com.lab2454.com
[edit]
[-] igpma.com.lab2454.com
[edit]
[-] africanforeignbank.com.lab2454.com
[edit]
[-] climateassettrade.com.lab2454.com
[edit]
[-] isaaclondston.com.lab2454.com-ssl_log
[edit]
[-] londston.com.lab2454.com
[edit]
[-] sparxnovate.net.lab2454.com
[edit]
[-] christianitybank.org.lab2454.com-ssl_log
[edit]
[-] onemediaverse.com.lab2454.com
[edit]
[-] elementalmill.com.lab2454.com-ssl_log
[edit]
[-] intermetaversebank.com.lab2454.com-ssl_log
[edit]
[-] idenbic.com.lab2454.com
[edit]
[-] greencreditexchange.com.lab2454.com
[edit]
[-] 23rdbank.com.lab2454.com
[edit]
[-] icuamap.com.lab2454.com-ssl_log
[edit]
[-] mellogia.com.lab2454.com
[edit]
[-] dsbjewel.com.lab2454.com
[edit]
[-] senetry.com.lab2454.com-ssl_log
[edit]
