74.7.243.215 - - [17/Mar/2026:17:11:23 +0000] "GET /wp-content/plugins/elementor/assets/lib/font-awesome/webfonts/fa-regular-400.woff2 HTTP/1.1" 200 13299 "http://invest.westernclear.com/wp-content/plugins/elementor/assets/lib/font-awesome/css/all.min.css?ver=3.4.4" "Mozilla/5.0 AppleWebKit/537.36 (KHTML, like Gecko; compatible; GPTBot/1.3; +https://openai.com/gptbot)"
74.7.243.215 - - [17/Mar/2026:17:11:34 +0000] "GET /wp-content/plugins/elementor/assets/lib/font-awesome/webfonts/fa-brands-400.woff2 HTTP/1.1" 200 76797 "http://invest.westernclear.com/wp-content/plugins/elementor/assets/lib/font-awesome/css/all.min.css?ver=3.4.4" "Mozilla/5.0 AppleWebKit/537.36 (KHTML, like Gecko; compatible; GPTBot/1.3; +https://openai.com/gptbot)"
74.7.243.215 - - [17/Mar/2026:17:11:43 +0000] "GET /wp-content/plugins/elementskit-lite/modules/elementskit-icon-pack/assets/fonts/elementskit.woff?y24e1e HTTP/1.1" 200 246110 "http://invest.westernclear.com/wp-content/plugins/elementskit-lite/modules/elementskit-icon-pack/assets/css/ekiticons.css?ver=2.3.7" "Mozilla/5.0 AppleWebKit/537.36 (KHTML, like Gecko; compatible; GPTBot/1.3; +https://openai.com/gptbot)"
74.7.243.215 - - [17/Mar/2026:17:12:37 +0000] "GET /wp-content/plugins/wp-user-frontend/assets/css/jquery-ui-1.9.1.custom.css?ver=6.9 HTTP/1.1" 200 6218 "http://invest.westernclear.com/" "Mozilla/5.0 AppleWebKit/537.36 (KHTML, like Gecko; compatible; GPTBot/1.3; +https://openai.com/gptbot)"
74.7.243.215 - - [17/Mar/2026:17:12:46 +0000] "GET /wp-content/uploads/elementor/css/custom-pro-frontend.min.css?ver=1637321561 HTTP/1.1" 200 27760 "http://invest.westernclear.com/" "Mozilla/5.0 AppleWebKit/537.36 (KHTML, like Gecko; compatible; GPTBot/1.3; +https://openai.com/gptbot)"
74.7.243.215 - - [17/Mar/2026:17:12:58 +0000] "GET /wp-content/uploads/elementor/css/custom-frontend.min.css?ver=1637321561 HTTP/1.1" 200 17665 "http://invest.westernclear.com/" "Mozilla/5.0 AppleWebKit/537.36 (KHTML, like Gecko; compatible; GPTBot/1.3; +https://openai.com/gptbot)"
74.7.243.215 - - [17/Mar/2026:17:13:23 +0000] "GET /wp-content/plugins/wp-user-frontend-pro/assets/css/css-stars.css?ver=6.9 HTTP/1.1" 200 304 "http://invest.westernclear.com/?p=1766" "Mozilla/5.0 AppleWebKit/537.36 (KHTML, like Gecko; compatible; GPTBot/1.3; +https://openai.com/gptbot)"
74.7.243.215 - - [17/Mar/2026:17:45:11 +0000] "GET /wp-sitemap.xml HTTP/1.1" 200 257 "-" "Mozilla/5.0 AppleWebKit/537.36 (KHTML, like Gecko; compatible; GPTBot/1.3; +https://openai.com/gptbot)"
139.162.194.112 - - [17/Mar/2026:17:45:22 +0000] "POST /wp-cron.php?doing_wp_cron=1773769522.7522768974304199218750 HTTP/1.1" 200 20 "-" "WordPress/6.9; http://invest.westernclear.com"
177.65.60.66 - - [18/Mar/2026:01:55:11 +0000] "GET http://invest.westernclear.com/investments/precious-metals-portfolio HTTP/1.1" 301 20 "http://invest.westernclear.com/" "Mozilla/5.0 (X11; Linux x86_64) AppleWebKit/537.36 (KHTML, like Gecko) Chrome/129.0.0.0 Safari/537.36"
139.162.194.112 - - [18/Mar/2026:01:55:21 +0000] "POST /wp-cron.php?doing_wp_cron=1773798921.1428020000457763671875 HTTP/1.1" 200 20 "-" "WordPress/6.9; http://invest.westernclear.com"
47.128.119.185 - - [18/Mar/2026:04:19:57 +0000] "GET /robots.txt HTTP/1.1" 200 123 "-" "-"
17.241.227.89 - - [18/Mar/2026:10:12:11 +0000] "GET /robots.txt HTTP/1.1" 200 115 "-" "Mozilla/5.0 (Macintosh; Intel Mac OS X 10_15_7) AppleWebKit/605.1.15 (KHTML, like Gecko) Version/17.4 Safari/605.1.15 (Applebot/0.1; +http://www.apple.com/go/applebot)"
139.162.194.112 - - [18/Mar/2026:10:12:18 +0000] "POST /wp-cron.php?doing_wp_cron=1773828738.7428650856018066406250 HTTP/1.1" 200 20 "-" "WordPress/6.9; http://invest.westernclear.com"
17.241.75.45 - - [18/Mar/2026:10:12:20 +0000] "GET /comments/feed/ HTTP/1.1" 200 770 "-" "Mozilla/5.0 (Macintosh; Intel Mac OS X 10_15_7) AppleWebKit/605.1.15 (KHTML, like Gecko) Version/17.4 Safari/605.1.15 (Applebot/0.1; +http://www.apple.com/go/applebot)"
20.151.11.236 - - [18/Mar/2026:11:06:39 +0000] "GET /wp-content/plugins/hellopress/wp_filemanager.php HTTP/1.1" 301 - "-" "-"
139.162.194.112 - - [18/Mar/2026:11:06:44 +0000] "POST /wp-cron.php?doing_wp_cron=1773832004.8888909816741943359375 HTTP/1.1" 200 20 "-" "WordPress/6.9; http://invest.westernclear.com"
20.151.11.236 - - [18/Mar/2026:11:06:46 +0000] "GET /wp-content/plugins/hellopress/wp_filemanager.php HTTP/1.1" 404 74619 "-" "-"
66.249.70.130 - - [18/Mar/2026:15:38:29 +0000] "GET /robots.txt HTTP/1.1" 301 20 "-" "Mozilla/5.0 (compatible; Googlebot/2.1; +http://www.google.com/bot.html)"
66.249.64.228 - - [18/Mar/2026:15:38:39 +0000] "GET /robots.txt HTTP/1.1" 200 115 "-" "Mozilla/5.0 (compatible; Googlebot/2.1; +http://www.google.com/bot.html)"
139.162.194.112 - - [18/Mar/2026:15:38:38 +0000] "POST /wp-cron.php?doing_wp_cron=1773848318.1390221118927001953125 HTTP/1.1" 200 20 "-" "WordPress/6.9; http://invest.westernclear.com"
150.136.253.162 - - [18/Mar/2026:16:48:48 +0000] "GET / HTTP/1.1" 200 24898 "-" "Mozilla/5.0 (X11; Linux x86_64) Gecko/20100101 Firefox/117.0"
150.136.253.162 - - [18/Mar/2026:16:48:53 +0000] "GET / HTTP/1.1" 200 24898 "-" "Mozilla/5.0 (Android 13; Mobile; rv:117.0) Gecko/117.0 Firefox/117.0"
139.162.194.112 - - [18/Mar/2026:16:49:01 +0000] "POST /wp-cron.php?doing_wp_cron=1773852541.6468551158905029296875 HTTP/1.1" 200 20 "-" "WordPress/6.9; http://invest.westernclear.com"
150.136.253.162 - - [18/Mar/2026:16:48:58 +0000] "GET / HTTP/1.1" 200 24898 "-" "Mozilla/5.0 (Android 13; Mobile; rv:117.0) Gecko/117.0 Firefox/117.0"
139.162.194.112 - - [18/Mar/2026:16:49:10 +0000] "POST /wp-cron.php?doing_wp_cron=1773852550.7001581192016601562500 HTTP/1.1" 200 20 "-" "WordPress/6.9; http://invest.westernclear.com"
74.7.244.32 - - [18/Mar/2026:17:46:04 +0000] "GET /robots.txt HTTP/1.1" 200 115 "-" "Mozilla/5.0 (Macintosh; Intel Mac OS X 10_15_7) AppleWebKit/537.36 (KHTML, like Gecko) Chrome/131.0.0.0 Safari/537.36; compatible; OAI-SearchBot/1.3; robots.txt; +https://openai.com/searchbot"
139.162.194.112 - - [18/Mar/2026:17:46:14 +0000] "POST /wp-cron.php?doing_wp_cron=1773855973.9928460121154785156250 HTTP/1.1" 200 20 "-" "WordPress/6.9; http://invest.westernclear.com"
74.7.244.32 - - [18/Mar/2026:17:46:14 +0000] "GET /robots.txt HTTP/1.1" 200 115 "-" "Mozilla/5.0 (Macintosh; Intel Mac OS X 10_15_7) AppleWebKit/537.36 (KHTML, like Gecko) Chrome/131.0.0.0 Safari/537.36; compatible; OAI-SearchBot/1.3; robots.txt; +https://openai.com/searchbot"
74.7.243.215 - - [18/Mar/2026:17:46:17 +0000] "GET /wp-sitemap.xml HTTP/1.1" 200 257 "-" "Mozilla/5.0 AppleWebKit/537.36 (KHTML, like Gecko; compatible; GPTBot/1.3; +https://openai.com/gptbot)"
66.249.64.230 - - [18/Mar/2026:18:10:55 +0000] "GET /robots.txt HTTP/1.1" 200 115 "-" "Mozilla/5.0 (compatible; Googlebot/2.1; +http://www.google.com/bot.html)"
139.162.194.112 - - [18/Mar/2026:18:11:03 +0000] "POST /wp-cron.php?doing_wp_cron=1773857463.9047629833221435546875 HTTP/1.1" 200 20 "-" "WordPress/6.9; http://invest.westernclear.com"
17.246.15.238 - - [19/Mar/2026:05:40:58 +0000] "GET /robots.txt HTTP/1.1" 200 115 "-" "Mozilla/5.0 (Macintosh; Intel Mac OS X 10_15_7) AppleWebKit/605.1.15 (KHTML, like Gecko) Version/17.4 Safari/605.1.15 (Applebot/0.1; +http://www.apple.com/go/applebot)"
139.162.194.112 - - [19/Mar/2026:05:41:05 +0000] "POST /wp-cron.php?doing_wp_cron=1773898865.3947660923004150390625 HTTP/1.1" 200 20 "-" "WordPress/6.9; http://invest.westernclear.com"
185.247.137.180 - - [19/Mar/2026:06:48:33 +0000] "GET / HTTP/1.1" 301 20 "-" "Mozilla/5.0 (compatible; InternetMeasurement/1.0; +https://internet-measurement.com/)"
139.162.194.112 - - [19/Mar/2026:06:48:45 +0000] "POST /wp-cron.php HTTP/1.1" 200 20 "-" "WordPress/6.9; http://invest.westernclear.com"
185.247.137.180 - - [19/Mar/2026:06:48:40 +0000] "GET / HTTP/1.1" 200 24898 "http://www.invest.westernclear.com" "Mozilla/5.0 (compatible; InternetMeasurement/1.0; +https://internet-measurement.com/)"
87.236.176.108 - - [19/Mar/2026:06:48:48 +0000] "GET /wp-content/uploads/2021/10/CreditYork-Logo-web-150x150.png HTTP/1.1" 200 12476 "-" "Mozilla/5.0 (compatible; InternetMeasurement/1.0; +https://internet-measurement.com/)"
185.247.137.206 - - [19/Mar/2026:06:48:48 +0000] "GET /wp-content/uploads/2021/10/CreditYork-Logo-web.png HTTP/1.1" 200 68744 "-" "Mozilla/5.0 (compatible; InternetMeasurement/1.0; +https://internet-measurement.com/)"
87.236.176.179 - - [19/Mar/2026:06:48:48 +0000] "GET /favicon.ico HTTP/1.1" 302 20 "-" "Mozilla/5.0 (compatible; InternetMeasurement/1.0; +https://internet-measurement.com/)"
87.236.176.179 - - [19/Mar/2026:06:48:55 +0000] "GET /wp-content/uploads/2021/10/CreditYork-Logo-web-150x150.png HTTP/1.1" 200 12476 "http://invest.westernclear.com/favicon.ico" "Mozilla/5.0 (compatible; InternetMeasurement/1.0; +https://internet-measurement.com/)"
139.162.194.112 - - [19/Mar/2026:06:48:38 +0000] "POST /wp-cron.php?doing_wp_cron=1773902918.9163920879364013671875 HTTP/1.1" 200 20 "-" "WordPress/6.9; http://invest.westernclear.com"
139.162.194.112 - - [19/Mar/2026:06:49:06 +0000] "GET / HTTP/1.1" 200 23598 "-" "WordPress/6.9; http://invest.westernclear.com"
94.154.190.114 - - [19/Mar/2026:07:43:27 +0000] "GET /wp-admin/css/forms.min.css?ver=6.9 HTTP/1.1" 200 6605 "http://invest.westernclear.com/wp-login.php" "Mozilla/5.0 (Windows NT 6.1; Win64; x64; rv:83.0) Gecko/20100101 Firefox/83.0"
94.154.190.114 - - [19/Mar/2026:07:43:27 +0000] "GET /wp-includes/css/buttons.min.css?ver=6.9 HTTP/1.1" 200 1470 "http://invest.westernclear.com/wp-login.php" "Mozilla/5.0 (Windows NT 6.1; Win64; x64; rv:83.0) Gecko/20100101 Firefox/83.0"
94.154.190.114 - - [19/Mar/2026:07:43:27 +0000] "GET /wp-admin/css/l10n.min.css?ver=6.9 HTTP/1.1" 200 767 "http://invest.westernclear.com/wp-login.php" "Mozilla/5.0 (Windows NT 6.1; Win64; x64; rv:83.0) Gecko/20100101 Firefox/83.0"
94.154.190.114 - - [19/Mar/2026:07:43:27 +0000] "GET /wp-includes/css/dashicons.min.css?ver=6.9 HTTP/1.1" 200 35721 "http://invest.westernclear.com/wp-login.php" "Mozilla/5.0 (Windows NT 6.1; Win64; x64; rv:83.0) Gecko/20100101 Firefox/83.0"
94.154.190.114 - - [19/Mar/2026:07:43:27 +0000] "GET /wp-admin/css/login.min.css?ver=6.9 HTTP/1.1" 200 2171 "http://invest.westernclear.com/wp-login.php" "Mozilla/5.0 (Windows NT 6.1; Win64; x64; rv:83.0) Gecko/20100101 Firefox/83.0"
94.154.190.114 - - [19/Mar/2026:07:43:27 +0000] "GET /wp-includes/js/clipboard.min.js?ver=2.0.11 HTTP/1.1" 200 3150 "http://invest.westernclear.com/wp-login.php" "Mozilla/5.0 (Windows NT 6.1; Win64; x64; rv:83.0) Gecko/20100101 Firefox/83.0"
94.154.190.114 - - [19/Mar/2026:07:43:27 +0000] "GET /wp-includes/js/jquery/jquery-migrate.min.js?ver=3.4.1 HTTP/1.1" 200 4872 "http://invest.westernclear.com/wp-login.php" "Mozilla/5.0 (Windows NT 6.1; Win64; x64; rv:83.0) Gecko/20100101 Firefox/83.0"
94.154.190.114 - - [19/Mar/2026:07:43:27 +0000] "GET /wp-includes/js/zxcvbn-async.min.js?ver=1.0 HTTP/1.1" 200 256 "http://invest.westernclear.com/wp-login.php" "Mozilla/5.0 (Windows NT 6.1; Win64; x64; rv:83.0) Gecko/20100101 Firefox/83.0"
94.154.190.114 - - [19/Mar/2026:07:43:27 +0000] "GET /wp-includes/js/jquery/jquery.min.js?ver=3.7.1 HTTP/1.1" 200 30368 "http://invest.westernclear.com/wp-login.php" "Mozilla/5.0 (Windows NT 6.1; Win64; x64; rv:83.0) Gecko/20100101 Firefox/83.0"
94.154.190.114 - - [19/Mar/2026:07:43:27 +0000] "GET /wp-includes/js/dist/hooks.min.js?ver=dd5603f07f9220ed27f1 HTTP/1.1" 200 1941 "http://invest.westernclear.com/wp-login.php" "Mozilla/5.0 (Windows NT 6.1; Win64; x64; rv:83.0) Gecko/20100101 Firefox/83.0"
94.154.190.114 - - [19/Mar/2026:07:43:28 +0000] "GET /wp-includes/js/dist/i18n.min.js?ver=c26c3dc7bed366793375 HTTP/1.1" 200 2229 "http://invest.westernclear.com/wp-login.php" "Mozilla/5.0 (Windows NT 6.1; Win64; x64; rv:83.0) Gecko/20100101 Firefox/83.0"
94.154.190.114 - - [19/Mar/2026:07:43:28 +0000] "GET /wp-admin/js/password-strength-meter.min.js?ver=6.9 HTTP/1.1" 200 621 "http://invest.westernclear.com/wp-login.php" "Mozilla/5.0 (Windows NT 6.1; Win64; x64; rv:83.0) Gecko/20100101 Firefox/83.0"
94.154.190.114 - - [19/Mar/2026:07:43:28 +0000] "GET /wp-includes/js/underscore.min.js?ver=1.13.7 HTTP/1.1" 200 7317 "http://invest.westernclear.com/wp-login.php" "Mozilla/5.0 (Windows NT 6.1; Win64; x64; rv:83.0) Gecko/20100101 Firefox/83.0"
94.154.190.114 - - [19/Mar/2026:07:43:28 +0000] "GET /wp-includes/js/wp-util.min.js?ver=6.9 HTTP/1.1" 200 756 "http://invest.westernclear.com/wp-login.php" "Mozilla/5.0 (Windows NT 6.1; Win64; x64; rv:83.0) Gecko/20100101 Firefox/83.0"
94.154.190.114 - - [19/Mar/2026:07:43:28 +0000] "GET /wp-includes/js/dist/dom-ready.min.js?ver=f77871ff7694fffea381 HTTP/1.1" 200 320 "http://invest.westernclear.com/wp-login.php" "Mozilla/5.0 (Windows NT 6.1; Win64; x64; rv:83.0) Gecko/20100101 Firefox/83.0"
94.154.190.114 - - [19/Mar/2026:07:43:28 +0000] "GET /wp-includes/js/dist/a11y.min.js?ver=cb460b4676c94bd228ed HTTP/1.1" 200 929 "http://invest.westernclear.com/wp-login.php" "Mozilla/5.0 (Windows NT 6.1; Win64; x64; rv:83.0) Gecko/20100101 Firefox/83.0"
94.154.190.114 - - [19/Mar/2026:07:43:28 +0000] "GET /wp-admin/js/user-profile.min.js?ver=6.9 HTTP/1.1" 200 3150 "http://invest.westernclear.com/wp-login.php" "Mozilla/5.0 (Windows NT 6.1; Win64; x64; rv:83.0) Gecko/20100101 Firefox/83.0"
94.154.190.114 - - [19/Mar/2026:07:43:28 +0000] "GET /wp-admin/images/wordpress-logo.svg?ver=20131107 HTTP/1.1" 200 818 "http://invest.westernclear.com/wp-login.php" "Mozilla/5.0 (Windows NT 6.1; Win64; x64; rv:83.0) Gecko/20100101 Firefox/83.0"
94.154.190.114 - - [19/Mar/2026:07:43:19 +0000] "GET /wp-login.php HTTP/1.1" 200 2090 "-" "Mozilla/5.0 (Windows NT 6.1; Win64; x64; rv:83.0) Gecko/20100101 Firefox/83.0"
94.154.190.114 - - [19/Mar/2026:07:43:28 +0000] "GET /wp-includes/js/zxcvbn.min.js HTTP/1.1" 200 399661 "http://invest.westernclear.com/wp-login.php" "Mozilla/5.0 (Windows NT 6.1; Win64; x64; rv:83.0) Gecko/20100101 Firefox/83.0"
139.162.194.112 - - [19/Mar/2026:07:43:27 +0000] "POST /wp-cron.php?doing_wp_cron=1773906207.3985579013824462890625 HTTP/1.1" 200 20 "-" "WordPress/6.9; http://invest.westernclear.com"
94.154.190.114 - - [19/Mar/2026:07:43:33 +0000] "POST /wp-login.php HTTP/1.1" 302 20 "http://invest.westernclear.com/wp-login.php" "Mozilla/5.0 (Windows NT 6.1; Win64; x64; rv:83.0) Gecko/20100101 Firefox/83.0"
94.154.190.114 - - [19/Mar/2026:07:43:40 +0000] "GET /login/?redirect_to=http%3A%2F%2Finvest.westernclear.com%2Fwp-admin%2F&action=confirm_admin_email&wp_lang=en_US HTTP/1.1" 200 23975 "http://invest.westernclear.com/wp-login.php" "Mozilla/5.0 (Windows NT 6.1; Win64; x64; rv:83.0) Gecko/20100101 Firefox/83.0"
94.154.190.114 - - [19/Mar/2026:07:43:51 +0000] "GET /wp-content/plugins/insert-headers-and-footers/build/admin-bar.css?ver=8afeca4aaad1d56fefb41623b6b7b000 HTTP/1.1" 200 658 "http://invest.westernclear.com/login/?redirect_to=http%3A%2F%2Finvest.westernclear.com%2Fwp-admin%2F&action=confirm_admin_email&wp_lang=en_US" "Mozilla/5.0 (Windows NT 6.1; Win64; x64; rv:83.0) Gecko/20100101 Firefox/83.0"
94.154.190.114 - - [19/Mar/2026:07:43:51 +0000] "GET /wp-content/plugins/elementor/assets/css/common.min.css?ver=3.4.4 HTTP/1.1" 200 2693 "http://invest.westernclear.com/login/?redirect_to=http%3A%2F%2Finvest.westernclear.com%2Fwp-admin%2F&action=confirm_admin_email&wp_lang=en_US" "Mozilla/5.0 (Windows NT 6.1; Win64; x64; rv:83.0) Gecko/20100101 Firefox/83.0"
94.154.190.114 - - [19/Mar/2026:07:43:51 +0000] "GET /wp-includes/css/admin-bar.min.css?ver=6.9 HTTP/1.1" 200 3812 "http://invest.westernclear.com/login/?redirect_to=http%3A%2F%2Finvest.westernclear.com%2Fwp-admin%2F&action=confirm_admin_email&wp_lang=en_US" "Mozilla/5.0 (Windows NT 6.1; Win64; x64; rv:83.0) Gecko/20100101 Firefox/83.0"
94.154.190.114 - - [19/Mar/2026:07:43:51 +0000] "GET /wp-content/plugins/elementor/assets/lib/eicons/css/elementor-icons.min.css?ver=5.12.0 HTTP/1.1" 200 3696 "http://invest.westernclear.com/login/?redirect_to=http%3A%2F%2Finvest.westernclear.com%2Fwp-admin%2F&action=confirm_admin_email&wp_lang=en_US" "Mozilla/5.0 (Windows NT 6.1; Win64; x64; rv:83.0) Gecko/20100101 Firefox/83.0"
94.154.190.114 - - [19/Mar/2026:07:43:51 +0000] "GET /wp-includes/css/dist/block-library/style.min.css?ver=6.9 HTTP/1.1" 200 15951 "http://invest.westernclear.com/login/?redirect_to=http%3A%2F%2Finvest.westernclear.com%2Fwp-admin%2F&action=confirm_admin_email&wp_lang=en_US" "Mozilla/5.0 (Windows NT 6.1; Win64; x64; rv:83.0) Gecko/20100101 Firefox/83.0"
94.154.190.114 - - [19/Mar/2026:07:43:51 +0000] "GET /wp-content/plugins/contact-form-7/includes/css/styles.css?ver=5.5.2 HTTP/1.1" 200 972 "http://invest.westernclear.com/login/?redirect_to=http%3A%2F%2Finvest.westernclear.com%2Fwp-admin%2F&action=confirm_admin_email&wp_lang=en_US" "Mozilla/5.0 (Windows NT 6.1; Win64; x64; rv:83.0) Gecko/20100101 Firefox/83.0"
94.154.190.114 - - [19/Mar/2026:07:43:51 +0000] "GET /wp-content/themes/hello-theme-child-master/investments/common.css?ver=6.9 HTTP/1.1" 200 291 "http://invest.westernclear.com/login/?redirect_to=http%3A%2F%2Finvest.westernclear.com%2Fwp-admin%2F&action=confirm_admin_email&wp_lang=en_US" "Mozilla/5.0 (Windows NT 6.1; Win64; x64; rv:83.0) Gecko/20100101 Firefox/83.0"
94.154.190.114 - - [19/Mar/2026:07:43:51 +0000] "GET /wp-content/themes/hello-elementor/style.min.css?ver=2.4.1 HTTP/1.1" 200 2323 "http://invest.westernclear.com/login/?redirect_to=http%3A%2F%2Finvest.westernclear.com%2Fwp-admin%2F&action=confirm_admin_email&wp_lang=en_US" "Mozilla/5.0 (Windows NT 6.1; Win64; x64; rv:83.0) Gecko/20100101 Firefox/83.0"
94.154.190.114 - - [19/Mar/2026:07:43:51 +0000] "GET /wp-content/themes/hello-elementor/theme.min.css?ver=2.4.1 HTTP/1.1" 200 2538 "http://invest.westernclear.com/login/?redirect_to=http%3A%2F%2Finvest.westernclear.com%2Fwp-admin%2F&action=confirm_admin_email&wp_lang=en_US" "Mozilla/5.0 (Windows NT 6.1; Win64; x64; rv:83.0) Gecko/20100101 Firefox/83.0"
94.154.190.114 - - [19/Mar/2026:07:43:51 +0000] "GET /wp-content/plugins/elementskit-lite/modules/elementskit-icon-pack/assets/css/ekiticons.css?ver=2.3.7 HTTP/1.1" 200 12652 "http://invest.westernclear.com/login/?redirect_to=http%3A%2F%2Finvest.westernclear.com%2Fwp-admin%2F&action=confirm_admin_email&wp_lang=en_US" "Mozilla/5.0 (Windows NT 6.1; Win64; x64; rv:83.0) Gecko/20100101 Firefox/83.0"
94.154.190.114 - - [19/Mar/2026:07:43:51 +0000] "GET /wp-content/uploads/elementor/css/custom-frontend.min.css?ver=1637321561 HTTP/1.1" 200 17665 "http://invest.westernclear.com/login/?redirect_to=http%3A%2F%2Finvest.westernclear.com%2Fwp-admin%2F&action=confirm_admin_email&wp_lang=en_US" "Mozilla/5.0 (Windows NT 6.1; Win64; x64; rv:83.0) Gecko/20100101 Firefox/83.0"
94.154.190.114 - - [19/Mar/2026:07:43:51 +0000] "GET /wp-content/uploads/elementor/css/custom-pro-frontend.min.css?ver=1637321561 HTTP/1.1" 200 27760 "http://invest.westernclear.com/login/?redirect_to=http%3A%2F%2Finvest.westernclear.com%2Fwp-admin%2F&action=confirm_admin_email&wp_lang=en_US" "Mozilla/5.0 (Windows NT 6.1; Win64; x64; rv:83.0) Gecko/20100101 Firefox/83.0"
94.154.190.114 - - [19/Mar/2026:07:43:51 +0000] "GET /wp-content/plugins/elementor/assets/lib/font-awesome/css/all.min.css?ver=3.4.4 HTTP/1.1" 200 12869 "http://invest.westernclear.com/login/?redirect_to=http%3A%2F%2Finvest.westernclear.com%2Fwp-admin%2F&action=confirm_admin_email&wp_lang=en_US" "Mozilla/5.0 (Windows NT 6.1; Win64; x64; rv:83.0) Gecko/20100101 Firefox/83.0"
94.154.190.114 - - [19/Mar/2026:07:43:51 +0000] "GET /wp-content/themes/hello-theme-child-master/style.css?ver=1.0.0 HTTP/1.1" 200 4952 "http://invest.westernclear.com/login/?redirect_to=http%3A%2F%2Finvest.westernclear.com%2Fwp-admin%2F&action=confirm_admin_email&wp_lang=en_US" "Mozilla/5.0 (Windows NT 6.1; Win64; x64; rv:83.0) Gecko/20100101 Firefox/83.0"
94.154.190.114 - - [19/Mar/2026:07:43:51 +0000] "GET /wp-content/plugins/elementor/assets/lib/font-awesome/css/v4-shims.min.css?ver=3.4.4 HTTP/1.1" 200 4229 "http://invest.westernclear.com/login/?redirect_to=http%3A%2F%2Finvest.westernclear.com%2Fwp-admin%2F&action=confirm_admin_email&wp_lang=en_US" "Mozilla/5.0 (Windows NT 6.1; Win64; x64; rv:83.0) Gecko/20100101 Firefox/83.0"
94.154.190.114 - - [19/Mar/2026:07:43:51 +0000] "GET /wp-content/plugins/elementskit-lite/widgets/init/assets/css/widget-styles.css?ver=2.3.7 HTTP/1.1" 200 49828 "http://invest.westernclear.com/login/?redirect_to=http%3A%2F%2Finvest.westernclear.com%2Fwp-admin%2F&action=confirm_admin_email&wp_lang=en_US" "Mozilla/5.0 (Windows NT 6.1; Win64; x64; rv:83.0) Gecko/20100101 Firefox/83.0"
94.154.190.114 - - [19/Mar/2026:07:43:51 +0000] "GET /wp-content/plugins/elementskit-lite/widgets/init/assets/css/responsive.css?ver=2.3.7 HTTP/1.1" 200 3115 "http://invest.westernclear.com/login/?redirect_to=http%3A%2F%2Finvest.westernclear.com%2Fwp-admin%2F&action=confirm_admin_email&wp_lang=en_US" "Mozilla/5.0 (Windows NT 6.1; Win64; x64; rv:83.0) Gecko/20100101 Firefox/83.0"
94.154.190.114 - - [19/Mar/2026:07:43:51 +0000] "GET /wp-content/plugins/wp-user-frontend/assets/css/frontend-forms.css?ver=6.9 HTTP/1.1" 200 7678 "http://invest.westernclear.com/login/?redirect_to=http%3A%2F%2Finvest.westernclear.com%2Fwp-admin%2F&action=confirm_admin_email&wp_lang=en_US" "Mozilla/5.0 (Windows NT 6.1; Win64; x64; rv:83.0) Gecko/20100101 Firefox/83.0"
94.154.190.114 - - [19/Mar/2026:07:43:51 +0000] "GET /wp-content/plugins/wp-user-frontend/assets/vendor/sweetalert2/dist/sweetalert2.css?ver=3.5.21 HTTP/1.1" 200 3185 "http://invest.westernclear.com/login/?redirect_to=http%3A%2F%2Finvest.westernclear.com%2Fwp-admin%2F&action=confirm_admin_email&wp_lang=en_US" "Mozilla/5.0 (Windows NT 6.1; Win64; x64; rv:83.0) Gecko/20100101 Firefox/83.0"
94.154.190.114 - - [19/Mar/2026:07:43:51 +0000] "GET /wp-content/plugins/wp-user-frontend/assets/css/jquery-ui-1.9.1.custom.css?ver=6.9 HTTP/1.1" 200 6218 "http://invest.westernclear.com/login/?redirect_to=http%3A%2F%2Finvest.westernclear.com%2Fwp-admin%2F&action=confirm_admin_email&wp_lang=en_US" "Mozilla/5.0 (Windows NT 6.1; Win64; x64; rv:83.0) Gecko/20100101 Firefox/83.0"
94.154.190.114 - - [19/Mar/2026:07:43:51 +0000] "GET /wp-includes/js/jquery/ui/core.min.js?ver=1.13.3 HTTP/1.1" 200 7106 "http://invest.westernclear.com/login/?redirect_to=http%3A%2F%2Finvest.westernclear.com%2Fwp-admin%2F&action=confirm_admin_email&wp_lang=en_US" "Mozilla/5.0 (Windows NT 6.1; Win64; x64; rv:83.0) Gecko/20100101 Firefox/83.0"
94.154.190.114 - - [19/Mar/2026:07:43:52 +0000] "GET /wp-includes/js/jquery/ui/mouse.min.js?ver=1.13.3 HTTP/1.1" 200 1098 "http://invest.westernclear.com/login/?redirect_to=http%3A%2F%2Finvest.westernclear.com%2Fwp-admin%2F&action=confirm_admin_email&wp_lang=en_US" "Mozilla/5.0 (Windows NT 6.1; Win64; x64; rv:83.0) Gecko/20100101 Firefox/83.0"
94.154.190.114 - - [19/Mar/2026:07:43:52 +0000] "GET /wp-content/plugins/elementor/assets/lib/font-awesome/js/v4-shims.min.js?ver=3.4.4 HTTP/1.1" 200 4205 "http://invest.westernclear.com/login/?redirect_to=http%3A%2F%2Finvest.westernclear.com%2Fwp-admin%2F&action=confirm_admin_email&wp_lang=en_US" "Mozilla/5.0 (Windows NT 6.1; Win64; x64; rv:83.0) Gecko/20100101 Firefox/83.0"
94.154.190.114 - - [19/Mar/2026:07:43:52 +0000] "GET /wp-includes/js/plupload/moxie.min.js?ver=1.3.5.1 HTTP/1.1" 200 27378 "http://invest.westernclear.com/login/?redirect_to=http%3A%2F%2Finvest.westernclear.com%2Fwp-admin%2F&action=confirm_admin_email&wp_lang=en_US" "Mozilla/5.0 (Windows NT 6.1; Win64; x64; rv:83.0) Gecko/20100101 Firefox/83.0"
94.154.190.114 - - [19/Mar/2026:07:43:52 +0000] "GET /wp-includes/js/plupload/plupload.min.js?ver=2.1.9 HTTP/1.1" 200 5587 "http://invest.westernclear.com/login/?redirect_to=http%3A%2F%2Finvest.westernclear.com%2Fwp-admin%2F&action=confirm_admin_email&wp_lang=en_US" "Mozilla/5.0 (Windows NT 6.1; Win64; x64; rv:83.0) Gecko/20100101 Firefox/83.0"
94.154.190.114 - - [19/Mar/2026:07:43:52 +0000] "GET /wp-includes/js/plupload/handlers.min.js?ver=6.9 HTTP/1.1" 200 3880 "http://invest.westernclear.com/login/?redirect_to=http%3A%2F%2Finvest.westernclear.com%2Fwp-admin%2F&action=confirm_admin_email&wp_lang=en_US" "Mozilla/5.0 (Windows NT 6.1; Win64; x64; rv:83.0) Gecko/20100101 Firefox/83.0"
94.154.190.114 - - [19/Mar/2026:07:43:52 +0000] "GET /wp-includes/js/jquery/ui/sortable.min.js?ver=1.13.3 HTTP/1.1" 200 6586 "http://invest.westernclear.com/login/?redirect_to=http%3A%2F%2Finvest.westernclear.com%2Fwp-admin%2F&action=confirm_admin_email&wp_lang=en_US" "Mozilla/5.0 (Windows NT 6.1; Win64; x64; rv:83.0) Gecko/20100101 Firefox/83.0"
94.154.190.114 - - [19/Mar/2026:07:43:52 +0000] "GET /wp-content/plugins/wp-user-frontend/assets/js/upload.js?ver=6.9 HTTP/1.1" 200 2283 "http://invest.westernclear.com/login/?redirect_to=http%3A%2F%2Finvest.westernclear.com%2Fwp-admin%2F&action=confirm_admin_email&wp_lang=en_US" "Mozilla/5.0 (Windows NT 6.1; Win64; x64; rv:83.0) Gecko/20100101 Firefox/83.0"
94.154.190.114 - - [19/Mar/2026:07:43:52 +0000] "GET /wp-content/plugins/wp-user-frontend/assets/js/frontend-form.min.js?ver=6.9 HTTP/1.1" 200 5942 "http://invest.westernclear.com/login/?redirect_to=http%3A%2F%2Finvest.westernclear.com%2Fwp-admin%2F&action=confirm_admin_email&wp_lang=en_US" "Mozilla/5.0 (Windows NT 6.1; Win64; x64; rv:83.0) Gecko/20100101 Firefox/83.0"
94.154.190.114 - - [19/Mar/2026:07:43:52 +0000] "GET /wp-content/plugins/wp-user-frontend/assets/vendor/sweetalert2/dist/sweetalert2.js?ver=3.5.21 HTTP/1.1" 200 11576 "http://invest.westernclear.com/login/?redirect_to=http%3A%2F%2Finvest.westernclear.com%2Fwp-admin%2F&action=confirm_admin_email&wp_lang=en_US" "Mozilla/5.0 (Windows NT 6.1; Win64; x64; rv:83.0) Gecko/20100101 Firefox/83.0"
94.154.190.114 - - [19/Mar/2026:07:43:52 +0000] "GET /wp-includes/js/dist/vendor/wp-polyfill.min.js?ver=3.15.0 HTTP/1.1" 200 11852 "http://invest.westernclear.com/login/?redirect_to=http%3A%2F%2Finvest.westernclear.com%2Fwp-admin%2F&action=confirm_admin_email&wp_lang=en_US" "Mozilla/5.0 (Windows NT 6.1; Win64; x64; rv:83.0) Gecko/20100101 Firefox/83.0"
94.154.190.114 - - [19/Mar/2026:07:43:52 +0000] "GET /wp-content/plugins/insert-headers-and-footers/build/admin-bar.js?ver=8afeca4aaad1d56fefb41623b6b7b000 HTTP/1.1" 200 557 "http://invest.westernclear.com/login/?redirect_to=http%3A%2F%2Finvest.westernclear.com%2Fwp-admin%2F&action=confirm_admin_email&wp_lang=en_US" "Mozilla/5.0 (Windows NT 6.1; Win64; x64; rv:83.0) Gecko/20100101 Firefox/83.0"
94.154.190.114 - - [19/Mar/2026:07:43:52 +0000] "GET /wp-content/plugins/contact-form-7/includes/js/index.js?ver=5.5.2 HTTP/1.1" 200 3767 "http://invest.westernclear.com/login/?redirect_to=http%3A%2F%2Finvest.westernclear.com%2Fwp-admin%2F&action=confirm_admin_email&wp_lang=en_US" "Mozilla/5.0 (Windows NT 6.1; Win64; x64; rv:83.0) Gecko/20100101 Firefox/83.0"
94.154.190.114 - - [19/Mar/2026:07:43:52 +0000] "GET /wp-content/themes/hello-elementor/assets/js/hello-frontend.min.js?ver=1.0.0 HTTP/1.1" 200 1010 "http://invest.westernclear.com/login/?redirect_to=http%3A%2F%2Finvest.westernclear.com%2Fwp-admin%2F&action=confirm_admin_email&wp_lang=en_US" "Mozilla/5.0 (Windows NT 6.1; Win64; x64; rv:83.0) Gecko/20100101 Firefox/83.0"
94.154.190.114 - - [19/Mar/2026:07:43:52 +0000] "GET /wp-content/plugins/elementskit-lite/libs/framework/assets/js/frontend-script.js?ver=2.3.7 HTTP/1.1" 200 40 "http://invest.westernclear.com/login/?redirect_to=http%3A%2F%2Finvest.westernclear.com%2Fwp-admin%2F&action=confirm_admin_email&wp_lang=en_US" "Mozilla/5.0 (Windows NT 6.1; Win64; x64; rv:83.0) Gecko/20100101 Firefox/83.0"
94.154.190.114 - - [19/Mar/2026:07:43:52 +0000] "GET /wp-includes/js/jquery/ui/draggable.min.js?ver=1.13.3 HTTP/1.1" 200 4875 "http://invest.westernclear.com/login/?redirect_to=http%3A%2F%2Finvest.westernclear.com%2Fwp-admin%2F&action=confirm_admin_email&wp_lang=en_US" "Mozilla/5.0 (Windows NT 6.1; Win64; x64; rv:83.0) Gecko/20100101 Firefox/83.0"
94.154.190.114 - - [19/Mar/2026:07:43:52 +0000] "GET /wp-includes/js/backbone.min.js?ver=1.6.0 HTTP/1.1" 200 8021 "http://invest.westernclear.com/login/?redirect_to=http%3A%2F%2Finvest.westernclear.com%2Fwp-admin%2F&action=confirm_admin_email&wp_lang=en_US" "Mozilla/5.0 (Windows NT 6.1; Win64; x64; rv:83.0) Gecko/20100101 Firefox/83.0"
94.154.190.114 - - [19/Mar/2026:07:43:52 +0000] "GET /wp-content/plugins/elementskit-lite/widgets/init/assets/js/widget-scripts.js?ver=2.3.7 HTTP/1.1" 200 44029 "http://invest.westernclear.com/login/?redirect_to=http%3A%2F%2Finvest.westernclear.com%2Fwp-admin%2F&action=confirm_admin_email&wp_lang=en_US" "Mozilla/5.0 (Windows NT 6.1; Win64; x64; rv:83.0) Gecko/20100101 Firefox/83.0"
94.154.190.114 - - [19/Mar/2026:07:43:52 +0000] "GET /wp-content/plugins/elementor/assets/lib/backbone/backbone.marionette.min.js?ver=2.4.5.e1 HTTP/1.1" 200 11502 "http://invest.westernclear.com/login/?redirect_to=http%3A%2F%2Finvest.westernclear.com%2Fwp-admin%2F&action=confirm_admin_email&wp_lang=en_US" "Mozilla/5.0 (Windows NT 6.1; Win64; x64; rv:83.0) Gecko/20100101 Firefox/83.0"
94.154.190.114 - - [19/Mar/2026:07:43:52 +0000] "GET /wp-content/plugins/elementor/assets/lib/backbone/backbone.radio.min.js?ver=1.0.4 HTTP/1.1" 200 1568 "http://invest.westernclear.com/login/?redirect_to=http%3A%2F%2Finvest.westernclear.com%2Fwp-admin%2F&action=confirm_admin_email&wp_lang=en_US" "Mozilla/5.0 (Windows NT 6.1; Win64; x64; rv:83.0) Gecko/20100101 Firefox/83.0"
94.154.190.114 - - [19/Mar/2026:07:43:52 +0000] "GET /wp-content/plugins/elementor/assets/js/common-modules.min.js?ver=3.4.4 HTTP/1.1" 200 30185 "http://invest.westernclear.com/login/?redirect_to=http%3A%2F%2Finvest.westernclear.com%2Fwp-admin%2F&action=confirm_admin_email&wp_lang=en_US" "Mozilla/5.0 (Windows NT 6.1; Win64; x64; rv:83.0) Gecko/20100101 Firefox/83.0"
94.154.190.114 - - [19/Mar/2026:07:43:52 +0000] "GET /wp-content/plugins/elementor/assets/lib/dialog/dialog.min.js?ver=4.8.1 HTTP/1.1" 200 3510 "http://invest.westernclear.com/login/?redirect_to=http%3A%2F%2Finvest.westernclear.com%2Fwp-admin%2F&action=confirm_admin_email&wp_lang=en_US" "Mozilla/5.0 (Windows NT 6.1; Win64; x64; rv:83.0) Gecko/20100101 Firefox/83.0"
94.154.190.114 - - [19/Mar/2026:07:43:52 +0000] "GET /wp-includes/js/api-request.min.js?ver=6.9 HTTP/1.1" 200 590 "http://invest.westernclear.com/login/?redirect_to=http%3A%2F%2Finvest.westernclear.com%2Fwp-admin%2F&action=confirm_admin_email&wp_lang=en_US" "Mozilla/5.0 (Windows NT 6.1; Win64; x64; rv:83.0) Gecko/20100101 Firefox/83.0"
94.154.190.114 - - [19/Mar/2026:07:43:52 +0000] "GET /wp-content/plugins/elementor/assets/js/common.min.js?ver=3.4.4 HTTP/1.1" 200 45168 "http://invest.westernclear.com/login/?redirect_to=http%3A%2F%2Finvest.westernclear.com%2Fwp-admin%2F&action=confirm_admin_email&wp_lang=en_US" "Mozilla/5.0 (Windows NT 6.1; Win64; x64; rv:83.0) Gecko/20100101 Firefox/83.0"
94.154.190.114 - - [19/Mar/2026:07:43:52 +0000] "GET /wp-content/plugins/elementor/assets/js/app-loader.min.js?ver=3.4.4 HTTP/1.1" 200 25415 "http://invest.westernclear.com/login/?redirect_to=http%3A%2F%2Finvest.westernclear.com%2Fwp-admin%2F&action=confirm_admin_email&wp_lang=en_US" "Mozilla/5.0 (Windows NT 6.1; Win64; x64; rv:83.0) Gecko/20100101 Firefox/83.0"
94.154.190.114 - - [19/Mar/2026:07:43:52 +0000] "GET /wp-includes/js/jquery/ui/datepicker.min.js?ver=1.13.3 HTTP/1.1" 200 10907 "http://invest.westernclear.com/login/?redirect_to=http%3A%2F%2Finvest.westernclear.com%2Fwp-admin%2F&action=confirm_admin_email&wp_lang=en_US" "Mozilla/5.0 (Windows NT 6.1; Win64; x64; rv:83.0) Gecko/20100101 Firefox/83.0"
94.154.190.114 - - [19/Mar/2026:07:43:53 +0000] "GET /wp-includes/js/jquery/ui/menu.min.js?ver=1.13.3 HTTP/1.1" 200 3058 "http://invest.westernclear.com/login/?redirect_to=http%3A%2F%2Finvest.westernclear.com%2Fwp-admin%2F&action=confirm_admin_email&wp_lang=en_US" "Mozilla/5.0 (Windows NT 6.1; Win64; x64; rv:83.0) Gecko/20100101 Firefox/83.0"
94.154.190.114 - - [19/Mar/2026:07:43:53 +0000] "GET /wp-includes/js/jquery/suggest.min.js?ver=1.1-20110113 HTTP/1.1" 200 1340 "http://invest.westernclear.com/login/?redirect_to=http%3A%2F%2Finvest.westernclear.com%2Fwp-admin%2F&action=confirm_admin_email&wp_lang=en_US" "Mozilla/5.0 (Windows NT 6.1; Win64; x64; rv:83.0) Gecko/20100101 Firefox/83.0"
94.154.190.114 - - [19/Mar/2026:07:43:53 +0000] "GET /wp-includes/js/jquery/ui/autocomplete.min.js?ver=1.13.3 HTTP/1.1" 200 2905 "http://invest.westernclear.com/login/?redirect_to=http%3A%2F%2Finvest.westernclear.com%2Fwp-admin%2F&action=confirm_admin_email&wp_lang=en_US" "Mozilla/5.0 (Windows NT 6.1; Win64; x64; rv:83.0) Gecko/20100101 Firefox/83.0"
94.154.190.114 - - [19/Mar/2026:07:43:53 +0000] "GET /wp-includes/js/jquery/ui/slider.min.js?ver=1.13.3 HTTP/1.1" 200 3138 "http://invest.westernclear.com/login/?redirect_to=http%3A%2F%2Finvest.westernclear.com%2Fwp-admin%2F&action=confirm_admin_email&wp_lang=en_US" "Mozilla/5.0 (Windows NT 6.1; Win64; x64; rv:83.0) Gecko/20100101 Firefox/83.0"
94.154.190.114 - - [19/Mar/2026:07:43:53 +0000] "GET /wp-content/plugins/wp-user-frontend/assets/js/subscriptions.js?ver=6.9 HTTP/1.1" 200 1748 "http://invest.westernclear.com/login/?redirect_to=http%3A%2F%2Finvest.westernclear.com%2Fwp-admin%2F&action=confirm_admin_email&wp_lang=en_US" "Mozilla/5.0 (Windows NT 6.1; Win64; x64; rv:83.0) Gecko/20100101 Firefox/83.0"
94.154.190.114 - - [19/Mar/2026:07:43:53 +0000] "GET /wp-content/plugins/elementor-pro/assets/js/webpack-pro.runtime.min.js?ver=3.4.2 HTTP/1.1" 200 2161 "http://invest.westernclear.com/login/?redirect_to=http%3A%2F%2Finvest.westernclear.com%2Fwp-admin%2F&action=confirm_admin_email&wp_lang=en_US" "Mozilla/5.0 (Windows NT 6.1; Win64; x64; rv:83.0) Gecko/20100101 Firefox/83.0"
94.154.190.114 - - [19/Mar/2026:07:43:53 +0000] "GET /wp-content/plugins/elementor/assets/js/webpack.runtime.min.js?ver=3.4.4 HTTP/1.1" 200 2158 "http://invest.westernclear.com/login/?redirect_to=http%3A%2F%2Finvest.westernclear.com%2Fwp-admin%2F&action=confirm_admin_email&wp_lang=en_US" "Mozilla/5.0 (Windows NT 6.1; Win64; x64; rv:83.0) Gecko/20100101 Firefox/83.0"
94.154.190.114 - - [19/Mar/2026:07:43:53 +0000] "GET /wp-content/plugins/elementor/assets/js/frontend-modules.min.js?ver=3.4.4 HTTP/1.1" 200 4542 "http://invest.westernclear.com/login/?redirect_to=http%3A%2F%2Finvest.westernclear.com%2Fwp-admin%2F&action=confirm_admin_email&wp_lang=en_US" "Mozilla/5.0 (Windows NT 6.1; Win64; x64; rv:83.0) Gecko/20100101 Firefox/83.0"
94.154.190.114 - - [19/Mar/2026:07:43:53 +0000] "GET /wp-content/plugins/elementor-pro/assets/js/frontend.min.js?ver=3.4.2 HTTP/1.1" 200 5306 "http://invest.westernclear.com/login/?redirect_to=http%3A%2F%2Finvest.westernclear.com%2Fwp-admin%2F&action=confirm_admin_email&wp_lang=en_US" "Mozilla/5.0 (Windows NT 6.1; Win64; x64; rv:83.0) Gecko/20100101 Firefox/83.0"
162.158.216.13 - - [19/Mar/2026:11:19:25 +0000] "GET /.git/HEAD HTTP/1.1" 301 20 "-" "-"
172.69.224.12 - - [19/Mar/2026:11:19:27 +0000] "GET /.git/config HTTP/1.1" 301 20 "-" "-"
172.69.43.214 - - [19/Mar/2026:11:19:29 +0000] "GET /.git/index HTTP/1.1" 301 20 "-" "-"
172.71.241.100 - - [19/Mar/2026:11:19:32 +0000] "GET /.git/logs/HEAD HTTP/1.1" 301 20 "-" "-"
172.70.91.55 - - [19/Mar/2026:11:19:35 +0000] "GET /.git/refs/heads/master HTTP/1.1" 301 20 "-" "-"
172.68.229.190 - - [19/Mar/2026:11:19:35 +0000] "GET /.git/refs/heads/main HTTP/1.1" 301 20 "-" "-"
172.69.43.214 - - [19/Mar/2026:11:19:36 +0000] "GET /.env HTTP/1.1" 301 20 "-" "-"
162.158.216.12 - - [19/Mar/2026:11:19:39 +0000] "GET /.env.local HTTP/1.1" 301 20 "-" "-"
172.70.85.96 - - [19/Mar/2026:11:19:42 +0000] "GET /.env.production HTTP/1.1" 301 20 "-" "-"
172.71.241.100 - - [19/Mar/2026:11:19:44 +0000] "GET /.env.development HTTP/1.1" 301 20 "-" "-"
172.71.241.100 - - [19/Mar/2026:11:19:48 +0000] "GET /.env.dev HTTP/1.1" 301 20 "-" "-"
162.158.216.76 - - [19/Mar/2026:11:19:49 +0000] "GET /.env.test HTTP/1.1" 301 20 "-" "-"
172.69.43.214 - - [19/Mar/2026:11:19:53 +0000] "GET /.env.backup HTTP/1.1" 301 20 "-" "-"
172.70.85.96 - - [19/Mar/2026:11:19:51 +0000] "GET /.env.staging HTTP/1.1" 301 20 "-" "-"
172.68.229.190 - - [19/Mar/2026:11:19:55 +0000] "GET /.env.bak HTTP/1.1" 301 20 "-" "-"
172.70.85.96 - - [19/Mar/2026:11:19:57 +0000] "GET /.env.old HTTP/1.1" 301 20 "-" "-"
172.71.241.100 - - [19/Mar/2026:11:20:05 +0000] "GET /.env.save HTTP/1.1" 301 20 "-" "-"
141.101.98.141 - - [19/Mar/2026:11:20:05 +0000] "GET /.env.tmp HTTP/1.1" 301 20 "-" "-"
172.69.224.13 - - [19/Mar/2026:11:20:12 +0000] "GET /.env.example HTTP/1.1" 301 20 "-" "-"
172.68.229.187 - - [19/Mar/2026:11:20:14 +0000] "GET /.git/HEAD HTTP/1.1" 404 13776 "-" "-"
172.71.241.100 - - [19/Mar/2026:11:20:16 +0000] "GET /.git/config HTTP/1.1" 404 13776 "-" "-"
172.71.26.91 - - [19/Mar/2026:11:20:22 +0000] "GET /.git/index HTTP/1.1" 404 13776 "-" "-"
162.158.216.125 - - [19/Mar/2026:11:20:26 +0000] "GET /.git/refs/heads/master HTTP/1.1" 404 14033 "-" "-"
172.68.229.187 - - [19/Mar/2026:11:20:24 +0000] "GET /.git/logs/HEAD HTTP/1.1" 404 14033 "-" "-"
162.158.216.125 - - [19/Mar/2026:11:20:31 +0000] "GET /.env HTTP/1.1" 404 13776 "-" "-"
172.69.224.124 - - [19/Mar/2026:11:20:31 +0000] "GET /.git/refs/heads/main HTTP/1.1" 404 14033 "-" "-"
172.71.178.154 - - [19/Mar/2026:11:20:36 +0000] "GET /.env.local HTTP/1.1" 404 13776 "-" "-"
172.68.186.162 - - [19/Mar/2026:11:20:43 +0000] "GET /.env.production HTTP/1.1" 404 13776 "-" "-"
172.71.178.154 - - [19/Mar/2026:11:20:43 +0000] "GET /.env.development HTTP/1.1" 404 13776 "-" "-"
162.158.216.124 - - [19/Mar/2026:11:20:44 +0000] "GET /.env.dev HTTP/1.1" 404 13776 "-" "-"
172.71.241.100 - - [19/Mar/2026:11:20:49 +0000] "GET /.env.test HTTP/1.1" 404 13776 "-" "-"
172.70.162.244 - - [19/Mar/2026:11:20:51 +0000] "GET /.env.backup HTTP/1.1" 404 13776 "-" "-"
172.70.162.244 - - [19/Mar/2026:11:20:53 +0000] "GET /.env.staging HTTP/1.1" 404 13776 "-" "-"
172.69.224.124 - - [19/Mar/2026:11:21:02 +0000] "GET /.env.bak HTTP/1.1" 404 13776 "-" "-"
172.69.224.125 - - [19/Mar/2026:11:21:02 +0000] "GET /.env.old HTTP/1.1" 404 13776 "-" "-"
172.69.224.124 - - [19/Mar/2026:11:21:03 +0000] "GET /.env.save HTTP/1.1" 404 13776 "-" "-"
172.70.91.56 - - [19/Mar/2026:11:21:15 +0000] "GET /.env.production.local HTTP/1.1" 301 20 "-" "-"
172.70.162.243 - - [19/Mar/2026:11:21:09 +0000] "GET /.env.tmp HTTP/1.1" 404 13776 "-" "-"
172.69.224.124 - - [19/Mar/2026:11:21:11 +0000] "GET /.env.example HTTP/1.1" 404 13776 "-" "-"
172.70.91.56 - - [19/Mar/2026:11:21:27 +0000] "GET /app/.env HTTP/1.1" 301 20 "-" "-"
172.71.178.7 - - [19/Mar/2026:11:21:26 +0000] "GET /config/.env HTTP/1.1" 301 20 "-" "-"
141.101.98.140 - - [19/Mar/2026:11:21:26 +0000] "GET /.env.development.local HTTP/1.1" 301 20 "-" "-"
172.71.178.6 - - [19/Mar/2026:11:21:32 +0000] "GET /backend/.env HTTP/1.1" 301 20 "-" "-"
172.69.43.214 - - [19/Mar/2026:11:21:32 +0000] "GET /api/.env HTTP/1.1" 301 20 "-" "-"
172.70.91.56 - - [19/Mar/2026:11:21:36 +0000] "GET /admin/.env HTTP/1.1" 301 20 "-" "-"
172.69.43.214 - - [19/Mar/2026:11:21:42 +0000] "GET /public/.env HTTP/1.1" 301 20 "-" "-"
172.70.91.55 - - [19/Mar/2026:11:21:41 +0000] "GET /core/.env HTTP/1.1" 301 20 "-" "-"
141.101.98.140 - - [19/Mar/2026:11:21:42 +0000] "GET /private/.env HTTP/1.1" 301 20 "-" "-"
172.69.43.215 - - [19/Mar/2026:11:21:46 +0000] "GET /config/env HTTP/1.1" 301 20 "-" "-"
172.64.192.12 - - [19/Mar/2026:11:21:49 +0000] "GET /.env.php HTTP/1.1" 301 20 "-" "-"
172.69.43.215 - - [19/Mar/2026:11:21:48 +0000] "GET /config/.env.local HTTP/1.1" 301 20 "-" "-"
172.68.229.191 - - [19/Mar/2026:11:21:55 +0000] "GET /.env.json HTTP/1.1" 301 20 "-" "-"
172.70.163.60 - - [19/Mar/2026:11:21:55 +0000] "GET /.env_backup HTTP/1.1" 301 20 "-" "-"
172.64.192.13 - - [19/Mar/2026:11:21:57 +0000] "GET /.env~ HTTP/1.1" 301 20 "-" "-"
172.64.192.13 - - [19/Mar/2026:11:21:59 +0000] "GET /.env1 HTTP/1.1" 301 20 "-" "-"
172.68.186.47 - - [19/Mar/2026:11:22:02 +0000] "GET /.env2 HTTP/1.1" 301 20 "-" "-"
172.69.224.124 - - [19/Mar/2026:11:22:02 +0000] "GET /.env.production.local HTTP/1.1" 404 13776 "-" "-"
172.71.241.100 - - [19/Mar/2026:11:22:09 +0000] "GET /.envrc HTTP/1.1" 301 20 "-" "-"
172.71.241.100 - - [19/Mar/2026:11:22:08 +0000] "GET /.env.dist HTTP/1.1" 301 20 "-" "-"
172.70.162.244 - - [19/Mar/2026:11:22:12 +0000] "GET /app/.env HTTP/1.1" 404 13776 "-" "-"
172.71.241.100 - - [19/Mar/2026:11:22:13 +0000] "GET /config/.env HTTP/1.1" 404 13776 "-" "-"
172.71.241.101 - - [19/Mar/2026:11:22:14 +0000] "GET /.env.development.local HTTP/1.1" 404 13776 "-" "-"
172.68.186.162 - - [19/Mar/2026:11:22:20 +0000] "GET /admin/.env HTTP/1.1" 404 13776 "-" "-"
172.64.192.124 - - [19/Mar/2026:11:22:19 +0000] "GET /api/.env HTTP/1.1" 404 13776 "-" "-"
172.71.26.90 - - [19/Mar/2026:11:22:19 +0000] "GET /backend/.env HTTP/1.1" 404 13776 "-" "-"
162.158.216.124 - - [19/Mar/2026:11:22:27 +0000] "GET /public/.env HTTP/1.1" 404 13776 "-" "-"
172.69.194.200 - - [19/Mar/2026:11:22:30 +0000] "GET /core/.env HTTP/1.1" 404 13776 "-" "-"
172.68.229.187 - - [19/Mar/2026:11:22:33 +0000] "GET /private/.env HTTP/1.1" 404 13776 "-" "-"
172.68.229.186 - - [19/Mar/2026:11:22:37 +0000] "GET /.env.php HTTP/1.1" 404 13776 "-" "-"
172.71.178.155 - - [19/Mar/2026:11:22:37 +0000] "GET /config/.env.local HTTP/1.1" 404 13776 "-" "-"
172.68.186.162 - - [19/Mar/2026:11:22:37 +0000] "GET /config/env HTTP/1.1" 404 13776 "-" "-"
172.68.186.163 - - [19/Mar/2026:11:22:46 +0000] "GET /.env.json HTTP/1.1" 404 13776 "-" "-"
172.64.192.125 - - [19/Mar/2026:11:22:50 +0000] "GET /.env_backup HTTP/1.1" 404 13776 "-" "-"
172.71.26.91 - - [19/Mar/2026:11:22:54 +0000] "GET /.env~ HTTP/1.1" 404 13776 "-" "-"
172.68.229.190 - - [19/Mar/2026:11:22:56 +0000] "GET /.env.orig HTTP/1.1" 301 20 "-" "-"
172.70.162.243 - - [19/Mar/2026:11:22:56 +0000] "GET /.env2 HTTP/1.1" 404 13776 "-" "-"
172.68.186.163 - - [19/Mar/2026:11:22:55 +0000] "GET /.env1 HTTP/1.1" 404 13776 "-" "-"
172.64.192.125 - - [19/Mar/2026:11:23:02 +0000] "GET /.envrc HTTP/1.1" 404 13776 "-" "-"
172.71.241.100 - - [19/Mar/2026:11:23:09 +0000] "GET /.env.production.bak HTTP/1.1" 301 20 "-" "-"
172.71.178.6 - - [19/Mar/2026:11:23:10 +0000] "GET /.env.prod HTTP/1.1" 301 20 "-" "-"
162.158.216.124 - - [19/Mar/2026:11:23:06 +0000] "GET /.env.dist HTTP/1.1" 404 13776 "-" "-"
172.70.91.56 - - [19/Mar/2026:11:23:11 +0000] "GET /.env.dev.local HTTP/1.1" 301 20 "-" "-"
172.64.192.12 - - [19/Mar/2026:11:23:11 +0000] "GET /.env.docker HTTP/1.1" 301 20 "-" "-"
172.70.163.60 - - [19/Mar/2026:11:23:16 +0000] "GET /.env.container HTTP/1.1" 301 20 "-" "-"
172.70.163.61 - - [19/Mar/2026:11:23:20 +0000] "GET /docker/.env HTTP/1.1" 301 20 "-" "-"
172.71.241.101 - - [19/Mar/2026:11:23:21 +0000] "GET /docker/.env.local HTTP/1.1" 301 20 "-" "-"
172.70.163.61 - - [19/Mar/2026:11:23:21 +0000] "GET /docker-compose.env HTTP/1.1" 301 20 "-" "-"
172.69.43.215 - - [19/Mar/2026:11:23:23 +0000] "GET /server/.env HTTP/1.1" 301 20 "-" "-"
172.68.229.190 - - [19/Mar/2026:11:23:24 +0000] "GET /srv/.env HTTP/1.1" 301 20 "-" "-"
172.68.229.190 - - [19/Mar/2026:11:23:28 +0000] "GET /web/.env HTTP/1.1" 301 20 "-" "-"
162.158.216.13 - - [19/Mar/2026:11:23:31 +0000] "GET /site/.env HTTP/1.1" 301 20 "-" "-"
172.64.192.13 - - [19/Mar/2026:11:23:32 +0000] "GET /www/.env HTTP/1.1" 301 20 "-" "-"
172.70.163.61 - - [19/Mar/2026:11:23:33 +0000] "GET /var/www/.env HTTP/1.1" 301 20 "-" "-"
172.71.241.101 - - [19/Mar/2026:11:23:34 +0000] "GET /var/www/html/.env HTTP/1.1" 301 20 "-" "-"
172.71.178.155 - - [19/Mar/2026:11:23:34 +0000] "GET /.env.orig HTTP/1.1" 404 13776 "-" "-"
172.71.241.100 - - [19/Mar/2026:11:23:41 +0000] "GET /home/.env HTTP/1.1" 301 20 "-" "-"
172.64.192.12 - - [19/Mar/2026:11:23:45 +0000] "GET /.env_config HTTP/1.1" 301 20 "-" "-"
172.70.91.55 - - [19/Mar/2026:11:23:45 +0000] "GET /root/.env HTTP/1.1" 301 20 "-" "-"
172.70.85.96 - - [19/Mar/2026:11:23:52 +0000] "GET /.env_secret HTTP/1.1" 301 20 "-" "-"
172.68.186.163 - - [19/Mar/2026:11:23:46 +0000] "GET /.env.production.bak HTTP/1.1" 404 13776 "-" "-"
172.71.241.100 - - [19/Mar/2026:11:23:49 +0000] "GET /.env.prod HTTP/1.1" 404 13776 "-" "-"
172.64.192.125 - - [19/Mar/2026:11:23:57 +0000] "GET /.env.dev.local HTTP/1.1" 404 13776 "-" "-"
172.70.162.243 - - [19/Mar/2026:11:24:00 +0000] "GET /.env.docker HTTP/1.1" 404 13776 "-" "-"
172.69.194.201 - - [19/Mar/2026:11:24:00 +0000] "GET /.env.container HTTP/1.1" 404 13776 "-" "-"
172.71.178.154 - - [19/Mar/2026:11:24:03 +0000] "GET /docker/.env HTTP/1.1" 404 13776 "-" "-"
172.68.186.163 - - [19/Mar/2026:11:24:05 +0000] "GET /docker/.env.local HTTP/1.1" 404 13776 "-" "-"
172.64.192.125 - - [19/Mar/2026:11:24:07 +0000] "GET /docker-compose.env HTTP/1.1" 404 13776 "-" "-"
172.68.186.162 - - [19/Mar/2026:11:24:14 +0000] "GET /server/.env HTTP/1.1" 404 13776 "-" "-"
172.68.229.187 - - [19/Mar/2026:11:24:15 +0000] "GET /srv/.env HTTP/1.1" 404 13776 "-" "-"
172.69.194.201 - - [19/Mar/2026:11:24:16 +0000] "GET /web/.env HTTP/1.1" 404 13776 "-" "-"
172.69.194.200 - - [19/Mar/2026:11:24:17 +0000] "GET /site/.env HTTP/1.1" 404 13776 "-" "-"
172.70.162.243 - - [19/Mar/2026:11:24:18 +0000] "GET /www/.env HTTP/1.1" 404 13776 "-" "-"
172.71.178.155 - - [19/Mar/2026:11:24:21 +0000] "GET /var/www/.env HTTP/1.1" 404 14033 "-" "-"
162.158.216.125 - - [19/Mar/2026:11:24:28 +0000] "GET /var/www/html/.env HTTP/1.1" 404 14033 "-" "-"
172.71.178.7 - - [19/Mar/2026:11:24:30 +0000] "GET /.env_settings HTTP/1.1" 301 20 "-" "-"
141.101.98.18 - - [19/Mar/2026:11:24:31 +0000] "GET /home/.env HTTP/1.1" 404 13776 "-" "-"
162.158.216.124 - - [19/Mar/2026:11:24:34 +0000] "GET /root/.env HTTP/1.1" 404 13776 "-" "-"
172.70.162.243 - - [19/Mar/2026:11:24:33 +0000] "GET /.env_config HTTP/1.1" 404 13776 "-" "-"
172.68.229.187 - - [19/Mar/2026:11:24:35 +0000] "GET /.env_secret HTTP/1.1" 404 13776 "-" "-"
172.69.43.214 - - [19/Mar/2026:11:24:42 +0000] "GET /.env.local.backup HTTP/1.1" 301 20 "-" "-"
172.71.178.155 - - [19/Mar/2026:11:24:42 +0000] "GET /.env_settings HTTP/1.1" 404 13776 "-" "-"
172.69.224.125 - - [19/Mar/2026:11:24:54 +0000] "GET /.env.local.backup HTTP/1.1" 404 13776 "-" "-"
66.249.70.130 - - [19/Mar/2026:13:24:13 +0000] "GET /robots.txt HTTP/1.1" 301 20 "-" "Mozilla/5.0 (compatible; Googlebot/2.1; +http://www.google.com/bot.html)"
139.162.194.112 - - [19/Mar/2026:13:24:24 +0000] "POST /wp-cron.php?doing_wp_cron=1773926663.9247570037841796875000 HTTP/1.1" 200 20 "-" "WordPress/6.9; http://invest.westernclear.com"
66.249.64.230 - - [19/Mar/2026:13:24:25 +0000] "GET /robots.txt HTTP/1.1" 200 115 "-" "Mozilla/5.0 (compatible; Googlebot/2.1; +http://www.google.com/bot.html)"
66.249.64.229 - - [19/Mar/2026:16:52:25 +0000] "GET /robots.txt HTTP/1.1" 200 115 "-" "Mozilla/5.0 (compatible; Googlebot/2.1; +http://www.google.com/bot.html)"
74.7.244.32 - - [19/Mar/2026:17:49:01 +0000] "GET /robots.txt HTTP/1.1" 200 115 "-" "Mozilla/5.0 (Macintosh; Intel Mac OS X 10_15_7) AppleWebKit/537.36 (KHTML, like Gecko) Chrome/131.0.0.0 Safari/537.36; compatible; OAI-SearchBot/1.3; robots.txt; +https://openai.com/searchbot"
139.162.194.112 - - [19/Mar/2026:17:49:10 +0000] "POST /wp-cron.php?doing_wp_cron=1773942550.8201620578765869140625 HTTP/1.1" 200 20 "-" "WordPress/6.9; http://invest.westernclear.com"
74.7.244.32 - - [19/Mar/2026:17:49:11 +0000] "GET /robots.txt HTTP/1.1" 200 115 "-" "Mozilla/5.0 (Macintosh; Intel Mac OS X 10_15_7) AppleWebKit/537.36 (KHTML, like Gecko) Chrome/131.0.0.0 Safari/537.36; compatible; OAI-SearchBot/1.3; robots.txt; +https://openai.com/searchbot"
74.7.243.215 - - [19/Mar/2026:17:49:12 +0000] "GET /wp-sitemap.xml HTTP/1.1" 200 257 "-" "Mozilla/5.0 AppleWebKit/537.36 (KHTML, like Gecko; compatible; GPTBot/1.3; +https://openai.com/gptbot)"
74.7.244.32 - - [19/Mar/2026:17:49:21 +0000] "GET /robots.txt HTTP/1.1" 200 115 "-" "Mozilla/5.0 (Macintosh; Intel Mac OS X 10_15_7) AppleWebKit/537.36 (KHTML, like Gecko) Chrome/131.0.0.0 Safari/537.36; compatible; OAI-SearchBot/1.3; robots.txt; +https://openai.com/searchbot"
17.22.237.122 - - [19/Mar/2026:19:03:21 +0000] "GET /robots.txt HTTP/1.1" 200 115 "-" "Mozilla/5.0 (Macintosh; Intel Mac OS X 10_15_7) AppleWebKit/605.1.15 (KHTML, like Gecko) Version/17.4 Safari/605.1.15 (Applebot/0.1; +http://www.apple.com/go/applebot)"
139.162.194.112 - - [19/Mar/2026:19:03:29 +0000] "POST /wp-cron.php?doing_wp_cron=1773947009.8499329090118408203125 HTTP/1.1" 200 20 "-" "WordPress/6.9; http://invest.westernclear.com"
17.22.253.82 - - [19/Mar/2026:19:03:32 +0000] "GET / HTTP/1.1" 200 24897 "-" "Mozilla/5.0 (Macintosh; Intel Mac OS X 10_15_7) AppleWebKit/605.1.15 (KHTML, like Gecko) Version/17.4 Safari/605.1.15 (Applebot/0.1; +http://www.apple.com/go/applebot)"
17.22.237.244 - - [19/Mar/2026:19:11:20 +0000] "GET /wp-content/themes/hello-theme-child-master/investments/common.css?ver=6.9 HTTP/1.1" 200 291 "http://invest.westernclear.com/" "Mozilla/5.0 (Macintosh; Intel Mac OS X 10_15_7) AppleWebKit/605.1.15 (KHTML, like Gecko) Version/17.4 Safari/605.1.15 (Applebot/0.1; +http://www.apple.com/go/applebot)"
17.22.245.171 - - [19/Mar/2026:19:11:21 +0000] "GET /wp-content/plugins/elementskit-lite/modules/elementskit-icon-pack/assets/css/ekiticons.css?ver=2.3.7 HTTP/1.1" 200 12652 "http://invest.westernclear.com/" "Mozilla/5.0 (Macintosh; Intel Mac OS X 10_15_7) AppleWebKit/605.1.15 (KHTML, like Gecko) Version/17.4 Safari/605.1.15 (Applebot/0.1; +http://www.apple.com/go/applebot)"
17.22.237.41 - - [19/Mar/2026:19:11:22 +0000] "GET /wp-content/plugins/contact-form-7/includes/css/styles.css?ver=5.5.2 HTTP/1.1" 200 972 "http://invest.westernclear.com/" "Mozilla/5.0 (Macintosh; Intel Mac OS X 10_15_7) AppleWebKit/605.1.15 (KHTML, like Gecko) Version/17.4 Safari/605.1.15 (Applebot/0.1; +http://www.apple.com/go/applebot)"
