45.148.10.247 - - [03/Feb/2026:15:26:44 +0000] "GET /js/.env HTTP/1.1" 404 59703 "-" "Mozilla/5.0 (Windows NT 6.1; Win64; x64; rv:47.0) Gecko/20100101 Firefox/47.0"
45.148.10.247 - - [03/Feb/2026:15:26:46 +0000] "GET /laravel/.env HTTP/1.1" 404 59703 "-" "Mozilla/5.0 (Windows NT 6.1; Win64; x64; rv:47.0) Gecko/20100101 Firefox/47.0"
45.148.10.247 - - [03/Feb/2026:15:26:48 +0000] "GET /laravel/core/.env HTTP/1.1" 404 60753 "-" "Mozilla/5.0 (Windows NT 6.1; Win64; x64; rv:47.0) Gecko/20100101 Firefox/47.0"
45.148.10.247 - - [03/Feb/2026:15:26:50 +0000] "GET /mail/.env HTTP/1.1" 404 59703 "-" "Mozilla/5.0 (Windows NT 6.1; Win64; x64; rv:47.0) Gecko/20100101 Firefox/47.0"
45.148.10.247 - - [03/Feb/2026:15:26:53 +0000] "GET /mailer/.env HTTP/1.1" 404 59703 "-" "Mozilla/5.0 (Windows NT 6.1; Win64; x64; rv:47.0) Gecko/20100101 Firefox/47.0"
45.148.10.247 - - [03/Feb/2026:15:26:55 +0000] "GET /nginx/.env HTTP/1.1" 404 59703 "-" "Mozilla/5.0 (Windows NT 6.1; Win64; x64; rv:47.0) Gecko/20100101 Firefox/47.0"
45.148.10.247 - - [03/Feb/2026:15:26:57 +0000] "GET /public/.env HTTP/1.1" 404 59703 "-" "Mozilla/5.0 (Windows NT 6.1; Win64; x64; rv:47.0) Gecko/20100101 Firefox/47.0"
45.148.10.247 - - [03/Feb/2026:15:26:59 +0000] "GET /site/.env HTTP/1.1" 404 59703 "-" "Mozilla/5.0 (Windows NT 6.1; Win64; x64; rv:47.0) Gecko/20100101 Firefox/47.0"
45.148.10.247 - - [03/Feb/2026:15:27:01 +0000] "GET /xampp/.env HTTP/1.1" 404 59703 "-" "Mozilla/5.0 (Windows NT 6.1; Win64; x64; rv:47.0) Gecko/20100101 Firefox/47.0"
45.148.10.247 - - [03/Feb/2026:15:27:04 +0000] "GET /main/.env HTTP/1.1" 404 59703 "-" "Mozilla/5.0 (Windows NT 6.1; Win64; x64; rv:47.0) Gecko/20100101 Firefox/47.0"
45.148.10.247 - - [03/Feb/2026:15:27:06 +0000] "GET /node_modules/.env HTTP/1.1" 404 59703 "-" "Mozilla/5.0 (Windows NT 6.1; Win64; x64; rv:47.0) Gecko/20100101 Firefox/47.0"
45.148.10.247 - - [03/Feb/2026:15:27:08 +0000] "GET /kyc/.env HTTP/1.1" 404 59703 "-" "Mozilla/5.0 (Windows NT 6.1; Win64; x64; rv:47.0) Gecko/20100101 Firefox/47.0"
45.148.10.247 - - [03/Feb/2026:15:27:11 +0000] "GET /admin/.env HTTP/1.1" 404 59703 "-" "Mozilla/5.0 (Windows NT 6.1; Win64; x64; rv:47.0) Gecko/20100101 Firefox/47.0"
45.148.10.247 - - [03/Feb/2026:15:27:13 +0000] "GET /prod/.env HTTP/1.1" 404 59703 "-" "Mozilla/5.0 (Windows NT 6.1; Win64; x64; rv:47.0) Gecko/20100101 Firefox/47.0"
45.148.10.247 - - [03/Feb/2026:15:27:15 +0000] "GET /.env.bak HTTP/1.1" 404 59703 "-" "Mozilla/5.0 (Windows NT 6.1; Win64; x64; rv:47.0) Gecko/20100101 Firefox/47.0"
45.148.10.247 - - [03/Feb/2026:15:27:17 +0000] "GET /api/shared/config/config.env HTTP/1.1" 404 60753 "-" "Mozilla/5.0 (Windows NT 6.1; Win64; x64; rv:47.0) Gecko/20100101 Firefox/47.0"
45.148.10.247 - - [03/Feb/2026:15:27:19 +0000] "GET /api/shared/config.env HTTP/1.1" 404 60753 "-" "Mozilla/5.0 (Windows NT 6.1; Win64; x64; rv:47.0) Gecko/20100101 Firefox/47.0"
45.148.10.247 - - [03/Feb/2026:15:27:21 +0000] "GET /config.env HTTP/1.1" 404 59703 "-" "Mozilla/5.0 (Windows NT 6.1; Win64; x64; rv:47.0) Gecko/20100101 Firefox/47.0"
45.148.10.247 - - [03/Feb/2026:15:27:24 +0000] "GET /website/.env HTTP/1.1" 404 59703 "-" "Mozilla/5.0 (Windows NT 6.1; Win64; x64; rv:47.0) Gecko/20100101 Firefox/47.0"
45.148.10.247 - - [03/Feb/2026:15:27:26 +0000] "GET /development/.env HTTP/1.1" 404 59703 "-" "Mozilla/5.0 (Windows NT 6.1; Win64; x64; rv:47.0) Gecko/20100101 Firefox/47.0"
45.148.10.247 - - [03/Feb/2026:15:27:28 +0000] "GET /backend/.env HTTP/1.1" 404 59703 "-" "Mozilla/5.0 (Windows NT 6.1; Win64; x64; rv:47.0) Gecko/20100101 Firefox/47.0"
45.148.10.247 - - [03/Feb/2026:15:27:30 +0000] "GET /api/shared/config/.env HTTP/1.1" 404 60753 "-" "Mozilla/5.0 (Windows NT 6.1; Win64; x64; rv:47.0) Gecko/20100101 Firefox/47.0"
45.148.10.247 - - [03/Feb/2026:15:27:32 +0000] "GET /api/shared/.env HTTP/1.1" 404 60753 "-" "Mozilla/5.0 (Windows NT 6.1; Win64; x64; rv:47.0) Gecko/20100101 Firefox/47.0"
45.148.10.247 - - [03/Feb/2026:15:27:34 +0000] "GET /api/config.env HTTP/1.1" 404 59703 "-" "Mozilla/5.0 (Windows NT 6.1; Win64; x64; rv:47.0) Gecko/20100101 Firefox/47.0"
45.148.10.247 - - [03/Feb/2026:15:27:37 +0000] "GET /service/email_service.py HTTP/1.1" 404 59703 "-" "Mozilla/5.0 (Windows NT 6.1; Win64; x64; rv:47.0) Gecko/20100101 Firefox/47.0"
45.148.10.247 - - [03/Feb/2026:15:27:39 +0000] "GET /node/.env_example HTTP/1.1" 404 59703 "-" "Mozilla/5.0 (Windows NT 6.1; Win64; x64; rv:47.0) Gecko/20100101 Firefox/47.0"
45.148.10.247 - - [03/Feb/2026:15:27:41 +0000] "GET /.env.production.local HTTP/1.1" 404 59703 "-" "Mozilla/5.0 (Windows NT 6.1; Win64; x64; rv:47.0) Gecko/20100101 Firefox/47.0"
45.148.10.247 - - [03/Feb/2026:15:27:43 +0000] "GET /.env.local HTTP/1.1" 404 59703 "-" "Mozilla/5.0 (Windows NT 6.1; Win64; x64; rv:47.0) Gecko/20100101 Firefox/47.0"
45.148.10.247 - - [03/Feb/2026:15:27:45 +0000] "GET /.env.example HTTP/1.1" 404 59703 "-" "Mozilla/5.0 (Windows NT 6.1; Win64; x64; rv:47.0) Gecko/20100101 Firefox/47.0"
45.148.10.247 - - [03/Feb/2026:15:27:47 +0000] "GET /.env.stage HTTP/1.1" 404 59703 "-" "Mozilla/5.0 (Windows NT 6.1; Win64; x64; rv:47.0) Gecko/20100101 Firefox/47.0"
45.148.10.247 - - [03/Feb/2026:15:27:49 +0000] "GET /server/config/database.js HTTP/1.1" 404 60753 "-" "Mozilla/5.0 (Windows NT 6.1; Win64; x64; rv:47.0) Gecko/20100101 Firefox/47.0"
45.148.10.247 - - [03/Feb/2026:15:27:52 +0000] "GET /.env.old HTTP/1.1" 404 59703 "-" "Mozilla/5.0 (Windows NT 6.1; Win64; x64; rv:47.0) Gecko/20100101 Firefox/47.0"
45.148.10.247 - - [03/Feb/2026:15:27:54 +0000] "GET /.env_sample HTTP/1.1" 404 59703 "-" "Mozilla/5.0 (Windows NT 6.1; Win64; x64; rv:47.0) Gecko/20100101 Firefox/47.0"
45.148.10.247 - - [03/Feb/2026:15:27:56 +0000] "GET /scripts/nodemailer.js HTTP/1.1" 404 59703 "-" "Mozilla/5.0 (Windows NT 6.1; Win64; x64; rv:47.0) Gecko/20100101 Firefox/47.0"
45.148.10.247 - - [03/Feb/2026:15:27:58 +0000] "GET /.env.prod HTTP/1.1" 404 59703 "-" "Mozilla/5.0 (Windows NT 6.1; Win64; x64; rv:47.0) Gecko/20100101 Firefox/47.0"
45.148.10.247 - - [03/Feb/2026:15:28:00 +0000] "GET /crm/.env HTTP/1.1" 404 59703 "-" "Mozilla/5.0 (Windows NT 6.1; Win64; x64; rv:47.0) Gecko/20100101 Firefox/47.0"
45.148.10.247 - - [03/Feb/2026:15:28:03 +0000] "GET /local/.env HTTP/1.1" 404 59703 "-" "Mozilla/5.0 (Windows NT 6.1; Win64; x64; rv:47.0) Gecko/20100101 Firefox/47.0"
45.148.10.247 - - [03/Feb/2026:15:28:05 +0000] "GET /core/.env HTTP/1.1" 404 59703 "-" "Mozilla/5.0 (Windows NT 6.1; Win64; x64; rv:47.0) Gecko/20100101 Firefox/47.0"
45.148.10.247 - - [03/Feb/2026:15:28:07 +0000] "GET /apps/.env HTTP/1.1" 404 59703 "-" "Mozilla/5.0 (Windows NT 6.1; Win64; x64; rv:47.0) Gecko/20100101 Firefox/47.0"
45.148.10.247 - - [03/Feb/2026:15:28:09 +0000] "GET /application/.env HTTP/1.1" 404 59703 "-" "Mozilla/5.0 (Windows NT 6.1; Win64; x64; rv:47.0) Gecko/20100101 Firefox/47.0"
45.148.10.247 - - [03/Feb/2026:15:28:11 +0000] "GET /web/.env HTTP/1.1" 404 59703 "-" "Mozilla/5.0 (Windows NT 6.1; Win64; x64; rv:47.0) Gecko/20100101 Firefox/47.0"
45.148.10.247 - - [03/Feb/2026:15:28:14 +0000] "GET /.aws/credentials HTTP/1.1" 404 59703 "-" "Mozilla/5.0 (Windows NT 6.1; Win64; x64; rv:47.0) Gecko/20100101 Firefox/47.0"
139.162.194.112 - - [03/Feb/2026:15:28:17 +0000] "POST /?wordfence_syncAttackData=1770132497.5234 HTTP/1.1" 200 - "-" "WordPress/6.9; https://archfort.com"
45.148.10.247 - - [03/Feb/2026:15:28:16 +0000] "GET /wp-config.php.bak HTTP/1.1" 404 59703 "-" "Mozilla/5.0 (Windows NT 6.1; Win64; x64; rv:47.0) Gecko/20100101 Firefox/47.0"
45.148.10.247 - - [03/Feb/2026:15:28:19 +0000] "GET /wp-config.php.bak HTTP/1.1" 404 59703 "-" "Mozilla/5.0 (Windows NT 6.1; Win64; x64; rv:47.0) Gecko/20100101 Firefox/47.0"
45.148.10.247 - - [03/Feb/2026:15:28:21 +0000] "GET /wp-config.php.bak HTTP/1.1" 404 59703 "-" "Mozilla/5.0 (Windows NT 6.1; Win64; x64; rv:47.0) Gecko/20100101 Firefox/47.0"
45.148.10.247 - - [03/Feb/2026:15:28:23 +0000] "GET /info.php HTTP/1.1" 404 59703 "-" "Mozilla/5.0 (Windows NT 6.1; Win64; x64; rv:47.0) Gecko/20100101 Firefox/47.0"
45.148.10.247 - - [03/Feb/2026:15:28:25 +0000] "GET /dashboard/phpinfo.php HTTP/1.1" 404 59703 "-" "Mozilla/5.0 (Windows NT 6.1; Win64; x64; rv:47.0) Gecko/20100101 Firefox/47.0"
139.162.194.112 - - [03/Feb/2026:15:28:29 +0000] "POST /?wordfence_syncAttackData=1770132509.0637 HTTP/1.1" 200 - "-" "WordPress/6.9; https://archfort.com"
45.148.10.247 - - [03/Feb/2026:15:28:27 +0000] "GET /static/js/main.141b0494.js HTTP/1.1" 404 60753 "-" "Mozilla/5.0 (Windows NT 6.1; Win64; x64; rv:47.0) Gecko/20100101 Firefox/47.0"
45.148.10.247 - - [03/Feb/2026:15:28:30 +0000] "GET /static/js/main.141b0494.js HTTP/1.1" 404 60753 "-" "Mozilla/5.0 (Windows NT 6.1; Win64; x64; rv:47.0) Gecko/20100101 Firefox/47.0"
45.148.10.247 - - [03/Feb/2026:15:28:32 +0000] "GET /static/js/main.141b0494.js HTTP/1.1" 404 60753 "-" "Mozilla/5.0 (Windows NT 6.1; Win64; x64; rv:47.0) Gecko/20100101 Firefox/47.0"
45.148.10.247 - - [03/Feb/2026:15:28:35 +0000] "GET /static/js/2.ca066a4b.chunk.js HTTP/1.1" 404 60753 "-" "Mozilla/5.0 (Windows NT 6.1; Win64; x64; rv:47.0) Gecko/20100101 Firefox/47.0"
45.148.10.247 - - [03/Feb/2026:15:28:37 +0000] "GET /static/js/main.e85f7a37.js HTTP/1.1" 404 60753 "-" "Mozilla/5.0 (Windows NT 6.1; Win64; x64; rv:47.0) Gecko/20100101 Firefox/47.0"
45.148.10.247 - - [03/Feb/2026:15:28:39 +0000] "GET /admin/server_info.php HTTP/1.1" 404 59703 "-" "Mozilla/5.0 (Windows NT 6.1; Win64; x64; rv:47.0) Gecko/20100101 Firefox/47.0"
45.148.10.247 - - [03/Feb/2026:15:28:41 +0000] "GET /server_info.php HTTP/1.1" 404 59703 "-" "Mozilla/5.0 (Windows NT 6.1; Win64; x64; rv:47.0) Gecko/20100101 Firefox/47.0"
45.148.10.247 - - [03/Feb/2026:15:28:43 +0000] "GET /app_dev.php/_profiler/phpinfo HTTP/1.1" 404 60753 "-" "Mozilla/5.0 (Windows NT 6.1; Win64; x64; rv:47.0) Gecko/20100101 Firefox/47.0"
45.148.10.247 - - [03/Feb/2026:15:28:45 +0000] "GET /test.php HTTP/1.1" 404 59703 "-" "Mozilla/5.0 (Windows NT 6.1; Win64; x64; rv:47.0) Gecko/20100101 Firefox/47.0"
45.148.10.247 - - [03/Feb/2026:15:28:48 +0000] "GET /server-info HTTP/1.1" 404 59703 "-" "Mozilla/5.0 (Windows NT 6.1; Win64; x64; rv:47.0) Gecko/20100101 Firefox/47.0"
45.148.10.247 - - [03/Feb/2026:15:28:50 +0000] "GET /server-info.php HTTP/1.1" 404 59703 "-" "Mozilla/5.0 (Windows NT 6.1; Win64; x64; rv:47.0) Gecko/20100101 Firefox/47.0"
45.148.10.247 - - [03/Feb/2026:15:28:52 +0000] "GET /secured/phpinfo.php HTTP/1.1" 404 59703 "-" "Mozilla/5.0 (Windows NT 6.1; Win64; x64; rv:47.0) Gecko/20100101 Firefox/47.0"
45.148.10.247 - - [03/Feb/2026:15:28:54 +0000] "GET /config.js HTTP/1.1" 404 59703 "-" "Mozilla/5.0 (Windows NT 6.1; Win64; x64; rv:47.0) Gecko/20100101 Firefox/47.0"
45.148.10.247 - - [03/Feb/2026:15:28:57 +0000] "GET /server.js HTTP/1.1" 404 59703 "-" "Mozilla/5.0 (Windows NT 6.1; Win64; x64; rv:47.0) Gecko/20100101 Firefox/47.0"
45.148.10.247 - - [03/Feb/2026:15:28:59 +0000] "GET /appsettings.json HTTP/1.1" 404 59703 "-" "Mozilla/5.0 (Windows NT 6.1; Win64; x64; rv:47.0) Gecko/20100101 Firefox/47.0"
45.148.10.247 - - [03/Feb/2026:15:29:01 +0000] "GET /shared/config/config.js HTTP/1.1" 404 60753 "-" "Mozilla/5.0 (Windows NT 6.1; Win64; x64; rv:47.0) Gecko/20100101 Firefox/47.0"
45.148.10.247 - - [03/Feb/2026:15:29:04 +0000] "GET /config/aws.yml HTTP/1.1" 404 59703 "-" "Mozilla/5.0 (Windows NT 6.1; Win64; x64; rv:47.0) Gecko/20100101 Firefox/47.0"
45.148.10.247 - - [03/Feb/2026:15:29:06 +0000] "GET /settings.py HTTP/1.1" 404 59703 "-" "Mozilla/5.0 (Windows NT 6.1; Win64; x64; rv:47.0) Gecko/20100101 Firefox/47.0"
45.148.10.247 - - [03/Feb/2026:15:29:08 +0000] "GET /config.json HTTP/1.1" 404 59703 "-" "Mozilla/5.0 (Windows NT 6.1; Win64; x64; rv:47.0) Gecko/20100101 Firefox/47.0"
139.162.194.112 - - [03/Feb/2026:15:29:11 +0000] "POST /wp-cron.php?doing_wp_cron=1770132551.1371469497680664062500 HTTP/1.1" 200 - "-" "WordPress/6.9; https://archfort.com"
45.148.10.247 - - [03/Feb/2026:15:29:11 +0000] "GET /config.json HTTP/1.1" 404 59703 "-" "Mozilla/5.0 (Windows NT 6.1; Win64; x64; rv:47.0) Gecko/20100101 Firefox/47.0"
45.148.10.247 - - [03/Feb/2026:15:29:13 +0000] "GET /config.json HTTP/1.1" 404 59703 "-" "Mozilla/5.0 (Windows NT 6.1; Win64; x64; rv:47.0) Gecko/20100101 Firefox/47.0"
45.148.10.247 - - [03/Feb/2026:15:29:16 +0000] "GET /main.js HTTP/1.1" 404 59703 "-" "Mozilla/5.0 (Windows NT 6.1; Win64; x64; rv:47.0) Gecko/20100101 Firefox/47.0"
45.148.10.247 - - [03/Feb/2026:15:29:18 +0000] "GET /config/constants.js HTTP/1.1" 404 59703 "-" "Mozilla/5.0 (Windows NT 6.1; Win64; x64; rv:47.0) Gecko/20100101 Firefox/47.0"
45.148.10.247 - - [03/Feb/2026:15:29:20 +0000] "GET /application.properties HTTP/1.1" 404 59703 "-" "Mozilla/5.0 (Windows NT 6.1; Win64; x64; rv:47.0) Gecko/20100101 Firefox/47.0"
45.148.10.247 - - [03/Feb/2026:15:29:22 +0000] "GET /public/js/main.js HTTP/1.1" 404 60753 "-" "Mozilla/5.0 (Windows NT 6.1; Win64; x64; rv:47.0) Gecko/20100101 Firefox/47.0"
45.148.10.247 - - [03/Feb/2026:15:29:24 +0000] "GET /js/main.js HTTP/1.1" 404 59703 "-" "Mozilla/5.0 (Windows NT 6.1; Win64; x64; rv:47.0) Gecko/20100101 Firefox/47.0"
45.148.10.247 - - [03/Feb/2026:15:29:27 +0000] "GET /?phpinfo=1 HTTP/1.1" 200 105924 "-" "Mozilla/5.0 (Windows NT 6.1; Win64; x64; rv:47.0) Gecko/20100101 Firefox/47.0"
45.148.10.247 - - [03/Feb/2026:15:29:29 +0000] "GET /storage/logs/laravel.log HTTP/1.1" 404 60753 "-" "Mozilla/5.0 (Windows NT 6.1; Win64; x64; rv:47.0) Gecko/20100101 Firefox/47.0"
45.148.10.247 - - [03/Feb/2026:15:29:32 +0000] "GET /karma.conf.json HTTP/1.1" 404 59703 "-" "Mozilla/5.0 (Windows NT 6.1; Win64; x64; rv:47.0) Gecko/20100101 Firefox/47.0"
45.148.10.247 - - [03/Feb/2026:15:29:34 +0000] "GET /swagger.json HTTP/1.1" 404 59703 "-" "Mozilla/5.0 (Windows NT 6.1; Win64; x64; rv:47.0) Gecko/20100101 Firefox/47.0"
45.148.10.247 - - [03/Feb/2026:15:29:36 +0000] "GET /swagger.js HTTP/1.1" 404 59703 "-" "Mozilla/5.0 (Windows NT 6.1; Win64; x64; rv:47.0) Gecko/20100101 Firefox/47.0"
45.148.10.247 - - [03/Feb/2026:15:29:38 +0000] "GET /gatsby-config.js HTTP/1.1" 404 59703 "-" "Mozilla/5.0 (Windows NT 6.1; Win64; x64; rv:47.0) Gecko/20100101 Firefox/47.0"
45.148.10.247 - - [03/Feb/2026:15:29:40 +0000] "GET /backend/config/default.yml HTTP/1.1" 404 60753 "-" "Mozilla/5.0 (Windows NT 6.1; Win64; x64; rv:47.0) Gecko/20100101 Firefox/47.0"
45.148.10.247 - - [03/Feb/2026:15:29:43 +0000] "GET /app.py HTTP/1.1" 404 59703 "-" "Mozilla/5.0 (Windows NT 6.1; Win64; x64; rv:47.0) Gecko/20100101 Firefox/47.0"
45.148.10.247 - - [03/Feb/2026:15:29:45 +0000] "GET /admin/controllers/merchant.js HTTP/1.1" 404 60753 "-" "Mozilla/5.0 (Windows NT 6.1; Win64; x64; rv:47.0) Gecko/20100101 Firefox/47.0"
45.148.10.247 - - [03/Feb/2026:15:29:47 +0000] "GET /admin/controllers/partner.js HTTP/1.1" 404 60753 "-" "Mozilla/5.0 (Windows NT 6.1; Win64; x64; rv:47.0) Gecko/20100101 Firefox/47.0"
45.148.10.247 - - [03/Feb/2026:15:29:50 +0000] "GET /api/config.js HTTP/1.1" 404 59703 "-" "Mozilla/5.0 (Windows NT 6.1; Win64; x64; rv:47.0) Gecko/20100101 Firefox/47.0"
45.148.10.247 - - [03/Feb/2026:15:29:52 +0000] "GET /api/objects/codes.php.save HTTP/1.1" 404 60753 "-" "Mozilla/5.0 (Windows NT 6.1; Win64; x64; rv:47.0) Gecko/20100101 Firefox/47.0"
45.148.10.247 - - [03/Feb/2026:15:29:54 +0000] "GET /apis/config/config.js HTTP/1.1" 404 60753 "-" "Mozilla/5.0 (Windows NT 6.1; Win64; x64; rv:47.0) Gecko/20100101 Firefox/47.0"
45.148.10.247 - - [03/Feb/2026:15:29:56 +0000] "GET /apis/controllers/users.js HTTP/1.1" 404 60753 "-" "Mozilla/5.0 (Windows NT 6.1; Win64; x64; rv:47.0) Gecko/20100101 Firefox/47.0"
45.148.10.247 - - [03/Feb/2026:15:29:58 +0000] "GET /app.js HTTP/1.1" 404 59703 "-" "Mozilla/5.0 (Windows NT 6.1; Win64; x64; rv:47.0) Gecko/20100101 Firefox/47.0"
45.148.10.247 - - [03/Feb/2026:15:30:00 +0000] "GET /backend/config/development.yml HTTP/1.1" 404 60753 "-" "Mozilla/5.0 (Windows NT 6.1; Win64; x64; rv:47.0) Gecko/20100101 Firefox/47.0"
45.148.10.247 - - [03/Feb/2026:15:30:03 +0000] "GET /cloud/Scraper.js HTTP/1.1" 404 59703 "-" "Mozilla/5.0 (Windows NT 6.1; Win64; x64; rv:47.0) Gecko/20100101 Firefox/47.0"
45.148.10.247 - - [03/Feb/2026:15:30:05 +0000] "GET /config/application.yml HTTP/1.1" 404 59703 "-" "Mozilla/5.0 (Windows NT 6.1; Win64; x64; rv:47.0) Gecko/20100101 Firefox/47.0"
197.121.139.238 - - [03/Feb/2026:15:42:31 +0000] "GET /consumer-showcase/ HTTP/1.1" 200 15041 "-" "Mozilla/5.0 (Windows NT 10.0; Win64; x64) AppleWebKit/537.36 (KHTML, like Gecko) Chrome/108.0.0.0 Safari/537.36"
187.243.194.176 - - [03/Feb/2026:15:42:36 +0000] "GET /wp-content/uploads/elementor/css/post-447.css?ver=1741279096 HTTP/1.1" 200 1623 "https://archfort.com/consumer-showcase/" "Mozilla/5.0 (Windows NT 10.0; Win64; x64) AppleWebKit/537.36 (KHTML, like Gecko) Chrome/108.0.0.0 Safari/537.36"
191.99.48.49 - - [03/Feb/2026:15:42:36 +0000] "GET /wp-content/plugins/elementskit/modules/parallax/assets/css/style.css?ver=2.4.1 HTTP/1.1" 200 580 "https://archfort.com/consumer-showcase/" "Mozilla/5.0 (Windows NT 10.0; Win64; x64) AppleWebKit/537.36 (KHTML, like Gecko) Chrome/108.0.0.0 Safari/537.36"
185.85.155.145 - - [03/Feb/2026:15:42:35 +0000] "GET /wp-content/plugins/update-urls/lite/dist/scripts/plugin-name.js?ver=1.2.4 HTTP/1.1" 404 13023 "https://archfort.com/consumer-showcase/" "Mozilla/5.0 (Windows NT 10.0; Win64; x64) AppleWebKit/537.36 (KHTML, like Gecko) Chrome/108.0.0.0 Safari/537.36"
196.190.208.112 - - [03/Feb/2026:15:42:36 +0000] "GET /wp-content/plugins/update-urls/lite/dist/styles/plugin-name.css?ver=1.2.4 HTTP/1.1" 404 13023 "https://archfort.com/consumer-showcase/" "Mozilla/5.0 (Windows NT 10.0; Win64; x64) AppleWebKit/537.36 (KHTML, like Gecko) Chrome/108.0.0.0 Safari/537.36"
54.161.130.153 - - [03/Feb/2026:15:42:38 +0000] "GET /novate-nations/ HTTP/1.1" 200 16611 "-" "TerraCotta https://github.com/CeramicTeam/CeramicTerracotta"
54.161.130.153 - - [03/Feb/2026:16:35:07 +0000] "GET /registration/ HTTP/1.1" 200 15251 "-" "TerraCotta https://github.com/CeramicTeam/CeramicTerracotta"
139.162.194.112 - - [03/Feb/2026:16:35:10 +0000] "POST /wp-cron.php?doing_wp_cron=1770136510.1772959232330322265625 HTTP/1.1" 200 - "-" "WordPress/6.9; https://archfort.com"
51.68.111.202 - - [03/Feb/2026:16:39:43 +0000] "GET /robots.txt HTTP/1.1" 200 109 "-" "Mozilla/5.0 (compatible; MJ12bot/v2.0.4; http://mj12bot.com/)"
51.68.111.202 - - [03/Feb/2026:16:39:44 +0000] "GET / HTTP/1.1" 200 18113 "-" "Mozilla/5.0 (compatible; MJ12bot/v2.0.4; http://mj12bot.com/)"
51.68.111.202 - - [03/Feb/2026:16:39:53 +0000] "GET / HTTP/1.1" 200 18113 "-" "Mozilla/5.0 (compatible; MJ12bot/v2.0.4; http://mj12bot.com/)"
43.153.102.138 - - [03/Feb/2026:16:59:53 +0000] "GET / HTTP/1.1" 200 18113 "-" "Mozilla/5.0 (iPhone; CPU iPhone OS 13_2_3 like Mac OS X) AppleWebKit/605.1.15 (KHTML, like Gecko) Version/13.0.3 Mobile/15E148 Safari/604.1"
44.250.247.160 - - [03/Feb/2026:17:05:25 +0000] "GET / HTTP/1.1" 200 105924 "-" "Mozilla/5.0 (Macintosh; Intel Mac OS X 10_15_7) AppleWebKit/537.36 (KHTML, like Gecko) Chrome/134.0.0.0 Safari/537.36"
141.98.11.169 - - [03/Feb/2026:17:15:52 +0000] "GET /wp-login.php HTTP/1.1" 404 13023 "-" "Mozilla/5.0 (Macintosh; Intel Mac OS X 10_15_7) AppleWebKit/605.1.15 (KHTML, like Gecko) Version/17.0 Safari/605.1.15"
141.98.11.169 - - [03/Feb/2026:17:15:56 +0000] "GET /wp-admin/ HTTP/1.1" 302 - "-" "Mozilla/5.0 (Macintosh; Intel Mac OS X 10_15_7; rv:118.0) Gecko/20100101 Firefox/118.0"
141.98.11.169 - - [03/Feb/2026:17:15:59 +0000] "GET /404/ HTTP/1.1" 404 12779 "-" "Mozilla/5.0 (Macintosh; Intel Mac OS X 10_15_7; rv:118.0) Gecko/20100101 Firefox/118.0"
43.157.148.38 - - [03/Feb/2026:17:33:04 +0000] "GET /wp-json/wp/v2/pages/7 HTTP/1.1" 200 5950 "-" "Mozilla/5.0 (iPhone; CPU iPhone OS 13_2_3 like Mac OS X) AppleWebKit/605.1.15 (KHTML, like Gecko) Version/13.0.3 Mobile/15E148 Safari/604.1"
139.162.194.112 - - [03/Feb/2026:17:33:06 +0000] "POST /wp-cron.php?doing_wp_cron=1770139986.9308118820190429687500 HTTP/1.1" 200 - "-" "WordPress/6.9; https://archfort.com"
43.155.162.41 - - [03/Feb/2026:17:43:28 +0000] "GET /our-businesses/ HTTP/1.1" 200 16305 "-" "Mozilla/5.0 (iPhone; CPU iPhone OS 13_2_3 like Mac OS X) AppleWebKit/605.1.15 (KHTML, like Gecko) Version/13.0.3 Mobile/15E148 Safari/604.1"
139.162.194.112 - - [03/Feb/2026:17:43:30 +0000] "POST /wp-cron.php?doing_wp_cron=1770140610.1051390171051025390625 HTTP/1.1" 200 - "-" "WordPress/6.9; https://archfort.com"
54.161.130.153 - - [03/Feb/2026:17:46:01 +0000] "GET / HTTP/1.1" 200 18113 "-" "TerraCotta https://github.com/CeramicTeam/CeramicTerracotta"
144.172.103.49 - - [03/Feb/2026:17:48:30 +0000] "GET /wp-content/plugins/catnip/all.php HTTP/1.1" 404 13023 "-" "Mozilla/5.0 (X11; Linux x86_64) AppleWebKit/537.36 (KHTML, like Gecko) Chrome/60.0.3112.32 Safari/537.36"
43.130.34.74 - - [03/Feb/2026:17:53:30 +0000] "GET /consumer-showcase/ HTTP/1.1" 200 15041 "-" "Mozilla/5.0 (iPhone; CPU iPhone OS 13_2_3 like Mac OS X) AppleWebKit/605.1.15 (KHTML, like Gecko) Version/13.0.3 Mobile/15E148 Safari/604.1"
54.161.130.153 - - [03/Feb/2026:17:58:04 +0000] "GET /edit/ HTTP/1.1" 200 13612 "-" "TerraCotta https://github.com/CeramicTeam/CeramicTerracotta"
43.157.150.69 - - [03/Feb/2026:18:03:24 +0000] "GET /wp-json/ HTTP/1.1" 200 14494 "-" "Mozilla/5.0 (iPhone; CPU iPhone OS 13_2_3 like Mac OS X) AppleWebKit/605.1.15 (KHTML, like Gecko) Version/13.0.3 Mobile/15E148 Safari/604.1"
49.51.203.164 - - [03/Feb/2026:18:15:12 +0000] "GET /wp-json/elementskit/v1/ HTTP/1.1" 404 117 "-" "Mozilla/5.0 (iPhone; CPU iPhone OS 13_2_3 like Mac OS X) AppleWebKit/605.1.15 (KHTML, like Gecko) Version/13.0.3 Mobile/15E148 Safari/604.1"
43.157.95.131 - - [03/Feb/2026:18:24:49 +0000] "GET /cards-unit/ HTTP/1.1" 200 16733 "-" "Mozilla/5.0 (iPhone; CPU iPhone OS 13_2_3 like Mac OS X) AppleWebKit/605.1.15 (KHTML, like Gecko) Version/13.0.3 Mobile/15E148 Safari/604.1"
139.162.194.112 - - [03/Feb/2026:18:24:52 +0000] "POST /wp-cron.php?doing_wp_cron=1770143092.2368938922882080078125 HTTP/1.1" 200 - "-" "WordPress/6.9; https://archfort.com"
43.155.129.131 - - [03/Feb/2026:18:29:01 +0000] "GET / HTTP/1.1" 200 18113 "http://www.archfort.com" "Mozilla/5.0 (iPhone; CPU iPhone OS 13_2_3 like Mac OS X) AppleWebKit/605.1.15 (KHTML, like Gecko) Version/13.0.3 Mobile/15E148 Safari/604.1"
150.109.119.38 - - [03/Feb/2026:18:34:52 +0000] "GET /contractors/ HTTP/1.1" 200 14814 "-" "Mozilla/5.0 (iPhone; CPU iPhone OS 13_2_3 like Mac OS X) AppleWebKit/605.1.15 (KHTML, like Gecko) Version/13.0.3 Mobile/15E148 Safari/604.1"
139.162.194.112 - - [03/Feb/2026:18:34:54 +0000] "POST /wp-cron.php?doing_wp_cron=1770143694.2228970527648925781250 HTTP/1.1" 200 - "-" "WordPress/6.9; https://archfort.com"
192.121.146.24 - - [03/Feb/2026:18:42:33 +0000] "GET / HTTP/1.1" 200 18113 "http://archfort.com/" "Mozilla/5.0 (Windows NT 10.0; Win64; x64) AppleWebKit/537.36 (KHTML, like Gecko) Chrome/122.0.0.0 Safari/537.3"
192.121.146.24 - - [03/Feb/2026:18:42:36 +0000] "GET /about-archfort-enterprise/ HTTP/1.1" 200 19898 "-" "Mozilla/5.0 (Windows NT 10.0; Win64; x64) AppleWebKit/537.36 (KHTML, like Gecko) Chrome/122.0.0.0 Safari/537.3"
192.36.137.155 - - [03/Feb/2026:18:42:39 +0000] "GET /about-archfort-enterprise HTTP/1.1" 301 - "-" "Mozilla/5.0 (Windows NT 10.0; Win64; x64) AppleWebKit/537.36 (KHTML, like Gecko) Chrome/122.0.0.0 Safari/537.3"
192.36.166.94 - - [03/Feb/2026:18:42:41 +0000] "GET /about-archfort-enterprise/ HTTP/1.1" 200 19898 "https://archfort.com/about-archfort-enterprise" "Mozilla/5.0 (Windows NT 10.0; Win64; x64) AppleWebKit/537.36 (KHTML, like Gecko) Chrome/122.0.0.0 Safari/537.3"
192.36.166.94 - - [03/Feb/2026:18:42:43 +0000] "GET /consumer-showcase/ HTTP/1.1" 200 15041 "-" "Mozilla/5.0 (Windows NT 10.0; Win64; x64) AppleWebKit/537.36 (KHTML, like Gecko) Chrome/122.0.0.0 Safari/537.3"
198.54.114.55 - - [03/Feb/2026:18:43:42 +0000] "POST /xmlrpc.php HTTP/1.1" 200 403 "-" "Mozilla/5.0 (Macintosh; Intel Mac OS X 10.15; rv:130.0) Gecko/20100101 Firefox/130.0"
43.130.16.140 - - [03/Feb/2026:18:43:46 +0000] "GET /feed/ HTTP/1.1" 200 816 "-" "Mozilla/5.0 (iPhone; CPU iPhone OS 13_2_3 like Mac OS X) AppleWebKit/605.1.15 (KHTML, like Gecko) Version/13.0.3 Mobile/15E148 Safari/604.1"
104.243.19.148 - - [03/Feb/2026:18:43:49 +0000] "POST /xmlrpc.php HTTP/1.1" 200 403 "-" "Mozilla/5.0 (Windows NT 10.0; Win64; x64; rv:130.0) Gecko/20100101 Firefox/130.0"
34.40.173.85 - - [03/Feb/2026:18:43:49 +0000] "POST /xmlrpc.php HTTP/1.1" 200 403 "-" "Mozilla/5.0 (X11; Fedora; Linux x86_64; rv:131.0) Gecko/20100101 Firefox/131.0"
89.42.211.170 - - [03/Feb/2026:18:43:53 +0000] "POST /xmlrpc.php HTTP/1.1" 200 403 "-" "Mozilla/5.0 (Windows NT 10.0; Win64; x64) AppleWebKit/537.36 (KHTML, like Gecko) Chrome/130.0.0.0 Safari/537.36 OPR/114.0.0.0"
103.160.145.156 - - [03/Feb/2026:18:43:58 +0000] "POST /xmlrpc.php HTTP/1.1" 200 403 "-" "Mozilla/5.0 (Macintosh; Intel Mac OS X 14_6_1) AppleWebKit/605.1.15 (KHTML, like Gecko) Version/17.6 Safari/605.1.15"
152.53.211.118 - - [03/Feb/2026:18:44:06 +0000] "POST /xmlrpc.php HTTP/1.1" 200 403 "-" "Mozilla/5.0 (Windows NT 10.0; Win64; x64; rv:131.0) Gecko/20100101 Firefox/131.0"
35.223.196.156 - - [03/Feb/2026:18:44:09 +0000] "POST /xmlrpc.php HTTP/1.1" 200 403 "-" "Mozilla/5.0 (Windows NT 11.0; Win64; x64) AppleWebKit/537.36 (KHTML, like Gecko) Chrome/129.0.6668.71 Safari/537.36"
5.154.181.134 - - [03/Feb/2026:18:44:14 +0000] "POST /xmlrpc.php HTTP/1.1" 200 403 "-" "Mozilla/5.0 (Windows NT 10.0; Win64; x64) AppleWebKit/537.36 (KHTML, like Gecko) Chrome/129.0.6668.42 Safari/537.36"
104.243.19.148 - - [03/Feb/2026:18:44:27 +0000] "POST /xmlrpc.php HTTP/1.1" 200 403 "-" "Mozilla/5.0 (X11; Linux x86_64) AppleWebKit/537.36 (KHTML, like Gecko) Chrome/129.0.6668.100 Safari/537.36"
43.155.26.193 - - [03/Feb/2026:18:54:46 +0000] "GET /login/ HTTP/1.1" 200 14212 "-" "Mozilla/5.0 (iPhone; CPU iPhone OS 13_2_3 like Mac OS X) AppleWebKit/605.1.15 (KHTML, like Gecko) Version/13.0.3 Mobile/15E148 Safari/604.1"
43.130.105.21 - - [03/Feb/2026:19:03:48 +0000] "GET /comments/feed/ HTTP/1.1" 200 750 "-" "Mozilla/5.0 (iPhone; CPU iPhone OS 13_2_3 like Mac OS X) AppleWebKit/605.1.15 (KHTML, like Gecko) Version/13.0.3 Mobile/15E148 Safari/604.1"
141.98.11.171 - - [03/Feb/2026:19:07:10 +0000] "GET /.env HTTP/1.1" 404 59753 "-" "Mozilla/5.0 (Windows NT 10.0; Win64; x64) AppleWebKit/537.36"
43.155.162.41 - - [03/Feb/2026:19:13:22 +0000] "GET /about-archfort-enterprise/ HTTP/1.1" 200 19898 "-" "Mozilla/5.0 (iPhone; CPU iPhone OS 13_2_3 like Mac OS X) AppleWebKit/605.1.15 (KHTML, like Gecko) Version/13.0.3 Mobile/15E148 Safari/604.1"
203.132.63.124 - - [03/Feb/2026:19:20:43 +0000] "GET / HTTP/2.0" 200 18113 "https://archfort.com/" "User-Agent:Mozilla/5.0 (Windows NT 6.1; WOW64) AppleWebKit/537.36 (KHTML, like Gecko) Chrome/50.0.2661.102 Safari/537.36"
139.162.194.112 - - [03/Feb/2026:19:20:46 +0000] "POST /wp-cron.php?doing_wp_cron=1770146446.2311708927154541015625 HTTP/1.1" 200 - "-" "WordPress/6.9; https://archfort.com"
54.161.130.153 - - [03/Feb/2026:19:22:43 +0000] "GET /contractors/ HTTP/1.1" 200 14814 "-" "TerraCotta https://github.com/CeramicTeam/CeramicTerracotta"
81.29.142.100 - - [03/Feb/2026:19:22:51 +0000] "GET / HTTP/1.1" 200 37386 "-" "Mozilla/5.0 (Windows NT 10.0; WOW64) AppleWebKit/537.36 (KHTML, like Gecko) Chrome/91.0.4472.135 YaBrowser/21.6.2.854 Yowser/2.5 Safari/537.36"
43.165.69.68 - - [03/Feb/2026:19:23:32 +0000] "GET /wp-content/plugins/elementor/assets/lib/eicons/fonts/eicons.woff2?5.10.0 HTTP/1.1" 200 91505 "-" "Mozilla/5.0 (iPhone; CPU iPhone OS 13_2_3 like Mac OS X) AppleWebKit/605.1.15 (KHTML, like Gecko) Version/13.0.3 Mobile/15E148 Safari/604.1"
170.106.167.214 - - [03/Feb/2026:19:31:21 +0000] "GET /hello-world/ HTTP/1.1" 200 13986 "-" "Mozilla/5.0 (iPhone; CPU iPhone OS 13_2_3 like Mac OS X) AppleWebKit/605.1.15 (KHTML, like Gecko) Version/13.0.3 Mobile/15E148 Safari/604.1"
139.162.194.112 - - [03/Feb/2026:19:31:23 +0000] "POST /wp-cron.php?doing_wp_cron=1770147083.6876139640808105468750 HTTP/1.1" 200 - "-" "WordPress/6.9; https://archfort.com"
104.208.91.171 - - [03/Feb/2026:19:36:31 +0000] "GET /rip.php HTTP/1.1" 404 12779 "-" "Mozilla/5.0 (Windows NT 10.0; Win64; x64) AppleWebKit/537.36 (KHTML, like Gecko) Chrome/120.0.0.0 Safari/537.36"
139.162.194.112 - - [03/Feb/2026:19:36:33 +0000] "POST /wp-cron.php?doing_wp_cron=1770147393.3269488811492919921875 HTTP/1.1" 200 - "-" "WordPress/6.9; https://archfort.com"
104.208.91.171 - - [03/Feb/2026:19:36:35 +0000] "GET /about.php HTTP/1.1" 404 12779 "-" "Mozilla/5.0 (Windows NT 10.0; Win64; x64) AppleWebKit/537.36 (KHTML, like Gecko) Chrome/120.0.0.0 Safari/537.36"
104.208.91.171 - - [03/Feb/2026:19:36:38 +0000] "GET /wp-content/plugins/hello-dolly/ HTTP/1.1" 404 13023 "-" "Mozilla/5.0 (Windows NT 10.0; Win64; x64) AppleWebKit/537.36 (KHTML, like Gecko) Chrome/120.0.0.0 Safari/537.36"
104.208.91.171 - - [03/Feb/2026:19:36:40 +0000] "GET /wp-content/themes/admin.php HTTP/1.1" 404 13023 "-" "Mozilla/5.0 (Windows NT 10.0; Win64; x64) AppleWebKit/537.36 (KHTML, like Gecko) Chrome/120.0.0.0 Safari/537.36"
104.208.91.171 - - [03/Feb/2026:19:36:43 +0000] "GET /admin.php HTTP/1.1" 404 12779 "-" "Mozilla/5.0 (Windows NT 10.0; Win64; x64) AppleWebKit/537.36 (KHTML, like Gecko) Chrome/120.0.0.0 Safari/537.36"
104.208.91.171 - - [03/Feb/2026:19:36:46 +0000] "GET /adminfuns.php HTTP/1.1" 404 12779 "-" "Mozilla/5.0 (Windows NT 10.0; Win64; x64) AppleWebKit/537.36 (KHTML, like Gecko) Chrome/120.0.0.0 Safari/537.36"
104.208.91.171 - - [03/Feb/2026:19:36:49 +0000] "GET /wp-content/cache/ HTTP/1.1" 404 12779 "-" "Mozilla/5.0 (Windows NT 10.0; Win64; x64) AppleWebKit/537.36 (KHTML, like Gecko) Chrome/120.0.0.0 Safari/537.36"
104.208.91.171 - - [03/Feb/2026:19:36:52 +0000] "GET /wp-includes/js/thickbox/ HTTP/1.1" 200 487 "-" "Mozilla/5.0 (Windows NT 10.0; Win64; x64) AppleWebKit/537.36 (KHTML, like Gecko) Chrome/120.0.0.0 Safari/537.36"
104.208.91.171 - - [03/Feb/2026:19:36:53 +0000] "GET /goods.php HTTP/1.1" 404 12779 "-" "Mozilla/5.0 (Windows NT 10.0; Win64; x64) AppleWebKit/537.36 (KHTML, like Gecko) Chrome/120.0.0.0 Safari/537.36"
104.208.91.171 - - [03/Feb/2026:19:36:56 +0000] "GET /sf.php HTTP/1.1" 404 12779 "-" "Mozilla/5.0 (Windows NT 10.0; Win64; x64) AppleWebKit/537.36 (KHTML, like Gecko) Chrome/120.0.0.0 Safari/537.36"
104.208.91.171 - - [03/Feb/2026:19:36:59 +0000] "GET /wp-admin/ HTTP/1.1" 302 - "-" "Mozilla/5.0 (Windows NT 10.0; Win64; x64) AppleWebKit/537.36 (KHTML, like Gecko) Chrome/120.0.0.0 Safari/537.36"
104.208.91.171 - - [03/Feb/2026:19:37:01 +0000] "GET /wp-admin/images/ HTTP/1.1" 200 1785 "-" "Mozilla/5.0 (Windows NT 10.0; Win64; x64) AppleWebKit/537.36 (KHTML, like Gecko) Chrome/120.0.0.0 Safari/537.36"
104.208.91.171 - - [03/Feb/2026:19:37:02 +0000] "GET /wp-content/admin.php HTTP/1.1" 404 12779 "-" "Mozilla/5.0 (Windows NT 10.0; Win64; x64) AppleWebKit/537.36 (KHTML, like Gecko) Chrome/120.0.0.0 Safari/537.36"
104.208.91.171 - - [03/Feb/2026:19:37:05 +0000] "GET /wp-content/uploads/admin.php HTTP/1.1" 404 13023 "-" "Mozilla/5.0 (Windows NT 10.0; Win64; x64) AppleWebKit/537.36 (KHTML, like Gecko) Chrome/120.0.0.0 Safari/537.36"
104.208.91.171 - - [03/Feb/2026:19:37:08 +0000] "GET /wp-includes/ HTTP/1.1" 200 4987 "-" "Mozilla/5.0 (Windows NT 10.0; Win64; x64) AppleWebKit/537.36 (KHTML, like Gecko) Chrome/120.0.0.0 Safari/537.36"
104.208.91.171 - - [03/Feb/2026:19:37:08 +0000] "GET /wp-includes/css/ HTTP/1.1" 200 1012 "-" "Mozilla/5.0 (Windows NT 10.0; Win64; x64) AppleWebKit/537.36 (KHTML, like Gecko) Chrome/120.0.0.0 Safari/537.36"
104.208.91.171 - - [03/Feb/2026:19:37:09 +0000] "GET /wp-includes/js/plupload/ HTTP/1.1" 200 560 "-" "Mozilla/5.0 (Windows NT 10.0; Win64; x64) AppleWebKit/537.36 (KHTML, like Gecko) Chrome/120.0.0.0 Safari/537.36"
104.208.91.171 - - [03/Feb/2026:19:37:10 +0000] "GET /.well-known/ HTTP/1.1" 200 406 "-" "Mozilla/5.0 (Windows NT 10.0; Win64; x64) AppleWebKit/537.36 (KHTML, like Gecko) Chrome/120.0.0.0 Safari/537.36"
104.208.91.171 - - [03/Feb/2026:19:37:10 +0000] "GET /222.php HTTP/1.1" 404 12779 "-" "Mozilla/5.0 (Windows NT 10.0; Win64; x64) AppleWebKit/537.36 (KHTML, like Gecko) Chrome/120.0.0.0 Safari/537.36"
104.208.91.171 - - [03/Feb/2026:19:37:13 +0000] "GET /abcd.php HTTP/1.1" 404 12779 "-" "Mozilla/5.0 (Windows NT 10.0; Win64; x64) AppleWebKit/537.36 (KHTML, like Gecko) Chrome/120.0.0.0 Safari/537.36"
104.208.91.171 - - [03/Feb/2026:19:37:16 +0000] "GET /class-t.api.php HTTP/1.1" 404 12779 "-" "Mozilla/5.0 (Windows NT 10.0; Win64; x64) AppleWebKit/537.36 (KHTML, like Gecko) Chrome/120.0.0.0 Safari/537.36"
104.208.91.171 - - [03/Feb/2026:19:37:19 +0000] "GET /classwithtostring.php HTTP/1.1" 404 12779 "-" "Mozilla/5.0 (Windows NT 10.0; Win64; x64) AppleWebKit/537.36 (KHTML, like Gecko) Chrome/120.0.0.0 Safari/537.36"
104.208.91.171 - - [03/Feb/2026:19:37:22 +0000] "GET /file.php HTTP/1.1" 404 12779 "-" "Mozilla/5.0 (Windows NT 10.0; Win64; x64) AppleWebKit/537.36 (KHTML, like Gecko) Chrome/120.0.0.0 Safari/537.36"
104.208.91.171 - - [03/Feb/2026:19:37:25 +0000] "GET /info.php HTTP/1.1" 404 12779 "-" "Mozilla/5.0 (Windows NT 10.0; Win64; x64) AppleWebKit/537.36 (KHTML, like Gecko) Chrome/120.0.0.0 Safari/537.36"
104.208.91.171 - - [03/Feb/2026:19:37:28 +0000] "GET /wp-admin/css/colors/coffee/ HTTP/1.1" 200 442 "-" "Mozilla/5.0 (Windows NT 10.0; Win64; x64) AppleWebKit/537.36 (KHTML, like Gecko) Chrome/120.0.0.0 Safari/537.36"
104.208.91.171 - - [03/Feb/2026:19:37:29 +0000] "GET /wp-admin/js/widgets/ HTTP/1.1" 200 621 "-" "Mozilla/5.0 (Windows NT 10.0; Win64; x64) AppleWebKit/537.36 (KHTML, like Gecko) Chrome/120.0.0.0 Safari/537.36"
104.208.91.171 - - [03/Feb/2026:19:37:29 +0000] "GET /wp-content/languages/ HTTP/1.1" 404 12779 "-" "Mozilla/5.0 (Windows NT 10.0; Win64; x64) AppleWebKit/537.36 (KHTML, like Gecko) Chrome/120.0.0.0 Safari/537.36"
104.208.91.171 - - [03/Feb/2026:19:37:32 +0000] "GET /wp-content/languages/plugins/ HTTP/1.1" 404 13023 "-" "Mozilla/5.0 (Windows NT 10.0; Win64; x64) AppleWebKit/537.36 (KHTML, like Gecko) Chrome/120.0.0.0 Safari/537.36"
104.208.91.171 - - [03/Feb/2026:19:37:35 +0000] "GET /wp-content/themes/twentytwentyfour/ HTTP/1.1" 404 13023 "-" "Mozilla/5.0 (Windows NT 10.0; Win64; x64) AppleWebKit/537.36 (KHTML, like Gecko) Chrome/120.0.0.0 Safari/537.36"
104.208.91.171 - - [03/Feb/2026:19:37:38 +0000] "GET /wp-content/upgrade/ HTTP/1.1" 200 340 "-" "Mozilla/5.0 (Windows NT 10.0; Win64; x64) AppleWebKit/537.36 (KHTML, like Gecko) Chrome/120.0.0.0 Safari/537.36"
104.208.91.171 - - [03/Feb/2026:19:37:39 +0000] "GET /wp-content/uploads/ HTTP/1.1" 200 557 "-" "Mozilla/5.0 (Windows NT 10.0; Win64; x64) AppleWebKit/537.36 (KHTML, like Gecko) Chrome/120.0.0.0 Safari/537.36"
104.208.91.171 - - [03/Feb/2026:19:37:39 +0000] "GET /wp-good.php HTTP/1.1" 404 12779 "-" "Mozilla/5.0 (Windows NT 10.0; Win64; x64) AppleWebKit/537.36 (KHTML, like Gecko) Chrome/120.0.0.0 Safari/537.36"
104.208.91.171 - - [03/Feb/2026:19:37:42 +0000] "GET /wp-includes/js/jquery/ HTTP/1.1" 200 816 "-" "Mozilla/5.0 (Windows NT 10.0; Win64; x64) AppleWebKit/537.36 (KHTML, like Gecko) Chrome/120.0.0.0 Safari/537.36"
104.208.91.171 - - [03/Feb/2026:19:37:43 +0000] "GET /wp-includes/js/jquery/ui/ HTTP/1.1" 200 1424 "-" "Mozilla/5.0 (Windows NT 10.0; Win64; x64) AppleWebKit/537.36 (KHTML, like Gecko) Chrome/120.0.0.0 Safari/537.36"
104.208.91.171 - - [03/Feb/2026:19:37:43 +0000] "GET /wp-includes/js/tinymce/themes/ HTTP/1.1" 200 395 "-" "Mozilla/5.0 (Windows NT 10.0; Win64; x64) AppleWebKit/537.36 (KHTML, like Gecko) Chrome/120.0.0.0 Safari/537.36"
104.208.91.171 - - [03/Feb/2026:19:37:44 +0000] "GET /wp-includes/rest-api/ HTTP/1.1" 200 493 "-" "Mozilla/5.0 (Windows NT 10.0; Win64; x64) AppleWebKit/537.36 (KHTML, like Gecko) Chrome/120.0.0.0 Safari/537.36"
198.235.24.242 - - [03/Feb/2026:19:40:30 +0000] "GET / HTTP/1.1" 200 37374 "-" "Hello from Palo Alto Networks, find out more about our scans in https://docs-cortex.paloaltonetworks.com/r/1/Cortex-Xpanse/Scanning-activity"
54.161.130.153 - - [03/Feb/2026:19:41:45 +0000] "GET /cards-unit/ HTTP/1.1" 200 16733 "-" "TerraCotta https://github.com/CeramicTeam/CeramicTerracotta"
43.157.156.190 - - [03/Feb/2026:19:43:00 +0000] "GET /?p=1 HTTP/1.1" 301 - "-" "Mozilla/5.0 (iPhone; CPU iPhone OS 13_2_3 like Mac OS X) AppleWebKit/605.1.15 (KHTML, like Gecko) Version/13.0.3 Mobile/15E148 Safari/604.1"
43.157.156.190 - - [03/Feb/2026:19:43:04 +0000] "GET /hello-world/ HTTP/1.1" 200 13986 "https://archfort.com/?p=1" "Mozilla/5.0 (iPhone; CPU iPhone OS 13_2_3 like Mac OS X) AppleWebKit/605.1.15 (KHTML, like Gecko) Version/13.0.3 Mobile/15E148 Safari/604.1"
43.166.136.24 - - [03/Feb/2026:19:53:49 +0000] "GET /my-account/ HTTP/1.1" 404 12779 "-" "Mozilla/5.0 (iPhone; CPU iPhone OS 13_2_3 like Mac OS X) AppleWebKit/605.1.15 (KHTML, like Gecko) Version/13.0.3 Mobile/15E148 Safari/604.1"
170.106.35.153 - - [03/Feb/2026:20:04:10 +0000] "GET /?p=619 HTTP/1.1" 301 - "-" "Mozilla/5.0 (iPhone; CPU iPhone OS 13_2_3 like Mac OS X) AppleWebKit/605.1.15 (KHTML, like Gecko) Version/13.0.3 Mobile/15E148 Safari/604.1"
170.106.35.153 - - [03/Feb/2026:20:04:16 +0000] "GET /about-archfort-enterprise/ HTTP/1.1" 200 19898 "https://archfort.com/?p=619" "Mozilla/5.0 (iPhone; CPU iPhone OS 13_2_3 like Mac OS X) AppleWebKit/605.1.15 (KHTML, like Gecko) Version/13.0.3 Mobile/15E148 Safari/604.1"
43.130.26.3 - - [03/Feb/2026:20:05:05 +0000] "GET / HTTP/1.1" 200 18113 "http://archfort.com" "Mozilla/5.0 (iPhone; CPU iPhone OS 13_2_3 like Mac OS X) AppleWebKit/605.1.15 (KHTML, like Gecko) Version/13.0.3 Mobile/15E148 Safari/604.1"
34.206.193.60 - - [03/Feb/2026:20:09:42 +0000] "GET /about-archfort-enterprise HTTP/1.1" 301 - "-" "Mozilla/5.0 AppleWebKit/537.36 (KHTML, like Gecko; compatible; Amazonbot/0.1; +https://developer.amazon.com/support/amazonbot) Chrome/119.0.6045.214 Safari/537.36"
34.225.243.131 - - [03/Feb/2026:20:09:46 +0000] "GET /about-archfort-enterprise/ HTTP/1.1" 200 19898 "-" "Mozilla/5.0 AppleWebKit/537.36 (KHTML, like Gecko; compatible; Amazonbot/0.1; +https://developer.amazon.com/support/amazonbot) Chrome/119.0.6045.214 Safari/537.36"
81.29.142.100 - - [03/Feb/2026:20:12:35 +0000] "GET / HTTP/1.1" 503 - "-" "Mozilla/5.0 (Windows NT 10.0; Win64; x64) AppleWebKit/537.36 (KHTML, like Gecko) Chrome/89.0.4389.128 Safari/537.36"
43.128.149.102 - - [03/Feb/2026:20:14:08 +0000] "GET /wp-admin/admin-ajax.php HTTP/1.1" 400 1 "-" "Mozilla/5.0 (iPhone; CPU iPhone OS 13_2_3 like Mac OS X) AppleWebKit/605.1.15 (KHTML, like Gecko) Version/13.0.3 Mobile/15E148 Safari/604.1"
102.69.210.84 - - [03/Feb/2026:20:21:54 +0000] "GET /order-received HTTP/1.1" 301 - "https://archfort.com/" "Mozilla/5.0 (X11; Linux x86_64; rv:125.0) Gecko/20100101 Firefox/125.0"
139.162.194.112 - - [03/Feb/2026:20:21:56 +0000] "POST /wp-cron.php?doing_wp_cron=1770150116.9061799049377441406250 HTTP/1.1" 200 - "-" "WordPress/6.9; https://archfort.com"
186.108.89.144 - - [03/Feb/2026:20:22:01 +0000] "GET /order-received/ HTTP/1.1" 200 13296 "https://archfort.com/" "Mozilla/5.0 (X11; Linux x86_64; rv:125.0) Gecko/20100101 Firefox/125.0"
170.106.187.106 - - [03/Feb/2026:20:23:44 +0000] "GET /wp-json/wp/v2/posts/1 HTTP/1.1" 200 711 "-" "Mozilla/5.0 (iPhone; CPU iPhone OS 13_2_3 like Mac OS X) AppleWebKit/605.1.15 (KHTML, like Gecko) Version/13.0.3 Mobile/15E148 Safari/604.1"
43.128.156.124 - - [03/Feb/2026:20:34:07 +0000] "GET /wp-includes/js/plupload/plupload.flash.swf HTTP/1.1" 404 13023 "-" "Mozilla/5.0 (iPhone; CPU iPhone OS 13_2_3 like Mac OS X) AppleWebKit/605.1.15 (KHTML, like Gecko) Version/13.0.3 Mobile/15E148 Safari/604.1"
139.162.194.112 - - [03/Feb/2026:20:34:10 +0000] "POST /wp-cron.php?doing_wp_cron=1770150850.1988708972930908203125 HTTP/1.1" 200 - "-" "WordPress/6.9; https://archfort.com"
195.178.110.68 - - [03/Feb/2026:20:43:25 +0000] "GET / HTTP/1.1" 200 12171 "-" "Mozilla/5.0 (Windows NT 10.0; Win64; x64) AppleWebKit/537.36 Chrome/122.0.0.0 Safari/537.36"
49.51.183.75 - - [03/Feb/2026:20:43:27 +0000] "GET /xmlrpc.php?rsd HTTP/1.1" 200 301 "-" "Mozilla/5.0 (iPhone; CPU iPhone OS 13_2_3 like Mac OS X) AppleWebKit/605.1.15 (KHTML, like Gecko) Version/13.0.3 Mobile/15E148 Safari/604.1"
139.162.194.112 - - [03/Feb/2026:20:43:28 +0000] "POST /wp-cron.php?doing_wp_cron=1770151408.9100170135498046875000 HTTP/1.1" 200 - "-" "WordPress/6.9; https://archfort.com"
43.166.238.12 - - [03/Feb/2026:20:53:53 +0000] "GET /wp-content/plugins/elementskit/modules/parallax/ HTTP/1.1" 200 476 "-" "Mozilla/5.0 (iPhone; CPU iPhone OS 13_2_3 like Mac OS X) AppleWebKit/605.1.15 (KHTML, like Gecko) Version/13.0.3 Mobile/15E148 Safari/604.1"
43.159.141.150 - - [03/Feb/2026:21:04:12 +0000] "GET /wp-json/oembed/1.0/embed?url=https%3A%2F%2Farchfort.com%2Fabout-archfort-enterprise%2F&format=xml HTTP/1.1" 200 1120 "-" "Mozilla/5.0 (iPhone; CPU iPhone OS 13_2_3 like Mac OS X) AppleWebKit/605.1.15 (KHTML, like Gecko) Version/13.0.3 Mobile/15E148 Safari/604.1"
54.161.130.153 - - [03/Feb/2026:21:57:15 +0000] "GET /dashboard/ HTTP/1.1" 200 14322 "-" "TerraCotta https://github.com/CeramicTeam/CeramicTerracotta"
139.162.194.112 - - [03/Feb/2026:21:57:17 +0000] "POST /wp-cron.php?doing_wp_cron=1770155837.8944969177246093750000 HTTP/1.1" 200 - "-" "WordPress/6.9; https://archfort.com"
66.249.64.10 - - [03/Feb/2026:22:21:41 +0000] "GET /robots.txt HTTP/1.1" 200 109 "-" "Mozilla/5.0 (compatible; Googlebot/2.1; +http://www.google.com/bot.html)"
66.249.64.9 - - [03/Feb/2026:22:21:45 +0000] "GET /wp-content/plugins/elementskit/widgets/trustpilot/ HTTP/1.1" 200 480 "-" "Mozilla/5.0 (Linux; Android 6.0.1; Nexus 5X Build/MMB29P) AppleWebKit/537.36 (KHTML, like Gecko) Chrome/144.0.7559.109 Mobile Safari/537.36 (compatible; Googlebot/2.1; +http://www.google.com/bot.html)"
139.162.194.112 - - [03/Feb/2026:22:21:43 +0000] "POST /wp-cron.php?doing_wp_cron=1770157303.8098890781402587890625 HTTP/1.1" 200 - "-" "WordPress/6.9; https://archfort.com"
43.162.112.12 - - [03/Feb/2026:22:31:11 +0000] "POST /xmlrpc.php HTTP/1.1" 200 403 "-" "Mozilla/5.0 (Macintosh; Intel Mac OS X 10.15; rv:130.0) Gecko/20100101 Firefox/130.0"
198.251.89.157 - - [03/Feb/2026:22:31:10 +0000] "POST /xmlrpc.php HTTP/1.1" 200 403 "-" "Mozilla/5.0 (Windows NT 10.0; Win64; x64) AppleWebKit/537.36 (KHTML, like Gecko) Chrome/129.0.6668.60 Safari/537.36"
139.162.194.112 - - [03/Feb/2026:22:31:12 +0000] "POST /wp-cron.php?doing_wp_cron=1770157872.4279439449310302734375 HTTP/1.1" 200 - "-" "WordPress/6.9; https://archfort.com"
160.250.227.36 - - [03/Feb/2026:22:31:15 +0000] "POST /xmlrpc.php HTTP/1.1" 200 403 "-" "Mozilla/5.0 (Windows NT 10.0; Win64; x64) AppleWebKit/537.36 (KHTML, like Gecko) Chrome/130.0.6723.92 Safari/537.36"
34.40.173.85 - - [03/Feb/2026:22:31:22 +0000] "POST /xmlrpc.php HTTP/1.1" 200 403 "-" "Mozilla/5.0 (Windows NT 10.0; Win64; x64) AppleWebKit/537.36 (KHTML, like Gecko) Chrome/129.0.6668.100 Safari/537.36"
200.58.126.210 - - [03/Feb/2026:22:31:33 +0000] "POST /xmlrpc.php HTTP/1.1" 200 403 "-" "Mozilla/5.0 (Windows NT 10.0; Win64; x64; rv:130.0) Gecko/20100101 Firefox/130.0"
160.250.227.36 - - [03/Feb/2026:22:31:40 +0000] "POST /xmlrpc.php HTTP/1.1" 200 403 "-" "Mozilla/5.0 (Windows NT 11.0; Win64; x64) AppleWebKit/537.36 (KHTML, like Gecko) Chrome/129.0.6668.59 Safari/537.36"
43.162.114.156 - - [03/Feb/2026:22:31:40 +0000] "POST /xmlrpc.php HTTP/1.1" 200 403 "-" "Mozilla/5.0 (Windows NT 10.0; Win64; x64; rv:131.0) Gecko/20100101 Firefox/131.0.3"
190.92.174.109 - - [03/Feb/2026:22:31:48 +0000] "POST /xmlrpc.php HTTP/1.1" 200 403 "-" "Mozilla/5.0 (Macintosh; Intel Mac OS X 10_15_7) AppleWebKit/605.1.15 (KHTML, like Gecko) Version/18.0 Safari/605.1.15"
220.158.233.50 - - [03/Feb/2026:22:31:49 +0000] "POST /xmlrpc.php HTTP/1.1" 200 403 "-" "Mozilla/5.0 (Windows NT 10.0; Win64; x64) AppleWebKit/537.36 (KHTML, like Gecko) Chrome/129.0.0.0 Safari/537.36 OPR/113.0.0.0"
47.106.140.4 - - [03/Feb/2026:22:31:54 +0000] "POST /xmlrpc.php HTTP/1.1" 200 403 "-" "Mozilla/5.0 (Macintosh; Intel Mac OS X 10_15_7) AppleWebKit/537.36 (KHTML, like Gecko) Chrome/130.0.0.0 Safari/537.36"
54.161.130.153 - - [03/Feb/2026:23:00:50 +0000] "GET /technology-solutions/ HTTP/1.1" 200 21469 "-" "TerraCotta https://github.com/CeramicTeam/CeramicTerracotta"
139.162.194.112 - - [03/Feb/2026:23:00:52 +0000] "POST /wp-cron.php?doing_wp_cron=1770159652.4799408912658691406250 HTTP/1.1" 200 - "-" "WordPress/6.9; https://archfort.com"
54.161.130.153 - - [03/Feb/2026:23:26:06 +0000] "GET /subscription/ HTTP/1.1" 200 13228 "-" "TerraCotta https://github.com/CeramicTeam/CeramicTerracotta"
139.162.194.112 - - [03/Feb/2026:23:26:09 +0000] "POST /wp-cron.php?doing_wp_cron=1770161169.1019349098205566406250 HTTP/1.1" 200 - "-" "WordPress/6.9; https://archfort.com"
66.249.64.10 - - [03/Feb/2026:23:29:40 +0000] "GET /wp-content/plugins/elementskit/widgets/image-swap/ HTTP/1.1" 200 428 "-" "Mozilla/5.0 (Linux; Android 6.0.1; Nexus 5X Build/MMB29P) AppleWebKit/537.36 (KHTML, like Gecko) Chrome/144.0.7559.109 Mobile Safari/537.36 (compatible; Googlebot/2.1; +http://www.google.com/bot.html)"
54.161.130.153 - - [03/Feb/2026:23:47:37 +0000] "GET /order-received/ HTTP/1.1" 200 13296 "-" "TerraCotta https://github.com/CeramicTeam/CeramicTerracotta"
139.162.194.112 - - [03/Feb/2026:23:47:39 +0000] "POST /wp-cron.php?doing_wp_cron=1770162459.7570009231567382812500 HTTP/1.1" 200 - "-" "WordPress/6.9; https://archfort.com"
66.249.64.9 - - [04/Feb/2026:00:03:06 +0000] "GET /wp-content/plugins/elementskit/widgets/trustpilot/trustpilot-handler.php HTTP/1.1" 500 - "-" "Mozilla/5.0 (Linux; Android 6.0.1; Nexus 5X Build/MMB29P) AppleWebKit/537.36 (KHTML, like Gecko) Chrome/144.0.7559.109 Mobile Safari/537.36 (compatible; GoogleOther)"
110.139.126.76 - - [04/Feb/2026:00:17:44 +0000] "GET /whsy.php HTTP/2.0" 200 1331 "-" "Mozilla/5.0 (Windows NT 10.0; Win64; x64) AppleWebKit/537.36 (KHTML, like Gecko) Chrome/144.0.0.0 Safari/537.36"
180.245.30.37 - - [04/Feb/2026:00:17:53 +0000] "GET /favicon.ico HTTP/2.0" 302 - "https://archfort.com/whsy.php" "Mozilla/5.0 (Windows NT 10.0; Win64; x64) AppleWebKit/537.36 (KHTML, like Gecko) Chrome/144.0.0.0 Safari/537.36"
180.245.30.37 - - [04/Feb/2026:00:17:56 +0000] "GET /wp-content/uploads/2021/12/ARCHFORT-web-icon-150x150.png HTTP/2.0" 200 5871 "https://archfort.com/whsy.php" "Mozilla/5.0 (Windows NT 10.0; Win64; x64) AppleWebKit/537.36 (KHTML, like Gecko) Chrome/144.0.0.0 Safari/537.36"
66.249.64.11 - - [04/Feb/2026:00:29:20 +0000] "GET /wp-content/plugins/elementskit/widgets/zoom/ HTTP/1.1" 200 473 "-" "Mozilla/5.0 (Linux; Android 6.0.1; Nexus 5X Build/MMB29P) AppleWebKit/537.36 (KHTML, like Gecko) Chrome/144.0.7559.109 Mobile Safari/537.36 (compatible; Googlebot/2.1; +http://www.google.com/bot.html)"
200.225.60.204 - - [04/Feb/2026:00:47:16 +0000] "GET /wp-content/plugins/elementskit/widgets/advanced-accordion HTTP/1.1" 301 327 "https://archfort.com/" "Mozilla/5.0 (Macintosh; Intel Mac OS X 10_15_7) AppleWebKit/605.1.15 (KHTML, like Gecko) Version/18.3.1 Mobile/15E148 Safari/604.1"
189.183.220.139 - - [04/Feb/2026:00:47:21 +0000] "GET /wp-content/plugins/elementskit/widgets/advanced-accordion/ HTTP/1.1" 200 441 "https://archfort.com/" "Mozilla/5.0 (Macintosh; Intel Mac OS X 10_15_7) AppleWebKit/605.1.15 (KHTML, like Gecko) Version/18.3.1 Mobile/15E148 Safari/604.1"
66.249.64.10 - - [04/Feb/2026:00:55:07 +0000] "GET /wp-content/plugins/elementskit/widgets/trustpilot/trustpilot.php HTTP/1.1" 200 - "-" "Mozilla/5.0 (Linux; Android 6.0.1; Nexus 5X Build/MMB29P) AppleWebKit/537.36 (KHTML, like Gecko) Chrome/144.0.7559.109 Mobile Safari/537.36 (compatible; GoogleOther)"
66.249.64.10 - - [04/Feb/2026:01:13:22 +0000] "GET /wp-content/plugins/elementskit/widgets/trustpilot/components/ HTTP/1.1" 200 432 "-" "Mozilla/5.0 (Linux; Android 6.0.1; Nexus 5X Build/MMB29P) AppleWebKit/537.36 (KHTML, like Gecko) Chrome/144.0.7559.109 Mobile Safari/537.36 (compatible; GoogleOther)"
18.97.9.98 - - [04/Feb/2026:01:19:11 +0000] "GET /robots.txt HTTP/1.1" 200 113 "-" "Mozilla/5.0 AppleWebKit/537.36 (KHTML, like Gecko; compatible; PerplexityBot/1.0; +https://perplexity.ai/perplexitybot)"
18.97.9.103 - - [04/Feb/2026:01:19:13 +0000] "GET /about-archfort-enterprise/ HTTP/1.1" 200 19897 "-" "Mozilla/5.0 AppleWebKit/537.36 (KHTML, like Gecko; compatible; PerplexityBot/1.0; +https://perplexity.ai/perplexitybot)"
18.97.9.103 - - [04/Feb/2026:01:19:13 +0000] "GET /our-businesses/ HTTP/1.1" 200 16305 "-" "Mozilla/5.0 AppleWebKit/537.36 (KHTML, like Gecko; compatible; PerplexityBot/1.0; +https://perplexity.ai/perplexitybot)"
18.97.9.98 - - [04/Feb/2026:01:19:13 +0000] "GET /login/ HTTP/1.1" 200 14212 "-" "Mozilla/5.0 AppleWebKit/537.36 (KHTML, like Gecko; compatible; PerplexityBot/1.0; +https://perplexity.ai/perplexitybot)"
18.97.9.98 - - [04/Feb/2026:01:19:13 +0000] "GET / HTTP/1.1" 200 18112 "-" "Mozilla/5.0 AppleWebKit/537.36 (KHTML, like Gecko; compatible; PerplexityBot/1.0; +https://perplexity.ai/perplexitybot)"
173.252.70.1 - - [04/Feb/2026:01:19:17 +0000] "GET /robots.txt HTTP/2.0" 200 - "-" "facebookexternalhit/1.1 (+http://www.facebook.com/externalhit_uatext.php)"
173.252.70.112 - - [04/Feb/2026:01:19:19 +0000] "GET /robots.txt HTTP/2.0" 200 - "-" "facebookexternalhit/1.1 (+http://www.facebook.com/externalhit_uatext.php)"
69.63.184.22 - - [04/Feb/2026:01:19:20 +0000] "GET /robots.txt HTTP/2.0" 200 - "-" "facebookexternalhit/1.1 (+http://www.facebook.com/externalhit_uatext.php)"
173.252.69.115 - - [04/Feb/2026:01:19:22 +0000] "GET /robots.txt HTTP/2.0" 200 - "-" "facebookexternalhit/1.1 (+http://www.facebook.com/externalhit_uatext.php)"
69.171.230.1 - - [04/Feb/2026:01:21:53 +0000] "GET /robots.txt HTTP/2.0" 200 - "-" "facebookexternalhit/1.1 (+http://www.facebook.com/externalhit_uatext.php)"
69.171.230.18 - - [04/Feb/2026:01:21:55 +0000] "GET /robots.txt HTTP/2.0" 200 - "-" "facebookexternalhit/1.1 (+http://www.facebook.com/externalhit_uatext.php)"
