43.228.157.37 - - [17/Mar/2026:14:19:17 +0000] "GET /assets/server/php/?file=tf2rghf.jpg HTTP/1.1" 404 71763 "-" "ALittle Client"
139.162.194.112 - - [17/Mar/2026:14:19:18 +0000] "POST /wp-cron.php?doing_wp_cron=1773757158.8897008895874023437500 HTTP/1.1" 404 15608 "-" "WordPress/6.9.1; https://nfsin.com"
43.173.173.42 - - [17/Mar/2026:14:35:48 +0000] "GET /wp-includes/class-wp-list-util.php HTTP/1.1" 404 15608 "-" "Mozilla/5.0 (Windows NT 10.0; Win64; x64) AppleWebKit/537.36 (KHTML, like Gecko) Chrome/103.0.0.0 Safari/537.36"
139.162.194.112 - - [17/Mar/2026:14:35:50 +0000] "POST /wp-cron.php?doing_wp_cron=1773758150.2783000469207763671875 HTTP/1.1" 404 15608 "-" "WordPress/6.9.1; https://nfsin.com"
43.173.172.32 - - [17/Mar/2026:14:39:49 +0000] "GET /wp-includes/class-wp-token-map.php HTTP/1.1" 404 15608 "-" "Mozilla/5.0 (Windows NT 10.0; Win64; x64) AppleWebKit/537.36 (KHTML, like Gecko) Chrome/103.0.0.0 Safari/537.36"
139.162.194.112 - - [17/Mar/2026:14:39:54 +0000] "POST /wp-cron.php?doing_wp_cron=1773758394.8698129653930664062500 HTTP/1.1" 404 15608 "-" "WordPress/6.9.1; https://nfsin.com"
34.142.251.255 - - [17/Mar/2026:15:05:32 +0000] "HEAD / HTTP/1.1" 301 - "-" "Mozilla/5.0 (Macintosh; Intel Mac OS X 10_15_7) AppleWebKit/605.1.15 (KHTML, like Gecko) Version/17.0 Safari/605.1.15"
34.142.251.255 - - [17/Mar/2026:15:05:41 +0000] "GET / HTTP/1.1" 301 20 "-" "Mozilla/5.0 (iPhone; CPU iPhone OS 17_0 like Mac OS X) AppleWebKit/605.1.15 (KHTML, like Gecko) Version/17.0 Mobile/15E148 Safari/604.1"
45.124.27.168 - - [17/Mar/2026:15:27:54 +0000] "GET /wp-content/themes/igsin/style.css?ver=6.9.1 HTTP/1.1" 200 5240 "http://nfsin.com/adminfuns.php" "Mozilla/5.0 (Windows NT 10.0; Win64; x64) AppleWebKit/537.36 (KHTML, like Gecko) Chrome/146.0.0.0 Safari/537.36"
45.124.27.168 - - [17/Mar/2026:15:27:54 +0000] "GET /wp-content/themes/igsin/inc/assets/css/owl.theme.default.css?ver=6.9.1 HTTP/1.1" 200 562 "http://nfsin.com/adminfuns.php" "Mozilla/5.0 (Windows NT 10.0; Win64; x64) AppleWebKit/537.36 (KHTML, like Gecko) Chrome/146.0.0.0 Safari/537.36"
45.124.27.168 - - [17/Mar/2026:15:27:54 +0000] "GET /wp-content/themes/igsin/inc/assets/css/owl.carousel.min.css?ver=6.9.1 HTTP/1.1" 200 1068 "http://nfsin.com/adminfuns.php" "Mozilla/5.0 (Windows NT 10.0; Win64; x64) AppleWebKit/537.36 (KHTML, like Gecko) Chrome/146.0.0.0 Safari/537.36"
45.124.27.168 - - [17/Mar/2026:15:27:54 +0000] "GET /wp-content/themes/igsin/inc/assets/css/owl.theme.default.min.css?ver=6.9.1 HTTP/1.1" 200 487 "http://nfsin.com/adminfuns.php" "Mozilla/5.0 (Windows NT 10.0; Win64; x64) AppleWebKit/537.36 (KHTML, like Gecko) Chrome/146.0.0.0 Safari/537.36"
45.124.27.168 - - [17/Mar/2026:15:27:54 +0000] "GET /wp-content/themes/igsin/inc/assets/vendors/bootstrap-5.2-dist/css/bootstrap.min.css?ver=6.9.1 HTTP/1.1" 200 27518 "http://nfsin.com/adminfuns.php" "Mozilla/5.0 (Windows NT 10.0; Win64; x64) AppleWebKit/537.36 (KHTML, like Gecko) Chrome/146.0.0.0 Safari/537.36"
45.124.27.168 - - [17/Mar/2026:15:27:55 +0000] "GET /wp-content/themes/igsin/inc/assets/vendors/custom-css-grid.min.css?ver=6.9.1 HTTP/1.1" 200 1953 "http://nfsin.com/adminfuns.php" "Mozilla/5.0 (Windows NT 10.0; Win64; x64) AppleWebKit/537.36 (KHTML, like Gecko) Chrome/146.0.0.0 Safari/537.36"
45.124.27.168 - - [17/Mar/2026:15:27:55 +0000] "GET /wp-content/themes/igsin/inc/assets/css/style.css?ver=6.9.1 HTTP/1.1" 200 10857 "http://nfsin.com/adminfuns.php" "Mozilla/5.0 (Windows NT 10.0; Win64; x64) AppleWebKit/537.36 (KHTML, like Gecko) Chrome/146.0.0.0 Safari/537.36"
45.124.27.168 - - [17/Mar/2026:15:27:55 +0000] "GET /wp-content/plugins/ultimate-member/assets/css/um-fonticons-ii.css?ver=2.6.7 HTTP/1.1" 200 5931 "http://nfsin.com/adminfuns.php" "Mozilla/5.0 (Windows NT 10.0; Win64; x64) AppleWebKit/537.36 (KHTML, like Gecko) Chrome/146.0.0.0 Safari/537.36"
45.124.27.168 - - [17/Mar/2026:15:27:55 +0000] "GET /wp-content/themes/igsin/inc/assets/vendors/Magnific-Popup-master/dist/magnific-popup.css?ver=6.9.1 HTTP/1.1" 200 1816 "http://nfsin.com/adminfuns.php" "Mozilla/5.0 (Windows NT 10.0; Win64; x64) AppleWebKit/537.36 (KHTML, like Gecko) Chrome/146.0.0.0 Safari/537.36"
45.124.27.168 - - [17/Mar/2026:15:27:42 +0000] "GET /adminfuns.php HTTP/1.1" 404 15608 "-" "Mozilla/5.0 (Windows NT 10.0; Win64; x64) AppleWebKit/537.36 (KHTML, like Gecko) Chrome/146.0.0.0 Safari/537.36"
45.124.27.168 - - [17/Mar/2026:15:27:55 +0000] "GET /wp-content/plugins/ultimate-member/assets/css/um-fonticons-fa.css?ver=2.6.7 HTTP/1.1" 200 4776 "http://nfsin.com/adminfuns.php" "Mozilla/5.0 (Windows NT 10.0; Win64; x64) AppleWebKit/537.36 (KHTML, like Gecko) Chrome/146.0.0.0 Safari/537.36"
45.124.27.168 - - [17/Mar/2026:15:27:55 +0000] "GET /wp-content/plugins/ultimate-member/assets/css/select2/select2.min.css?ver=4.0.13 HTTP/1.1" 200 1998 "http://nfsin.com/adminfuns.php" "Mozilla/5.0 (Windows NT 10.0; Win64; x64) AppleWebKit/537.36 (KHTML, like Gecko) Chrome/146.0.0.0 Safari/537.36"
45.124.27.168 - - [17/Mar/2026:15:27:55 +0000] "GET /wp-content/plugins/ultimate-member/assets/css/um-crop.css?ver=2.6.7 HTTP/1.1" 200 965 "http://nfsin.com/adminfuns.php" "Mozilla/5.0 (Windows NT 10.0; Win64; x64) AppleWebKit/537.36 (KHTML, like Gecko) Chrome/146.0.0.0 Safari/537.36"
45.124.27.168 - - [17/Mar/2026:15:27:55 +0000] "GET /wp-content/plugins/ultimate-member/assets/css/um-styles.css?ver=2.6.7 HTTP/1.1" 200 4275 "http://nfsin.com/adminfuns.php" "Mozilla/5.0 (Windows NT 10.0; Win64; x64) AppleWebKit/537.36 (KHTML, like Gecko) Chrome/146.0.0.0 Safari/537.36"
45.124.27.168 - - [17/Mar/2026:15:27:55 +0000] "GET /wp-content/plugins/ultimate-member/assets/css/um-modal.css?ver=2.6.7 HTTP/1.1" 200 938 "http://nfsin.com/adminfuns.php" "Mozilla/5.0 (Windows NT 10.0; Win64; x64) AppleWebKit/537.36 (KHTML, like Gecko) Chrome/146.0.0.0 Safari/537.36"
45.124.27.168 - - [17/Mar/2026:15:27:55 +0000] "GET /wp-content/plugins/ultimate-member/assets/css/um-profile.css?ver=2.6.7 HTTP/1.1" 200 2151 "http://nfsin.com/adminfuns.php" "Mozilla/5.0 (Windows NT 10.0; Win64; x64) AppleWebKit/537.36 (KHTML, like Gecko) Chrome/146.0.0.0 Safari/537.36"
45.124.27.168 - - [17/Mar/2026:15:27:56 +0000] "GET /wp-content/plugins/ultimate-member/assets/css/um-account.css?ver=2.6.7 HTTP/1.1" 200 1130 "http://nfsin.com/adminfuns.php" "Mozilla/5.0 (Windows NT 10.0; Win64; x64) AppleWebKit/537.36 (KHTML, like Gecko) Chrome/146.0.0.0 Safari/537.36"
45.124.27.168 - - [17/Mar/2026:15:27:56 +0000] "GET /wp-content/plugins/ultimate-member/assets/css/um-misc.css?ver=2.6.7 HTTP/1.1" 200 711 "http://nfsin.com/adminfuns.php" "Mozilla/5.0 (Windows NT 10.0; Win64; x64) AppleWebKit/537.36 (KHTML, like Gecko) Chrome/146.0.0.0 Safari/537.36"
45.124.27.168 - - [17/Mar/2026:15:27:56 +0000] "GET /wp-content/plugins/ultimate-member/assets/css/pickadate/default.css?ver=2.6.7 HTTP/1.1" 200 1187 "http://nfsin.com/adminfuns.php" "Mozilla/5.0 (Windows NT 10.0; Win64; x64) AppleWebKit/537.36 (KHTML, like Gecko) Chrome/146.0.0.0 Safari/537.36"
45.124.27.168 - - [17/Mar/2026:15:27:56 +0000] "GET /wp-content/plugins/ultimate-member/assets/css/um-fileupload.css?ver=2.6.7 HTTP/1.1" 200 935 "http://nfsin.com/adminfuns.php" "Mozilla/5.0 (Windows NT 10.0; Win64; x64) AppleWebKit/537.36 (KHTML, like Gecko) Chrome/146.0.0.0 Safari/537.36"
45.124.27.168 - - [17/Mar/2026:15:27:56 +0000] "GET /wp-content/plugins/ultimate-member/assets/css/pickadate/default.date.css?ver=2.6.7 HTTP/1.1" 200 1261 "http://nfsin.com/adminfuns.php" "Mozilla/5.0 (Windows NT 10.0; Win64; x64) AppleWebKit/537.36 (KHTML, like Gecko) Chrome/146.0.0.0 Safari/537.36"
45.124.27.168 - - [17/Mar/2026:15:27:56 +0000] "GET /wp-content/plugins/ultimate-member/assets/css/pickadate/default.time.css?ver=2.6.7 HTTP/1.1" 200 740 "http://nfsin.com/adminfuns.php" "Mozilla/5.0 (Windows NT 10.0; Win64; x64) AppleWebKit/537.36 (KHTML, like Gecko) Chrome/146.0.0.0 Safari/537.36"
45.124.27.168 - - [17/Mar/2026:15:27:56 +0000] "GET /wp-content/plugins/ultimate-member/assets/css/um-raty.css?ver=2.6.7 HTTP/1.1" 200 429 "http://nfsin.com/adminfuns.php" "Mozilla/5.0 (Windows NT 10.0; Win64; x64) AppleWebKit/537.36 (KHTML, like Gecko) Chrome/146.0.0.0 Safari/537.36"
45.124.27.168 - - [17/Mar/2026:15:27:56 +0000] "GET /wp-content/plugins/ultimate-member/assets/css/simplebar.css?ver=2.6.7 HTTP/1.1" 200 1017 "http://nfsin.com/adminfuns.php" "Mozilla/5.0 (Windows NT 10.0; Win64; x64) AppleWebKit/537.36 (KHTML, like Gecko) Chrome/146.0.0.0 Safari/537.36"
45.124.27.168 - - [17/Mar/2026:15:27:56 +0000] "GET /wp-content/plugins/ultimate-member/assets/css/um-tipsy.css?ver=2.6.7 HTTP/1.1" 200 520 "http://nfsin.com/adminfuns.php" "Mozilla/5.0 (Windows NT 10.0; Win64; x64) AppleWebKit/537.36 (KHTML, like Gecko) Chrome/146.0.0.0 Safari/537.36"
45.124.27.168 - - [17/Mar/2026:15:27:56 +0000] "GET /wp-content/plugins/ultimate-member/assets/css/um-responsive.css?ver=2.6.7 HTTP/1.1" 200 1869 "http://nfsin.com/adminfuns.php" "Mozilla/5.0 (Windows NT 10.0; Win64; x64) AppleWebKit/537.36 (KHTML, like Gecko) Chrome/146.0.0.0 Safari/537.36"
45.124.27.168 - - [17/Mar/2026:15:27:56 +0000] "GET /wp-content/plugins/ultimate-member/assets/css/um-old-default.css?ver=2.6.7 HTTP/1.1" 200 1186 "http://nfsin.com/adminfuns.php" "Mozilla/5.0 (Windows NT 10.0; Win64; x64) AppleWebKit/537.36 (KHTML, like Gecko) Chrome/146.0.0.0 Safari/537.36"
45.124.27.168 - - [17/Mar/2026:15:27:56 +0000] "GET /wp-includes/js/jquery/jquery.min.js?ver=3.7.1 HTTP/1.1" 200 30368 "http://nfsin.com/adminfuns.php" "Mozilla/5.0 (Windows NT 10.0; Win64; x64) AppleWebKit/537.36 (KHTML, like Gecko) Chrome/146.0.0.0 Safari/537.36"
45.124.27.168 - - [17/Mar/2026:15:27:57 +0000] "GET /wp-includes/js/jquery/jquery-migrate.min.js?ver=3.4.1 HTTP/1.1" 200 4872 "http://nfsin.com/adminfuns.php" "Mozilla/5.0 (Windows NT 10.0; Win64; x64) AppleWebKit/537.36 (KHTML, like Gecko) Chrome/146.0.0.0 Safari/537.36"
45.124.27.168 - - [17/Mar/2026:15:27:57 +0000] "GET /wp-content/plugins/um-terms-conditions/assets/js/um-terms-conditions-public.min.js?ver=2.1.3 HTTP/1.1" 200 224 "http://nfsin.com/adminfuns.php" "Mozilla/5.0 (Windows NT 10.0; Win64; x64) AppleWebKit/537.36 (KHTML, like Gecko) Chrome/146.0.0.0 Safari/537.36"
45.124.27.168 - - [17/Mar/2026:15:27:57 +0000] "GET /wp-content/plugins/ultimate-member/assets/js/um-gdpr.min.js?ver=2.6.7 HTTP/1.1" 200 254 "http://nfsin.com/adminfuns.php" "Mozilla/5.0 (Windows NT 10.0; Win64; x64) AppleWebKit/537.36 (KHTML, like Gecko) Chrome/146.0.0.0 Safari/537.36"
45.124.27.168 - - [17/Mar/2026:15:27:58 +0000] "GET /wp-content/themes/igsin/inc/assets/js/script.js?ver=6.9.1 HTTP/1.1" 200 1260 "http://nfsin.com/adminfuns.php" "Mozilla/5.0 (Windows NT 10.0; Win64; x64) AppleWebKit/537.36 (KHTML, like Gecko) Chrome/146.0.0.0 Safari/537.36"
45.124.27.168 - - [17/Mar/2026:15:27:58 +0000] "GET /wp-content/themes/igsin/inc/assets/vendors/Magnific-Popup-master/dist/jquery.magnific-popup.min.js?ver=6.9.1 HTTP/1.1" 200 7346 "http://nfsin.com/adminfuns.php" "Mozilla/5.0 (Windows NT 10.0; Win64; x64) AppleWebKit/537.36 (KHTML, like Gecko) Chrome/146.0.0.0 Safari/537.36"
45.124.27.168 - - [17/Mar/2026:15:27:58 +0000] "GET /wp-content/plugins/ultimate-member/assets/js/select2/select2.full.min.js?ver=4.0.13 HTTP/1.1" 200 22030 "http://nfsin.com/adminfuns.php" "Mozilla/5.0 (Windows NT 10.0; Win64; x64) AppleWebKit/537.36 (KHTML, like Gecko) Chrome/146.0.0.0 Safari/537.36"
45.124.27.168 - - [17/Mar/2026:15:27:58 +0000] "GET /wp-content/themes/igsin/inc/assets/js/owl.carousel.js?ver=6.9.1 HTTP/1.1" 200 20037 "http://nfsin.com/adminfuns.php" "Mozilla/5.0 (Windows NT 10.0; Win64; x64) AppleWebKit/537.36 (KHTML, like Gecko) Chrome/146.0.0.0 Safari/537.36"
45.124.27.168 - - [17/Mar/2026:15:27:58 +0000] "GET /wp-content/themes/igsin/inc/assets/vendors/bootstrap-5.2-dist/js/bootstrap.bundle.min.js?ver=6.9.1 HTTP/1.1" 200 23310 "http://nfsin.com/adminfuns.php" "Mozilla/5.0 (Windows NT 10.0; Win64; x64) AppleWebKit/537.36 (KHTML, like Gecko) Chrome/146.0.0.0 Safari/537.36"
45.124.27.168 - - [17/Mar/2026:15:27:58 +0000] "GET /wp-includes/js/underscore.min.js?ver=1.13.7 HTTP/1.1" 200 7317 "http://nfsin.com/adminfuns.php" "Mozilla/5.0 (Windows NT 10.0; Win64; x64) AppleWebKit/537.36 (KHTML, like Gecko) Chrome/146.0.0.0 Safari/537.36"
45.124.27.168 - - [17/Mar/2026:15:27:58 +0000] "GET /wp-includes/js/wp-util.min.js?ver=6.9.1 HTTP/1.1" 200 756 "http://nfsin.com/adminfuns.php" "Mozilla/5.0 (Windows NT 10.0; Win64; x64) AppleWebKit/537.36 (KHTML, like Gecko) Chrome/146.0.0.0 Safari/537.36"
45.124.27.168 - - [17/Mar/2026:15:27:58 +0000] "GET /wp-content/plugins/ultimate-member/assets/js/um-crop.min.js?ver=2.6.7 HTTP/1.1" 200 5528 "http://nfsin.com/adminfuns.php" "Mozilla/5.0 (Windows NT 10.0; Win64; x64) AppleWebKit/537.36 (KHTML, like Gecko) Chrome/146.0.0.0 Safari/537.36"
45.124.27.168 - - [17/Mar/2026:15:27:58 +0000] "GET /wp-content/plugins/ultimate-member/assets/js/um-modal.min.js?ver=2.6.7 HTTP/1.1" 200 1227 "http://nfsin.com/adminfuns.php" "Mozilla/5.0 (Windows NT 10.0; Win64; x64) AppleWebKit/537.36 (KHTML, like Gecko) Chrome/146.0.0.0 Safari/537.36"
45.124.27.168 - - [17/Mar/2026:15:27:59 +0000] "GET /wp-content/plugins/ultimate-member/assets/js/um-jquery-form.min.js?ver=2.6.7 HTTP/1.1" 200 5473 "http://nfsin.com/adminfuns.php" "Mozilla/5.0 (Windows NT 10.0; Win64; x64) AppleWebKit/537.36 (KHTML, like Gecko) Chrome/146.0.0.0 Safari/537.36"
45.124.27.168 - - [17/Mar/2026:15:27:59 +0000] "GET /wp-content/plugins/ultimate-member/assets/js/um-fileupload.js?ver=2.6.7 HTTP/1.1" 200 3412 "http://nfsin.com/adminfuns.php" "Mozilla/5.0 (Windows NT 10.0; Win64; x64) AppleWebKit/537.36 (KHTML, like Gecko) Chrome/146.0.0.0 Safari/537.36"
45.124.27.168 - - [17/Mar/2026:15:27:59 +0000] "GET /wp-content/plugins/ultimate-member/assets/js/pickadate/picker.js?ver=2.6.7 HTTP/1.1" 200 9371 "http://nfsin.com/adminfuns.php" "Mozilla/5.0 (Windows NT 10.0; Win64; x64) AppleWebKit/537.36 (KHTML, like Gecko) Chrome/146.0.0.0 Safari/537.36"
45.124.27.168 - - [17/Mar/2026:15:27:59 +0000] "GET /wp-content/plugins/ultimate-member/assets/js/pickadate/picker.time.js?ver=2.6.7 HTTP/1.1" 200 7666 "http://nfsin.com/adminfuns.php" "Mozilla/5.0 (Windows NT 10.0; Win64; x64) AppleWebKit/537.36 (KHTML, like Gecko) Chrome/146.0.0.0 Safari/537.36"
45.124.27.168 - - [17/Mar/2026:15:27:59 +0000] "GET /wp-content/plugins/ultimate-member/assets/js/pickadate/picker.date.js?ver=2.6.7 HTTP/1.1" 200 10621 "http://nfsin.com/adminfuns.php" "Mozilla/5.0 (Windows NT 10.0; Win64; x64) AppleWebKit/537.36 (KHTML, like Gecko) Chrome/146.0.0.0 Safari/537.36"
45.124.27.168 - - [17/Mar/2026:15:27:59 +0000] "GET /wp-includes/js/dist/hooks.min.js?ver=dd5603f07f9220ed27f1 HTTP/1.1" 200 1941 "http://nfsin.com/adminfuns.php" "Mozilla/5.0 (Windows NT 10.0; Win64; x64) AppleWebKit/537.36 (KHTML, like Gecko) Chrome/146.0.0.0 Safari/537.36"
45.124.27.168 - - [17/Mar/2026:15:27:59 +0000] "GET /wp-includes/js/dist/i18n.min.js?ver=c26c3dc7bed366793375 HTTP/1.1" 200 2229 "http://nfsin.com/adminfuns.php" "Mozilla/5.0 (Windows NT 10.0; Win64; x64) AppleWebKit/537.36 (KHTML, like Gecko) Chrome/146.0.0.0 Safari/537.36"
45.124.27.168 - - [17/Mar/2026:15:27:59 +0000] "GET /wp-content/plugins/ultimate-member/assets/js/um-raty.min.js?ver=2.6.7 HTTP/1.1" 200 3017 "http://nfsin.com/adminfuns.php" "Mozilla/5.0 (Windows NT 10.0; Win64; x64) AppleWebKit/537.36 (KHTML, like Gecko) Chrome/146.0.0.0 Safari/537.36"
45.124.27.168 - - [17/Mar/2026:15:27:59 +0000] "GET /wp-content/plugins/ultimate-member/assets/js/um-tipsy.min.js?ver=2.6.7 HTTP/1.1" 200 1589 "http://nfsin.com/adminfuns.php" "Mozilla/5.0 (Windows NT 10.0; Win64; x64) AppleWebKit/537.36 (KHTML, like Gecko) Chrome/146.0.0.0 Safari/537.36"
45.124.27.168 - - [17/Mar/2026:15:27:59 +0000] "GET /wp-includes/js/imagesloaded.min.js?ver=5.0.0 HTTP/1.1" 200 1803 "http://nfsin.com/adminfuns.php" "Mozilla/5.0 (Windows NT 10.0; Win64; x64) AppleWebKit/537.36 (KHTML, like Gecko) Chrome/146.0.0.0 Safari/537.36"
45.124.27.168 - - [17/Mar/2026:15:28:00 +0000] "GET /wp-includes/js/masonry.min.js?ver=4.2.2 HTTP/1.1" 200 7382 "http://nfsin.com/adminfuns.php" "Mozilla/5.0 (Windows NT 10.0; Win64; x64) AppleWebKit/537.36 (KHTML, like Gecko) Chrome/146.0.0.0 Safari/537.36"
45.124.27.168 - - [17/Mar/2026:15:28:00 +0000] "GET /wp-includes/js/jquery/jquery.masonry.min.js?ver=3.1.2b HTTP/1.1" 200 716 "http://nfsin.com/adminfuns.php" "Mozilla/5.0 (Windows NT 10.0; Win64; x64) AppleWebKit/537.36 (KHTML, like Gecko) Chrome/146.0.0.0 Safari/537.36"
27.115.124.118 - - [17/Mar/2026:15:27:52 +0000] "GET / HTTP/1.1" 301 20 "-" "Mozilla/5.0 (Linux; Android 11; CPH2185) AppleWebKit/537.36 (KHTML, like Gecko) Chrome/91.0.4472.101 Mobile Safari/537.36"
27.115.124.45 - - [17/Mar/2026:15:27:52 +0000] "GET /adminfuns.php HTTP/1.1" 404 15608 "-" "Mozilla/5.0 (Linux; Android 11; V2055A) AppleWebKit/537.36 (KHTML, like Gecko) Chrome/91.0.4472.101 Mobile Safari/537.36"
45.124.27.168 - - [17/Mar/2026:15:28:00 +0000] "GET /wp-content/plugins/ultimate-member/assets/js/simplebar.min.js?ver=2.6.7 HTTP/1.1" 200 13272 "http://nfsin.com/adminfuns.php" "Mozilla/5.0 (Windows NT 10.0; Win64; x64) AppleWebKit/537.36 (KHTML, like Gecko) Chrome/146.0.0.0 Safari/537.36"
45.124.27.168 - - [17/Mar/2026:15:28:00 +0000] "GET /wp-content/plugins/ultimate-member/assets/js/um-functions.min.js?ver=2.6.7 HTTP/1.1" 200 3626 "http://nfsin.com/adminfuns.php" "Mozilla/5.0 (Windows NT 10.0; Win64; x64) AppleWebKit/537.36 (KHTML, like Gecko) Chrome/146.0.0.0 Safari/537.36"
45.124.27.168 - - [17/Mar/2026:15:28:00 +0000] "GET /wp-content/plugins/ultimate-member/assets/js/um-responsive.min.js?ver=2.6.7 HTTP/1.1" 200 140 "http://nfsin.com/adminfuns.php" "Mozilla/5.0 (Windows NT 10.0; Win64; x64) AppleWebKit/537.36 (KHTML, like Gecko) Chrome/146.0.0.0 Safari/537.36"
45.124.27.168 - - [17/Mar/2026:15:28:00 +0000] "GET /wp-content/plugins/ultimate-member/assets/js/um-profile.min.js?ver=2.6.7 HTTP/1.1" 200 950 "http://nfsin.com/adminfuns.php" "Mozilla/5.0 (Windows NT 10.0; Win64; x64) AppleWebKit/537.36 (KHTML, like Gecko) Chrome/146.0.0.0 Safari/537.36"
45.124.27.168 - - [17/Mar/2026:15:28:00 +0000] "GET /wp-content/plugins/ultimate-member/assets/js/um-scripts.min.js?ver=2.6.7 HTTP/1.1" 200 3274 "http://nfsin.com/adminfuns.php" "Mozilla/5.0 (Windows NT 10.0; Win64; x64) AppleWebKit/537.36 (KHTML, like Gecko) Chrome/146.0.0.0 Safari/537.36"
45.124.27.168 - - [17/Mar/2026:15:28:00 +0000] "GET /wp-content/plugins/ultimate-member/assets/js/um-conditional.min.js?ver=2.6.7 HTTP/1.1" 200 2352 "http://nfsin.com/adminfuns.php" "Mozilla/5.0 (Windows NT 10.0; Win64; x64) AppleWebKit/537.36 (KHTML, like Gecko) Chrome/146.0.0.0 Safari/537.36"
45.124.27.168 - - [17/Mar/2026:15:28:01 +0000] "GET /wp-content/plugins/ultimate-member/assets/js/um-account.min.js?ver=2.6.7 HTTP/1.1" 200 756 "http://nfsin.com/adminfuns.php" "Mozilla/5.0 (Windows NT 10.0; Win64; x64) AppleWebKit/537.36 (KHTML, like Gecko) Chrome/146.0.0.0 Safari/537.36"
139.162.194.112 - - [17/Mar/2026:15:27:54 +0000] "POST /wp-cron.php?doing_wp_cron=1773761274.2897551059722900390625 HTTP/1.1" 404 15608 "-" "WordPress/6.9.1; https://nfsin.com"
45.124.27.168 - - [17/Mar/2026:15:28:17 +0000] "GET /wp-includes/js/wp-emoji-release.min.js?ver=6.9.1 HTTP/1.1" 200 5375 "http://nfsin.com/adminfuns.php" "Mozilla/5.0 (Windows NT 10.0; Win64; x64) AppleWebKit/537.36 (KHTML, like Gecko) Chrome/146.0.0.0 Safari/537.36"
43.173.179.111 - - [17/Mar/2026:15:39:30 +0000] "GET /wp-includes/spl-autoload-compat.php HTTP/1.1" 404 15608 "-" "Mozilla/5.0 (Windows NT 10.0; Win64; x64) AppleWebKit/537.36 (KHTML, like Gecko) Chrome/104.0.5112.81 Safari/537.36"
43.173.178.222 - - [17/Mar/2026:15:40:37 +0000] "GET /wp-includes/robots-template.php HTTP/1.1" 404 15608 "-" "Mozilla/5.0 (Windows NT 10.0; Win64; x64) AppleWebKit/537.36 (KHTML, like Gecko) Chrome/105.0.0.0 Safari/537.3"
43.173.174.158 - - [17/Mar/2026:15:43:39 +0000] "GET /wp-includes/ms-deprecated.php HTTP/1.1" 404 15608 "-" "Mozilla/5.0 (Windows NT 10.0; Win64; x64) AppleWebKit/537.36 (KHTML, like Gecko) Chrome/131.0.0.0 Safari/537.36"
139.162.194.112 - - [17/Mar/2026:15:43:41 +0000] "POST /wp-cron.php?doing_wp_cron=1773762221.1867799758911132812500 HTTP/1.1" 404 15608 "-" "WordPress/6.9.1; https://nfsin.com"
20.220.232.101 - - [17/Mar/2026:15:53:22 +0000] "GET /adminfuns.php HTTP/1.1" 404 15610 "-" "Mozilla/5.0 (Windows NT 10.0; Win64; x64) AppleWebKit/537.36 (KHTML, like Gecko) Chrome/112.0.0.0 Safari/537.36"
20.220.232.101 - - [17/Mar/2026:15:53:26 +0000] "GET /adminfuns.php HTTP/1.1" 404 71810 "-" "Mozilla/5.0 (Windows NT 10.0; Win64; x64) AppleWebKit/537.36 (KHTML, like Gecko) Chrome/90.0.4430.85 Safari/537.36"
45.124.27.168 - - [17/Mar/2026:16:05:28 +0000] "GET /adminfuns.php HTTP/1.1" 404 15610 "-" "Mozilla/5.0 (Windows NT 10.0; Win64; x64) AppleWebKit/537.36 (KHTML, like Gecko) Chrome/146.0.0.0 Safari/537.36"
27.115.124.45 - - [17/Mar/2026:16:05:54 +0000] "GET /adminfuns.php HTTP/1.1" 404 15610 "-" "Mozilla/5.0 (Linux; Android 11; V2055A) AppleWebKit/537.36 (KHTML, like Gecko) Chrome/91.0.4472.101 Mobile Safari/537.36"
27.115.124.118 - - [17/Mar/2026:16:05:55 +0000] "GET / HTTP/1.1" 301 20 "-" "Mozilla/5.0 (Linux; Android 10; HUAWEI P30 Pro) AppleWebKit/537.36 (KHTML, like Gecko) Chrome/89.0.4389.105 Mobile Safari/537.36"
43.173.180.227 - - [17/Mar/2026:16:14:04 +0000] "GET / HTTP/1.1" 301 20 "-" "Mozilla/5.0 (Windows NT 10.0; Win64; x64) AppleWebKit/537.36 (KHTML, like Gecko) Chrome/120.0.0.0 Safari/537.36"
139.162.194.112 - - [17/Mar/2026:16:14:09 +0000] "POST /wp-cron.php?doing_wp_cron=1773764049.6358039379119873046875 HTTP/1.1" 404 15608 "-" "WordPress/6.9.1; https://nfsin.com"
43.173.181.235 - - [17/Mar/2026:16:14:20 +0000] "GET / HTTP/1.1" 301 20 "-" "Mozilla/5.0 (Windows NT 10.0; Win64; x64) AppleWebKit/537.36 (KHTML, like Gecko) Chrome/131.0.0.0 Safari/537.36"
173.239.218.68 - - [17/Mar/2026:16:20:08 +0000] "GET /wp-includes/css/buttons.css HTTP/1.1" 200 2495 "-" "Go-http-client/1.1"
223.15.245.170 - - [17/Mar/2026:16:33:15 +0000] "GET / HTTP/1.1" 301 20 "-" "Mozilla/5.0 (iPhone; CPU iPhone OS 13_2_3 like Mac OS X) AppleWebKit/605.1.15 (KHTML, like Gecko) Version/13.0.3 Mobile/15E148 Safari/604.1"
139.162.194.112 - - [17/Mar/2026:16:33:16 +0000] "POST /wp-cron.php?doing_wp_cron=1773765196.9304380416870117187500 HTTP/1.1" 404 15608 "-" "WordPress/6.9.1; https://nfsin.com"
43.173.173.179 - - [17/Mar/2026:16:38:27 +0000] "GET /wp-includes/class-wp-error.php HTTP/1.1" 404 15608 "-" "Mozilla/5.0 (Windows NT 10.0; Win64; x64) AppleWebKit/537.36 (KHTML, like Gecko) Chrome/107.0.0.0 Safari/537.36"
139.162.194.112 - - [17/Mar/2026:16:38:31 +0000] "POST /wp-cron.php?doing_wp_cron=1773765511.2046530246734619140625 HTTP/1.1" 404 15608 "-" "WordPress/6.9.1; https://nfsin.com"
43.173.182.108 - - [17/Mar/2026:16:41:35 +0000] "GET /wp-includes/class.wp-dependencies.php HTTP/1.1" 404 15608 "-" "Mozilla/5.0 (Windows NT 10.0; Win64; x64) AppleWebKit/537.36 (KHTML, like Gecko) Chrome/103.0.0.0 Safari/537.36"
139.162.194.112 - - [17/Mar/2026:16:41:37 +0000] "POST /wp-cron.php?doing_wp_cron=1773765697.5848450660705566406250 HTTP/1.1" 404 15608 "-" "WordPress/6.9.1; https://nfsin.com"
43.173.174.245 - - [17/Mar/2026:16:44:38 +0000] "GET /wp-includes/theme-previews.php HTTP/1.1" 404 15608 "-" "Mozilla/5.0 (Windows NT 10.0; Win64; x64) AppleWebKit/537.36 (KHTML, like Gecko) Chrome/116.0.0.0 Safari/537.36"
43.173.173.172 - - [17/Mar/2026:16:44:38 +0000] "GET /wp-includes/class-wp-script-modules.php HTTP/1.1" 404 15608 "-" "Mozilla/5.0 (Windows NT 10.0; Win64; x64) AppleWebKit/537.36 (KHTML, like Gecko) Chrome/133.0.0.0 Safari/537.36"
139.162.194.112 - - [17/Mar/2026:16:44:42 +0000] "POST /wp-cron.php?doing_wp_cron=1773765882.7701299190521240234375 HTTP/1.1" 404 15608 "-" "WordPress/6.9.1; https://nfsin.com"
139.162.194.112 - - [17/Mar/2026:16:44:42 +0000] "POST /wp-cron.php?doing_wp_cron=1773765882.6542770862579345703125 HTTP/1.1" 404 15608 "-" "WordPress/6.9.1; https://nfsin.com"
43.173.174.33 - - [17/Mar/2026:16:45:41 +0000] "GET /wp-includes/class-wp-block-list.php HTTP/1.1" 404 15608 "-" "Mozilla/5.0 (Windows NT 10.0; Win64; x64) AppleWebKit/537.36 (KHTML, like Gecko) Chrome/131.0.0.0 Safari/537.36"
139.162.194.112 - - [17/Mar/2026:16:45:44 +0000] "POST /wp-cron.php?doing_wp_cron=1773765944.2506880760192871093750 HTTP/1.1" 404 15608 "-" "WordPress/6.9.1; https://nfsin.com"
51.77.43.72 - - [17/Mar/2026:17:18:20 +0000] "GET /robots.txt HTTP/1.1" 200 333 "-" "Mozilla/5.0 (compatible; MJ12bot/v1.4.8; http://mj12bot.com/)"
51.77.43.72 - - [17/Mar/2026:17:18:22 +0000] "GET /wp-includes/class-wp-block-templates-registry.php HTTP/1.1" 404 15608 "-" "Mozilla/5.0 (compatible; MJ12bot/v1.4.8; http://mj12bot.com/)"
139.162.194.112 - - [17/Mar/2026:17:18:28 +0000] "POST /wp-cron.php?doing_wp_cron=1773767908.0589139461517333984375 HTTP/1.1" 404 15608 "-" "WordPress/6.9.1; https://nfsin.com"
51.77.43.72 - - [17/Mar/2026:17:18:32 +0000] "GET /wp-includes/class-wp-block-type-registry.php HTTP/1.1" 404 15608 "-" "Mozilla/5.0 (compatible; MJ12bot/v1.4.8; http://mj12bot.com/)"
51.77.43.72 - - [17/Mar/2026:17:18:40 +0000] "GET /wp-includes/class-wp-block-type.php HTTP/1.1" 404 15608 "-" "Mozilla/5.0 (compatible; MJ12bot/v1.4.8; http://mj12bot.com/)"
51.77.43.72 - - [17/Mar/2026:17:18:45 +0000] "GET /wp-includes/class-wp-block.php HTTP/1.1" 404 15608 "-" "Mozilla/5.0 (compatible; MJ12bot/v1.4.8; http://mj12bot.com/)"
51.77.43.72 - - [17/Mar/2026:17:18:51 +0000] "GET /wp-includes/class-wp-classic-to-block-menu-converter.php HTTP/1.1" 404 15608 "-" "Mozilla/5.0 (compatible; MJ12bot/v1.4.8; http://mj12bot.com/)"
51.77.43.72 - - [17/Mar/2026:17:18:58 +0000] "GET /wp-includes/class-wp-comment-query.php HTTP/1.1" 404 15608 "-" "Mozilla/5.0 (compatible; MJ12bot/v1.4.8; http://mj12bot.com/)"
51.77.43.72 - - [17/Mar/2026:17:19:07 +0000] "GET /wp-includes/class-wp-comment.php HTTP/1.1" 404 15608 "-" "Mozilla/5.0 (compatible; MJ12bot/v1.4.8; http://mj12bot.com/)"
51.77.43.72 - - [17/Mar/2026:17:19:14 +0000] "GET /wp-includes/class-wp-customize-control.php HTTP/1.1" 404 15608 "-" "Mozilla/5.0 (compatible; MJ12bot/v1.4.8; http://mj12bot.com/)"
51.77.43.72 - - [17/Mar/2026:17:19:21 +0000] "GET /wp-includes/class-wp-customize-manager.php HTTP/1.1" 404 15608 "-" "Mozilla/5.0 (compatible; MJ12bot/v1.4.8; http://mj12bot.com/)"
51.77.43.72 - - [17/Mar/2026:17:19:30 +0000] "GET /wp-includes/class-wp-customize-nav-menus.php HTTP/1.1" 404 15608 "-" "Mozilla/5.0 (compatible; MJ12bot/v1.4.8; http://mj12bot.com/)"
139.162.194.112 - - [17/Mar/2026:17:19:36 +0000] "POST /wp-cron.php?doing_wp_cron=1773767976.9429008960723876953125 HTTP/1.1" 404 15608 "-" "WordPress/6.9.1; https://nfsin.com"
51.77.43.72 - - [17/Mar/2026:17:19:40 +0000] "GET /wp-includes/class-wp-customize-panel.php HTTP/1.1" 404 15608 "-" "Mozilla/5.0 (compatible; MJ12bot/v1.4.8; http://mj12bot.com/)"
51.77.43.72 - - [17/Mar/2026:17:19:54 +0000] "GET /wp-includes/class-wp-customize-section.php HTTP/1.1" 404 15608 "-" "Mozilla/5.0 (compatible; MJ12bot/v1.4.8; http://mj12bot.com/)"
51.77.43.72 - - [17/Mar/2026:17:20:02 +0000] "GET /wp-includes/class-wp-customize-setting.php HTTP/1.1" 404 15608 "-" "Mozilla/5.0 (compatible; MJ12bot/v1.4.8; http://mj12bot.com/)"
51.77.43.72 - - [17/Mar/2026:17:20:08 +0000] "GET /wp-includes/class-wp-customize-widgets.php HTTP/1.1" 404 15608 "-" "Mozilla/5.0 (compatible; MJ12bot/v1.4.8; http://mj12bot.com/)"
51.77.43.72 - - [17/Mar/2026:17:20:15 +0000] "GET /wp-includes/class-wp-date-query.php HTTP/1.1" 404 15608 "-" "Mozilla/5.0 (compatible; MJ12bot/v1.4.8; http://mj12bot.com/)"
51.77.43.72 - - [17/Mar/2026:17:20:24 +0000] "GET /wp-includes/class-wp-dependencies.php HTTP/1.1" 404 15608 "-" "Mozilla/5.0 (compatible; MJ12bot/v1.4.8; http://mj12bot.com/)"
51.77.43.72 - - [17/Mar/2026:17:20:34 +0000] "GET /wp-includes/class-wp-dependency.php HTTP/1.1" 404 15608 "-" "Mozilla/5.0 (compatible; MJ12bot/v1.4.8; http://mj12bot.com/)"
139.162.194.112 - - [17/Mar/2026:17:20:40 +0000] "POST /wp-cron.php?doing_wp_cron=1773768040.0431780815124511718750 HTTP/1.1" 404 15608 "-" "WordPress/6.9.1; https://nfsin.com"
51.77.43.72 - - [17/Mar/2026:17:20:43 +0000] "GET /wp-includes/class-wp-duotone.php HTTP/1.1" 404 15608 "-" "Mozilla/5.0 (compatible; MJ12bot/v1.4.8; http://mj12bot.com/)"
51.77.43.72 - - [17/Mar/2026:17:20:49 +0000] "GET /wp-includes/class-wp-editor.php HTTP/1.1" 404 15608 "-" "Mozilla/5.0 (compatible; MJ12bot/v1.4.8; http://mj12bot.com/)"
51.77.43.72 - - [17/Mar/2026:17:21:00 +0000] "GET /robots.txt HTTP/1.1" 200 333 "-" "Mozilla/5.0 (compatible; MJ12bot/v1.4.8; http://mj12bot.com/)"
51.77.43.72 - - [17/Mar/2026:17:21:02 +0000] "GET /robots.txt HTTP/1.1" 200 333 "-" "Mozilla/5.0 (compatible; MJ12bot/v1.4.8; http://mj12bot.com/)"
51.77.43.72 - - [17/Mar/2026:17:20:58 +0000] "GET /wp-includes/class-wp-embed.php HTTP/1.1" 404 15608 "-" "Mozilla/5.0 (compatible; MJ12bot/v1.4.8; http://mj12bot.com/)"
51.77.43.72 - - [17/Mar/2026:17:21:02 +0000] "GET /wp-includes/class-wp-block-templates-registry.php HTTP/1.1" 404 15608 "-" "Mozilla/5.0 (compatible; MJ12bot/v1.4.8; http://mj12bot.com/)"
51.77.43.72 - - [17/Mar/2026:17:21:03 +0000] "GET /wp-includes/class-wp-block-templates-registry.php HTTP/1.1" 404 15608 "-" "Mozilla/5.0 (compatible; MJ12bot/v1.4.8; http://mj12bot.com/)"
51.77.43.72 - - [17/Mar/2026:17:21:07 +0000] "GET /wp-includes/class-wp-error.php HTTP/1.1" 404 15608 "-" "Mozilla/5.0 (compatible; MJ12bot/v1.4.8; http://mj12bot.com/)"
51.77.43.72 - - [17/Mar/2026:17:21:10 +0000] "GET /wp-includes/class-wp-block-type-registry.php HTTP/1.1" 404 15608 "-" "Mozilla/5.0 (compatible; MJ12bot/v1.4.8; http://mj12bot.com/)"
51.77.43.72 - - [17/Mar/2026:17:21:13 +0000] "GET /wp-includes/class-wp-block-type-registry.php HTTP/1.1" 404 15608 "-" "Mozilla/5.0 (compatible; MJ12bot/v1.4.8; http://mj12bot.com/)"
51.77.43.72 - - [17/Mar/2026:17:21:16 +0000] "GET /wp-includes/class-wp-exception.php HTTP/1.1" 404 15608 "-" "Mozilla/5.0 (compatible; MJ12bot/v1.4.8; http://mj12bot.com/)"
51.77.43.72 - - [17/Mar/2026:17:21:17 +0000] "GET /wp-includes/class-wp-block-type.php HTTP/1.1" 404 15608 "-" "Mozilla/5.0 (compatible; MJ12bot/v1.4.8; http://mj12bot.com/)"
51.77.43.72 - - [17/Mar/2026:17:21:20 +0000] "GET /wp-includes/class-wp-block-type.php HTTP/1.1" 404 15608 "-" "Mozilla/5.0 (compatible; MJ12bot/v1.4.8; http://mj12bot.com/)"
51.77.43.72 - - [17/Mar/2026:17:21:28 +0000] "GET /robots.txt HTTP/1.1" 200 333 "-" "Mozilla/5.0 (compatible; MJ12bot/v1.4.8; http://mj12bot.com/)"
51.77.43.72 - - [17/Mar/2026:17:21:25 +0000] "GET /wp-includes/class-wp-block.php HTTP/1.1" 404 15608 "-" "Mozilla/5.0 (compatible; MJ12bot/v1.4.8; http://mj12bot.com/)"
51.77.43.72 - - [17/Mar/2026:17:21:27 +0000] "GET /wp-includes/class-wp-fatal-error-handler.php HTTP/1.1" 404 15608 "-" "Mozilla/5.0 (compatible; MJ12bot/v1.4.8; http://mj12bot.com/)"
51.77.43.72 - - [17/Mar/2026:17:21:29 +0000] "GET /wp-includes/class-wp-block.php HTTP/1.1" 404 15608 "-" "Mozilla/5.0 (compatible; MJ12bot/v1.4.8; http://mj12bot.com/)"
51.77.43.72 - - [17/Mar/2026:17:21:29 +0000] "GET /wp-includes/class-wp-block-templates-registry.php HTTP/1.1" 404 15608 "-" "Mozilla/5.0 (compatible; MJ12bot/v1.4.8; http://mj12bot.com/)"
51.77.43.72 - - [17/Mar/2026:17:21:32 +0000] "GET /wp-includes/class-wp-classic-to-block-menu-converter.php HTTP/1.1" 404 15608 "-" "Mozilla/5.0 (compatible; MJ12bot/v1.4.8; http://mj12bot.com/)"
51.77.43.72 - - [17/Mar/2026:17:21:34 +0000] "GET /wp-includes/class-wp-feed-cache-transient.php HTTP/1.1" 404 15608 "-" "Mozilla/5.0 (compatible; MJ12bot/v1.4.8; http://mj12bot.com/)"
51.77.43.72 - - [17/Mar/2026:17:21:37 +0000] "GET /wp-includes/class-wp-block-type-registry.php HTTP/1.1" 404 15608 "-" "Mozilla/5.0 (compatible; MJ12bot/v1.4.8; http://mj12bot.com/)"
51.77.43.72 - - [17/Mar/2026:17:21:37 +0000] "GET /wp-includes/class-wp-classic-to-block-menu-converter.php HTTP/1.1" 404 15608 "-" "Mozilla/5.0 (compatible; MJ12bot/v1.4.8; http://mj12bot.com/)"
51.77.43.72 - - [17/Mar/2026:17:21:40 +0000] "GET /wp-includes/class-wp-comment-query.php HTTP/1.1" 404 15608 "-" "Mozilla/5.0 (compatible; MJ12bot/v1.4.8; http://mj12bot.com/)"
139.162.194.112 - - [17/Mar/2026:17:21:40 +0000] "POST /wp-cron.php?doing_wp_cron=1773768100.7786219120025634765625 HTTP/1.1" 404 15608 "-" "WordPress/6.9.1; https://nfsin.com"
139.162.194.112 - - [17/Mar/2026:17:21:44 +0000] "POST /wp-cron.php?doing_wp_cron=1773768104.0085361003875732421875 HTTP/1.1" 404 15608 "-" "WordPress/6.9.1; https://nfsin.com"
139.162.194.112 - - [17/Mar/2026:17:21:43 +0000] "POST /wp-cron.php?doing_wp_cron=1773768103.9076819419860839843750 HTTP/1.1" 404 15608 "-" "WordPress/6.9.1; https://nfsin.com"
51.77.43.72 - - [17/Mar/2026:17:21:44 +0000] "GET /wp-includes/class-wp-feed-cache.php HTTP/1.1" 404 15608 "-" "Mozilla/5.0 (compatible; MJ12bot/v1.4.8; http://mj12bot.com/)"
51.77.43.72 - - [17/Mar/2026:17:21:46 +0000] "GET /wp-includes/class-wp-block-type.php HTTP/1.1" 404 15608 "-" "Mozilla/5.0 (compatible; MJ12bot/v1.4.8; http://mj12bot.com/)"
51.77.43.72 - - [17/Mar/2026:17:21:47 +0000] "GET /wp-includes/class-wp-comment-query.php HTTP/1.1" 404 15608 "-" "Mozilla/5.0 (compatible; MJ12bot/v1.4.8; http://mj12bot.com/)"
51.77.43.72 - - [17/Mar/2026:17:21:49 +0000] "GET /wp-includes/class-wp-comment.php HTTP/1.1" 404 15608 "-" "Mozilla/5.0 (compatible; MJ12bot/v1.4.8; http://mj12bot.com/)"
51.77.43.72 - - [17/Mar/2026:17:21:53 +0000] "GET /wp-includes/class-wp-hook.php HTTP/1.1" 404 15608 "-" "Mozilla/5.0 (compatible; MJ12bot/v1.4.8; http://mj12bot.com/)"
51.77.43.72 - - [17/Mar/2026:17:21:55 +0000] "GET /wp-includes/class-wp-comment.php HTTP/1.1" 404 15608 "-" "Mozilla/5.0 (compatible; MJ12bot/v1.4.8; http://mj12bot.com/)"
51.77.43.72 - - [17/Mar/2026:17:21:57 +0000] "GET /wp-includes/class-wp-customize-control.php HTTP/1.1" 404 15608 "-" "Mozilla/5.0 (compatible; MJ12bot/v1.4.8; http://mj12bot.com/)"
51.77.43.72 - - [17/Mar/2026:17:21:57 +0000] "GET /wp-includes/class-wp-block.php HTTP/1.1" 404 15608 "-" "Mozilla/5.0 (compatible; MJ12bot/v1.4.8; http://mj12bot.com/)"
51.77.43.72 - - [17/Mar/2026:17:22:00 +0000] "GET /wp-includes/class-wp-http-cookie.php HTTP/1.1" 404 15608 "-" "Mozilla/5.0 (compatible; MJ12bot/v1.4.8; http://mj12bot.com/)"
51.77.43.72 - - [17/Mar/2026:17:22:02 +0000] "GET /wp-includes/class-wp-customize-control.php HTTP/1.1" 404 15608 "-" "Mozilla/5.0 (compatible; MJ12bot/v1.4.8; http://mj12bot.com/)"
51.77.43.72 - - [17/Mar/2026:17:22:04 +0000] "GET /wp-includes/class-wp-customize-manager.php HTTP/1.1" 404 15608 "-" "Mozilla/5.0 (compatible; MJ12bot/v1.4.8; http://mj12bot.com/)"
51.77.43.72 - - [17/Mar/2026:17:22:04 +0000] "GET /wp-includes/class-wp-classic-to-block-menu-converter.php HTTP/1.1" 404 15608 "-" "Mozilla/5.0 (compatible; MJ12bot/v1.4.8; http://mj12bot.com/)"
51.77.43.72 - - [17/Mar/2026:17:22:06 +0000] "GET /wp-includes/class-wp-http-curl.php HTTP/1.1" 404 15608 "-" "Mozilla/5.0 (compatible; MJ12bot/v1.4.8; http://mj12bot.com/)"
51.77.43.72 - - [17/Mar/2026:17:22:09 +0000] "GET /wp-includes/class-wp-customize-manager.php HTTP/1.1" 404 15608 "-" "Mozilla/5.0 (compatible; MJ12bot/v1.4.8; http://mj12bot.com/)"
51.77.43.72 - - [17/Mar/2026:17:22:11 +0000] "GET /wp-includes/class-wp-customize-nav-menus.php HTTP/1.1" 404 15608 "-" "Mozilla/5.0 (compatible; MJ12bot/v1.4.8; http://mj12bot.com/)"
51.77.43.72 - - [17/Mar/2026:17:22:12 +0000] "GET /wp-includes/class-wp-comment-query.php HTTP/1.1" 404 15608 "-" "Mozilla/5.0 (compatible; MJ12bot/v1.4.8; http://mj12bot.com/)"
51.77.43.72 - - [17/Mar/2026:17:22:13 +0000] "GET /wp-includes/class-wp-http-encoding.php HTTP/1.1" 404 15608 "-" "Mozilla/5.0 (compatible; MJ12bot/v1.4.8; http://mj12bot.com/)"
51.77.43.72 - - [17/Mar/2026:17:22:17 +0000] "GET /wp-includes/class-wp-customize-nav-menus.php HTTP/1.1" 404 15608 "-" "Mozilla/5.0 (compatible; MJ12bot/v1.4.8; http://mj12bot.com/)"
51.77.43.72 - - [17/Mar/2026:17:22:19 +0000] "GET /wp-includes/class-wp-customize-panel.php HTTP/1.1" 404 15608 "-" "Mozilla/5.0 (compatible; MJ12bot/v1.4.8; http://mj12bot.com/)"
51.77.43.72 - - [17/Mar/2026:17:22:21 +0000] "GET /wp-includes/class-wp-http-ixr-client.php HTTP/1.1" 404 15608 "-" "Mozilla/5.0 (compatible; MJ12bot/v1.4.8; http://mj12bot.com/)"
51.77.43.72 - - [17/Mar/2026:17:22:21 +0000] "GET /wp-includes/class-wp-comment.php HTTP/1.1" 404 15608 "-" "Mozilla/5.0 (compatible; MJ12bot/v1.4.8; http://mj12bot.com/)"
51.77.43.72 - - [17/Mar/2026:17:22:26 +0000] "GET /wp-includes/class-wp-customize-panel.php HTTP/1.1" 404 15608 "-" "Mozilla/5.0 (compatible; MJ12bot/v1.4.8; http://mj12bot.com/)"
51.77.43.72 - - [17/Mar/2026:17:22:26 +0000] "GET /wp-includes/class-wp-customize-section.php HTTP/1.1" 404 15608 "-" "Mozilla/5.0 (compatible; MJ12bot/v1.4.8; http://mj12bot.com/)"
51.77.43.72 - - [17/Mar/2026:17:22:29 +0000] "GET /wp-includes/class-wp-http-proxy.php HTTP/1.1" 404 15608 "-" "Mozilla/5.0 (compatible; MJ12bot/v1.4.8; http://mj12bot.com/)"
51.77.43.72 - - [17/Mar/2026:17:22:29 +0000] "GET /wp-includes/class-wp-customize-control.php HTTP/1.1" 404 15608 "-" "Mozilla/5.0 (compatible; MJ12bot/v1.4.8; http://mj12bot.com/)"
51.77.43.72 - - [17/Mar/2026:17:22:34 +0000] "GET /wp-includes/class-wp-customize-setting.php HTTP/1.1" 404 15608 "-" "Mozilla/5.0 (compatible; MJ12bot/v1.4.8; http://mj12bot.com/)"
51.77.43.72 - - [17/Mar/2026:17:22:34 +0000] "GET /wp-includes/class-wp-customize-section.php HTTP/1.1" 404 15608 "-" "Mozilla/5.0 (compatible; MJ12bot/v1.4.8; http://mj12bot.com/)"
51.77.43.72 - - [17/Mar/2026:17:22:36 +0000] "GET /wp-includes/class-wp-http-requests-hooks.php HTTP/1.1" 404 15608 "-" "Mozilla/5.0 (compatible; MJ12bot/v1.4.8; http://mj12bot.com/)"
51.77.43.72 - - [17/Mar/2026:17:22:37 +0000] "GET /wp-includes/class-wp-customize-manager.php HTTP/1.1" 404 15608 "-" "Mozilla/5.0 (compatible; MJ12bot/v1.4.8; http://mj12bot.com/)"
51.77.43.72 - - [17/Mar/2026:17:22:42 +0000] "GET /wp-includes/class-wp-customize-widgets.php HTTP/1.1" 404 15608 "-" "Mozilla/5.0 (compatible; MJ12bot/v1.4.8; http://mj12bot.com/)"
51.77.43.72 - - [17/Mar/2026:17:22:43 +0000] "GET /wp-includes/class-wp-customize-setting.php HTTP/1.1" 404 15608 "-" "Mozilla/5.0 (compatible; MJ12bot/v1.4.8; http://mj12bot.com/)"
139.162.194.112 - - [17/Mar/2026:17:22:44 +0000] "POST /wp-cron.php?doing_wp_cron=1773768164.0156109333038330078125 HTTP/1.1" 404 15608 "-" "WordPress/6.9.1; https://nfsin.com"
51.77.43.72 - - [17/Mar/2026:17:22:45 +0000] "GET /wp-includes/class-wp-http-requests-response.php HTTP/1.1" 404 15608 "-" "Mozilla/5.0 (compatible; MJ12bot/v1.4.8; http://mj12bot.com/)"
51.77.43.72 - - [17/Mar/2026:17:22:47 +0000] "GET /wp-includes/class-wp-customize-nav-menus.php HTTP/1.1" 404 15608 "-" "Mozilla/5.0 (compatible; MJ12bot/v1.4.8; http://mj12bot.com/)"
139.162.194.112 - - [17/Mar/2026:17:22:49 +0000] "POST /wp-cron.php?doing_wp_cron=1773768169.1962029933929443359375 HTTP/1.1" 404 15608 "-" "WordPress/6.9.1; https://nfsin.com"
51.77.43.72 - - [17/Mar/2026:17:22:52 +0000] "GET /wp-includes/class-wp-date-query.php HTTP/1.1" 404 15608 "-" "Mozilla/5.0 (compatible; MJ12bot/v1.4.8; http://mj12bot.com/)"
51.77.43.72 - - [17/Mar/2026:17:22:52 +0000] "GET /wp-includes/class-wp-customize-widgets.php HTTP/1.1" 404 15608 "-" "Mozilla/5.0 (compatible; MJ12bot/v1.4.8; http://mj12bot.com/)"
51.77.43.72 - - [17/Mar/2026:17:22:54 +0000] "GET /wp-includes/class-wp-http-response.php HTTP/1.1" 404 15608 "-" "Mozilla/5.0 (compatible; MJ12bot/v1.4.8; http://mj12bot.com/)"
51.77.43.72 - - [17/Mar/2026:17:22:56 +0000] "GET /wp-includes/class-wp-customize-panel.php HTTP/1.1" 404 15608 "-" "Mozilla/5.0 (compatible; MJ12bot/v1.4.8; http://mj12bot.com/)"
51.77.43.72 - - [17/Mar/2026:17:23:00 +0000] "GET /wp-includes/class-wp-dependencies.php HTTP/1.1" 404 15608 "-" "Mozilla/5.0 (compatible; MJ12bot/v1.4.8; http://mj12bot.com/)"
51.77.43.72 - - [17/Mar/2026:17:23:00 +0000] "GET /wp-includes/class-wp-date-query.php HTTP/1.1" 404 15608 "-" "Mozilla/5.0 (compatible; MJ12bot/v1.4.8; http://mj12bot.com/)"
51.77.43.72 - - [17/Mar/2026:17:23:02 +0000] "GET /wp-includes/class-wp-locale-switcher.php HTTP/1.1" 404 15608 "-" "Mozilla/5.0 (compatible; MJ12bot/v1.4.8; http://mj12bot.com/)"
51.77.43.72 - - [17/Mar/2026:17:23:05 +0000] "GET /wp-includes/class-wp-customize-section.php HTTP/1.1" 404 15608 "-" "Mozilla/5.0 (compatible; MJ12bot/v1.4.8; http://mj12bot.com/)"
51.77.43.72 - - [17/Mar/2026:17:23:09 +0000] "GET /wp-includes/class-wp-dependency.php HTTP/1.1" 404 15608 "-" "Mozilla/5.0 (compatible; MJ12bot/v1.4.8; http://mj12bot.com/)"
51.77.43.72 - - [17/Mar/2026:17:23:10 +0000] "GET /wp-includes/class-wp-dependencies.php HTTP/1.1" 404 15608 "-" "Mozilla/5.0 (compatible; MJ12bot/v1.4.8; http://mj12bot.com/)"
51.77.43.72 - - [17/Mar/2026:17:23:12 +0000] "GET /wp-includes/class-wp-phpmailer.php HTTP/1.1" 404 15608 "-" "Mozilla/5.0 (compatible; MJ12bot/v1.4.8; http://mj12bot.com/)"
51.77.43.72 - - [17/Mar/2026:17:23:15 +0000] "GET /wp-includes/class-wp-customize-setting.php HTTP/1.1" 404 15608 "-" "Mozilla/5.0 (compatible; MJ12bot/v1.4.8; http://mj12bot.com/)"
51.77.43.72 - - [17/Mar/2026:17:23:17 +0000] "GET /wp-includes/class-wp-duotone.php HTTP/1.1" 404 15608 "-" "Mozilla/5.0 (compatible; MJ12bot/v1.4.8; http://mj12bot.com/)"
51.77.43.72 - - [17/Mar/2026:17:23:18 +0000] "GET /wp-includes/class-wp-dependency.php HTTP/1.1" 404 15608 "-" "Mozilla/5.0 (compatible; MJ12bot/v1.4.8; http://mj12bot.com/)"
51.77.43.72 - - [17/Mar/2026:17:23:21 +0000] "GET /wp-includes/class-wp-plugin-dependencies.php HTTP/1.1" 404 15608 "-" "Mozilla/5.0 (compatible; MJ12bot/v1.4.8; http://mj12bot.com/)"
51.77.43.72 - - [17/Mar/2026:17:23:24 +0000] "GET /wp-includes/class-wp-customize-widgets.php HTTP/1.1" 404 15608 "-" "Mozilla/5.0 (compatible; MJ12bot/v1.4.8; http://mj12bot.com/)"
51.77.43.72 - - [17/Mar/2026:17:23:26 +0000] "GET /wp-includes/class-wp-editor.php HTTP/1.1" 404 15608 "-" "Mozilla/5.0 (compatible; MJ12bot/v1.4.8; http://mj12bot.com/)"
51.77.43.72 - - [17/Mar/2026:17:23:27 +0000] "GET /wp-includes/class-wp-duotone.php HTTP/1.1" 404 15608 "-" "Mozilla/5.0 (compatible; MJ12bot/v1.4.8; http://mj12bot.com/)"
51.77.43.72 - - [17/Mar/2026:17:23:30 +0000] "GET /wp-includes/class-wp-recovery-mode-email-service.php HTTP/1.1" 404 15608 "-" "Mozilla/5.0 (compatible; MJ12bot/v1.4.8; http://mj12bot.com/)"
51.77.43.72 - - [17/Mar/2026:17:23:33 +0000] "GET /wp-includes/class-wp-date-query.php HTTP/1.1" 404 15608 "-" "Mozilla/5.0 (compatible; MJ12bot/v1.4.8; http://mj12bot.com/)"
51.77.43.72 - - [17/Mar/2026:17:23:34 +0000] "GET /wp-includes/class-wp-embed.php HTTP/1.1" 404 15608 "-" "Mozilla/5.0 (compatible; MJ12bot/v1.4.8; http://mj12bot.com/)"
51.77.43.72 - - [17/Mar/2026:17:23:36 +0000] "GET /wp-includes/class-wp-editor.php HTTP/1.1" 404 15608 "-" "Mozilla/5.0 (compatible; MJ12bot/v1.4.8; http://mj12bot.com/)"
51.77.43.72 - - [17/Mar/2026:17:23:37 +0000] "GET /wp-includes/class-wp-scripts.php HTTP/1.1" 404 15608 "-" "Mozilla/5.0 (compatible; MJ12bot/v1.4.8; http://mj12bot.com/)"
51.77.43.72 - - [17/Mar/2026:17:23:45 +0000] "GET /robots.txt HTTP/1.1" 200 333 "-" "Mozilla/5.0 (compatible; MJ12bot/v1.4.8; http://mj12bot.com/)"
51.77.43.72 - - [17/Mar/2026:17:23:42 +0000] "GET /wp-includes/class-wp-error.php HTTP/1.1" 404 15608 "-" "Mozilla/5.0 (compatible; MJ12bot/v1.4.8; http://mj12bot.com/)"
51.77.43.72 - - [17/Mar/2026:17:23:41 +0000] "GET /wp-includes/class-wp-dependencies.php HTTP/1.1" 404 15608 "-" "Mozilla/5.0 (compatible; MJ12bot/v1.4.8; http://mj12bot.com/)"
51.77.43.72 - - [17/Mar/2026:17:23:43 +0000] "GET /wp-includes/class-wp-embed.php HTTP/1.1" 404 15608 "-" "Mozilla/5.0 (compatible; MJ12bot/v1.4.8; http://mj12bot.com/)"
51.77.43.72 - - [17/Mar/2026:17:23:46 +0000] "GET /vsfrplmx.php HTTP/1.1" 301 20 "-" "Mozilla/5.0 (compatible; MJ12bot/v1.4.8; http://mj12bot.com/)"
139.162.194.112 - - [17/Mar/2026:17:23:49 +0000] "POST /wp-cron.php?doing_wp_cron=1773768229.2026801109313964843750 HTTP/1.1" 404 15608 "-" "WordPress/6.9.1; https://nfsin.com"
139.162.194.112 - - [17/Mar/2026:17:23:49 +0000] "POST /wp-cron.php?doing_wp_cron=1773768229.3758180141448974609375 HTTP/1.1" 404 15608 "-" "WordPress/6.9.1; https://nfsin.com"
139.162.194.112 - - [17/Mar/2026:17:23:50 +0000] "POST /wp-cron.php?doing_wp_cron=1773768230.5855760574340820312500 HTTP/1.1" 404 15608 "-" "WordPress/6.9.1; https://nfsin.com"
51.77.43.72 - - [17/Mar/2026:17:23:52 +0000] "GET /wp-includes/class-wp-dependency.php HTTP/1.1" 404 15608 "-" "Mozilla/5.0 (compatible; MJ12bot/v1.4.8; http://mj12bot.com/)"
51.77.43.72 - - [17/Mar/2026:17:23:52 +0000] "GET /wp-includes/class-wp-exception.php HTTP/1.1" 404 15608 "-" "Mozilla/5.0 (compatible; MJ12bot/v1.4.8; http://mj12bot.com/)"
139.162.194.112 - - [17/Mar/2026:17:23:53 +0000] "POST /wp-cron.php?doing_wp_cron=1773768233.5185430049896240234375 HTTP/1.1" 404 15608 "-" "WordPress/6.9.1; https://nfsin.com"
51.77.43.72 - - [17/Mar/2026:17:23:53 +0000] "GET /wp-includes/class-wp-error.php HTTP/1.1" 404 15608 "-" "Mozilla/5.0 (compatible; MJ12bot/v1.4.8; http://mj12bot.com/)"
51.77.43.72 - - [17/Mar/2026:17:23:56 +0000] "GET /vsfrplmx.php HTTP/1.1" 404 15608 "-" "Mozilla/5.0 (compatible; MJ12bot/v1.4.8; http://mj12bot.com/)"
51.77.43.72 - - [17/Mar/2026:17:24:01 +0000] "GET /wp-includes/class-wp-duotone.php HTTP/1.1" 404 15608 "-" "Mozilla/5.0 (compatible; MJ12bot/v1.4.8; http://mj12bot.com/)"
51.77.43.72 - - [17/Mar/2026:17:24:01 +0000] "GET /wp-includes/class-wp-fatal-error-handler.php HTTP/1.1" 404 15608 "-" "Mozilla/5.0 (compatible; MJ12bot/v1.4.8; http://mj12bot.com/)"
51.77.43.72 - - [17/Mar/2026:17:24:02 +0000] "GET /wp-includes/class-wp-exception.php HTTP/1.1" 404 15608 "-" "Mozilla/5.0 (compatible; MJ12bot/v1.4.8; http://mj12bot.com/)"
51.77.43.72 - - [17/Mar/2026:17:24:07 +0000] "GET /wp-includes/class-wp-editor.php HTTP/1.1" 404 15608 "-" "Mozilla/5.0 (compatible; MJ12bot/v1.4.8; http://mj12bot.com/)"
51.77.43.72 - - [17/Mar/2026:17:24:08 +0000] "GET /wp-includes/class-wp-feed-cache-transient.php HTTP/1.1" 404 15608 "-" "Mozilla/5.0 (compatible; MJ12bot/v1.4.8; http://mj12bot.com/)"
51.77.43.72 - - [17/Mar/2026:17:24:08 +0000] "GET /wp-includes/class-wp-fatal-error-handler.php HTTP/1.1" 404 15608 "-" "Mozilla/5.0 (compatible; MJ12bot/v1.4.8; http://mj12bot.com/)"
51.77.43.72 - - [17/Mar/2026:17:24:14 +0000] "GET /wp-includes/class-wp-embed.php HTTP/1.1" 404 15608 "-" "Mozilla/5.0 (compatible; MJ12bot/v1.4.8; http://mj12bot.com/)"
51.77.43.72 - - [17/Mar/2026:17:24:14 +0000] "GET /wp-includes/class-wp-feed-cache.php HTTP/1.1" 404 15608 "-" "Mozilla/5.0 (compatible; MJ12bot/v1.4.8; http://mj12bot.com/)"
51.77.43.72 - - [17/Mar/2026:17:24:15 +0000] "GET /wp-includes/class-wp-feed-cache-transient.php HTTP/1.1" 404 15608 "-" "Mozilla/5.0 (compatible; MJ12bot/v1.4.8; http://mj12bot.com/)"
51.77.43.72 - - [17/Mar/2026:17:24:21 +0000] "GET /wp-includes/class-wp-error.php HTTP/1.1" 404 15608 "-" "Mozilla/5.0 (compatible; MJ12bot/v1.4.8; http://mj12bot.com/)"
51.77.43.72 - - [17/Mar/2026:17:24:22 +0000] "GET /wp-includes/class-wp-hook.php HTTP/1.1" 404 15608 "-" "Mozilla/5.0 (compatible; MJ12bot/v1.4.8; http://mj12bot.com/)"
51.77.43.72 - - [17/Mar/2026:17:24:22 +0000] "GET /wp-includes/class-wp-feed-cache.php HTTP/1.1" 404 15608 "-" "Mozilla/5.0 (compatible; MJ12bot/v1.4.8; http://mj12bot.com/)"
51.77.43.72 - - [17/Mar/2026:17:24:29 +0000] "GET /wp-includes/class-wp-exception.php HTTP/1.1" 404 15608 "-" "Mozilla/5.0 (compatible; MJ12bot/v1.4.8; http://mj12bot.com/)"
51.77.43.72 - - [17/Mar/2026:17:24:29 +0000] "GET /wp-includes/class-wp-http-cookie.php HTTP/1.1" 404 15608 "-" "Mozilla/5.0 (compatible; MJ12bot/v1.4.8; http://mj12bot.com/)"
51.77.43.72 - - [17/Mar/2026:17:24:30 +0000] "GET /wp-includes/class-wp-hook.php HTTP/1.1" 404 15608 "-" "Mozilla/5.0 (compatible; MJ12bot/v1.4.8; http://mj12bot.com/)"
51.77.43.72 - - [17/Mar/2026:17:24:39 +0000] "GET /wp-includes/class-wp-http-curl.php HTTP/1.1" 404 15608 "-" "Mozilla/5.0 (compatible; MJ12bot/v1.4.8; http://mj12bot.com/)"
51.77.43.72 - - [17/Mar/2026:17:24:39 +0000] "GET /wp-includes/class-wp-fatal-error-handler.php HTTP/1.1" 404 15608 "-" "Mozilla/5.0 (compatible; MJ12bot/v1.4.8; http://mj12bot.com/)"
51.77.43.72 - - [17/Mar/2026:17:24:40 +0000] "GET /wp-includes/class-wp-http-cookie.php HTTP/1.1" 404 15608 "-" "Mozilla/5.0 (compatible; MJ12bot/v1.4.8; http://mj12bot.com/)"
51.77.43.72 - - [17/Mar/2026:17:24:48 +0000] "GET /wp-includes/class-wp-feed-cache-transient.php HTTP/1.1" 404 15608 "-" "Mozilla/5.0 (compatible; MJ12bot/v1.4.8; http://mj12bot.com/)"
51.77.43.72 - - [17/Mar/2026:17:24:48 +0000] "GET /wp-includes/class-wp-http-encoding.php HTTP/1.1" 404 15608 "-" "Mozilla/5.0 (compatible; MJ12bot/v1.4.8; http://mj12bot.com/)"
51.77.43.72 - - [17/Mar/2026:17:24:49 +0000] "GET /wp-includes/class-wp-http-curl.php HTTP/1.1" 404 15608 "-" "Mozilla/5.0 (compatible; MJ12bot/v1.4.8; http://mj12bot.com/)"
139.162.194.112 - - [17/Mar/2026:17:24:54 +0000] "POST /wp-cron.php?doing_wp_cron=1773768294.7410469055175781250000 HTTP/1.1" 404 15608 "-" "WordPress/6.9.1; https://nfsin.com"
139.162.194.112 - - [17/Mar/2026:17:24:55 +0000] "POST /wp-cron.php?doing_wp_cron=1773768294.9709498882293701171875 HTTP/1.1" 404 15608 "-" "WordPress/6.9.1; https://nfsin.com"
139.162.194.112 - - [17/Mar/2026:17:24:56 +0000] "POST /wp-cron.php?doing_wp_cron=1773768296.0256679058074951171875 HTTP/1.1" 404 15608 "-" "WordPress/6.9.1; https://nfsin.com"
51.77.43.72 - - [17/Mar/2026:17:24:57 +0000] "GET /wp-includes/class-wp-http-ixr-client.php HTTP/1.1" 404 15608 "-" "Mozilla/5.0 (compatible; MJ12bot/v1.4.8; http://mj12bot.com/)"
51.77.43.72 - - [17/Mar/2026:17:24:57 +0000] "GET /wp-includes/class-wp-feed-cache.php HTTP/1.1" 404 15608 "-" "Mozilla/5.0 (compatible; MJ12bot/v1.4.8; http://mj12bot.com/)"
