51.77.43.72 - - [17/Mar/2026:17:24:58 +0000] "GET /wp-includes/class-wp-http-encoding.php HTTP/1.1" 404 15608 "-" "Mozilla/5.0 (compatible; MJ12bot/v1.4.8; http://mj12bot.com/)"
51.77.43.72 - - [17/Mar/2026:17:25:06 +0000] "GET /wp-includes/class-wp-http-proxy.php HTTP/1.1" 404 15608 "-" "Mozilla/5.0 (compatible; MJ12bot/v1.4.8; http://mj12bot.com/)"
51.77.43.72 - - [17/Mar/2026:17:25:06 +0000] "GET /wp-includes/class-wp-hook.php HTTP/1.1" 404 15608 "-" "Mozilla/5.0 (compatible; MJ12bot/v1.4.8; http://mj12bot.com/)"
51.77.43.72 - - [17/Mar/2026:17:25:07 +0000] "GET /wp-includes/class-wp-http-ixr-client.php HTTP/1.1" 404 15608 "-" "Mozilla/5.0 (compatible; MJ12bot/v1.4.8; http://mj12bot.com/)"
51.77.43.72 - - [17/Mar/2026:17:25:14 +0000] "GET /wp-includes/class-wp-http-requests-hooks.php HTTP/1.1" 404 15608 "-" "Mozilla/5.0 (compatible; MJ12bot/v1.4.8; http://mj12bot.com/)"
51.77.43.72 - - [17/Mar/2026:17:25:14 +0000] "GET /wp-includes/class-wp-http-cookie.php HTTP/1.1" 404 15608 "-" "Mozilla/5.0 (compatible; MJ12bot/v1.4.8; http://mj12bot.com/)"
51.77.43.72 - - [17/Mar/2026:17:25:15 +0000] "GET /wp-includes/class-wp-http-proxy.php HTTP/1.1" 404 15608 "-" "Mozilla/5.0 (compatible; MJ12bot/v1.4.8; http://mj12bot.com/)"
51.77.43.72 - - [17/Mar/2026:17:25:23 +0000] "GET /wp-includes/class-wp-http-requests-response.php HTTP/1.1" 404 15608 "-" "Mozilla/5.0 (compatible; MJ12bot/v1.4.8; http://mj12bot.com/)"
51.77.43.72 - - [17/Mar/2026:17:25:23 +0000] "GET /wp-includes/class-wp-http-curl.php HTTP/1.1" 404 15608 "-" "Mozilla/5.0 (compatible; MJ12bot/v1.4.8; http://mj12bot.com/)"
51.77.43.72 - - [17/Mar/2026:17:25:24 +0000] "GET /wp-includes/class-wp-http-requests-hooks.php HTTP/1.1" 404 15608 "-" "Mozilla/5.0 (compatible; MJ12bot/v1.4.8; http://mj12bot.com/)"
51.77.43.72 - - [17/Mar/2026:17:25:31 +0000] "GET /wp-includes/class-wp-http-response.php HTTP/1.1" 404 15608 "-" "Mozilla/5.0 (compatible; MJ12bot/v1.4.8; http://mj12bot.com/)"
51.77.43.72 - - [17/Mar/2026:17:25:32 +0000] "GET /wp-includes/class-wp-http-encoding.php HTTP/1.1" 404 15608 "-" "Mozilla/5.0 (compatible; MJ12bot/v1.4.8; http://mj12bot.com/)"
51.77.43.72 - - [17/Mar/2026:17:25:33 +0000] "GET /wp-includes/class-wp-http-requests-response.php HTTP/1.1" 404 15608 "-" "Mozilla/5.0 (compatible; MJ12bot/v1.4.8; http://mj12bot.com/)"
51.77.43.72 - - [17/Mar/2026:17:25:40 +0000] "GET /wp-includes/class-wp-locale-switcher.php HTTP/1.1" 404 15608 "-" "Mozilla/5.0 (compatible; MJ12bot/v1.4.8; http://mj12bot.com/)"
51.77.43.72 - - [17/Mar/2026:17:25:40 +0000] "GET /wp-includes/class-wp-http-ixr-client.php HTTP/1.1" 404 15608 "-" "Mozilla/5.0 (compatible; MJ12bot/v1.4.8; http://mj12bot.com/)"
51.77.43.72 - - [17/Mar/2026:17:25:41 +0000] "GET /wp-includes/class-wp-http-response.php HTTP/1.1" 404 15608 "-" "Mozilla/5.0 (compatible; MJ12bot/v1.4.8; http://mj12bot.com/)"
51.77.43.72 - - [17/Mar/2026:17:25:46 +0000] "GET /wp-includes/class-wp-phpmailer.php HTTP/1.1" 404 15608 "-" "Mozilla/5.0 (compatible; MJ12bot/v1.4.8; http://mj12bot.com/)"
51.77.43.72 - - [17/Mar/2026:17:25:47 +0000] "GET /wp-includes/class-wp-locale-switcher.php HTTP/1.1" 404 15608 "-" "Mozilla/5.0 (compatible; MJ12bot/v1.4.8; http://mj12bot.com/)"
51.77.43.72 - - [17/Mar/2026:17:25:47 +0000] "GET /wp-includes/class-wp-http-proxy.php HTTP/1.1" 404 15608 "-" "Mozilla/5.0 (compatible; MJ12bot/v1.4.8; http://mj12bot.com/)"
51.77.43.72 - - [17/Mar/2026:17:25:53 +0000] "GET /wp-includes/class-wp-plugin-dependencies.php HTTP/1.1" 404 15608 "-" "Mozilla/5.0 (compatible; MJ12bot/v1.4.8; http://mj12bot.com/)"
51.77.43.72 - - [17/Mar/2026:17:25:53 +0000] "GET /wp-includes/class-wp-phpmailer.php HTTP/1.1" 404 15608 "-" "Mozilla/5.0 (compatible; MJ12bot/v1.4.8; http://mj12bot.com/)"
51.77.43.72 - - [17/Mar/2026:17:25:53 +0000] "GET /wp-includes/class-wp-http-requests-hooks.php HTTP/1.1" 404 15608 "-" "Mozilla/5.0 (compatible; MJ12bot/v1.4.8; http://mj12bot.com/)"
139.162.194.112 - - [17/Mar/2026:17:25:58 +0000] "POST /wp-cron.php?doing_wp_cron=1773768358.8473579883575439453125 HTTP/1.1" 404 15608 "-" "WordPress/6.9.1; https://nfsin.com"
139.162.194.112 - - [17/Mar/2026:17:25:59 +0000] "POST /wp-cron.php?doing_wp_cron=1773768359.8692169189453125000000 HTTP/1.1" 404 15608 "-" "WordPress/6.9.1; https://nfsin.com"
139.162.194.112 - - [17/Mar/2026:17:25:59 +0000] "POST /wp-cron.php?doing_wp_cron=1773768359.4252068996429443359375 HTTP/1.1" 404 15608 "-" "WordPress/6.9.1; https://nfsin.com"
51.77.43.72 - - [17/Mar/2026:17:26:01 +0000] "GET /wp-includes/class-wp-recovery-mode-email-service.php HTTP/1.1" 404 15608 "-" "Mozilla/5.0 (compatible; MJ12bot/v1.4.8; http://mj12bot.com/)"
51.77.43.72 - - [17/Mar/2026:17:26:02 +0000] "GET /wp-includes/class-wp-plugin-dependencies.php HTTP/1.1" 404 15608 "-" "Mozilla/5.0 (compatible; MJ12bot/v1.4.8; http://mj12bot.com/)"
51.77.43.72 - - [17/Mar/2026:17:26:02 +0000] "GET /wp-includes/class-wp-http-requests-response.php HTTP/1.1" 404 15608 "-" "Mozilla/5.0 (compatible; MJ12bot/v1.4.8; http://mj12bot.com/)"
51.77.43.72 - - [17/Mar/2026:17:26:09 +0000] "GET /wp-includes/class-wp-recovery-mode-email-service.php HTTP/1.1" 404 15608 "-" "Mozilla/5.0 (compatible; MJ12bot/v1.4.8; http://mj12bot.com/)"
51.77.43.72 - - [17/Mar/2026:17:26:09 +0000] "GET /wp-includes/class-wp-scripts.php HTTP/1.1" 404 15608 "-" "Mozilla/5.0 (compatible; MJ12bot/v1.4.8; http://mj12bot.com/)"
51.77.43.72 - - [17/Mar/2026:17:26:17 +0000] "GET /robots.txt HTTP/1.1" 200 333 "-" "Mozilla/5.0 (compatible; MJ12bot/v1.4.8; http://mj12bot.com/)"
51.77.43.72 - - [17/Mar/2026:17:26:10 +0000] "GET /wp-includes/class-wp-http-response.php HTTP/1.1" 404 15608 "-" "Mozilla/5.0 (compatible; MJ12bot/v1.4.8; http://mj12bot.com/)"
51.77.43.72 - - [17/Mar/2026:17:26:17 +0000] "GET /wp-includes/class-wp-scripts.php HTTP/1.1" 404 15608 "-" "Mozilla/5.0 (compatible; MJ12bot/v1.4.8; http://mj12bot.com/)"
51.77.43.72 - - [17/Mar/2026:17:26:18 +0000] "GET /vsfrplmx.php HTTP/1.1" 301 20 "-" "Mozilla/5.0 (compatible; MJ12bot/v1.4.8; http://mj12bot.com/)"
51.77.43.72 - - [17/Mar/2026:17:26:18 +0000] "GET /wp-includes/class-wp-locale-switcher.php HTTP/1.1" 404 15608 "-" "Mozilla/5.0 (compatible; MJ12bot/v1.4.8; http://mj12bot.com/)"
51.77.43.72 - - [17/Mar/2026:17:26:25 +0000] "GET /robots.txt HTTP/1.1" 200 333 "-" "Mozilla/5.0 (compatible; MJ12bot/v1.4.8; http://mj12bot.com/)"
51.77.43.72 - - [17/Mar/2026:17:26:26 +0000] "GET /vsfrplmx.php HTTP/1.1" 404 15608 "-" "Mozilla/5.0 (compatible; MJ12bot/v1.4.8; http://mj12bot.com/)"
51.77.43.72 - - [17/Mar/2026:17:26:26 +0000] "GET /wp-includes/class-wp-phpmailer.php HTTP/1.1" 404 15608 "-" "Mozilla/5.0 (compatible; MJ12bot/v1.4.8; http://mj12bot.com/)"
51.77.43.72 - - [17/Mar/2026:17:26:27 +0000] "GET /vsfrplmx.php HTTP/1.1" 301 20 "-" "Mozilla/5.0 (compatible; MJ12bot/v1.4.8; http://mj12bot.com/)"
51.77.43.72 - - [17/Mar/2026:17:26:35 +0000] "GET /wp-includes/class-wp-plugin-dependencies.php HTTP/1.1" 404 15608 "-" "Mozilla/5.0 (compatible; MJ12bot/v1.4.8; http://mj12bot.com/)"
51.77.43.72 - - [17/Mar/2026:17:26:35 +0000] "GET /vsfrplmx.php HTTP/1.1" 404 15608 "-" "Mozilla/5.0 (compatible; MJ12bot/v1.4.8; http://mj12bot.com/)"
51.77.43.72 - - [17/Mar/2026:17:26:44 +0000] "GET /wp-includes/class-wp-recovery-mode-email-service.php HTTP/1.1" 404 15608 "-" "Mozilla/5.0 (compatible; MJ12bot/v1.4.8; http://mj12bot.com/)"
51.77.43.72 - - [17/Mar/2026:17:26:53 +0000] "GET /wp-includes/class-wp-scripts.php HTTP/1.1" 404 15608 "-" "Mozilla/5.0 (compatible; MJ12bot/v1.4.8; http://mj12bot.com/)"
51.77.43.72 - - [17/Mar/2026:17:27:01 +0000] "GET /robots.txt HTTP/1.1" 200 333 "-" "Mozilla/5.0 (compatible; MJ12bot/v1.4.8; http://mj12bot.com/)"
139.162.194.112 - - [17/Mar/2026:17:26:59 +0000] "POST /wp-cron.php?doing_wp_cron=1773768419.9046568870544433593750 HTTP/1.1" 404 15608 "-" "WordPress/6.9.1; https://nfsin.com"
51.77.43.72 - - [17/Mar/2026:17:27:03 +0000] "GET /vsfrplmx.php HTTP/1.1" 301 20 "-" "Mozilla/5.0 (compatible; MJ12bot/v1.4.8; http://mj12bot.com/)"
51.77.43.72 - - [17/Mar/2026:17:27:10 +0000] "GET /vsfrplmx.php HTTP/1.1" 404 15608 "-" "Mozilla/5.0 (compatible; MJ12bot/v1.4.8; http://mj12bot.com/)"
43.173.176.53 - - [17/Mar/2026:17:29:13 +0000] "GET /wp-includes/cron.php HTTP/1.1" 404 15608 "-" "Mozilla/5.0 (Windows NT 10.0; Win64; x64) AppleWebKit/537.36 (KHTML, like Gecko) Chrome/124.0.0.0 Safari/537.36"
139.162.194.112 - - [17/Mar/2026:17:29:19 +0000] "POST /wp-cron.php?doing_wp_cron=1773768559.0485339164733886718750 HTTP/1.1" 404 15608 "-" "WordPress/6.9.1; https://nfsin.com"
103.87.212.36 - - [17/Mar/2026:17:31:58 +0000] "GET /.well-known/index.php HTTP/1.1" 301 20 "-" "Go-http-client/1.1"
103.87.212.36 - - [17/Mar/2026:17:32:05 +0000] "GET /.well-known/ HTTP/1.1" 200 407 "http://nfsin.com/.well-known/index.php" "Go-http-client/1.1"
139.162.194.112 - - [17/Mar/2026:17:32:03 +0000] "POST /wp-cron.php?doing_wp_cron=1773768723.2574601173400878906250 HTTP/1.1" 404 15608 "-" "WordPress/6.9.1; https://nfsin.com"
103.87.212.36 - - [17/Mar/2026:17:32:05 +0000] "GET /wp-content/themes/too.php HTTP/1.1" 404 15608 "-" "Go-http-client/1.1"
43.173.173.150 - - [17/Mar/2026:17:32:12 +0000] "GET /wp-includes/registration.php HTTP/1.1" 404 15608 "-" "Mozilla/5.0 (Windows NT 10.0; Win64; x64) AppleWebKit/537.36 (KHTML, like Gecko) Chrome/108.0.0.0 Safari/537.36"
103.87.212.36 - - [17/Mar/2026:17:32:14 +0000] "GET /radio.php HTTP/1.1" 404 15608 "-" "Go-http-client/1.1"
103.87.212.36 - - [17/Mar/2026:17:32:22 +0000] "GET /wp-content/plugins/index.php HTTP/1.1" 200 20 "-" "Go-http-client/1.1"
103.87.212.36 - - [17/Mar/2026:17:32:23 +0000] "GET /.well-known/acme-challenge/index.php HTTP/1.1" 404 - "-" "Go-http-client/1.1"
103.87.212.36 - - [17/Mar/2026:17:32:24 +0000] "GET /.well-known/index.php HTTP/1.1" 301 20 "-" "Go-http-client/1.1"
103.87.212.36 - - [17/Mar/2026:17:32:30 +0000] "GET /.well-known/ HTTP/1.1" 200 407 "http://nfsin.com/.well-known/index.php" "Go-http-client/1.1"
103.87.212.36 - - [17/Mar/2026:17:32:31 +0000] "GET /makeasmtp.php?p= HTTP/1.1" 301 20 "-" "Go-http-client/1.1"
103.87.212.36 - - [17/Mar/2026:17:32:37 +0000] "GET /makeasmtp.php HTTP/1.1" 404 15608 "http://nfsin.com/makeasmtp.php?p=" "Go-http-client/1.1"
103.87.212.36 - - [17/Mar/2026:17:32:43 +0000] "GET /wp-content/uploads/makeasmtp.php?p= HTTP/1.1" 301 20 "-" "Go-http-client/1.1"
103.87.212.36 - - [17/Mar/2026:17:32:48 +0000] "GET /wp-content/uploads/makeasmtp.php HTTP/1.1" 404 15608 "http://nfsin.com/wp-content/uploads/makeasmtp.php?p=" "Go-http-client/1.1"
103.87.212.36 - - [17/Mar/2026:17:32:56 +0000] "GET /wp-includes/rest-api/about.php HTTP/1.1" 200 20 "-" "Go-http-client/1.1"
103.87.212.36 - - [17/Mar/2026:17:32:58 +0000] "GET /wp-content/languages/about.php HTTP/1.1" 200 20 "-" "Go-http-client/1.1"
103.87.212.36 - - [17/Mar/2026:17:32:58 +0000] "GET /wp-content/banners/about.php HTTP/1.1" 404 15608 "-" "Go-http-client/1.1"
139.162.194.112 - - [17/Mar/2026:17:33:05 +0000] "POST /wp-cron.php?doing_wp_cron=1773768785.7287490367889404296875 HTTP/1.1" 404 15608 "-" "WordPress/6.9.1; https://nfsin.com"
103.87.212.36 - - [17/Mar/2026:17:33:07 +0000] "GET /wp-includes/Text/about.php HTTP/1.1" 404 15608 "-" "Go-http-client/1.1"
103.87.212.36 - - [17/Mar/2026:17:33:15 +0000] "GET /asd.php HTTP/1.1" 404 15608 "-" "Go-http-client/1.1"
103.87.212.36 - - [17/Mar/2026:17:33:23 +0000] "GET /1.php HTTP/1.1" 404 15608 "-" "Go-http-client/1.1"
43.155.129.131 - - [17/Mar/2026:17:34:31 +0000] "GET / HTTP/1.1" 301 20 "-" "Mozilla/5.0 (iPhone; CPU iPhone OS 13_2_3 like Mac OS X) AppleWebKit/605.1.15 (KHTML, like Gecko) Version/13.0.3 Mobile/15E148 Safari/604.1"
139.162.194.112 - - [17/Mar/2026:17:34:35 +0000] "POST /wp-cron.php?doing_wp_cron=1773768875.1158831119537353515625 HTTP/1.1" 404 15608 "-" "WordPress/6.9.1; https://nfsin.com"
103.87.212.36 - - [17/Mar/2026:17:35:02 +0000] "GET /.well-known/index.php HTTP/1.1" 301 20 "-" "Go-http-client/1.1"
103.87.212.36 - - [17/Mar/2026:17:35:08 +0000] "GET /.well-known/ HTTP/1.1" 200 407 "http://nfsin.com/.well-known/index.php" "Go-http-client/1.1"
103.87.212.36 - - [17/Mar/2026:17:35:09 +0000] "GET /wp-content/themes/too.php HTTP/1.1" 404 15608 "-" "Go-http-client/1.1"
103.87.212.36 - - [17/Mar/2026:17:35:15 +0000] "GET /radio.php HTTP/1.1" 404 15608 "-" "Go-http-client/1.1"
103.87.212.36 - - [17/Mar/2026:17:35:22 +0000] "GET /wp-content/plugins/index.php HTTP/1.1" 200 20 "-" "Go-http-client/1.1"
103.87.212.36 - - [17/Mar/2026:17:35:23 +0000] "GET /.well-known/acme-challenge/index.php HTTP/1.1" 404 - "-" "Go-http-client/1.1"
103.87.212.36 - - [17/Mar/2026:17:35:24 +0000] "GET /.well-known/index.php HTTP/1.1" 301 20 "-" "Go-http-client/1.1"
103.87.212.36 - - [17/Mar/2026:17:35:31 +0000] "GET /.well-known/ HTTP/1.1" 200 407 "http://nfsin.com/.well-known/index.php" "Go-http-client/1.1"
103.87.212.36 - - [17/Mar/2026:17:35:31 +0000] "GET /makeasmtp.php?p= HTTP/1.1" 301 20 "-" "Go-http-client/1.1"
139.162.194.112 - - [17/Mar/2026:17:35:37 +0000] "POST /wp-cron.php?doing_wp_cron=1773768937.7624530792236328125000 HTTP/1.1" 404 15608 "-" "WordPress/6.9.1; https://nfsin.com"
103.87.212.36 - - [17/Mar/2026:17:35:39 +0000] "GET /makeasmtp.php HTTP/1.1" 404 15608 "http://nfsin.com/makeasmtp.php?p=" "Go-http-client/1.1"
103.87.212.36 - - [17/Mar/2026:17:35:45 +0000] "GET /wp-content/uploads/makeasmtp.php?p= HTTP/1.1" 301 20 "-" "Go-http-client/1.1"
103.87.212.36 - - [17/Mar/2026:17:35:52 +0000] "GET /wp-content/uploads/makeasmtp.php HTTP/1.1" 404 15608 "http://nfsin.com/wp-content/uploads/makeasmtp.php?p=" "Go-http-client/1.1"
103.87.212.36 - - [17/Mar/2026:17:35:58 +0000] "GET /wp-includes/rest-api/about.php HTTP/1.1" 200 20 "-" "Go-http-client/1.1"
103.87.212.36 - - [17/Mar/2026:17:35:59 +0000] "GET /wp-content/languages/about.php HTTP/1.1" 200 20 "-" "Go-http-client/1.1"
103.87.212.36 - - [17/Mar/2026:17:35:59 +0000] "GET /wp-content/banners/about.php HTTP/1.1" 404 15608 "-" "Go-http-client/1.1"
103.87.212.36 - - [17/Mar/2026:17:36:06 +0000] "GET /wp-includes/Text/about.php HTTP/1.1" 404 15608 "-" "Go-http-client/1.1"
103.87.212.36 - - [17/Mar/2026:17:36:12 +0000] "GET /asd.php HTTP/1.1" 404 15608 "-" "Go-http-client/1.1"
103.87.212.36 - - [17/Mar/2026:17:36:15 +0000] "GET /1.php HTTP/1.1" 404 15608 "-" "Go-http-client/1.1"
43.173.182.126 - - [17/Mar/2026:17:36:17 +0000] "GET /wp-includes/class-wp-image-editor.php HTTP/1.1" 404 15608 "-" "Mozilla/5.0 (Windows NT 10.0; Win64; x64) AppleWebKit/537.36 (KHTML, like Gecko) Chrome/105.0.0.0 Safari/537.3"
103.87.212.36 - - [17/Mar/2026:17:36:20 +0000] "GET /ws.php HTTP/1.1" 404 15608 "-" "Go-http-client/1.1"
103.87.212.36 - - [17/Mar/2026:17:36:24 +0000] "GET /wp-includes/css/index.php HTTP/1.1" 301 20 "-" "Go-http-client/1.1"
103.87.212.36 - - [17/Mar/2026:17:36:28 +0000] "GET /wp-includes/css/ HTTP/1.1" 200 1034 "http://nfsin.com/wp-includes/css/index.php" "Go-http-client/1.1"
103.87.212.36 - - [17/Mar/2026:17:36:29 +0000] "GET /cgi-bin/wp-login.php HTTP/1.1" 404 15608 "-" "Go-http-client/1.1"
103.87.212.36 - - [17/Mar/2026:17:36:34 +0000] "GET /wp-content/cong.php HTTP/1.1" 404 15608 "-" "Go-http-client/1.1"
139.162.194.112 - - [17/Mar/2026:17:36:39 +0000] "POST /wp-cron.php?doing_wp_cron=1773768999.6021440029144287109375 HTTP/1.1" 404 15608 "-" "WordPress/6.9.1; https://nfsin.com"
103.87.212.36 - - [17/Mar/2026:17:36:41 +0000] "GET /wp-admin/classwithtostring.php HTTP/1.1" 404 15608 "-" "Go-http-client/1.1"
103.87.212.36 - - [17/Mar/2026:17:36:48 +0000] "GET /wp-includes/images/wp-login.php HTTP/1.1" 404 15608 "-" "Go-http-client/1.1"
103.87.212.36 - - [17/Mar/2026:17:36:55 +0000] "GET /wp-includes/Requests/network.php HTTP/1.1" 404 15608 "-" "Go-http-client/1.1"
103.87.212.36 - - [17/Mar/2026:17:37:02 +0000] "GET /wp-content/radio.php HTTP/1.1" 404 15608 "-" "Go-http-client/1.1"
103.87.212.36 - - [17/Mar/2026:17:37:09 +0000] "GET /wp-admin/dropdown.php HTTP/1.1" 404 15608 "-" "Go-http-client/1.1"
103.87.212.36 - - [17/Mar/2026:17:37:16 +0000] "GET /login.php HTTP/1.1" 302 20 "-" "Go-http-client/1.1"
103.87.212.36 - - [17/Mar/2026:17:37:23 +0000] "GET /hehehehe.php HTTP/1.1" 404 15608 "-" "Go-http-client/1.1"
103.87.212.36 - - [17/Mar/2026:17:37:28 +0000] "GET /simple.php HTTP/1.1" 404 15608 "-" "Go-http-client/1.1"
103.87.212.36 - - [17/Mar/2026:17:37:33 +0000] "GET /wp-includes/fonts/about.php HTTP/1.1" 404 15608 "-" "Go-http-client/1.1"
103.87.212.36 - - [17/Mar/2026:17:37:38 +0000] "GET /wp-content/admin.php HTTP/1.1" 404 15608 "-" "Go-http-client/1.1"
139.162.194.112 - - [17/Mar/2026:17:37:44 +0000] "POST /wp-cron.php?doing_wp_cron=1773769064.1491611003875732421875 HTTP/1.1" 404 15608 "-" "WordPress/6.9.1; https://nfsin.com"
103.87.212.36 - - [17/Mar/2026:17:37:45 +0000] "GET /xmlrpc.php HTTP/1.1" 404 15608 "-" "Go-http-client/1.1"
103.87.212.36 - - [17/Mar/2026:17:37:53 +0000] "GET /atomlib.php HTTP/1.1" 404 15608 "-" "Go-http-client/1.1"
103.87.212.36 - - [17/Mar/2026:17:38:18 +0000] "GET /lv.php HTTP/1.1" 404 15608 "-" "Go-http-client/1.1"
43.173.177.81 - - [17/Mar/2026:17:41:20 +0000] "GET /wp-includes/class-wp-oembed.php HTTP/1.1" 404 15608 "-" "Mozilla/5.0 (Windows NT 10.0; Win64; x64) AppleWebKit/537.36 (KHTML, like Gecko) Chrome/131.0.0.0 Safari/537.36"
139.162.194.112 - - [17/Mar/2026:17:41:26 +0000] "POST /wp-cron.php?doing_wp_cron=1773769286.9262371063232421875000 HTTP/1.1" 404 15608 "-" "WordPress/6.9.1; https://nfsin.com"
202.51.91.128 - - [17/Mar/2026:18:00:15 +0000] "GET / HTTP/1.1" 301 20 "-" "Mozilla/5.0 (X11; Linux x86_64) AppleWebKit/537.36 (KHTML, like Gecko) Chrome/145.0.0.0 Safari/537.36"
139.162.194.112 - - [17/Mar/2026:18:00:23 +0000] "POST /wp-cron.php?doing_wp_cron=1773770423.1602880954742431640625 HTTP/1.1" 404 15608 "-" "WordPress/6.9.1; https://nfsin.com"
43.166.238.12 - - [17/Mar/2026:18:09:30 +0000] "GET / HTTP/1.1" 301 20 "-" "Mozilla/5.0 (iPhone; CPU iPhone OS 13_2_3 like Mac OS X) AppleWebKit/605.1.15 (KHTML, like Gecko) Version/13.0.3 Mobile/15E148 Safari/604.1"
139.162.194.112 - - [17/Mar/2026:18:09:36 +0000] "POST /wp-cron.php?doing_wp_cron=1773770976.5436859130859375000000 HTTP/1.1" 404 15608 "-" "WordPress/6.9.1; https://nfsin.com"
43.173.180.153 - - [17/Mar/2026:18:37:02 +0000] "GET /wp-includes/class-wp-customize-section.php HTTP/1.1" 404 15608 "-" "Mozilla/5.0 (Windows NT 10.0; Win64; x64) AppleWebKit/537.36 (KHTML, like Gecko) Chrome/133.0.0.0 Safari/537.36"
139.162.194.112 - - [17/Mar/2026:18:37:04 +0000] "POST /wp-cron.php?doing_wp_cron=1773772624.8887209892272949218750 HTTP/1.1" 404 15608 "-" "WordPress/6.9.1; https://nfsin.com"
43.163.22.253 - - [17/Mar/2026:18:41:08 +0000] "GET /wp-includes/update.php HTTP/1.1" 404 15608 "-" "Mozilla/5.0 (Windows NT 10.0; Win64; x64) AppleWebKit/537.36 (KHTML, like Gecko) Chrome/120.0.0.0 Safari/537.36"
139.162.194.112 - - [17/Mar/2026:18:41:15 +0000] "POST /wp-cron.php?doing_wp_cron=1773772875.5070118904113769531250 HTTP/1.1" 404 15608 "-" "WordPress/6.9.1; https://nfsin.com"
146.190.151.168 - - [17/Mar/2026:18:43:39 +0000] "GET / HTTP/1.1" 301 20 "-" "Mozilla/5.0 (X11; Linux x86_64) AppleWebKit/537.36 (KHTML, like Gecko) Chrome/142.0.0.0 Safari/537.36"
139.162.194.112 - - [17/Mar/2026:18:43:47 +0000] "POST /wp-cron.php?doing_wp_cron=1773773027.8151369094848632812500 HTTP/1.1" 404 15608 "-" "WordPress/6.9.1; https://nfsin.com"
43.163.22.26 - - [17/Mar/2026:19:29:52 +0000] "GET /wp-includes/wp-db.php HTTP/1.1" 404 15608 "-" "Mozilla/5.0 (Windows NT 10.0; Win64; x64) AppleWebKit/537.36 (KHTML, like Gecko) Chrome/105.0.0.0 Safari/537.3"
139.162.194.112 - - [17/Mar/2026:19:30:00 +0000] "POST /wp-cron.php?doing_wp_cron=1773775800.6866910457611083984375 HTTP/1.1" 404 15608 "-" "WordPress/6.9.1; https://nfsin.com"
43.173.179.236 - - [17/Mar/2026:19:34:50 +0000] "GET /wp-includes/class-wp-user.php HTTP/1.1" 404 15608 "-" "Mozilla/5.0 (Windows NT 10.0; Win64; x64) AppleWebKit/537.36 (KHTML, like Gecko) Chrome/116.0.0.0 Safari/537.36"
43.173.175.70 - - [17/Mar/2026:19:35:00 +0000] "GET /wp-includes/class-wp-user.php HTTP/1.1" 404 15608 "-" "Mozilla/5.0 (Windows NT 10.0; Win64; x64) AppleWebKit/537.36 (KHTML, like Gecko) Chrome/116.0.0.0 Safari/537.36"
139.162.194.112 - - [17/Mar/2026:19:35:00 +0000] "POST /wp-cron.php?doing_wp_cron=1773776100.5764091014862060546875 HTTP/1.1" 404 15608 "-" "WordPress/6.9.1; https://nfsin.com"
186.138.189.78 - - [17/Mar/2026:19:35:53 +0000] "GET /wp-admin/install.php HTTP/1.1" 200 509 "-" "Mozilla/5.0 (Windows NT 10.0; Win64; x64) AppleWebKit/537.36 (KHTML, like Gecko) Chrome/104.0.5112.81 Safari/537.36"
113.190.144.13 - - [17/Mar/2026:19:36:01 +0000] "GET http://nfsin.com/wp-admin/css/forms.min.css?ver=6.9.1 HTTP/1.1" 200 6620 "http://nfsin.com/wp-admin/install.php" "Mozilla/5.0 (Windows NT 10.0; Win64; x64) AppleWebKit/537.36 (KHTML, like Gecko) Chrome/104.0.5112.81 Safari/537.36"
157.100.108.86 - - [17/Mar/2026:19:36:02 +0000] "GET http://nfsin.com/wp-includes/css/buttons.min.css?ver=6.9.1 HTTP/1.1" 200 1470 "http://nfsin.com/wp-admin/install.php" "Mozilla/5.0 (Windows NT 10.0; Win64; x64) AppleWebKit/537.36 (KHTML, like Gecko) Chrome/104.0.5112.81 Safari/537.36"
169.224.7.68 - - [17/Mar/2026:19:36:02 +0000] "GET http://nfsin.com/wp-admin/css/l10n.min.css?ver=6.9.1 HTTP/1.1" 200 767 "http://nfsin.com/wp-admin/install.php" "Mozilla/5.0 (Windows NT 10.0; Win64; x64) AppleWebKit/537.36 (KHTML, like Gecko) Chrome/104.0.5112.81 Safari/537.36"
14.169.127.121 - - [17/Mar/2026:19:36:02 +0000] "GET /wp-includes/css/dashicons.min.css?ver=6.9.1 HTTP/1.1" 200 35721 "http://nfsin.com/wp-admin/install.php" "Mozilla/5.0 (Windows NT 10.0; Win64; x64) AppleWebKit/537.36 (KHTML, like Gecko) Chrome/104.0.5112.81 Safari/537.36"
89.43.134.22 - - [17/Mar/2026:19:36:03 +0000] "GET /wp-admin/css/install.min.css?ver=6.9.1 HTTP/1.1" 200 1785 "http://nfsin.com/wp-admin/install.php" "Mozilla/5.0 (Windows NT 10.0; Win64; x64) AppleWebKit/537.36 (KHTML, like Gecko) Chrome/104.0.5112.81 Safari/537.36"
139.162.194.112 - - [17/Mar/2026:19:35:59 +0000] "POST /wp-cron.php?doing_wp_cron=1773776158.9932439327239990234375 HTTP/1.1" 404 15608 "-" "WordPress/6.9.1; https://nfsin.com"
43.173.178.58 - - [17/Mar/2026:19:36:53 +0000] "GET /wp-includes/feed-atom-comments.php HTTP/1.1" 404 15608 "-" "Mozilla/5.0 (Windows NT 10.0; Win64; x64) AppleWebKit/537.36 (KHTML, like Gecko) Chrome/116.0.0.0 Safari/537.36"
139.162.194.112 - - [17/Mar/2026:19:37:02 +0000] "POST /wp-cron.php?doing_wp_cron=1773776221.8944089412689208984375 HTTP/1.1" 404 15608 "-" "WordPress/6.9.1; https://nfsin.com"
43.173.179.245 - - [17/Mar/2026:19:37:03 +0000] "GET /wp-includes/feed-atom-comments.php HTTP/1.1" 404 15608 "-" "Mozilla/5.0 (Windows NT 10.0; Win64; x64) AppleWebKit/537.36 (KHTML, like Gecko) Chrome/133.0.0.0 Safari/537.36"
43.173.179.243 - - [17/Mar/2026:19:46:01 +0000] "GET /wp-includes/wp-cron.php HTTP/1.1" 404 15608 "-" "Mozilla/5.0 (Windows NT 10.0; Win64; x64) AppleWebKit/537.36 (KHTML, like Gecko) Chrome/133.0.0.0 Safari/537.36"
43.173.174.143 - - [17/Mar/2026:19:46:11 +0000] "GET /wp-includes/wp-cron.php HTTP/1.1" 404 15608 "-" "Mozilla/5.0 (Windows NT 10.0; Win64; x64) AppleWebKit/537.36 (KHTML, like Gecko) Chrome/107.0.0.0 Safari/537.36"
139.162.194.112 - - [17/Mar/2026:20:14:02 +0000] "GET /.well-known/acme-challenge/mariju.php HTTP/1.1" 404 - "-" "get_local:DCV"
139.162.194.112 - - [17/Mar/2026:20:14:03 +0000] "GET /.well-known/acme-challenge/index.php HTTP/1.1" 404 - "-" "get_local:DCV"
43.173.179.47 - - [17/Mar/2026:20:34:38 +0000] "GET /wp-includes/version.php HTTP/1.1" 404 15608 "-" "Mozilla/5.0 (Windows NT 10.0; Win64; x64) AppleWebKit/537.36 (KHTML, like Gecko) Chrome/116.0.0.0 Safari/537.36"
139.162.194.112 - - [17/Mar/2026:20:34:45 +0000] "POST /wp-cron.php?doing_wp_cron=1773779685.5198600292205810546875 HTTP/1.1" 404 15608 "-" "WordPress/6.9.1; https://nfsin.com"
43.163.22.234 - - [17/Mar/2026:20:35:39 +0000] "GET /wp-includes/class-wp-duotone.php HTTP/1.1" 404 15608 "-" "Mozilla/5.0 (Windows NT 10.0; Win64; x64) AppleWebKit/537.36 (KHTML, like Gecko) Chrome/133.0.0.0 Safari/537.36"
139.162.194.112 - - [17/Mar/2026:20:35:47 +0000] "POST /wp-cron.php?doing_wp_cron=1773779747.3247239589691162109375 HTTP/1.1" 404 15608 "-" "WordPress/6.9.1; https://nfsin.com"
43.173.177.78 - - [17/Mar/2026:20:37:44 +0000] "GET /wp-includes/class-wp-rewrite.php HTTP/1.1" 404 15608 "-" "Mozilla/5.0 (Windows NT 10.0; Win64; x64) AppleWebKit/537.36 (KHTML, like Gecko) Chrome/107.0.0.0 Safari/537.36"
139.162.194.112 - - [17/Mar/2026:20:37:51 +0000] "POST /wp-cron.php?doing_wp_cron=1773779871.2016389369964599609375 HTTP/1.1" 404 15608 "-" "WordPress/6.9.1; https://nfsin.com"
43.173.182.25 - - [17/Mar/2026:20:38:44 +0000] "GET /wp-includes/sitemaps.php HTTP/1.1" 404 15608 "-" "Mozilla/5.0 (Windows NT 10.0; Win64; x64) AppleWebKit/537.36 (KHTML, like Gecko) Chrome/131.0.0.0 Safari/537.36"
43.173.182.88 - - [17/Mar/2026:20:38:44 +0000] "GET /wp-includes/class-wp-post-type.php HTTP/1.1" 404 15608 "-" "Mozilla/5.0 (Windows NT 10.0; Win64; x64) AppleWebKit/537.36 (KHTML, like Gecko) Chrome/131.0.0.0 Safari/537.36"
43.173.182.6 - - [17/Mar/2026:20:39:45 +0000] "GET /wp-includes/class-wp-http-curl.php HTTP/1.1" 404 15608 "-" "Mozilla/5.0 (Windows NT 10.0; Win64; x64) AppleWebKit/537.36 (KHTML, like Gecko) Chrome/105.0.0.0 Safari/537.3"
43.173.182.117 - - [17/Mar/2026:20:39:45 +0000] "GET /wp-includes/embed-template.php HTTP/1.1" 404 15608 "-" "Mozilla/5.0 (Windows NT 10.0; Win64; x64) AppleWebKit/537.36 (KHTML, like Gecko) Chrome/109.0.0.0 Safari/537.36"
139.162.194.112 - - [17/Mar/2026:20:39:50 +0000] "POST /wp-cron.php?doing_wp_cron=1773779990.7450311183929443359375 HTTP/1.1" 404 15608 "-" "WordPress/6.9.1; https://nfsin.com"
139.162.194.112 - - [17/Mar/2026:20:39:51 +0000] "POST /wp-cron.php?doing_wp_cron=1773779991.0841128826141357421875 HTTP/1.1" 404 15608 "-" "WordPress/6.9.1; https://nfsin.com"
43.173.175.176 - - [17/Mar/2026:20:43:48 +0000] "GET /wp-includes/class-wp-recovery-mode-key-service.php HTTP/1.1" 404 15608 "-" "Mozilla/5.0 (Windows NT 10.0; Win64; x64) AppleWebKit/537.36 (KHTML, like Gecko) Chrome/105.0.0.0 Safari/537.3"
43.173.180.167 - - [17/Mar/2026:20:43:49 +0000] "GET /wp-includes/class-http.php HTTP/1.1" 404 15608 "-" "Mozilla/5.0 (Windows NT 10.0; Win64; x64) AppleWebKit/537.36 (KHTML, like Gecko) Chrome/104.0.5112.81 Safari/537.36"
43.173.182.21 - - [17/Mar/2026:20:43:59 +0000] "GET /wp-includes/class-http.php HTTP/1.1" 404 15608 "-" "Mozilla/5.0 (Windows NT 10.0; Win64; x64) AppleWebKit/537.36 (KHTML, like Gecko) Chrome/104.0.5112.81 Safari/537.36"
43.173.179.196 - - [17/Mar/2026:20:43:59 +0000] "GET /wp-includes/class-wp-recovery-mode-key-service.php HTTP/1.1" 404 15608 "-" "Mozilla/5.0 (Windows NT 10.0; Win64; x64) AppleWebKit/537.36 (KHTML, like Gecko) Chrome/109.0.0.0 Safari/537.36"
43.173.179.98 - - [17/Mar/2026:20:44:51 +0000] "GET /wp-includes/class-wp-recovery-mode-email-service.php HTTP/1.1" 404 15608 "-" "Mozilla/5.0 (Windows NT 10.0; Win64; x64) AppleWebKit/537.36 (KHTML, like Gecko) Chrome/110.0.0.0 Safari/537.36"
139.162.194.112 - - [17/Mar/2026:20:45:00 +0000] "POST /wp-cron.php?doing_wp_cron=1773780300.4446039199829101562500 HTTP/1.1" 404 15608 "-" "WordPress/6.9.1; https://nfsin.com"
43.173.178.137 - - [17/Mar/2026:20:45:01 +0000] "GET /wp-includes/class-wp-recovery-mode-email-service.php HTTP/1.1" 404 15608 "-" "Mozilla/5.0 (Windows NT 10.0; Win64; x64) AppleWebKit/537.36 (KHTML, like Gecko) Chrome/116.0.0.0 Safari/537.36"
23.247.136.254 - - [17/Mar/2026:20:51:05 +0000] "GET / HTTP/1.0" 301 20 "-" "Mozilla/5.0 (Macintosh; Intel Mac OS X 12_5) AppleWebKit/537.36 (KHTML, like Gecko) Chrome/114.0.0.0 Safari/537.36 Vivaldi/5.3.2679.68"
23.247.136.254 - - [17/Mar/2026:20:51:15 +0000] "GET / HTTP/1.0" 301 20 "http://nfsin.com" "Mozilla/5.0 (Macintosh; Intel Mac OS X 12_5) AppleWebKit/537.36 (KHTML, like Gecko) Chrome/114.0.0.0 Safari/537.36 Vivaldi/5.3.2679.68"
139.162.194.112 - - [17/Mar/2026:20:51:14 +0000] "POST /wp-cron.php?doing_wp_cron=1773780673.9331929683685302734375 HTTP/1.1" 404 15608 "-" "WordPress/6.9.1; https://nfsin.com"
23.247.136.254 - - [17/Mar/2026:20:51:23 +0000] "GET / HTTP/1.0" 301 20 "-" "Mozilla/5.0 (Macintosh; Intel Mac OS X 12_5) AppleWebKit/537.36 (KHTML, like Gecko) Chrome/114.0.0.0 Safari/537.36 Vivaldi/5.3.2679.68"
23.247.136.254 - - [17/Mar/2026:20:51:31 +0000] "GET / HTTP/1.0" 301 20 "-" "Mozilla/5.0 (Macintosh; Intel Mac OS X 12_5) AppleWebKit/537.36 (KHTML, like Gecko) Chrome/114.0.0.0 Safari/537.36 Vivaldi/5.3.2679.68"
43.173.178.214 - - [17/Mar/2026:20:52:55 +0000] "GET /wp-includes/class-walker-nav-menu.php HTTP/1.1" 404 15608 "-" "Mozilla/5.0 (Windows NT 10.0; Win64; x64) AppleWebKit/537.36 (KHTML, like Gecko) Chrome/107.0.0.0 Safari/537.36"
139.162.194.112 - - [17/Mar/2026:20:53:03 +0000] "POST /wp-cron.php?doing_wp_cron=1773780783.0906419754028320312500 HTTP/1.1" 404 15608 "-" "WordPress/6.9.1; https://nfsin.com"
84.53.216.234 - - [17/Mar/2026:21:40:38 +0000] "GET /wp-admin/update-core.php HTTP/1.1" 302 20 "-" "Mozilla/5.0 (Windows NT 10.0; Win64; x64) AppleWebKit/537.36 (KHTML, like Gecko) Chrome/109.0.0.0 Safari/537.36"
139.162.194.112 - - [17/Mar/2026:21:40:43 +0000] "POST /wp-cron.php?doing_wp_cron=1773783643.9122769832611083984375 HTTP/1.1" 404 15608 "-" "WordPress/6.9.1; https://nfsin.com"
43.173.176.252 - - [17/Mar/2026:21:41:40 +0000] "GET /wp-includes/default-constants.php HTTP/1.1" 404 15608 "-" "Mozilla/5.0 (Windows NT 10.0; Win64; x64) AppleWebKit/537.36 (KHTML, like Gecko) Chrome/131.0.0.0 Safari/537.36"
139.162.194.112 - - [17/Mar/2026:21:41:45 +0000] "POST /wp-cron.php?doing_wp_cron=1773783705.8961389064788818359375 HTTP/1.1" 404 15608 "-" "WordPress/6.9.1; https://nfsin.com"
43.173.173.221 - - [17/Mar/2026:22:16:07 +0000] "GET / HTTP/1.1" 301 20 "-" "Mozilla/5.0 (Windows NT 10.0; Win64; x64) AppleWebKit/537.36 (KHTML, like Gecko) Chrome/107.0.0.0 Safari/537.36"
139.162.194.112 - - [17/Mar/2026:22:16:15 +0000] "POST /wp-cron.php?doing_wp_cron=1773785775.1792979240417480468750 HTTP/1.1" 404 15608 "-" "WordPress/6.9.1; https://nfsin.com"
43.173.180.218 - - [17/Mar/2026:22:16:26 +0000] "GET / HTTP/1.1" 301 20 "-" "Mozilla/5.0 (Windows NT 10.0; Win64; x64) AppleWebKit/537.36 (KHTML, like Gecko) Chrome/124.0.0.0 Safari/537.36"
43.173.179.112 - - [17/Mar/2026:22:31:24 +0000] "GET /wp-includes/class-wp-customize-manager.php HTTP/1.1" 404 15608 "-" "Mozilla/5.0 (Windows NT 10.0; Win64; x64) AppleWebKit/537.36 (KHTML, like Gecko) Chrome/109.0.0.0 Safari/537.36"
139.162.194.112 - - [17/Mar/2026:22:31:31 +0000] "POST /wp-cron.php?doing_wp_cron=1773786691.4324660301208496093750 HTTP/1.1" 404 15608 "-" "WordPress/6.9.1; https://nfsin.com"
43.173.179.214 - - [17/Mar/2026:22:35:27 +0000] "GET /wp-includes/class-walker-comment.php HTTP/1.1" 404 15608 "-" "Mozilla/5.0 (Windows NT 10.0; Win64; x64) AppleWebKit/537.36 (KHTML, like Gecko) Chrome/131.0.0.0 Safari/537.36"
43.173.182.93 - - [17/Mar/2026:22:35:37 +0000] "GET /wp-includes/class-walker-comment.php HTTP/1.1" 404 15608 "-" "Mozilla/5.0 (Windows NT 10.0; Win64; x64) AppleWebKit/537.36 (KHTML, like Gecko) Chrome/116.0.0.0 Safari/537.36"
139.162.194.112 - - [17/Mar/2026:22:35:41 +0000] "POST /wp-cron.php?doing_wp_cron=1773786941.2764310836791992187500 HTTP/1.1" 404 15608 "-" "WordPress/6.9.1; https://nfsin.com"
139.162.194.112 - - [17/Mar/2026:22:35:51 +0000] "POST /wp-cron.php?doing_wp_cron=1773786951.8190569877624511718750 HTTP/1.1" 404 15608 "-" "WordPress/6.9.1; https://nfsin.com"
182.43.70.143 - - [17/Mar/2026:22:40:24 +0000] "GET / HTTP/1.1" 301 20 "-" "Mozilla/5.0 (iPhone; CPU iPhone OS 13_2_3 like Mac OS X) AppleWebKit/605.1.15 (KHTML, like Gecko) Version/13.0.3 Mobile/15E148 Safari/604.1"
139.162.194.112 - - [17/Mar/2026:22:40:33 +0000] "POST /wp-cron.php?doing_wp_cron=1773787233.2267179489135742187500 HTTP/1.1" 404 15608 "-" "WordPress/6.9.1; https://nfsin.com"
43.130.139.177 - - [17/Mar/2026:22:42:39 +0000] "GET / HTTP/1.1" 301 20 "-" "Mozilla/5.0 (iPhone; CPU iPhone OS 13_2_3 like Mac OS X) AppleWebKit/605.1.15 (KHTML, like Gecko) Version/13.0.3 Mobile/15E148 Safari/604.1"
20.220.232.101 - - [17/Mar/2026:22:47:40 +0000] "GET /adminfuns.php HTTP/1.1" 404 15608 "-" "Mozilla/5.0 (Windows NT 10.0; Win64; x64) AppleWebKit/537.36 (KHTML, like Gecko) Chrome/112.0.0.0 Safari/537.36"
139.162.194.112 - - [17/Mar/2026:22:47:51 +0000] "POST /wp-cron.php?doing_wp_cron=1773787671.0232000350952148437500 HTTP/1.1" 404 15608 "-" "WordPress/6.9.1; https://nfsin.com"
20.220.232.101 - - [17/Mar/2026:22:47:52 +0000] "GET /adminfuns.php HTTP/1.1" 404 71763 "-" "Mozilla/5.0 (Windows NT 10.0; Win64; x64) AppleWebKit/537.36 (KHTML, like Gecko) Chrome/90.0.4430.85 Safari/537.36"
20.220.232.101 - - [17/Mar/2026:22:48:06 +0000] "GET /adminfuns.php HTTP/1.1" 404 15608 "-" "Mozilla/5.0 (Windows NT 10.0; Win64; x64) AppleWebKit/537.36 (KHTML, like Gecko) Chrome/112.0.0.0 Safari/537.36"
20.220.232.101 - - [17/Mar/2026:22:48:14 +0000] "GET /adminfuns.php HTTP/1.1" 404 71763 "-" "Mozilla/5.0 (Windows NT 10.0; Win64; x64) AppleWebKit/537.36 (KHTML, like Gecko) Chrome/90.0.4430.85 Safari/537.36"
20.220.232.101 - - [17/Mar/2026:22:51:52 +0000] "GET /adminfuns.php HTTP/1.1" 404 15608 "-" "Mozilla/5.0 (Windows NT 10.0; Win64; x64) AppleWebKit/537.36 (KHTML, like Gecko) Chrome/112.0.0.0 Safari/537.36"
139.162.194.112 - - [17/Mar/2026:22:51:56 +0000] "POST /wp-cron.php?doing_wp_cron=1773787916.6860508918762207031250 HTTP/1.1" 404 15608 "-" "WordPress/6.9.1; https://nfsin.com"
20.220.232.101 - - [17/Mar/2026:22:51:58 +0000] "GET /adminfuns.php HTTP/1.1" 404 71763 "-" "Mozilla/5.0 (Windows NT 10.0; Win64; x64) AppleWebKit/537.36 (KHTML, like Gecko) Chrome/90.0.4430.85 Safari/537.36"
20.220.232.101 - - [17/Mar/2026:22:56:03 +0000] "GET /adminfuns.php HTTP/1.1" 404 15608 "-" "Mozilla/5.0 (Windows NT 10.0; Win64; x64) AppleWebKit/537.36 (KHTML, like Gecko) Chrome/112.0.0.0 Safari/537.36"
139.162.194.112 - - [17/Mar/2026:22:56:12 +0000] "POST /wp-cron.php?doing_wp_cron=1773788171.9965360164642333984375 HTTP/1.1" 404 15608 "-" "WordPress/6.9.1; https://nfsin.com"
20.220.232.101 - - [17/Mar/2026:22:56:13 +0000] "GET /adminfuns.php HTTP/1.1" 404 71763 "-" "Mozilla/5.0 (Windows NT 10.0; Win64; x64) AppleWebKit/537.36 (KHTML, like Gecko) Chrome/90.0.4430.85 Safari/537.36"
43.154.140.188 - - [17/Mar/2026:23:11:09 +0000] "GET / HTTP/1.1" 301 20 "-" "Mozilla/5.0 (iPhone; CPU iPhone OS 13_2_3 like Mac OS X) AppleWebKit/605.1.15 (KHTML, like Gecko) Version/13.0.3 Mobile/15E148 Safari/604.1"
139.162.194.112 - - [17/Mar/2026:23:11:17 +0000] "POST /wp-cron.php?doing_wp_cron=1773789076.9246680736541748046875 HTTP/1.1" 404 15608 "-" "WordPress/6.9.1; https://nfsin.com"
173.239.218.51 - - [17/Mar/2026:23:24:31 +0000] "GET /dup-installer/main.installer.php HTTP/1.1" 404 15608 "-" "-"
139.162.194.112 - - [17/Mar/2026:23:24:40 +0000] "POST /wp-cron.php?doing_wp_cron=1773789880.1203389167785644531250 HTTP/1.1" 404 15608 "-" "WordPress/6.9.1; https://nfsin.com"
43.173.177.126 - - [17/Mar/2026:23:31:10 +0000] "GET /wp-includes/class-wp-http-ixr-client.php HTTP/1.1" 404 15608 "-" "Mozilla/5.0 (Windows NT 10.0; Win64; x64) AppleWebKit/537.36 (KHTML, like Gecko) Chrome/112.0.0.0 Safari/537.36"
139.162.194.112 - - [17/Mar/2026:23:31:19 +0000] "POST /wp-cron.php?doing_wp_cron=1773790279.3041839599609375000000 HTTP/1.1" 404 15608 "-" "WordPress/6.9.1; https://nfsin.com"
43.163.22.20 - - [17/Mar/2026:23:31:20 +0000] "GET /wp-includes/class-wp-http-ixr-client.php HTTP/1.1" 404 15608 "-" "Mozilla/5.0 (Windows NT 10.0; Win64; x64) AppleWebKit/537.36 (KHTML, like Gecko) Chrome/105.0.0.0 Safari/537.3"
43.173.174.214 - - [17/Mar/2026:23:35:10 +0000] "GET /wp-includes/class-wp-block-parser.php HTTP/1.1" 404 15608 "-" "Mozilla/5.0 (Windows NT 10.0; Win64; x64) AppleWebKit/537.36 (KHTML, like Gecko) Chrome/105.0.0.0 Safari/537.3"
43.173.175.145 - - [17/Mar/2026:23:35:20 +0000] "GET /wp-includes/class-wp-block-parser.php HTTP/1.1" 404 15608 "-" "Mozilla/5.0 (Windows NT 10.0; Win64; x64) AppleWebKit/537.36 (KHTML, like Gecko) Chrome/109.0.0.0 Safari/537.36"
43.173.180.39 - - [17/Mar/2026:23:37:14 +0000] "GET /wp-includes/class-wp-simplepie-file.php HTTP/1.1" 404 15608 "-" "Mozilla/5.0 (Windows NT 10.0; Win64; x64) AppleWebKit/537.36 (KHTML, like Gecko) Chrome/112.0.0.0 Safari/537.36"
139.162.194.112 - - [17/Mar/2026:23:37:20 +0000] "POST /wp-cron.php?doing_wp_cron=1773790640.4638199806213378906250 HTTP/1.1" 404 15608 "-" "WordPress/6.9.1; https://nfsin.com"
20.220.232.101 - - [18/Mar/2026:00:16:28 +0000] "GET /adminfuns.php HTTP/1.1" 404 15609 "-" "Mozilla/5.0 (Windows NT 10.0; Win64; x64) AppleWebKit/537.36 (KHTML, like Gecko) Chrome/112.0.0.0 Safari/537.36"
139.162.194.112 - - [18/Mar/2026:00:16:35 +0000] "POST /wp-cron.php?doing_wp_cron=1773792994.9434499740600585937500 HTTP/1.1" 404 15607 "-" "WordPress/6.9.1; https://nfsin.com"
20.220.232.101 - - [18/Mar/2026:00:16:36 +0000] "GET /adminfuns.php HTTP/1.1" 404 71810 "-" "Mozilla/5.0 (Windows NT 10.0; Win64; x64) AppleWebKit/537.36 (KHTML, like Gecko) Chrome/90.0.4430.85 Safari/537.36"
43.173.178.202 - - [18/Mar/2026:00:37:00 +0000] "GET /wp-includes/class-wp-object-cache.php HTTP/1.1" 404 15607 "-" "Mozilla/5.0 (Windows NT 10.0; Win64; x64) AppleWebKit/537.36 (KHTML, like Gecko) Chrome/109.0.0.0 Safari/537.36"
43.173.176.201 - - [18/Mar/2026:00:37:11 +0000] "GET /wp-includes/class-wp-object-cache.php HTTP/1.1" 404 15607 "-" "Mozilla/5.0 (Windows NT 10.0; Win64; x64) AppleWebKit/537.36 (KHTML, like Gecko) Chrome/117.0.0.0 Safari/537.36"
139.162.194.112 - - [18/Mar/2026:00:37:12 +0000] "POST /wp-cron.php?doing_wp_cron=1773794232.1934759616851806640625 HTTP/1.1" 404 15607 "-" "WordPress/6.9.1; https://nfsin.com"
43.173.177.67 - - [18/Mar/2026:00:43:08 +0000] "GET /wp-includes/class-wp-http-streams.php HTTP/1.1" 404 15607 "-" "Mozilla/5.0 (Windows NT 10.0; Win64; x64) AppleWebKit/537.36 (KHTML, like Gecko) Chrome/109.0.0.0 Safari/537.36"
43.173.174.194 - - [18/Mar/2026:00:43:08 +0000] "GET /wp-includes/cache-compat.php HTTP/1.1" 404 15607 "-" "Mozilla/5.0 (Windows NT 10.0; Win64; x64) AppleWebKit/537.36 (KHTML, like Gecko) Chrome/112.0.0.0 Safari/537.36"
139.162.194.112 - - [18/Mar/2026:00:43:17 +0000] "POST /wp-cron.php?doing_wp_cron=1773794596.9709739685058593750000 HTTP/1.1" 404 15607 "-" "WordPress/6.9.1; https://nfsin.com"
139.162.194.112 - - [18/Mar/2026:00:43:17 +0000] "POST /wp-cron.php?doing_wp_cron=1773794597.4873631000518798828125 HTTP/1.1" 404 15607 "-" "WordPress/6.9.1; https://nfsin.com"
43.173.175.145 - - [18/Mar/2026:00:43:18 +0000] "GET /wp-includes/class-wp-http-streams.php HTTP/1.1" 404 15607 "-" "Mozilla/5.0 (Windows NT 10.0; Win64; x64) AppleWebKit/537.36 (KHTML, like Gecko) Chrome/103.0.0.0 Safari/537.36"
43.173.174.157 - - [18/Mar/2026:00:43:18 +0000] "GET /wp-includes/cache-compat.php HTTP/1.1" 404 15607 "-" "Mozilla/5.0 (Windows NT 10.0; Win64; x64) AppleWebKit/537.36 (KHTML, like Gecko) Chrome/107.0.0.0 Safari/537.36"
20.220.232.101 - - [18/Mar/2026:00:44:48 +0000] "GET /adminfuns.php HTTP/1.1" 404 15609 "-" "Mozilla/5.0 (Windows NT 10.0; Win64; x64) AppleWebKit/537.36 (KHTML, like Gecko) Chrome/112.0.0.0 Safari/537.36"
139.162.194.112 - - [18/Mar/2026:00:44:56 +0000] "POST /wp-cron.php?doing_wp_cron=1773794696.3596329689025878906250 HTTP/1.1" 404 15607 "-" "WordPress/6.9.1; https://nfsin.com"
20.220.232.101 - - [18/Mar/2026:00:44:57 +0000] "GET /adminfuns.php HTTP/1.1" 404 71810 "-" "Mozilla/5.0 (Windows NT 10.0; Win64; x64) AppleWebKit/537.36 (KHTML, like Gecko) Chrome/90.0.4430.85 Safari/537.36"
43.173.182.194 - - [18/Mar/2026:00:45:14 +0000] "GET /wp-includes/class-wp-embed.php HTTP/1.1" 404 15607 "-" "Mozilla/5.0 (Windows NT 10.0; Win64; x64) AppleWebKit/537.36 (KHTML, like Gecko) Chrome/116.0.0.0 Safari/537.36"
43.173.176.191 - - [18/Mar/2026:00:45:24 +0000] "GET /wp-includes/class-wp-embed.php HTTP/1.1" 404 15607 "-" "Mozilla/5.0 (Windows NT 10.0; Win64; x64) AppleWebKit/537.36 (KHTML, like Gecko) Chrome/116.0.0.0 Safari/537.36"
101.99.88.90 - - [18/Mar/2026:00:46:34 +0000] "GET / HTTP/1.1" 200 308034 "-" "Mozilla/5.0 (compatible; Googlebot/2.1; +http://www.google.com/bot.html)"
101.99.88.90 - - [18/Mar/2026:00:46:45 +0000] "GET /contents/event/kansyasai/ HTTP/1.1" 200 314743 "-" "Mozilla/5.0 (compatible; Googlebot/2.1; +http://www.google.com/bot.html)"
43.173.174.36 - - [18/Mar/2026:01:33:49 +0000] "GET /wp-includes/kses.php HTTP/1.1" 404 15607 "-" "Mozilla/5.0 (Windows NT 10.0; Win64; x64) AppleWebKit/537.36 (KHTML, like Gecko) Chrome/111.0.0.0 Safari/537.36"
139.162.194.112 - - [18/Mar/2026:01:33:55 +0000] "POST /wp-cron.php?doing_wp_cron=1773797635.9102649688720703125000 HTTP/1.1" 404 15607 "-" "WordPress/6.9.1; https://nfsin.com"
43.173.181.27 - - [18/Mar/2026:01:34:52 +0000] "GET /wp-includes/compat.php HTTP/1.1" 404 15607 "-" "Mozilla/5.0 (Windows NT 10.0; Win64; x64) AppleWebKit/537.36 (KHTML, like Gecko) Chrome/111.0.0.0 Safari/537.36"
139.162.194.112 - - [18/Mar/2026:01:35:01 +0000] "POST /wp-cron.php?doing_wp_cron=1773797700.9926450252532958984375 HTTP/1.1" 404 15607 "-" "WordPress/6.9.1; https://nfsin.com"
43.173.181.46 - - [18/Mar/2026:01:35:02 +0000] "GET /wp-includes/compat.php HTTP/1.1" 404 15607 "-" "Mozilla/5.0 (Windows NT 10.0; Win64; x64) AppleWebKit/537.36 (KHTML, like Gecko) Chrome/107.0.0.0 Safari/537.36"
43.173.182.215 - - [18/Mar/2026:01:38:52 +0000] "GET /wp-includes/class-wp-widget.php HTTP/1.1" 404 15607 "-" "Mozilla/5.0 (Windows NT 10.0; Win64; x64) AppleWebKit/537.36 (KHTML, like Gecko) Chrome/124.0.0.0 Safari/537.36"
139.162.194.112 - - [18/Mar/2026:01:38:59 +0000] "POST /wp-cron.php?doing_wp_cron=1773797939.2662019729614257812500 HTTP/1.1" 404 15607 "-" "WordPress/6.9.1; https://nfsin.com"
43.173.172.134 - - [18/Mar/2026:01:40:00 +0000] "GET /wp-includes/hPY5c3.php HTTP/1.1" 404 15607 "-" "Mozilla/5.0 (Windows NT 10.0; Win64; x64) AppleWebKit/537.36 (KHTML, like Gecko) Chrome/104.0.5112.81 Safari/537.36"
139.162.194.112 - - [18/Mar/2026:01:40:03 +0000] "POST /wp-cron.php?doing_wp_cron=1773798002.9797060489654541015625 HTTP/1.1" 404 15607 "-" "WordPress/6.9.1; https://nfsin.com"
43.173.174.132 - - [18/Mar/2026:01:43:00 +0000] "GET /wp-includes/ms-settings.php HTTP/1.1" 404 15607 "-" "Mozilla/5.0 (Windows NT 10.0; Win64; x64) AppleWebKit/537.36 (KHTML, like Gecko) Chrome/112.0.0.0 Safari/537.36"
139.162.194.112 - - [18/Mar/2026:01:43:07 +0000] "POST /wp-cron.php?doing_wp_cron=1773798186.9722659587860107421875 HTTP/1.1" 404 15607 "-" "WordPress/6.9.1; https://nfsin.com"
45.130.32.22 - - [18/Mar/2026:01:59:26 +0000] "GET /sftp-config.json HTTP/1.1" 404 15607 "-" "Mozilla/5.0 (Macintosh; Intel Mac OS X 10_15_7) AppleWebKit/537.36 (KHTML, like Gecko) Chrome/119.0.0.0 Safari/537.36"
74.91.48.8 - - [18/Mar/2026:01:59:26 +0000] "GET /.vscode/sftp.json HTTP/1.1" 404 15607 "-" "Mozilla/5.0 (X11; Linux x86_64) AppleWebKit/537.36 (KHTML, like Gecko) Chrome/118.0.0.0 Safari/537.36"
139.162.194.112 - - [18/Mar/2026:01:59:36 +0000] "POST /wp-cron.php?doing_wp_cron=1773799176.0534720420837402343750 HTTP/1.1" 404 15607 "-" "WordPress/6.9.1; https://nfsin.com"
139.162.194.112 - - [18/Mar/2026:01:59:37 +0000] "POST /wp-cron.php?doing_wp_cron=1773799177.0093650817871093750000 HTTP/1.1" 404 15607 "-" "WordPress/6.9.1; https://nfsin.com"
43.173.179.234 - - [18/Mar/2026:02:35:43 +0000] "GET /wp-includes/abilities.php HTTP/1.1" 404 15607 "-" "Mozilla/5.0 (Windows NT 10.0; Win64; x64) AppleWebKit/537.36 (KHTML, like Gecko) Chrome/107.0.0.0 Safari/537.36"
139.162.194.112 - - [18/Mar/2026:02:35:51 +0000] "POST /wp-cron.php?doing_wp_cron=1773801351.0225999355316162109375 HTTP/1.1" 404 15607 "-" "WordPress/6.9.1; https://nfsin.com"
43.173.174.208 - - [18/Mar/2026:02:35:58 +0000] "GET /wp-includes/abilities.php HTTP/1.1" 404 15607 "-" "Mozilla/5.0 (Windows NT 10.0; Win64; x64) AppleWebKit/537.36 (KHTML, like Gecko) Chrome/106.0.5249.119 Safari/537.36"
152.32.169.113 - - [18/Mar/2026:02:37:23 +0000] "GET / HTTP/1.1" 301 20 "http://nfsin.com/" "Mozilla/5.0 (iPhone; CPU iPhone OS 17_7 like Mac OS X) AppleWebKit/537.36 (KHTML, like Gecko) CriOS/109.0.5414.174 Mobile/15E148 Safari/537.36"
152.32.169.113 - - [18/Mar/2026:02:37:28 +0000] "GET /favicon.ico HTTP/1.1" 302 20 "http://nfsin.com/favicon.ico" "Mozilla/5.0 (iPhone; CPU iPhone OS 17_1_1 like Mac OS X) AppleWebKit/605.1.15 (KHTML, like Gecko) FxiOS/134.0 Mobile/15E148 Safari/605.1.15"
139.162.194.112 - - [18/Mar/2026:02:37:30 +0000] "POST /wp-cron.php?doing_wp_cron=1773801450.5246400833129882812500 HTTP/1.1" 404 15607 "-" "WordPress/6.9.1; https://nfsin.com"
152.32.169.113 - - [18/Mar/2026:02:37:34 +0000] "GET /api/ping HTTP/1.1" 404 15607 "http://nfsin.com/api/ping" "Mozilla/5.0 (Android 11; Mobile; rv:114.0.0) Gecko/114.0.0 Firefox/114.0.0"
139.162.194.112 - - [18/Mar/2026:02:37:36 +0000] "POST /wp-cron.php?doing_wp_cron=1773801456.3200709819793701171875 HTTP/1.1" 404 15607 "-" "WordPress/6.9.1; https://nfsin.com"
152.32.169.113 - - [18/Mar/2026:02:37:40 +0000] "GET / HTTP/1.1" 301 20 "http://nfsin.com/" "Mozilla/6.0 (Macintosh; Intel Mac OS X 10_15_7) AppleWebKit/537.36 (KHTML, like Gecko) Chrome/85.0.4183.121 Safari/537.36"
152.32.169.113 - - [18/Mar/2026:02:37:45 +0000] "GET /favicon.ico HTTP/1.1" 302 20 "http://nfsin.com/favicon.ico" "Mozilla/6.0 (Macintosh; Intel Mac OS X 10_15_7) AppleWebKit/537.36 (KHTML, like Gecko) Chrome/85.0.4183.121 Safari/537.36"
152.32.169.113 - - [18/Mar/2026:02:37:51 +0000] "GET /api/ping HTTP/1.1" 404 15607 "http://nfsin.com/api/ping" "Mozilla/6.0 (Macintosh; Intel Mac OS X 10_15_7) AppleWebKit/537.36 (KHTML, like Gecko) Chrome/85.0.4183.121 Safari/537.36"
152.32.169.113 - - [18/Mar/2026:02:37:56 +0000] "GET / HTTP/1.1" 301 20 "http://nfsin.com/" "okhttp/3.14.9"
152.32.169.113 - - [18/Mar/2026:02:38:02 +0000] "GET /favicon.ico HTTP/1.1" 302 20 "http://nfsin.com/favicon.ico" "okhttp/3.14.9"
152.32.169.113 - - [18/Mar/2026:02:38:08 +0000] "GET /api/ping HTTP/1.1" 404 15607 "http://nfsin.com/api/ping" "okhttp/3.14.9"
43.173.182.201 - - [18/Mar/2026:02:43:57 +0000] "GET /wp-includes/class-wp-theme-json.php HTTP/1.1" 404 15607 "-" "Mozilla/5.0 (Windows NT 10.0; Win64; x64) AppleWebKit/537.36 (KHTML, like Gecko) Chrome/103.0.0.0 Safari/537.36"
139.162.194.112 - - [18/Mar/2026:02:44:03 +0000] "POST /wp-cron.php?doing_wp_cron=1773801843.5935239791870117187500 HTTP/1.1" 404 15607 "-" "WordPress/6.9.1; https://nfsin.com"
149.102.225.177 - - [18/Mar/2026:03:14:58 +0000] "GET / HTTP/1.1" 301 - "-" "Mozilla/5.0 (Windows NT 10.0; Win64; x64) AppleWebKit/537.36 (KHTML, like Gecko) Chrome/78.0.3904.108 Safari/537.36"
138.199.22.151 - - [18/Mar/2026:03:17:41 +0000] "GET / HTTP/1.1" 301 20 "-" "Mozilla/5.0 (Windows NT 10.0; Win64; x64; rv:122.0) Gecko/20100101 Firefox/122.0"
139.162.194.112 - - [18/Mar/2026:03:17:47 +0000] "POST /wp-cron.php?doing_wp_cron=1773803867.1023280620574951171875 HTTP/1.1" 404 15607 "-" "WordPress/6.9.1; https://nfsin.com"
138.199.22.151 - - [18/Mar/2026:03:18:00 +0000] "GET / HTTP/1.1" 301 20 "-" "Mozilla/5.0 (Windows NT 10.0; Win64; x64; rv:122.0) Gecko/20100101 Firefox/122.0"
192.71.142.232 - - [18/Mar/2026:03:22:10 +0000] "GET / HTTP/1.1" 301 20 "-" "Mozilla/5.0 (Windows NT 6.1; Win64; x64; rv:109.0) Gecko/20100101 Firefox/115"
139.162.194.112 - - [18/Mar/2026:03:22:17 +0000] "POST /wp-cron.php?doing_wp_cron=1773804137.7412009239196777343750 HTTP/1.1" 404 15607 "-" "WordPress/6.9.1; https://nfsin.com"
43.163.23.89 - - [18/Mar/2026:03:34:35 +0000] "GET /wp-includes/class-wp-navigation-fallback.php HTTP/1.1" 404 15607 "-" "Mozilla/5.0 (Windows NT 10.0; Win64; x64) AppleWebKit/537.36 (KHTML, like Gecko) Chrome/107.0.0.0 Safari/537.36"
139.162.194.112 - - [18/Mar/2026:03:34:43 +0000] "POST /wp-cron.php?doing_wp_cron=1773804883.7140328884124755859375 HTTP/1.1" 404 15607 "-" "WordPress/6.9.1; https://nfsin.com"
43.173.181.59 - - [18/Mar/2026:03:34:45 +0000] "GET /wp-includes/class-wp-navigation-fallback.php HTTP/1.1" 404 15607 "-" "Mozilla/5.0 (Windows NT 10.0; Win64; x64) AppleWebKit/537.36 (KHTML, like Gecko) Chrome/106.0.5249.119 Safari/537.36"
43.173.169.30 - - [18/Mar/2026:03:38:36 +0000] "GET /wp-includes/class-wp-dependency.php HTTP/1.1" 404 15607 "-" "Mozilla/5.0 (Windows NT 10.0; Win64; x64) AppleWebKit/537.36 (KHTML, like Gecko) Chrome/108.0.0.0 Safari/537.36"
139.162.194.112 - - [18/Mar/2026:03:38:42 +0000] "POST /wp-cron.php?doing_wp_cron=1773805122.8970229625701904296875 HTTP/1.1" 404 15607 "-" "WordPress/6.9.1; https://nfsin.com"
43.173.174.181 - - [18/Mar/2026:03:40:37 +0000] "GET /wp-includes/class-wp-walker.php HTTP/1.1" 404 15607 "-" "Mozilla/5.0 (Windows NT 10.0; Win64; x64) AppleWebKit/537.36 (KHTML, like Gecko) Chrome/105.0.0.0 Safari/537.3"
43.173.180.105 - - [18/Mar/2026:03:40:48 +0000] "GET /wp-includes/class-wp-walker.php HTTP/1.1" 404 15607 "-" "Mozilla/5.0 (Windows NT 10.0; Win64; x64) AppleWebKit/537.36 (KHTML, like Gecko) Chrome/116.0.0.0 Safari/537.36"
139.162.194.112 - - [18/Mar/2026:03:40:50 +0000] "POST /wp-cron.php?doing_wp_cron=1773805250.2840731143951416015625 HTTP/1.1" 404 15607 "-" "WordPress/6.9.1; https://nfsin.com"
139.162.194.112 - - [18/Mar/2026:03:41:00 +0000] "POST /wp-cron.php?doing_wp_cron=1773805260.3905758857727050781250 HTTP/1.1" 404 15607 "-" "WordPress/6.9.1; https://nfsin.com"
150.109.119.38 - - [18/Mar/2026:03:52:35 +0000] "GET / HTTP/1.1" 301 20 "-" "Mozilla/5.0 (iPhone; CPU iPhone OS 13_2_3 like Mac OS X) AppleWebKit/605.1.15 (KHTML, like Gecko) Version/13.0.3 Mobile/15E148 Safari/604.1"
139.162.194.112 - - [18/Mar/2026:03:52:42 +0000] "POST /wp-cron.php?doing_wp_cron=1773805962.8142609596252441406250 HTTP/1.1" 404 15607 "-" "WordPress/6.9.1; https://nfsin.com"
185.247.137.142 - - [18/Mar/2026:03:53:39 +0000] "GET / HTTP/1.1" 301 20 "-" "Mozilla/5.0 (compatible; InternetMeasurement/1.0; +https://internet-measurement.com/)"
