209.38.24.138 - - [19/Mar/2026:23:37:56 +0000] "GET /old/wp-admin/install.php HTTP/1.1" 404 15609 "-" "Mozilla/5.0 (Macintosh; Intel Mac OS X 10_10_1) AppleWebKit/537.36 (KHTML, like Gecko) Chrome/39.0.2171.95 Safari/537.36"
209.38.24.138 - - [19/Mar/2026:23:38:03 +0000] "GET /wordpress/wp-admin/install.php HTTP/1.1" 404 15609 "-" "Mozilla/5.0 (Macintosh; Intel Mac OS X 10_10_1) AppleWebKit/537.36 (KHTML, like Gecko) Chrome/39.0.2171.95 Safari/537.36"
209.38.24.138 - - [19/Mar/2026:23:38:12 +0000] "GET /test/wp-admin/install.php HTTP/1.1" 404 15609 "-" "Mozilla/5.0 (Macintosh; Intel Mac OS X 10_10_1) AppleWebKit/537.36 (KHTML, like Gecko) Chrome/39.0.2171.95 Safari/537.36"
209.38.24.138 - - [19/Mar/2026:23:38:19 +0000] "GET /blog/wp-admin/install.php HTTP/1.1" 404 15609 "-" "Mozilla/5.0 (Macintosh; Intel Mac OS X 10_10_1) AppleWebKit/537.36 (KHTML, like Gecko) Chrome/39.0.2171.95 Safari/537.36"
209.38.24.138 - - [19/Mar/2026:23:38:25 +0000] "GET /cms/wp-admin/install.php HTTP/1.1" 404 15609 "-" "Mozilla/5.0 (Macintosh; Intel Mac OS X 10_10_1) AppleWebKit/537.36 (KHTML, like Gecko) Chrome/39.0.2171.95 Safari/537.36"
209.38.24.138 - - [19/Mar/2026:23:38:31 +0000] "GET /web/wp-admin/install.php HTTP/1.1" 404 15609 "-" "Mozilla/5.0 (Macintosh; Intel Mac OS X 10_10_1) AppleWebKit/537.36 (KHTML, like Gecko) Chrome/39.0.2171.95 Safari/537.36"
209.38.24.138 - - [19/Mar/2026:23:38:37 +0000] "GET /backup/wp-admin/install.php HTTP/1.1" 404 15609 "-" "Mozilla/5.0 (Macintosh; Intel Mac OS X 10_10_1) AppleWebKit/537.36 (KHTML, like Gecko) Chrome/39.0.2171.95 Safari/537.36"
209.38.24.138 - - [19/Mar/2026:23:38:43 +0000] "GET /site/wp-admin/install.php HTTP/1.1" 404 15609 "-" "Mozilla/5.0 (Macintosh; Intel Mac OS X 10_10_1) AppleWebKit/537.36 (KHTML, like Gecko) Chrome/39.0.2171.95 Safari/537.36"
139.162.194.112 - - [19/Mar/2026:23:38:47 +0000] "POST /wp-cron.php?doing_wp_cron=1773963527.1985580921173095703125 HTTP/1.1" 404 15609 "-" "WordPress/6.9.1; https://nfsin.com"
209.38.24.138 - - [19/Mar/2026:23:38:48 +0000] "GET /oldsite/wp-admin/install.php HTTP/1.1" 404 15609 "-" "Mozilla/5.0 (Macintosh; Intel Mac OS X 10_10_1) AppleWebKit/537.36 (KHTML, like Gecko) Chrome/39.0.2171.95 Safari/537.36"
209.38.24.138 - - [19/Mar/2026:23:38:54 +0000] "GET /shop/wp-admin/install.php HTTP/1.1" 404 15609 "-" "Mozilla/5.0 (Macintosh; Intel Mac OS X 10_10_1) AppleWebKit/537.36 (KHTML, like Gecko) Chrome/39.0.2171.95 Safari/537.36"
160.34.223.214 - - [20/Mar/2026:00:23:35 +0000] "GET /wp-login.php HTTP/1.1" 200 20 "https://wordpress.org/" "Mozilla/5.0 (Macintosh; Intel Mac OS X 10_15_7; rv:118.0) Gecko/20100101 Firefox/118.0"
43.156.204.134 - - [20/Mar/2026:00:27:19 +0000] "GET / HTTP/1.1" 301 20 "-" "Mozilla/5.0 (iPhone; CPU iPhone OS 13_2_3 like Mac OS X) AppleWebKit/605.1.15 (KHTML, like Gecko) Version/13.0.3 Mobile/15E148 Safari/604.1"
139.162.194.112 - - [20/Mar/2026:00:27:24 +0000] "POST /wp-cron.php?doing_wp_cron=1773966444.7873458862304687500000 HTTP/1.1" 404 15608 "-" "WordPress/6.9.1; https://nfsin.com"
144.91.119.214 - - [20/Mar/2026:00:45:16 +0000] "GET /wp-login.php HTTP/1.1" 200 20 "-" "Mozilla/5.0 (Windows NT 10.0; Win64; x64) AppleWebKit/537.36 (KHTML, like Gecko) Chrome/120.0.0.0 Safari/537.36"
43.153.48.240 - - [20/Mar/2026:00:57:31 +0000] "GET / HTTP/1.1" 301 20 "-" "Mozilla/5.0 (iPhone; CPU iPhone OS 13_2_3 like Mac OS X) AppleWebKit/605.1.15 (KHTML, like Gecko) Version/13.0.3 Mobile/15E148 Safari/604.1"
139.162.194.112 - - [20/Mar/2026:00:57:35 +0000] "POST /wp-cron.php?doing_wp_cron=1773968255.9215869903564453125000 HTTP/1.1" 404 15608 "-" "WordPress/6.9.1; https://nfsin.com"
108.165.83.28 - - [20/Mar/2026:02:17:45 +0000] "GET /product001 HTTP/1.1" 200 39415 "-" "Mozilla/5.0 (compatible; Googlebot/2.1; +http://www.google.com/bot.html)"
108.165.83.28 - - [20/Mar/2026:02:17:49 +0000] "GET / HTTP/1.1" 200 41069 "-" "Mozilla/5.0 (compatible; Googlebot/2.1; +http://www.google.com/bot.html)"
161.123.209.56 - - [20/Mar/2026:02:37:13 +0000] "GET /product001 HTTP/1.1" 200 39322 "-" "Mozilla/5.0 (compatible; Googlebot/2.1; +http://www.google.com/bot.html)"
161.123.209.56 - - [20/Mar/2026:02:37:16 +0000] "GET / HTTP/1.1" 200 41076 "-" "Mozilla/5.0 (compatible; Googlebot/2.1; +http://www.google.com/bot.html)"
87.121.84.97 - - [20/Mar/2026:02:58:14 +0000] "GET /assets/jQuery-File-Upload/server/php/index.php?file=tf2rghf.jpg HTTP/1.1" 301 - "-" "ALittle Client"
139.162.194.112 - - [20/Mar/2026:02:58:21 +0000] "POST /wp-cron.php?doing_wp_cron=1773975501.7078919410705566406250 HTTP/1.1" 404 15608 "-" "WordPress/6.9.1; https://nfsin.com"
87.121.84.97 - - [20/Mar/2026:02:59:48 +0000] "GET /assets/jQuery-File-Upload/server/php/?file=tf2rghf.jpg HTTP/1.1" 404 71763 "-" "ALittle Client"
139.162.194.112 - - [20/Mar/2026:02:59:53 +0000] "POST /wp-cron.php?doing_wp_cron=1773975593.4545810222625732421875 HTTP/1.1" 404 15608 "-" "WordPress/6.9.1; https://nfsin.com"
182.42.104.32 - - [20/Mar/2026:03:28:53 +0000] "GET / HTTP/1.1" 301 20 "-" "Mozilla/5.0 (iPhone; CPU iPhone OS 13_2_3 like Mac OS X) AppleWebKit/605.1.15 (KHTML, like Gecko) Version/13.0.3 Mobile/15E148 Safari/604.1"
139.162.194.112 - - [20/Mar/2026:03:29:02 +0000] "POST /wp-cron.php?doing_wp_cron=1773977341.8543980121612548828125 HTTP/1.1" 404 15608 "-" "WordPress/6.9.1; https://nfsin.com"
43.173.176.38 - - [20/Mar/2026:03:49:33 +0000] "GET /wp-includes/class-wp-admin-bar.php HTTP/1.1" 404 15608 "-" "Mozilla/5.0 (Windows NT 10.0; Win64; x64) AppleWebKit/537.36 (KHTML, like Gecko) Chrome/131.0.0.0 Safari/537.36"
139.162.194.112 - - [20/Mar/2026:03:49:35 +0000] "POST /wp-cron.php?doing_wp_cron=1773978575.5549709796905517578125 HTTP/1.1" 404 15608 "-" "WordPress/6.9.1; https://nfsin.com"
38.34.179.8 - - [20/Mar/2026:03:53:19 +0000] "GET /wp-json/wp/v2/posts HTTP/1.1" 200 679 "-" "Mozilla/5.0 (Windows NT 10.0; Win64; x64) AppleWebKit/537.36 (KHTML, like Gecko) Chrome/120.0.0.0 Safari/537.36"
139.162.194.112 - - [20/Mar/2026:03:53:23 +0000] "POST /wp-cron.php?doing_wp_cron=1773978803.2698171138763427734375 HTTP/1.1" 404 15608 "-" "WordPress/6.9.1; https://nfsin.com"
205.169.39.30 - - [20/Mar/2026:03:58:03 +0000] "GET / HTTP/1.1" 301 20 "-" "Mozilla/5.0 (Windows NT 10.0; Win64; x64) AppleWebKit/537.36 (KHTML, like Gecko) Chrome/117.0.5938.132 Safari/537.36"
139.162.194.112 - - [20/Mar/2026:03:58:07 +0000] "POST /wp-cron.php?doing_wp_cron=1773979087.5444130897521972656250 HTTP/1.1" 404 15608 "-" "WordPress/6.9.1; https://nfsin.com"
43.173.181.119 - - [20/Mar/2026:04:15:06 +0000] "GET / HTTP/1.1" 301 20 "-" "Mozilla/5.0 (Windows NT 10.0; Win64; x64) AppleWebKit/537.36 (KHTML, like Gecko) Chrome/117.0.0.0 Safari/537.36"
139.162.194.112 - - [20/Mar/2026:04:15:09 +0000] "POST /wp-cron.php?doing_wp_cron=1773980109.8977949619293212890625 HTTP/1.1" 404 15608 "-" "WordPress/6.9.1; https://nfsin.com"
144.31.213.103 - - [20/Mar/2026:04:20:10 +0000] "GET /wp-json/wp/v2/posts HTTP/1.1" 200 679 "-" "Mozilla/5.0 (Windows NT 10.0; Win64; x64) AppleWebKit/537.36 (KHTML, like Gecko) Chrome/120.0.0.0 Safari/537.36"
139.162.194.112 - - [20/Mar/2026:04:20:15 +0000] "POST /wp-cron.php?doing_wp_cron=1773980415.8277881145477294921875 HTTP/1.1" 404 15608 "-" "WordPress/6.9.1; https://nfsin.com"
38.145.208.191 - - [20/Mar/2026:05:34:30 +0000] "GET /wp-json/wp/v2/posts HTTP/1.1" 200 679 "-" "Mozilla/5.0 (Windows NT 10.0; Win64; x64) AppleWebKit/537.36 (KHTML, like Gecko) Chrome/120.0.0.0 Safari/537.36"
139.162.194.112 - - [20/Mar/2026:05:34:36 +0000] "POST /wp-cron.php?doing_wp_cron=1773984876.3607220649719238281250 HTTP/1.1" 404 15608 "-" "WordPress/6.9.1; https://nfsin.com"
43.165.65.180 - - [20/Mar/2026:05:58:08 +0000] "GET / HTTP/1.1" 301 20 "-" "Mozilla/5.0 (iPhone; CPU iPhone OS 13_2_3 like Mac OS X) AppleWebKit/605.1.15 (KHTML, like Gecko) Version/13.0.3 Mobile/15E148 Safari/604.1"
139.162.194.112 - - [20/Mar/2026:05:58:10 +0000] "POST /wp-cron.php?doing_wp_cron=1773986290.8653459548950195312500 HTTP/1.1" 404 15608 "-" "WordPress/6.9.1; https://nfsin.com"
205.169.39.7 - - [20/Mar/2026:06:08:53 +0000] "GET / HTTP/1.1" 301 20 "-" "Mozilla/5.0 (Windows NT 10.0; Win64; x64) AppleWebKit/537.36 (KHTML, like Gecko) Chrome/117.0.5938.132 Safari/537.36"
139.162.194.112 - - [20/Mar/2026:06:08:57 +0000] "POST /wp-cron.php?doing_wp_cron=1773986937.0430550575256347656250 HTTP/1.1" 404 15608 "-" "WordPress/6.9.1; https://nfsin.com"
205.169.39.57 - - [20/Mar/2026:06:09:27 +0000] "GET / HTTP/1.1" 301 20 "-" "Mozilla/5.0 (Windows NT 10.0; Win64; x64) AppleWebKit/537.36 (KHTML, like Gecko) Chrome/117.0.5938.132 Safari/537.36"
43.130.16.212 - - [20/Mar/2026:06:35:13 +0000] "GET / HTTP/1.1" 301 20 "-" "Mozilla/5.0 (iPhone; CPU iPhone OS 13_2_3 like Mac OS X) AppleWebKit/605.1.15 (KHTML, like Gecko) Version/13.0.3 Mobile/15E148 Safari/604.1"
139.162.194.112 - - [20/Mar/2026:06:35:18 +0000] "POST /wp-cron.php?doing_wp_cron=1773988518.7035329341888427734375 HTTP/1.1" 404 15608 "-" "WordPress/6.9.1; https://nfsin.com"
94.26.106.224 - - [20/Mar/2026:07:01:56 +0000] "GET /wp-login.php HTTP/1.1" 200 20 "-" "Mozilla/5.0 (Macintosh; Intel Mac OS X 10.15) Gecko/20100101 Firefox/121.0"
94.26.106.224 - - [20/Mar/2026:07:02:03 +0000] "GET /wp-admin/ HTTP/1.1" 302 20 "-" "Mozilla/5.0 (Windows NT 10.0; Win64; x64) Gecko/20100101 Firefox/120.0.1"
20.151.2.242 - - [20/Mar/2026:07:54:26 +0000] "GET /wp-content/plugins/hellopress/wp_filemanager.php HTTP/1.1" 404 71763 "-" "-"
139.162.194.112 - - [20/Mar/2026:07:54:32 +0000] "POST /wp-cron.php?doing_wp_cron=1773993272.4939999580383300781250 HTTP/1.1" 404 15608 "-" "WordPress/6.9.1; https://nfsin.com"
20.151.2.242 - - [20/Mar/2026:07:54:33 +0000] "GET /6kDPjgFTmvS.php HTTP/1.1" 404 71763 "-" "-"
20.151.2.242 - - [20/Mar/2026:07:54:38 +0000] "GET /gm.php HTTP/1.1" 404 71763 "-" "-"
20.151.2.242 - - [20/Mar/2026:07:54:43 +0000] "GET /1.php HTTP/1.1" 404 71763 "-" "-"
20.151.2.242 - - [20/Mar/2026:07:54:48 +0000] "GET /ff1.php HTTP/1.1" 404 71763 "-" "-"
20.151.2.242 - - [20/Mar/2026:07:54:54 +0000] "GET /x1.php HTTP/1.1" 404 71763 "-" "-"
20.151.2.242 - - [20/Mar/2026:07:54:57 +0000] "GET /ta0ol.php HTTP/1.1" 404 71763 "-" "-"
20.151.2.242 - - [20/Mar/2026:07:55:01 +0000] "GET /t00l.php HTTP/1.1" 404 71763 "-" "-"
20.151.2.242 - - [20/Mar/2026:07:55:06 +0000] "GET /24.php HTTP/1.1" 404 71763 "-" "-"
20.151.2.242 - - [20/Mar/2026:07:55:10 +0000] "GET /ass.php HTTP/1.1" 404 71763 "-" "-"
20.151.2.242 - - [20/Mar/2026:07:55:17 +0000] "GET /as.php HTTP/1.1" 404 71763 "-" "-"
20.151.2.242 - - [20/Mar/2026:07:55:25 +0000] "GET /fyiiz.php HTTP/1.1" 404 71763 "-" "-"
20.151.2.242 - - [20/Mar/2026:07:55:31 +0000] "GET /xwx1.php HTTP/1.1" 404 71763 "-" "-"
139.162.194.112 - - [20/Mar/2026:07:55:35 +0000] "POST /wp-cron.php?doing_wp_cron=1773993335.3196649551391601562500 HTTP/1.1" 404 15608 "-" "WordPress/6.9.1; https://nfsin.com"
20.151.2.242 - - [20/Mar/2026:07:55:36 +0000] "GET /bywaf.php HTTP/1.1" 404 71763 "-" "-"
20.151.2.242 - - [20/Mar/2026:07:55:42 +0000] "GET /wp-admin/maint/Jcrop.php HTTP/1.1" 404 71763 "-" "-"
20.151.2.242 - - [20/Mar/2026:07:55:47 +0000] "GET /ng.php HTTP/1.1" 404 71763 "-" "-"
20.151.2.242 - - [20/Mar/2026:07:55:54 +0000] "GET /erty.php HTTP/1.1" 404 71763 "-" "-"
20.151.2.242 - - [20/Mar/2026:07:55:58 +0000] "GET /0.php HTTP/1.1" 404 71763 "-" "-"
20.151.2.242 - - [20/Mar/2026:07:56:02 +0000] "GET /wgift1.php HTTP/1.1" 404 71763 "-" "-"
20.151.2.242 - - [20/Mar/2026:07:56:06 +0000] "GET /rithin.php HTTP/1.1" 404 71763 "-" "-"
20.151.2.242 - - [20/Mar/2026:07:56:12 +0000] "GET /a5.php HTTP/1.1" 404 71763 "-" "-"
20.151.2.242 - - [20/Mar/2026:07:56:16 +0000] "GET /class.php HTTP/1.1" 404 71763 "-" "-"
20.151.2.242 - - [20/Mar/2026:07:56:19 +0000] "GET /zwq13.php HTTP/1.1" 404 71763 "-" "-"
20.151.2.242 - - [20/Mar/2026:07:56:23 +0000] "GET /aapig.php HTTP/1.1" 404 71763 "-" "-"
20.151.2.242 - - [20/Mar/2026:07:56:28 +0000] "GET /webadmin.php HTTP/1.1" 404 71763 "-" "-"
20.151.2.242 - - [20/Mar/2026:07:56:31 +0000] "GET /xc0252.php HTTP/1.1" 404 71763 "-" "-"
20.151.2.242 - - [20/Mar/2026:07:56:36 +0000] "GET /ws84.php HTTP/1.1" 404 71763 "-" "-"
139.162.194.112 - - [20/Mar/2026:07:56:40 +0000] "POST /wp-cron.php?doing_wp_cron=1773993400.1699430942535400390625 HTTP/1.1" 404 15608 "-" "WordPress/6.9.1; https://nfsin.com"
20.151.2.242 - - [20/Mar/2026:07:56:41 +0000] "GET /sc.php HTTP/1.1" 404 71763 "-" "-"
20.151.2.242 - - [20/Mar/2026:07:56:46 +0000] "GET /mis.php HTTP/1.1" 404 71763 "-" "-"
20.151.2.242 - - [20/Mar/2026:07:56:50 +0000] "GET /zogy1.php HTTP/1.1" 404 71763 "-" "-"
20.151.2.242 - - [20/Mar/2026:07:56:55 +0000] "GET /xvs.php HTTP/1.1" 404 71763 "-" "-"
20.151.2.242 - - [20/Mar/2026:07:56:59 +0000] "GET /gettest.php HTTP/1.1" 404 71763 "-" "-"
20.151.2.242 - - [20/Mar/2026:07:57:03 +0000] "GET /az.php HTTP/1.1" 404 71763 "-" "-"
20.151.2.242 - - [20/Mar/2026:07:57:08 +0000] "GET /web.php HTTP/1.1" 404 71763 "-" "-"
20.151.2.242 - - [20/Mar/2026:07:57:14 +0000] "GET /wp-admin/images/admin.php HTTP/1.1" 404 71763 "-" "-"
20.151.2.242 - - [20/Mar/2026:07:57:20 +0000] "GET /lp6.php HTTP/1.1" 404 71763 "-" "-"
20.151.2.242 - - [20/Mar/2026:07:57:25 +0000] "GET /com.php HTTP/1.1" 404 71763 "-" "-"
20.151.2.242 - - [20/Mar/2026:07:57:32 +0000] "GET /bolt.php HTTP/1.1" 404 71763 "-" "-"
20.151.2.242 - - [20/Mar/2026:07:57:38 +0000] "GET /wander.php HTTP/1.1" 404 71763 "-" "-"
139.162.194.112 - - [20/Mar/2026:07:57:43 +0000] "POST /wp-cron.php?doing_wp_cron=1773993463.7835290431976318359375 HTTP/1.1" 404 15608 "-" "WordPress/6.9.1; https://nfsin.com"
20.151.2.242 - - [20/Mar/2026:07:57:47 +0000] "GET /t.php HTTP/1.1" 404 71763 "-" "-"
20.151.2.242 - - [20/Mar/2026:07:57:54 +0000] "GET /amax.php HTTP/1.1" 404 71763 "-" "-"
20.151.2.242 - - [20/Mar/2026:07:58:01 +0000] "GET /wp-admin/maint/admin.php HTTP/1.1" 404 71763 "-" "-"
20.151.2.242 - - [20/Mar/2026:07:58:09 +0000] "GET /v3.php HTTP/1.1" 404 71763 "-" "-"
20.151.2.242 - - [20/Mar/2026:07:58:18 +0000] "GET /torsa1.php HTTP/1.1" 404 71763 "-" "-"
20.151.2.242 - - [20/Mar/2026:07:58:26 +0000] "GET /to.php HTTP/1.1" 404 71763 "-" "-"
20.151.2.242 - - [20/Mar/2026:07:58:33 +0000] "GET /wqqs.php HTTP/1.1" 404 71763 "-" "-"
20.151.2.242 - - [20/Mar/2026:07:58:39 +0000] "GET /wps.php HTTP/1.1" 404 71763 "-" "-"
139.162.194.112 - - [20/Mar/2026:07:58:46 +0000] "POST /wp-cron.php?doing_wp_cron=1773993526.2113389968872070312500 HTTP/1.1" 404 15608 "-" "WordPress/6.9.1; https://nfsin.com"
20.151.2.242 - - [20/Mar/2026:07:58:48 +0000] "GET /inege.php HTTP/1.1" 404 71763 "-" "-"
20.151.2.242 - - [20/Mar/2026:07:58:55 +0000] "GET /aifa.php HTTP/1.1" 404 71763 "-" "-"
20.151.2.242 - - [20/Mar/2026:07:59:03 +0000] "GET /tool.php HTTP/1.1" 404 71763 "-" "-"
20.151.2.242 - - [20/Mar/2026:07:59:11 +0000] "GET /feokc.php HTTP/1.1" 404 71763 "-" "-"
20.151.2.242 - - [20/Mar/2026:07:59:17 +0000] "GET /nc4.php HTTP/1.1" 404 71763 "-" "-"
20.151.2.242 - - [20/Mar/2026:07:59:23 +0000] "GET /wp9.php HTTP/1.1" 404 71763 "-" "-"
20.151.2.242 - - [20/Mar/2026:07:59:29 +0000] "GET /wp-admin/images/acxx.php HTTP/1.1" 404 71763 "-" "-"
20.151.2.242 - - [20/Mar/2026:07:59:39 +0000] "GET /fs.php HTTP/1.1" 404 71763 "-" "-"
20.151.2.242 - - [20/Mar/2026:07:59:46 +0000] "GET /byypas.php HTTP/1.1" 404 71763 "-" "-"
139.162.194.112 - - [20/Mar/2026:07:59:52 +0000] "POST /wp-cron.php?doing_wp_cron=1773993592.7595961093902587890625 HTTP/1.1" 404 15608 "-" "WordPress/6.9.1; https://nfsin.com"
20.151.2.242 - - [20/Mar/2026:07:59:54 +0000] "GET /b.php HTTP/1.1" 404 71763 "-" "-"
20.151.2.242 - - [20/Mar/2026:08:00:00 +0000] "GET /ws49.php HTTP/1.1" 404 71763 "-" "-"
20.151.2.242 - - [20/Mar/2026:08:00:07 +0000] "GET /gfd.php HTTP/1.1" 404 71763 "-" "-"
20.151.2.242 - - [20/Mar/2026:08:00:14 +0000] "GET /callback.php HTTP/1.1" 404 71763 "-" "-"
20.151.2.242 - - [20/Mar/2026:08:00:20 +0000] "GET /wp-blogs.php HTTP/1.1" 404 71763 "-" "-"
20.151.2.242 - - [20/Mar/2026:08:00:26 +0000] "GET /ws88.php HTTP/1.1" 404 71763 "-" "-"
20.151.2.242 - - [20/Mar/2026:08:00:32 +0000] "GET /ws86.php HTTP/1.1" 404 71763 "-" "-"
20.151.2.242 - - [20/Mar/2026:08:00:40 +0000] "GET /h2.php HTTP/1.1" 404 71763 "-" "-"
20.151.2.242 - - [20/Mar/2026:08:00:47 +0000] "GET /vanda.php HTTP/1.1" 404 71763 "-" "-"
139.162.194.112 - - [20/Mar/2026:08:00:53 +0000] "POST /wp-cron.php?doing_wp_cron=1773993653.7403559684753417968750 HTTP/1.1" 404 15608 "-" "WordPress/6.9.1; https://nfsin.com"
20.151.2.242 - - [20/Mar/2026:08:00:55 +0000] "GET /domains.php HTTP/1.1" 404 71763 "-" "-"
20.151.2.242 - - [20/Mar/2026:08:01:05 +0000] "GET /asd.php HTTP/1.1" 404 71763 "-" "-"
20.151.2.242 - - [20/Mar/2026:08:01:11 +0000] "GET /zc-104.php HTTP/1.1" 404 71763 "-" "-"
20.151.2.242 - - [20/Mar/2026:08:01:18 +0000] "GET /rzki.php HTTP/1.1" 404 71763 "-" "-"
20.151.2.242 - - [20/Mar/2026:08:01:26 +0000] "GET /xsas.php HTTP/1.1" 404 71763 "-" "-"
20.151.2.242 - - [20/Mar/2026:08:01:34 +0000] "GET /d12.php HTTP/1.1" 404 71763 "-" "-"
20.151.2.242 - - [20/Mar/2026:08:01:40 +0000] "GET /okxh.php HTTP/1.1" 404 71763 "-" "-"
20.151.2.242 - - [20/Mar/2026:08:01:46 +0000] "GET /55b76.php HTTP/1.1" 404 71763 "-" "-"
20.151.2.242 - - [20/Mar/2026:08:01:51 +0000] "GET /tt.php HTTP/1.1" 404 71763 "-" "-"
139.162.194.112 - - [20/Mar/2026:08:01:57 +0000] "POST /wp-cron.php?doing_wp_cron=1773993717.7265191078186035156250 HTTP/1.1" 404 15608 "-" "WordPress/6.9.1; https://nfsin.com"
20.151.2.242 - - [20/Mar/2026:08:01:59 +0000] "GET /maul.php HTTP/1.1" 404 71763 "-" "-"
20.151.2.242 - - [20/Mar/2026:08:02:07 +0000] "GET /5b9ac.php HTTP/1.1" 404 71763 "-" "-"
20.151.2.242 - - [20/Mar/2026:08:02:12 +0000] "GET /hehe.php HTTP/1.1" 404 71763 "-" "-"
20.151.2.242 - - [20/Mar/2026:08:02:18 +0000] "GET /varb.php HTTP/1.1" 404 71763 "-" "-"
20.151.2.242 - - [20/Mar/2026:08:02:23 +0000] "GET /lm15.php HTTP/1.1" 404 71763 "-" "-"
20.151.2.242 - - [20/Mar/2026:08:02:28 +0000] "GET /clss.php HTTP/1.1" 404 71763 "-" "-"
20.151.2.242 - - [20/Mar/2026:08:02:33 +0000] "GET /44.php HTTP/1.1" 404 71763 "-" "-"
20.151.2.242 - - [20/Mar/2026:08:02:39 +0000] "GET /a5e0a.php HTTP/1.1" 404 71763 "-" "-"
20.151.2.242 - - [20/Mar/2026:08:02:45 +0000] "GET /bo.php HTTP/1.1" 404 71763 "-" "-"
20.151.2.242 - - [20/Mar/2026:08:02:50 +0000] "GET /56c53.php HTTP/1.1" 404 71763 "-" "-"
20.151.2.242 - - [20/Mar/2026:08:02:55 +0000] "GET /sid3.php HTTP/1.1" 404 71763 "-" "-"
139.162.194.112 - - [20/Mar/2026:08:02:58 +0000] "POST /wp-cron.php?doing_wp_cron=1773993778.4394390583038330078125 HTTP/1.1" 404 15608 "-" "WordPress/6.9.1; https://nfsin.com"
20.151.2.242 - - [20/Mar/2026:08:02:59 +0000] "GET /pas2.php HTTP/1.1" 404 71763 "-" "-"
20.151.2.242 - - [20/Mar/2026:08:03:05 +0000] "GET /albin.php HTTP/1.1" 404 71763 "-" "-"
20.151.2.242 - - [20/Mar/2026:08:03:10 +0000] "GET /wtiiy.php HTTP/1.1" 404 71763 "-" "-"
20.151.2.242 - - [20/Mar/2026:08:03:14 +0000] "GET /uuu.php HTTP/1.1" 404 71763 "-" "-"
20.151.2.242 - - [20/Mar/2026:08:03:19 +0000] "GET /saorix1.php HTTP/1.1" 404 71763 "-" "-"
20.151.2.242 - - [20/Mar/2026:08:03:24 +0000] "GET /wta.php HTTP/1.1" 404 71763 "-" "-"
20.151.2.242 - - [20/Mar/2026:08:03:29 +0000] "GET /wp-admin/privacy.php HTTP/1.1" 404 71763 "-" "-"
20.151.2.242 - - [20/Mar/2026:08:03:34 +0000] "GET /ws77.php HTTP/1.1" 404 71763 "-" "-"
20.151.2.242 - - [20/Mar/2026:08:03:40 +0000] "GET /cc13.php HTTP/1.1" 404 71763 "-" "-"
20.151.2.242 - - [20/Mar/2026:08:03:45 +0000] "GET /xper1.php HTTP/1.1" 404 71763 "-" "-"
20.151.2.242 - - [20/Mar/2026:08:03:51 +0000] "GET /gelio1.php HTTP/1.1" 404 71763 "-" "-"
20.151.2.242 - - [20/Mar/2026:08:03:55 +0000] "GET /save.php HTTP/1.1" 404 71763 "-" "-"
20.151.2.242 - - [20/Mar/2026:08:03:59 +0000] "GET /lib.php HTTP/1.1" 404 71763 "-" "-"
139.162.194.112 - - [20/Mar/2026:08:04:02 +0000] "POST /wp-cron.php?doing_wp_cron=1773993842.3111710548400878906250 HTTP/1.1" 404 15608 "-" "WordPress/6.9.1; https://nfsin.com"
20.151.2.242 - - [20/Mar/2026:08:04:04 +0000] "GET /roter.php HTTP/1.1" 404 71763 "-" "-"
20.151.2.242 - - [20/Mar/2026:08:04:10 +0000] "GET /shellerr.php HTTP/1.1" 404 71763 "-" "-"
20.151.2.242 - - [20/Mar/2026:08:04:14 +0000] "GET /aee.php HTTP/1.1" 404 71763 "-" "-"
20.151.2.242 - - [20/Mar/2026:08:04:19 +0000] "GET /sweg.php HTTP/1.1" 404 71763 "-" "-"
20.151.2.242 - - [20/Mar/2026:08:04:24 +0000] "GET /phina.php HTTP/1.1" 404 71763 "-" "-"
20.151.2.242 - - [20/Mar/2026:08:04:29 +0000] "GET /an7.php HTTP/1.1" 404 71763 "-" "-"
20.151.2.242 - - [20/Mar/2026:08:04:32 +0000] "GET /rovoj.php HTTP/1.1" 404 71763 "-" "-"
20.151.2.242 - - [20/Mar/2026:08:04:36 +0000] "GET /awh.php HTTP/1.1" 404 71763 "-" "-"
20.151.2.242 - - [20/Mar/2026:08:04:40 +0000] "GET /phpmini.php HTTP/1.1" 404 71763 "-" "-"
20.151.2.242 - - [20/Mar/2026:08:04:44 +0000] "GET /caiij.php HTTP/1.1" 404 71763 "-" "-"
20.151.2.242 - - [20/Mar/2026:08:04:47 +0000] "GET /xex.php HTTP/1.1" 404 71763 "-" "-"
20.151.2.242 - - [20/Mar/2026:08:04:50 +0000] "GET /gk.php HTTP/1.1" 404 71763 "-" "-"
20.151.2.242 - - [20/Mar/2026:08:04:55 +0000] "GET /wp-includes/app.php HTTP/1.1" 404 71763 "-" "-"
20.151.2.242 - - [20/Mar/2026:08:04:58 +0000] "GET /wp-admin/maint/max.php HTTP/1.1" 404 71763 "-" "-"
139.162.194.112 - - [20/Mar/2026:08:05:03 +0000] "POST /wp-cron.php?doing_wp_cron=1773993903.2331891059875488281250 HTTP/1.1" 404 15608 "-" "WordPress/6.9.1; https://nfsin.com"
138.197.33.241 - - [20/Mar/2026:08:12:30 +0000] "GET / HTTP/1.1" 301 20 "-" "Mozilla/5.0 (X11; Linux x86_64) AppleWebKit/537.36 (KHTML, like Gecko) Chrome/142.0.0.0 Safari/537.36"
45.89.60.68 - - [20/Mar/2026:08:17:42 +0000] "GET /txets.php HTTP/1.1" 403 208 "www.google.com" "Mozlila/5.0 (Linux; Android 7.0; SM-G892A Bulid/NRD90M; wv) AppleWebKit/537.36 (KHTML, like Gecko) Version/4.0 Chrome/60.0.3112.107 Moblie Safari/537.36"
3.151.194.164 - - [20/Mar/2026:08:20:39 +0000] "GET / HTTP/1.1" 301 20 "-" "visionheight.com/scan Mozilla/5.0 (Macintosh; Intel Mac OS X 10_15_7) Chrome/126.0.0.0 Safari/537.36"
139.162.194.112 - - [20/Mar/2026:08:20:43 +0000] "POST /wp-cron.php?doing_wp_cron=1773994843.2248189449310302734375 HTTP/1.1" 404 15608 "-" "WordPress/6.9.1; https://nfsin.com"
213.111.157.176 - - [20/Mar/2026:09:22:49 +0000] "GET /wp-content/plugins/whmcs-bridge/cc.css HTTP/1.1" 404 15608 "-" "Mozilla/5.0 (Knoppix; Linux x86_64) AppleWebKit/537.36 (KHTML, like Gecko) Chrome/134.0.0.0 Safari/537.36"
139.162.194.112 - - [20/Mar/2026:09:22:54 +0000] "POST /wp-cron.php?doing_wp_cron=1773998574.1187489032745361328125 HTTP/1.1" 404 15608 "-" "WordPress/6.9.1; https://nfsin.com"
185.242.3.19 - - [20/Mar/2026:09:29:15 +0000] "GET //wp-content/plugins/fix/up.php HTTP/1.1" 301 20 "-" "Mozilla/5.0 (Windows NT 10.0; Win64; x64) AppleWebKit/537.36 (KHTML, like Gecko) Chrome/85.0.4183.102 Safari/537.36"
43.173.178.224 - - [20/Mar/2026:10:15:24 +0000] "GET / HTTP/1.1" 301 20 "-" "Mozilla/5.0 (Windows NT 10.0; Win64; x64) AppleWebKit/537.36 (KHTML, like Gecko) Chrome/117.0.0.0 Safari/537.36"
139.162.194.112 - - [20/Mar/2026:10:15:30 +0000] "POST /wp-cron.php?doing_wp_cron=1774001730.8260319232940673828125 HTTP/1.1" 404 15608 "-" "WordPress/6.9.1; https://nfsin.com"
43.173.181.90 - - [20/Mar/2026:10:15:43 +0000] "GET / HTTP/1.1" 301 20 "-" "Mozilla/5.0 (Windows NT 10.0; Win64; x64) AppleWebKit/537.36 (KHTML, like Gecko) Chrome/106.0.5249.119 Safari/537.36"
46.228.199.158 - - [20/Mar/2026:10:18:20 +0000] "GET / HTTP/1.1" 301 20 "-" "Mozilla/5.0 (Windows NT 10.0; Win64; x64) AppleWebKit/537.36 (KHTML, like Gecko) Chrome/91.0.4472.114 Safari/537.36 Edg/91.0.864.54"
139.162.194.112 - - [20/Mar/2026:10:18:26 +0000] "POST /wp-cron.php?doing_wp_cron=1774001906.5119841098785400390625 HTTP/1.1" 404 15608 "-" "WordPress/6.9.1; https://nfsin.com"
117.62.235.53 - - [20/Mar/2026:10:25:18 +0000] "GET / HTTP/1.1" 301 20 "-" "Mozilla/5.0 (iPhone; CPU iPhone OS 13_2_3 like Mac OS X) AppleWebKit/605.1.15 (KHTML, like Gecko) Version/13.0.3 Mobile/15E148 Safari/604.1"
139.162.194.112 - - [20/Mar/2026:10:25:25 +0000] "POST /wp-cron.php?doing_wp_cron=1774002325.0819768905639648437500 HTTP/1.1" 404 15608 "-" "WordPress/6.9.1; https://nfsin.com"
115.231.78.15 - - [20/Mar/2026:10:43:26 +0000] "GET / HTTP/1.1" 301 - "-" "Mozilla/5.0 (Windows NT 6.1) AppleWebKit/537.36 (KHTML, like Gecko) Chrome/71.0.2623.112 Safari/537.36"
139.162.194.112 - - [20/Mar/2026:10:43:32 +0000] "POST /wp-cron.php?doing_wp_cron=1774003412.1708369255065917968750 HTTP/1.1" 404 15608 "-" "WordPress/6.9.1; https://nfsin.com"
115.231.78.15 - - [20/Mar/2026:10:43:40 +0000] "GET / HTTP/1.1" 301 20 "-" "Mozilla/5.0 (Windows NT 6.1; WOW64) AppleWebKit/537.36 (KHTML, like Gecko) Chrome/63.0.3239.132 Safari/537.36 QIHU 360SE"
115.231.78.15 - - [20/Mar/2026:10:43:55 +0000] "GET /'https://nfsin.com/wp-content/plugins/ultimate-member/assets/css/um-fonticons-ii.css?ver=2.6.7' HTTP/1.1" 301 20 "-" "Mozilla/5.0 (Windows NT 6.1; WOW64) AppleWebKit/537.36 (KHTML, like Gecko) Chrome/63.0.3239.132 Safari/537.36 QIHU 360SE"
115.231.78.15 - - [20/Mar/2026:10:44:03 +0000] "GET /robots.txt HTTP/1.1" 200 124 "-" "Mozilla/5.0 (Windows NT 6.1; WOW64) AppleWebKit/537.36 (KHTML, like Gecko) Chrome/63.0.3239.132 Safari/537.36 QIHU 360SE"
115.231.78.15 - - [20/Mar/2026:10:44:01 +0000] "GET /'https://nfsin.com/wp-content/plugins/ultimate-member/assets/css/um-fonticons-fa.css?ver=2.6.7' HTTP/1.1" 301 20 "-" "Mozilla/5.0 (Windows NT 6.1; WOW64) AppleWebKit/537.36 (KHTML, like Gecko) Chrome/63.0.3239.132 Safari/537.36 QIHU 360SE"
43.156.168.214 - - [20/Mar/2026:11:10:36 +0000] "GET / HTTP/1.1" 301 20 "-" "Mozilla/5.0 (iPhone; CPU iPhone OS 13_2_3 like Mac OS X) AppleWebKit/605.1.15 (KHTML, like Gecko) Version/13.0.3 Mobile/15E148 Safari/604.1"
139.162.194.112 - - [20/Mar/2026:11:10:41 +0000] "POST /wp-cron.php?doing_wp_cron=1774005041.6517970561981201171875 HTTP/1.1" 404 15608 "-" "WordPress/6.9.1; https://nfsin.com"
176.65.132.19 - - [20/Mar/2026:11:34:53 +0000] "GET /wp-login.php HTTP/1.1" 200 20 "https://www.google.com/search?q=wordpress" "Mozilla/5.0 (Windows NT 11.0; Win64; x64; rv:119.0) Gecko/20100101 Firefox/119.0"
141.94.101.142 - - [20/Mar/2026:11:35:11 +0000] "GET /robots.txt HTTP/1.1" 200 333 "-" "Mozilla/5.0 (compatible; MJ12bot/v1.4.8; http://mj12bot.com/)"
141.94.101.142 - - [20/Mar/2026:11:35:13 +0000] "GET / HTTP/1.1" 301 20 "-" "Mozilla/5.0 (compatible; MJ12bot/v1.4.8; http://mj12bot.com/)"
43.165.65.75 - - [20/Mar/2026:11:45:45 +0000] "GET / HTTP/1.1" 301 20 "-" "Mozilla/5.0 (iPhone; CPU iPhone OS 13_2_3 like Mac OS X) AppleWebKit/605.1.15 (KHTML, like Gecko) Version/13.0.3 Mobile/15E148 Safari/604.1"
139.162.194.112 - - [20/Mar/2026:11:45:51 +0000] "POST /wp-cron.php?doing_wp_cron=1774007151.0178759098052978515625 HTTP/1.1" 404 15608 "-" "WordPress/6.9.1; https://nfsin.com"
43.173.173.229 - - [20/Mar/2026:13:26:15 +0000] "GET /wp-includes/class-wp-http-proxy.php HTTP/1.1" 404 15607 "-" "Mozilla/5.0 (Windows NT 10.0; Win64; x64) AppleWebKit/537.36 (KHTML, like Gecko) Chrome/133.0.0.0 Safari/537.36"
43.173.178.152 - - [20/Mar/2026:13:26:24 +0000] "GET /wp-includes/class-wp-http-proxy.php HTTP/1.1" 404 15607 "-" "Mozilla/5.0 (Windows NT 10.0; Win64; x64) AppleWebKit/537.36 (KHTML, like Gecko) Chrome/104.0.5112.81 Safari/537.36"
139.162.194.112 - - [20/Mar/2026:13:26:24 +0000] "POST /wp-cron.php?doing_wp_cron=1774013184.8072009086608886718750 HTTP/1.1" 404 15607 "-" "WordPress/6.9.1; https://nfsin.com"
74.7.228.1 - - [20/Mar/2026:14:07:27 +0000] "GET /robots.txt HTTP/1.1" 200 124 "-" "Mozilla/5.0 (Macintosh; Intel Mac OS X 10_15_7) AppleWebKit/537.36 (KHTML, like Gecko) Chrome/131.0.0.0 Safari/537.36; compatible; OAI-SearchBot/1.3; robots.txt; +https://openai.com/searchbot"
74.7.243.236 - - [20/Mar/2026:14:10:57 +0000] "GET / HTTP/1.1" 301 20 "http://www.homefinance.co.in" "Mozilla/5.0 AppleWebKit/537.36 (KHTML, like Gecko; compatible; GPTBot/1.3; +https://openai.com/gptbot)"
139.162.194.112 - - [20/Mar/2026:14:11:05 +0000] "POST /wp-cron.php?doing_wp_cron=1774015865.0759160518646240234375 HTTP/1.1" 404 15607 "-" "WordPress/6.9.1; https://nfsin.com"
165.227.210.249 - - [20/Mar/2026:14:44:21 +0000] "GET /wp-content/plugins/profile-builder/readme.txt HTTP/1.1" 404 15607 "-" "Mozlila/5.0 (Linux; Android 7.0; SM-G892A Bulid/NRD90M; wv) AppleWebKit/537.36 (KHTML, like Gecko) Version/4.0 Chrome/60.0.3112.107 Moblie Safari/537.36"
139.162.194.112 - - [20/Mar/2026:14:44:27 +0000] "POST /wp-cron.php?doing_wp_cron=1774017867.0977580547332763671875 HTTP/1.1" 404 15607 "-" "WordPress/6.9.1; https://nfsin.com"
144.217.135.244 - - [20/Mar/2026:15:16:15 +0000] "GET / HTTP/1.1" 301 - "-" "Mozilla/5.0 (compatible; Dataprovider.com)"
139.162.194.112 - - [20/Mar/2026:15:16:24 +0000] "POST /wp-cron.php?doing_wp_cron=1774019784.1332559585571289062500 HTTP/1.1" 404 15607 "-" "WordPress/6.9.1; https://nfsin.com"
149.56.160.186 - - [20/Mar/2026:15:19:39 +0000] "GET / HTTP/1.1" 301 20 "-" "Mozilla/5.0 (compatible; Dataprovider.com)"
144.217.135.144 - - [20/Mar/2026:15:19:57 +0000] "GET / HTTP/1.1" 301 20 "-" "Mozilla/5.0 (compatible; Dataprovider.com)"
149.56.150.96 - - [20/Mar/2026:15:20:27 +0000] "GET / HTTP/1.1" 301 20 "-" "Mozilla/5.0 (compatible; Dataprovider.com)"
139.162.194.112 - - [20/Mar/2026:15:20:38 +0000] "POST /wp-cron.php?doing_wp_cron=1774020038.3793349266052246093750 HTTP/1.1" 404 15607 "-" "WordPress/6.9.1; https://nfsin.com"
45.134.79.89 - - [20/Mar/2026:15:57:38 +0000] "GET /wp-content/plugins/fix/up.php HTTP/1.1" 404 15607 "-" "Mozilla/5.0"
139.162.194.112 - - [20/Mar/2026:15:57:44 +0000] "POST /wp-cron.php?doing_wp_cron=1774022264.2709040641784667968750 HTTP/1.1" 404 15607 "-" "WordPress/6.9.1; https://nfsin.com"
43.130.57.46 - - [20/Mar/2026:15:58:56 +0000] "GET / HTTP/1.1" 301 20 "-" "Mozilla/5.0 (iPhone; CPU iPhone OS 13_2_3 like Mac OS X) AppleWebKit/605.1.15 (KHTML, like Gecko) Version/13.0.3 Mobile/15E148 Safari/604.1"
139.162.194.112 - - [20/Mar/2026:15:59:03 +0000] "POST /wp-cron.php?doing_wp_cron=1774022343.5065999031066894531250 HTTP/1.1" 404 15607 "-" "WordPress/6.9.1; https://nfsin.com"
43.173.179.227 - - [20/Mar/2026:16:14:53 +0000] "GET / HTTP/1.1" 301 20 "-" "Mozilla/5.0 (Windows NT 10.0; Win64; x64) AppleWebKit/537.36 (KHTML, like Gecko) Chrome/106.0.5249.119 Safari/537.36"
139.162.194.112 - - [20/Mar/2026:16:15:00 +0000] "POST /wp-cron.php?doing_wp_cron=1774023300.2549018859863281250000 HTTP/1.1" 404 15607 "-" "WordPress/6.9.1; https://nfsin.com"
43.173.179.41 - - [20/Mar/2026:16:15:13 +0000] "GET / HTTP/1.1" 301 20 "-" "Mozilla/5.0 (Windows NT 10.0; Win64; x64) AppleWebKit/537.36 (KHTML, like Gecko) Chrome/133.0.0.0 Safari/537.36"
43.173.176.200 - - [20/Mar/2026:16:24:01 +0000] "GET /wp-includes/http.php HTTP/1.1" 404 15607 "-" "Mozilla/5.0 (Windows NT 10.0; Win64; x64) AppleWebKit/537.36 (KHTML, like Gecko) Chrome/110.0.0.0 Safari/537.36"
139.162.194.112 - - [20/Mar/2026:16:24:08 +0000] "POST /wp-cron.php?doing_wp_cron=1774023848.7264668941497802734375 HTTP/1.1" 404 15607 "-" "WordPress/6.9.1; https://nfsin.com"
43.153.48.240 - - [20/Mar/2026:16:39:29 +0000] "GET / HTTP/1.1" 301 20 "-" "Mozilla/5.0 (iPhone; CPU iPhone OS 13_2_3 like Mac OS X) AppleWebKit/605.1.15 (KHTML, like Gecko) Version/13.0.3 Mobile/15E148 Safari/604.1"
139.162.194.112 - - [20/Mar/2026:16:39:35 +0000] "POST /wp-cron.php?doing_wp_cron=1774024775.9259340763092041015625 HTTP/1.1" 404 15607 "-" "WordPress/6.9.1; https://nfsin.com"
176.65.132.19 - - [20/Mar/2026:17:06:17 +0000] "GET /wp-login.php HTTP/1.1" 200 20 "https://www.google.com/search?q=wordpress" "Mozilla/5.0 (Macintosh; Intel Mac OS X 13_6_1) AppleWebKit/605.1.15 (KHTML, like Gecko) Version/17.0 Safari/605.1.15"
8.212.130.232 - - [20/Mar/2026:17:13:40 +0000] "GET /wp-json/wp/v2/posts HTTP/1.1" 200 679 "-" "Mozilla/5.0 (Windows NT 10.0; Win64; x64) AppleWebKit/537.36 (KHTML, like Gecko) Chrome/120.0.0.0 Safari/537.36"
139.162.194.112 - - [20/Mar/2026:17:13:43 +0000] "POST /wp-cron.php?doing_wp_cron=1774026823.6351139545440673828125 HTTP/1.1" 404 15607 "-" "WordPress/6.9.1; https://nfsin.com"
158.101.39.212 - - [20/Mar/2026:17:39:22 +0000] "GET / HTTP/1.1" 301 20 "-" "Mozilla/5.0 (iPhone; CPU iPhone OS 17_4_1 like Mac OS X) AppleWebKit/605.1.15 Mobile/15E148"
158.101.39.212 - - [20/Mar/2026:17:39:27 +0000] "GET / HTTP/1.1" 301 20 "-" "Mozilla/5.0 (Macintosh; Intel Mac OS X 13_5_1) AppleWebKit/605.1.15 Safari/605.1.15"
139.162.194.112 - - [20/Mar/2026:17:39:28 +0000] "POST /wp-cron.php?doing_wp_cron=1774028368.0653929710388183593750 HTTP/1.1" 404 15607 "-" "WordPress/6.9.1; https://nfsin.com"
158.101.39.212 - - [20/Mar/2026:17:39:33 +0000] "GET / HTTP/1.1" 301 20 "-" "Mozilla/5.0 (X11; Linux x86_64) Gecko/20100101 Firefox/117.0"
106.227.49.113 - - [20/Mar/2026:17:54:32 +0000] "GET / HTTP/1.1" 301 20 "-" "Mozilla/5.0 (iPhone; CPU iPhone OS 13_2_3 like Mac OS X) AppleWebKit/605.1.15 (KHTML, like Gecko) Version/13.0.3 Mobile/15E148 Safari/604.1"
139.162.194.112 - - [20/Mar/2026:17:54:39 +0000] "POST /wp-cron.php?doing_wp_cron=1774029279.7895939350128173828125 HTTP/1.1" 404 15607 "-" "WordPress/6.9.1; https://nfsin.com"
141.98.11.169 - - [20/Mar/2026:19:25:02 +0000] "GET /wp-login.php HTTP/1.1" 200 20 "https://www.google.com/" "Mozilla/5.0 (Macintosh; Intel Mac OS X 13_6_1) AppleWebKit/537.36 (KHTML, like Gecko) Chrome/118.0.0.0 Safari/537.36"
43.228.157.73 - - [20/Mar/2026:20:59:46 +0000] "GET / HTTP/1.1" 301 - "-" "-"
43.228.157.73 - - [20/Mar/2026:20:59:47 +0000] "GET / HTTP/1.1" 301 - "-" "-"
43.228.157.73 - - [20/Mar/2026:20:59:55 +0000] "GET / HTTP/1.1" 301 - "-" "-"
43.228.157.73 - - [20/Mar/2026:20:59:54 +0000] "GET / HTTP/1.1" 301 - "-" "-"
139.162.194.112 - - [20/Mar/2026:20:59:57 +0000] "POST /wp-cron.php?doing_wp_cron=1774040397.7046670913696289062500 HTTP/1.1" 404 15607 "-" "WordPress/6.9.1; https://nfsin.com"
139.162.194.112 - - [20/Mar/2026:20:59:58 +0000] "POST /wp-cron.php?doing_wp_cron=1774040398.0071260929107666015625 HTTP/1.1" 404 15607 "-" "WordPress/6.9.1; https://nfsin.com"
43.228.157.73 - - [20/Mar/2026:21:00:03 +0000] "GET / HTTP/1.1" 301 - "-" "-"
43.228.157.73 - - [20/Mar/2026:21:00:02 +0000] "GET / HTTP/1.1" 301 - "-" "-"
139.162.194.112 - - [20/Mar/2026:21:00:06 +0000] "POST /wp-cron.php?doing_wp_cron=1774040406.7944269180297851562500 HTTP/1.1" 404 15607 "-" "WordPress/6.9.1; https://nfsin.com"
139.162.194.112 - - [20/Mar/2026:21:00:06 +0000] "POST /wp-cron.php?doing_wp_cron=1774040406.5239241123199462890625 HTTP/1.1" 404 15607 "-" "WordPress/6.9.1; https://nfsin.com"
43.228.157.73 - - [20/Mar/2026:21:00:10 +0000] "GET / HTTP/1.1" 301 - "-" "-"
43.228.157.73 - - [20/Mar/2026:21:00:11 +0000] "GET / HTTP/1.1" 301 - "-" "-"
43.228.157.73 - - [20/Mar/2026:21:00:18 +0000] "GET / HTTP/1.1" 301 - "-" "-"
43.228.157.73 - - [20/Mar/2026:21:00:19 +0000] "GET / HTTP/1.1" 301 - "-" "-"
51.68.235.235 - - [20/Mar/2026:21:26:51 +0000] "GET /robots.txt HTTP/1.1" 200 333 "-" "Mozilla/5.0 (compatible; MJ12bot/v1.4.8; http://mj12bot.com/)"
51.68.235.235 - - [20/Mar/2026:21:26:52 +0000] "GET / HTTP/1.1" 301 20 "-" "Mozilla/5.0 (compatible; MJ12bot/v1.4.8; http://mj12bot.com/)"
139.162.194.112 - - [20/Mar/2026:21:26:58 +0000] "POST /wp-cron.php?doing_wp_cron=1774042018.5454540252685546875000 HTTP/1.1" 404 15607 "-" "WordPress/6.9.1; https://nfsin.com"
43.173.178.49 - - [20/Mar/2026:22:25:09 +0000] "GET / HTTP/1.1" 301 20 "-" "Mozilla/5.0 (Windows NT 10.0; Win64; x64) AppleWebKit/537.36 (KHTML, like Gecko) Chrome/133.0.0.0 Safari/537.36"
139.162.194.112 - - [20/Mar/2026:22:25:15 +0000] "POST /wp-cron.php?doing_wp_cron=1774045515.8134829998016357421875 HTTP/1.1" 404 15607 "-" "WordPress/6.9.1; https://nfsin.com"
43.173.180.85 - - [20/Mar/2026:22:25:27 +0000] "GET / HTTP/1.1" 301 20 "-" "Mozilla/5.0 (Windows NT 10.0; Win64; x64) AppleWebKit/537.36 (KHTML, like Gecko) Chrome/131.0.0.0 Safari/537.36"
18.211.58.193 - - [20/Mar/2026:22:59:47 +0000] "GET / HTTP/1.1" 301 20 "-" "Mozilla/5.0 (Windows NT 10.0; Win64; x64) AppleWebKit/537.36 (KHTML, like Gecko) Chrome/120.0.0.0 Safari/537.36"
18.211.58.193 - - [20/Mar/2026:22:59:47 +0000] "GET / HTTP/1.1" 301 20 "-" "Mozilla/5.0 (Windows NT 10.0; Win64; x64) AppleWebKit/537.36 (KHTML, like Gecko) Chrome/64.0.3282.186 Safari/537.36"
139.162.194.112 - - [20/Mar/2026:22:59:50 +0000] "POST /wp-cron.php?doing_wp_cron=1774047590.7489581108093261718750 HTTP/1.1" 404 15607 "-" "WordPress/6.9.1; https://nfsin.com"
139.162.194.112 - - [20/Mar/2026:22:59:51 +0000] "POST /wp-cron.php?doing_wp_cron=1774047591.2850589752197265625000 HTTP/1.1" 404 15607 "-" "WordPress/6.9.1; https://nfsin.com"
122.51.236.174 - - [21/Mar/2026:00:25:41 +0000] "GET / HTTP/1.1" 301 20 "-" "Mozilla/5.0 (iPhone; CPU iPhone OS 13_2_3 like Mac OS X) AppleWebKit/605.1.15 (KHTML, like Gecko) Version/13.0.3 Mobile/15E148 Safari/604.1"
139.162.194.112 - - [21/Mar/2026:00:25:47 +0000] "POST /wp-cron.php?doing_wp_cron=1774052747.2027640342712402343750 HTTP/1.1" 404 15608 "-" "WordPress/6.9.1; https://nfsin.com"
125.164.209.132 - - [21/Mar/2026:00:44:19 +0000] "GET /wp-json/wp/v2/posts HTTP/1.1" 200 679 "-" "Mozilla/5.0 (Windows NT 10.0; Win64; x64) AppleWebKit/537.36 (KHTML, like Gecko) Chrome/120.0.0.0 Safari/537.36"
139.162.194.112 - - [21/Mar/2026:00:44:23 +0000] "POST /wp-cron.php?doing_wp_cron=1774053862.9632139205932617187500 HTTP/1.1" 404 15608 "-" "WordPress/6.9.1; https://nfsin.com"
220.181.51.90 - - [21/Mar/2026:01:11:19 +0000] "GET /robots.txt HTTP/1.1" 200 124 "-" "Mozilla/5.0 (Windows NT 10.0; WOW64) AppleWebKit/537.36 (KHTML, like Gecko) Chrome/48.0.2564.116 Safari/537.36"
205.210.31.31 - - [21/Mar/2026:01:19:09 +0000] "GET / HTTP/1.1" 301 - "-" "Hello from Palo Alto Networks, find out more about our scans in https://docs-cortex.paloaltonetworks.com/r/1/Cortex-Xpanse/Scanning-activity"
139.162.194.112 - - [21/Mar/2026:01:19:13 +0000] "POST /wp-cron.php?doing_wp_cron=1774055953.0496010780334472656250 HTTP/1.1" 404 15608 "-" "WordPress/6.9.1; https://nfsin.com"
170.106.192.208 - - [21/Mar/2026:01:23:52 +0000] "GET / HTTP/1.1" 301 20 "-" "Mozilla/5.0 (iPhone; CPU iPhone OS 13_2_3 like Mac OS X) AppleWebKit/605.1.15 (KHTML, like Gecko) Version/13.0.3 Mobile/15E148 Safari/604.1"
139.162.194.112 - - [21/Mar/2026:01:23:54 +0000] "POST /wp-cron.php?doing_wp_cron=1774056234.4147078990936279296875 HTTP/1.1" 404 15608 "-" "WordPress/6.9.1; https://nfsin.com"
95.168.190.250 - - [21/Mar/2026:01:44:06 +0000] "GET /robots.txt HTTP/1.1" 200 124 "-" "Mozilla/5.0 (compatible; ORT/v1.0.0; visit ORTc.me )"
43.167.241.46 - - [21/Mar/2026:02:17:33 +0000] "GET / HTTP/1.1" 301 20 "-" "Mozilla/5.0 (iPhone; CPU iPhone OS 13_2_3 like Mac OS X) AppleWebKit/605.1.15 (KHTML, like Gecko) Version/13.0.3 Mobile/15E148 Safari/604.1"
139.162.194.112 - - [21/Mar/2026:02:17:38 +0000] "POST /wp-cron.php?doing_wp_cron=1774059458.5111510753631591796875 HTTP/1.1" 404 15608 "-" "WordPress/6.9.1; https://nfsin.com"
43.228.157.68 - - [21/Mar/2026:02:31:40 +0000] "GET /.git/HEAD HTTP/1.1" 404 15608 "-" "Go-http-client/1.1"
43.228.157.68 - - [21/Mar/2026:02:31:41 +0000] "GET /.git/config HTTP/1.1" 404 15608 "-" "Go-http-client/1.1"
139.162.194.112 - - [21/Mar/2026:02:31:46 +0000] "POST /wp-cron.php?doing_wp_cron=1774060306.8125810623168945312500 HTTP/1.1" 404 15608 "-" "WordPress/6.9.1; https://nfsin.com"
43.228.157.68 - - [21/Mar/2026:02:31:47 +0000] "GET /web/.git/HEAD HTTP/1.1" 404 15608 "-" "Go-http-client/1.1"
43.228.157.68 - - [21/Mar/2026:02:31:57 +0000] "GET /www/.git/HEAD HTTP/1.1" 404 15608 "-" "Go-http-client/1.1"
43.228.157.68 - - [21/Mar/2026:02:32:00 +0000] "GET /public/.git/HEAD HTTP/1.1" 404 15608 "-" "Go-http-client/1.1"
43.228.157.68 - - [21/Mar/2026:02:32:06 +0000] "GET /html/.git/HEAD HTTP/1.1" 404 15608 "-" "Go-http-client/1.1"
43.228.157.68 - - [21/Mar/2026:02:32:12 +0000] "GET /htdocs/.git/HEAD HTTP/1.1" 404 15608 "-" "Go-http-client/1.1"
43.228.157.68 - - [21/Mar/2026:02:32:18 +0000] "GET /app/.git/HEAD HTTP/1.1" 404 15608 "-" "Go-http-client/1.1"
43.228.157.68 - - [21/Mar/2026:02:32:30 +0000] "GET /src/.git/HEAD HTTP/1.1" 404 15608 "-" "Go-http-client/1.1"
43.228.157.68 - - [21/Mar/2026:02:32:33 +0000] "GET /wp-content/.git/HEAD HTTP/1.1" 404 15608 "-" "Go-http-client/1.1"
94.26.106.114 - - [21/Mar/2026:03:28:54 +0000] "GET /wp-login.php HTTP/1.1" 200 20 "-" "Mozilla/5.0 (Macintosh; Intel Mac OS X 10_15_7; rv:121.0) Gecko/20100101 Firefox/121.0"
192.109.200.196 - - [21/Mar/2026:03:33:15 +0000] "GET /.env HTTP/1.1" 301 - "-" "Mozilla/5.0 (Windows; U; Windows NT 6.0; bg; rv:1.9.1.3) Gecko/20090824 Firefox/3.5.3 (.NET CLR 3.5.30729)"
139.162.194.112 - - [21/Mar/2026:03:33:22 +0000] "POST /wp-cron.php?doing_wp_cron=1774064002.4819669723510742187500 HTTP/1.1" 404 15608 "-" "WordPress/6.9.1; https://nfsin.com"
43.173.179.60 - - [21/Mar/2026:04:15:13 +0000] "GET / HTTP/1.1" 301 20 "-" "Mozilla/5.0 (Windows NT 10.0; Win64; x64) AppleWebKit/537.36 (KHTML, like Gecko) Chrome/111.0.0.0 Safari/537.36"
139.162.194.112 - - [21/Mar/2026:04:15:17 +0000] "POST /wp-cron.php?doing_wp_cron=1774066517.7739620208740234375000 HTTP/1.1" 404 15608 "-" "WordPress/6.9.1; https://nfsin.com"
43.173.180.98 - - [21/Mar/2026:04:15:28 +0000] "GET / HTTP/1.1" 301 20 "-" "Mozilla/5.0 (Windows NT 10.0; Win64; x64) AppleWebKit/537.36 (KHTML, like Gecko) Chrome/103.0.0.0 Safari/537.36"
46.105.40.140 - - [21/Mar/2026:04:39:59 +0000] "GET /robots.txt HTTP/1.1" 200 124 "-" "Mozilla/5.0 (compatible; MJ12bot/v2.0.5; http://mj12bot.com/)"
46.105.40.140 - - [21/Mar/2026:04:39:59 +0000] "GET / HTTP/1.1" 301 20 "-" "Mozilla/5.0 (compatible; MJ12bot/v2.0.5; http://mj12bot.com/)"
139.162.194.112 - - [21/Mar/2026:04:40:07 +0000] "POST /wp-cron.php?doing_wp_cron=1774068007.4950170516967773437500 HTTP/1.1" 404 15608 "-" "WordPress/6.9.1; https://nfsin.com"
4.204.200.32 - - [21/Mar/2026:05:49:03 +0000] "GET /wp-content/plugins/hellopress/wp_filemanager.php HTTP/1.1" 404 71810 "-" "-"
139.162.194.112 - - [21/Mar/2026:05:49:08 +0000] "POST /wp-cron.php?doing_wp_cron=1774072148.4602460861206054687500 HTTP/1.1" 404 15608 "-" "WordPress/6.9.1; https://nfsin.com"
4.204.200.32 - - [21/Mar/2026:05:49:09 +0000] "GET /wp-blogs.php HTTP/1.1" 404 71810 "-" "-"
4.204.200.32 - - [21/Mar/2026:05:49:17 +0000] "GET //tfm.php HTTP/1.1" 301 - "-" "-"
4.204.200.32 - - [21/Mar/2026:05:49:23 +0000] "GET /tfm.php HTTP/1.1" 404 71810 "-" "-"
4.204.200.32 - - [21/Mar/2026:05:49:28 +0000] "GET /8xyz.php HTTP/1.1" 404 71810 "-" "-"
4.204.200.32 - - [21/Mar/2026:05:49:33 +0000] "GET /RIP.php HTTP/1.1" 404 71810 "-" "-"
4.204.200.32 - - [21/Mar/2026:05:49:38 +0000] "GET /ioxi.php HTTP/1.1" 404 71810 "-" "-"
4.204.200.32 - - [21/Mar/2026:05:49:43 +0000] "GET /nc4.php HTTP/1.1" 404 71810 "-" "-"
4.204.200.32 - - [21/Mar/2026:05:49:47 +0000] "GET /wp-ssfc.php HTTP/1.1" 404 71810 "-" "-"
4.204.200.32 - - [21/Mar/2026:05:49:52 +0000] "GET /ws75.php HTTP/1.1" 404 71810 "-" "-"
4.204.200.32 - - [21/Mar/2026:05:49:56 +0000] "GET /ws78.php HTTP/1.1" 404 71810 "-" "-"
4.204.200.32 - - [21/Mar/2026:05:50:00 +0000] "GET /wp-png.php HTTP/1.1" 404 71810 "-" "-"
4.204.200.32 - - [21/Mar/2026:05:50:05 +0000] "GET /000.php HTTP/1.1" 404 71810 "-" "-"
139.162.194.112 - - [21/Mar/2026:05:50:09 +0000] "POST /wp-cron.php?doing_wp_cron=1774072209.6579899787902832031250 HTTP/1.1" 404 15608 "-" "WordPress/6.9.1; https://nfsin.com"
4.204.200.32 - - [21/Mar/2026:05:50:11 +0000] "GET /w3lls.php HTTP/1.1" 404 71810 "-" "-"
4.204.200.32 - - [21/Mar/2026:05:50:16 +0000] "GET /ws86.php HTTP/1.1" 404 71810 "-" "-"
4.204.200.32 - - [21/Mar/2026:05:50:21 +0000] "GET /xwx1.php HTTP/1.1" 404 71810 "-" "-"
4.204.200.32 - - [21/Mar/2026:05:50:26 +0000] "GET /ggb.php HTTP/1.1" 404 71810 "-" "-"
4.204.200.32 - - [21/Mar/2026:05:50:32 +0000] "GET /xff.php HTTP/1.1" 404 71810 "-" "-"
4.204.200.32 - - [21/Mar/2026:05:50:38 +0000] "GET /wwx.php HTTP/1.1" 404 71810 "-" "-"
4.204.200.32 - - [21/Mar/2026:05:50:44 +0000] "GET /term.php HTTP/1.1" 404 71810 "-" "-"
4.204.200.32 - - [21/Mar/2026:05:50:50 +0000] "GET /ws77.php HTTP/1.1" 404 71810 "-" "-"
4.204.200.32 - - [21/Mar/2026:05:50:56 +0000] "GET /gifclass.php HTTP/1.1" 404 71810 "-" "-"
4.204.200.32 - - [21/Mar/2026:05:51:03 +0000] "GET /8.php HTTP/1.1" 404 71810 "-" "-"
4.204.200.32 - - [21/Mar/2026:05:51:08 +0000] "GET /155.php HTTP/1.1" 404 71810 "-" "-"
139.162.194.112 - - [21/Mar/2026:05:51:13 +0000] "POST /wp-cron.php?doing_wp_cron=1774072273.5563039779663085937500 HTTP/1.1" 404 15608 "-" "WordPress/6.9.1; https://nfsin.com"
4.204.200.32 - - [21/Mar/2026:05:51:14 +0000] "GET /mh.php HTTP/1.1" 404 71810 "-" "-"
4.204.200.32 - - [21/Mar/2026:05:51:21 +0000] "GET /222.php HTTP/1.1" 404 71810 "-" "-"
4.204.200.32 - - [21/Mar/2026:05:51:26 +0000] "GET /hehe.php HTTP/1.1" 404 71810 "-" "-"
4.204.200.32 - - [21/Mar/2026:05:51:31 +0000] "GET /tool.php HTTP/1.1" 404 71810 "-" "-"
4.204.200.32 - - [21/Mar/2026:05:51:37 +0000] "GET /wp-act.php HTTP/1.1" 404 71810 "-" "-"
4.204.200.32 - - [21/Mar/2026:05:51:43 +0000] "GET /cu.php HTTP/1.1" 404 71810 "-" "-"
4.204.200.32 - - [21/Mar/2026:05:51:48 +0000] "GET /fs.php HTTP/1.1" 404 71810 "-" "-"
4.204.200.32 - - [21/Mar/2026:05:51:54 +0000] "GET /asd.php HTTP/1.1" 404 71810 "-" "-"
4.204.200.32 - - [21/Mar/2026:05:51:59 +0000] "GET /ws80.php HTTP/1.1" 404 71810 "-" "-"
4.204.200.32 - - [21/Mar/2026:05:52:03 +0000] "GET /ms.php HTTP/1.1" 404 71810 "-" "-"
4.204.200.32 - - [21/Mar/2026:05:52:08 +0000] "GET /jga.php HTTP/1.1" 404 71810 "-" "-"
4.204.200.32 - - [21/Mar/2026:05:52:12 +0000] "GET /666.php HTTP/1.1" 404 71810 "-" "-"
139.162.194.112 - - [21/Mar/2026:05:52:16 +0000] "POST /wp-cron.php?doing_wp_cron=1774072336.7527110576629638671875 HTTP/1.1" 404 15608 "-" "WordPress/6.9.1; https://nfsin.com"
4.204.200.32 - - [21/Mar/2026:05:52:18 +0000] "GET /zc-104.php HTTP/1.1" 404 71810 "-" "-"
4.204.200.32 - - [21/Mar/2026:05:52:22 +0000] "GET /ws88.php HTTP/1.1" 404 71810 "-" "-"
4.204.200.32 - - [21/Mar/2026:05:52:25 +0000] "GET /ws60.php HTTP/1.1" 404 71810 "-" "-"
4.204.200.32 - - [21/Mar/2026:05:52:28 +0000] "GET /bo.php HTTP/1.1" 404 71810 "-" "-"
4.204.200.32 - - [21/Mar/2026:05:52:32 +0000] "GET /ws84.php HTTP/1.1" 404 71810 "-" "-"
4.204.200.32 - - [21/Mar/2026:05:52:37 +0000] "GET /public/vx.php HTTP/1.1" 404 71810 "-" "-"
4.204.200.32 - - [21/Mar/2026:05:52:43 +0000] "GET /vanda.php HTTP/1.1" 404 71810 "-" "-"
4.204.200.32 - - [21/Mar/2026:05:52:47 +0000] "GET /amp.php HTTP/1.1" 404 71810 "-" "-"
4.204.200.32 - - [21/Mar/2026:05:52:52 +0000] "GET /a4.php HTTP/1.1" 404 71810 "-" "-"
4.204.200.32 - - [21/Mar/2026:05:52:56 +0000] "GET /1.php HTTP/1.1" 404 71810 "-" "-"
4.204.200.32 - - [21/Mar/2026:05:53:00 +0000] "GET /b.php HTTP/1.1" 404 71810 "-" "-"
4.204.200.32 - - [21/Mar/2026:05:53:06 +0000] "GET /hots.php HTTP/1.1" 404 71810 "-" "-"
4.204.200.32 - - [21/Mar/2026:05:53:10 +0000] "GET /wp-the.php HTTP/1.1" 404 71810 "-" "-"
4.204.200.32 - - [21/Mar/2026:05:53:16 +0000] "GET /kj.php HTTP/1.1" 404 71810 "-" "-"
139.162.194.112 - - [21/Mar/2026:05:53:22 +0000] "POST /wp-cron.php?doing_wp_cron=1774072402.7531609535217285156250 HTTP/1.1" 404 15608 "-" "WordPress/6.9.1; https://nfsin.com"
4.204.200.32 - - [21/Mar/2026:05:53:24 +0000] "GET /a5.php HTTP/1.1" 404 71810 "-" "-"
4.204.200.32 - - [21/Mar/2026:05:53:30 +0000] "GET /44.php HTTP/1.1" 404 71810 "-" "-"
4.204.200.32 - - [21/Mar/2026:05:53:35 +0000] "GET /public/ws49.php HTTP/1.1" 404 71810 "-" "-"
4.204.200.32 - - [21/Mar/2026:05:53:40 +0000] "GET /xxw.php HTTP/1.1" 404 71810 "-" "-"
4.204.200.32 - - [21/Mar/2026:05:53:45 +0000] "GET /sa.php7 HTTP/1.1" 404 71810 "-" "-"
4.204.200.32 - - [21/Mar/2026:05:53:49 +0000] "GET /ms-edit.php HTTP/1.1" 404 71810 "-" "-"
4.204.200.32 - - [21/Mar/2026:05:53:54 +0000] "GET /wp9.php HTTP/1.1" 404 71810 "-" "-"
4.204.200.32 - - [21/Mar/2026:05:53:58 +0000] "GET /wen.php HTTP/1.1" 404 71810 "-" "-"
4.204.200.32 - - [21/Mar/2026:05:54:02 +0000] "GET /wp5.php HTTP/1.1" 404 71810 "-" "-"
4.204.200.32 - - [21/Mar/2026:05:54:06 +0000] "GET /varb.php HTTP/1.1" 404 71810 "-" "-"
4.204.200.32 - - [21/Mar/2026:05:54:09 +0000] "GET /tt.php HTTP/1.1" 404 71810 "-" "-"
4.204.200.32 - - [21/Mar/2026:05:54:12 +0000] "GET /gettest.php HTTP/1.1" 404 71810 "-" "-"
4.204.200.32 - - [21/Mar/2026:05:54:16 +0000] "GET /vx.php HTTP/1.1" 404 71810 "-" "-"
4.204.200.32 - - [21/Mar/2026:05:54:19 +0000] "GET /abrand.php HTTP/1.1" 404 71810 "-" "-"
4.204.200.32 - - [21/Mar/2026:05:54:23 +0000] "GET /8573.php HTTP/1.1" 404 71810 "-" "-"
139.162.194.112 - - [21/Mar/2026:05:54:26 +0000] "POST /wp-cron.php?doing_wp_cron=1774072466.3064150810241699218750 HTTP/1.1" 404 15608 "-" "WordPress/6.9.1; https://nfsin.com"
4.204.200.32 - - [21/Mar/2026:05:54:27 +0000] "GET /bolt.php HTTP/1.1" 404 71810 "-" "-"
4.204.200.32 - - [21/Mar/2026:05:54:30 +0000] "GET /tfm.php HTTP/1.1" 404 71810 "-" "-"
4.204.200.32 - - [21/Mar/2026:05:54:33 +0000] "GET /lm15.php HTTP/1.1" 404 71810 "-" "-"
4.204.200.32 - - [21/Mar/2026:05:54:36 +0000] "GET /wp-admin/css/bolt.php HTTP/1.1" 404 71810 "-" "-"
4.204.200.32 - - [21/Mar/2026:05:54:40 +0000] "GET //nw.php HTTP/1.1" 301 - "-" "-"
4.204.200.32 - - [21/Mar/2026:05:54:43 +0000] "GET /nw.php HTTP/1.1" 404 71810 "-" "-"
4.204.200.32 - - [21/Mar/2026:05:54:45 +0000] "GET /bnm.php HTTP/1.1" 404 71810 "-" "-"
4.204.200.32 - - [21/Mar/2026:05:54:48 +0000] "GET /nw.php HTTP/1.1" 404 71810 "-" "-"
4.204.200.32 - - [21/Mar/2026:05:54:51 +0000] "GET /s.php HTTP/1.1" 404 71810 "-" "-"
4.204.200.32 - - [21/Mar/2026:05:54:53 +0000] "GET /hplfuns.php HTTP/1.1" 404 71810 "-" "-"
4.204.200.32 - - [21/Mar/2026:05:54:56 +0000] "GET /jp.php HTTP/1.1" 404 71810 "-" "-"
4.204.200.32 - - [21/Mar/2026:05:55:00 +0000] "GET /xsas.php HTTP/1.1" 404 71810 "-" "-"
4.204.200.32 - - [21/Mar/2026:05:55:03 +0000] "GET /5b9ac.php HTTP/1.1" 404 71810 "-" "-"
4.204.200.32 - - [21/Mar/2026:05:55:06 +0000] "GET /okxh.php HTTP/1.1" 404 71810 "-" "-"
4.204.200.32 - - [21/Mar/2026:05:55:09 +0000] "GET /rzki.php HTTP/1.1" 404 71810 "-" "-"
4.204.200.32 - - [21/Mar/2026:05:55:12 +0000] "GET /edit.php HTTP/1.1" 404 71810 "-" "-"
