139.162.194.112 - - [19/Mar/2026:14:13:15 +0000] "POST /wp-cron.php?doing_wp_cron=1773929595.6276290416717529296875 HTTP/1.1" 404 15609 "-" "WordPress/6.9.1; https://nfsin.com"
45.134.79.89 - - [19/Mar/2026:14:32:23 +0000] "GET / HTTP/1.1" 301 - "-" "-"
45.134.79.89 - - [19/Mar/2026:14:32:28 +0000] "GET / HTTP/1.1" 301 - "-" "-"
45.134.79.89 - - [19/Mar/2026:14:32:33 +0000] "GET / HTTP/1.1" 301 - "-" "-"
45.134.79.89 - - [19/Mar/2026:14:32:38 +0000] "GET / HTTP/1.1" 301 - "-" "-"
139.162.194.112 - - [19/Mar/2026:14:32:38 +0000] "POST /wp-cron.php?doing_wp_cron=1773930757.8312458992004394531250 HTTP/1.1" 404 15609 "-" "WordPress/6.9.1; https://nfsin.com"
45.134.79.89 - - [19/Mar/2026:14:32:43 +0000] "GET / HTTP/1.1" 301 - "-" "-"
139.162.194.112 - - [19/Mar/2026:14:32:44 +0000] "POST /wp-cron.php?doing_wp_cron=1773930763.7976219654083251953125 HTTP/1.1" 404 15609 "-" "WordPress/6.9.1; https://nfsin.com"
139.162.194.112 - - [19/Mar/2026:14:32:53 +0000] "POST /wp-cron.php?doing_wp_cron=1773930773.0946779251098632812500 HTTP/1.1" 404 15609 "-" "WordPress/6.9.1; https://nfsin.com"
43.130.72.40 - - [19/Mar/2026:14:48:00 +0000] "GET / HTTP/1.1" 301 20 "-" "Mozilla/5.0 (iPhone; CPU iPhone OS 13_2_3 like Mac OS X) AppleWebKit/605.1.15 (KHTML, like Gecko) Version/13.0.3 Mobile/15E148 Safari/604.1"
139.162.194.112 - - [19/Mar/2026:14:48:10 +0000] "POST /wp-cron.php?doing_wp_cron=1773931690.3413920402526855468750 HTTP/1.1" 404 15609 "-" "WordPress/6.9.1; https://nfsin.com"
43.157.22.109 - - [19/Mar/2026:15:19:15 +0000] "GET / HTTP/1.1" 301 20 "-" "Mozilla/5.0 (iPhone; CPU iPhone OS 13_2_3 like Mac OS X) AppleWebKit/605.1.15 (KHTML, like Gecko) Version/13.0.3 Mobile/15E148 Safari/604.1"
139.162.194.112 - - [19/Mar/2026:15:19:23 +0000] "POST /wp-cron.php?doing_wp_cron=1773933563.4076280593872070312500 HTTP/1.1" 404 15609 "-" "WordPress/6.9.1; https://nfsin.com"
43.173.181.140 - - [19/Mar/2026:16:11:26 +0000] "GET /wp-includes/author-template.php HTTP/1.1" 404 15609 "-" "Mozilla/5.0 (Windows NT 10.0; Win64; x64) AppleWebKit/537.36 (KHTML, like Gecko) Chrome/120.0.0.0 Safari/537.36"
139.162.194.112 - - [19/Mar/2026:16:11:34 +0000] "POST /wp-cron.php?doing_wp_cron=1773936694.3354759216308593750000 HTTP/1.1" 404 15609 "-" "WordPress/6.9.1; https://nfsin.com"
43.173.173.170 - - [19/Mar/2026:16:16:52 +0000] "GET / HTTP/1.1" 301 20 "-" "Mozilla/5.0 (Windows NT 10.0; Win64; x64) AppleWebKit/537.36 (KHTML, like Gecko) Chrome/112.0.0.0 Safari/537.36"
43.173.175.163 - - [19/Mar/2026:16:17:01 +0000] "GET / HTTP/1.1" 301 20 "-" "Mozilla/5.0 (Windows NT 10.0; Win64; x64) AppleWebKit/537.36 (KHTML, like Gecko) Chrome/108.0.0.0 Safari/537.36"
139.162.194.112 - - [19/Mar/2026:16:17:04 +0000] "POST /wp-cron.php?doing_wp_cron=1773937024.2756040096282958984375 HTTP/1.1" 404 15609 "-" "WordPress/6.9.1; https://nfsin.com"
139.162.194.112 - - [19/Mar/2026:16:17:12 +0000] "POST /wp-cron.php?doing_wp_cron=1773937032.6932671070098876953125 HTTP/1.1" 404 15609 "-" "WordPress/6.9.1; https://nfsin.com"
199.244.88.222 - - [19/Mar/2026:16:29:16 +0000] "GET / HTTP/1.1" 301 20 "-" "Mozilla/5.0 (X11; Linux x86_64) AppleWebKit/537.36 (KHTML, like Gecko) Chrome/105.0.0.0 Safari/537.36"
139.162.194.112 - - [19/Mar/2026:16:29:23 +0000] "POST /wp-cron.php?doing_wp_cron=1773937763.5729858875274658203125 HTTP/1.1" 404 15609 "-" "WordPress/6.9.1; https://nfsin.com"
199.244.88.228 - - [19/Mar/2026:16:33:37 +0000] "GET / HTTP/1.1" 301 20 "-" "Mozilla/5.0 (X11; Linux x86_64) AppleWebKit/537.36 (KHTML, like Gecko) Chrome/105.0.0.0 Safari/537.36"
139.162.194.112 - - [19/Mar/2026:16:33:44 +0000] "POST /wp-cron.php?doing_wp_cron=1773938024.4165680408477783203125 HTTP/1.1" 404 15609 "-" "WordPress/6.9.1; https://nfsin.com"
167.71.2.239 - - [19/Mar/2026:16:42:57 +0000] "GET / HTTP/1.1" 301 20 "-" "Mozilla/5.0 (X11; Linux x86_64) AppleWebKit/537.36 (KHTML, like Gecko) Chrome/142.0.0.0 Safari/537.36"
139.162.194.112 - - [19/Mar/2026:16:43:05 +0000] "POST /wp-cron.php?doing_wp_cron=1773938585.7665529251098632812500 HTTP/1.1" 404 15609 "-" "WordPress/6.9.1; https://nfsin.com"
45.136.130.174 - - [19/Mar/2026:17:31:50 +0000] "GET /wp-json/wp/v2/posts HTTP/1.1" 200 679 "-" "Mozilla/5.0 (Windows NT 10.0; Win64; x64) AppleWebKit/537.36 (KHTML, like Gecko) Chrome/120.0.0.0 Safari/537.36"
139.162.194.112 - - [19/Mar/2026:17:31:56 +0000] "POST /wp-cron.php?doing_wp_cron=1773941516.5964601039886474609375 HTTP/1.1" 404 15609 "-" "WordPress/6.9.1; https://nfsin.com"
150.136.253.162 - - [19/Mar/2026:17:52:26 +0000] "GET / HTTP/1.1" 301 20 "-" "Mozilla/5.0 (iPhone; CPU iPhone OS 17_4_1 like Mac OS X) AppleWebKit/605.1.15 Mobile/15E148"
150.136.253.162 - - [19/Mar/2026:17:52:31 +0000] "GET / HTTP/1.1" 301 20 "-" "Mozilla/5.0 (iPhone; CPU iPhone OS 17_4_1 like Mac OS X) AppleWebKit/605.1.15 Mobile/15E148"
139.162.194.112 - - [19/Mar/2026:17:52:32 +0000] "POST /wp-cron.php?doing_wp_cron=1773942752.7867329120635986328125 HTTP/1.1" 404 15609 "-" "WordPress/6.9.1; https://nfsin.com"
150.136.253.162 - - [19/Mar/2026:17:52:36 +0000] "GET / HTTP/1.1" 301 20 "-" "Mozilla/5.0 (Windows NT 10.0; Win64; x64) AppleWebKit/537.36 Chrome/116.0 Safari/537.36"
139.162.194.112 - - [19/Mar/2026:17:52:37 +0000] "POST /wp-cron.php?doing_wp_cron=1773942756.9466319084167480468750 HTTP/1.1" 404 15609 "-" "WordPress/6.9.1; https://nfsin.com"
165.232.43.23 - - [19/Mar/2026:18:12:41 +0000] "GET / HTTP/1.1" 301 20 "-" "Mozilla/5.0 (X11; Linux x86_64; rv:142.0) Gecko/20100101 Firefox/142.0"
139.162.194.112 - - [19/Mar/2026:18:12:49 +0000] "POST /wp-cron.php?doing_wp_cron=1773943969.3233089447021484375000 HTTP/1.1" 404 15609 "-" "WordPress/6.9.1; https://nfsin.com"
109.248.14.198 - - [19/Mar/2026:18:23:04 +0000] "GET / HTTP/1.0" 301 - "http://nfsin.com/" "Mozilla/5.0 (Windows NT 10.0; Win64; x64) AppleWebKit/537.36 (KHTML, like Gecko) Chrome/130.0.0.0 Safari/537.36 CCleaner/130.0.0.0"
139.162.194.112 - - [19/Mar/2026:18:23:11 +0000] "POST /wp-cron.php?doing_wp_cron=1773944591.7944459915161132812500 HTTP/1.1" 404 15609 "-" "WordPress/6.9.1; https://nfsin.com"
91.84.124.42 - - [19/Mar/2026:18:26:48 +0000] "GET / HTTP/1.0" 301 - "http://nfsin.com/" "Mozilla/5.0 (Windows NT 10.0; Win64; x64) AppleWebKit/537.36 (KHTML, like Gecko) Chrome/130.0.0.0 Safari/537.36 CCleaner/130.0.0.0"
139.162.194.112 - - [19/Mar/2026:18:26:57 +0000] "POST /wp-cron.php?doing_wp_cron=1773944817.3928270339965820312500 HTTP/1.1" 404 15609 "-" "WordPress/6.9.1; https://nfsin.com"
104.208.81.111 - - [19/Mar/2026:18:35:37 +0000] "GET /adminfuns.php HTTP/1.1" 404 15609 "-" "Mozilla/5.0 (Windows NT 10.0; Win64; x64) AppleWebKit/537.36 (KHTML, like Gecko) Chrome/120.0.0.0 Safari/537.36"
139.162.194.112 - - [19/Mar/2026:18:35:43 +0000] "POST /wp-cron.php?doing_wp_cron=1773945343.8694651126861572265625 HTTP/1.1" 404 15609 "-" "WordPress/6.9.1; https://nfsin.com"
104.208.81.111 - - [19/Mar/2026:18:35:46 +0000] "POST /adminfuns.php/upload.php HTTP/1.1" 404 15609 "-" "Mozilla/5.0 (Windows NT 10.0; Win64; x64) AppleWebKit/537.36 (KHTML, like Gecko) Chrome/120.0.0.0 Safari/537.36"
104.208.81.111 - - [19/Mar/2026:18:35:52 +0000] "POST /adminfuns.php/upload.php HTTP/1.1" 404 15609 "-" "Mozilla/5.0 (Windows NT 10.0; Win64; x64) AppleWebKit/537.36 (KHTML, like Gecko) Chrome/120.0.0.0 Safari/537.36"
104.208.81.111 - - [19/Mar/2026:18:35:59 +0000] "POST /adminfuns.php/upload.php HTTP/1.1" 404 15609 "-" "Mozilla/5.0 (Windows NT 10.0; Win64; x64) AppleWebKit/537.36 (KHTML, like Gecko) Chrome/120.0.0.0 Safari/537.36"
104.208.81.111 - - [19/Mar/2026:18:36:06 +0000] "POST /adminfuns.php/upload.php HTTP/1.1" 404 15609 "-" "Mozilla/5.0 (Windows NT 10.0; Win64; x64) AppleWebKit/537.36 (KHTML, like Gecko) Chrome/120.0.0.0 Safari/537.36"
104.208.81.111 - - [19/Mar/2026:18:36:14 +0000] "POST /adminfuns.php/upload.php HTTP/1.1" 404 15609 "-" "Mozilla/5.0 (Windows NT 10.0; Win64; x64) AppleWebKit/537.36 (KHTML, like Gecko) Chrome/120.0.0.0 Safari/537.36"
104.208.81.111 - - [19/Mar/2026:18:36:21 +0000] "POST /adminfuns.php/upload.php HTTP/1.1" 404 15609 "-" "Mozilla/5.0 (Windows NT 10.0; Win64; x64) AppleWebKit/537.36 (KHTML, like Gecko) Chrome/120.0.0.0 Safari/537.36"
104.208.81.111 - - [19/Mar/2026:18:36:30 +0000] "POST /adminfuns.php/?action=upload HTTP/1.1" 404 15609 "-" "Mozilla/5.0 (Windows NT 10.0; Win64; x64) AppleWebKit/537.36 (KHTML, like Gecko) Chrome/120.0.0.0 Safari/537.36"
104.208.81.111 - - [19/Mar/2026:18:36:37 +0000] "POST /adminfuns.php/?action=upload HTTP/1.1" 404 15609 "-" "Mozilla/5.0 (Windows NT 10.0; Win64; x64) AppleWebKit/537.36 (KHTML, like Gecko) Chrome/120.0.0.0 Safari/537.36"
139.162.194.112 - - [19/Mar/2026:18:36:44 +0000] "POST /wp-cron.php?doing_wp_cron=1773945404.5244610309600830078125 HTTP/1.1" 404 15609 "-" "WordPress/6.9.1; https://nfsin.com"
104.208.81.111 - - [19/Mar/2026:18:36:46 +0000] "POST /adminfuns.php/?cmd=upload HTTP/1.1" 404 15609 "-" "Mozilla/5.0 (Windows NT 10.0; Win64; x64) AppleWebKit/537.36 (KHTML, like Gecko) Chrome/120.0.0.0 Safari/537.36"
104.208.81.111 - - [19/Mar/2026:18:36:55 +0000] "POST /adminfuns.php/?cmd=upload HTTP/1.1" 404 15609 "-" "Mozilla/5.0 (Windows NT 10.0; Win64; x64) AppleWebKit/537.36 (KHTML, like Gecko) Chrome/120.0.0.0 Safari/537.36"
104.208.81.111 - - [19/Mar/2026:18:37:02 +0000] "POST /adminfuns.php/?cmd=upload HTTP/1.1" 404 15609 "-" "Mozilla/5.0 (Windows NT 10.0; Win64; x64) AppleWebKit/537.36 (KHTML, like Gecko) Chrome/120.0.0.0 Safari/537.36"
104.208.81.111 - - [19/Mar/2026:18:37:09 +0000] "POST /adminfuns.php/?cmd=upload HTTP/1.1" 404 15609 "-" "Mozilla/5.0 (Windows NT 10.0; Win64; x64) AppleWebKit/537.36 (KHTML, like Gecko) Chrome/120.0.0.0 Safari/537.36"
104.208.81.111 - - [19/Mar/2026:18:37:16 +0000] "POST /adminfuns.php/?cmd=upload HTTP/1.1" 404 15609 "-" "Mozilla/5.0 (Windows NT 10.0; Win64; x64) AppleWebKit/537.36 (KHTML, like Gecko) Chrome/120.0.0.0 Safari/537.36"
104.208.81.111 - - [19/Mar/2026:18:37:25 +0000] "POST /adminfuns.php/connector.php HTTP/1.1" 404 15609 "-" "Mozilla/5.0 (Windows NT 10.0; Win64; x64) AppleWebKit/537.36 (KHTML, like Gecko) Chrome/120.0.0.0 Safari/537.36"
104.208.81.111 - - [19/Mar/2026:18:37:33 +0000] "POST /adminfuns.php/connector.minimal.php HTTP/1.1" 404 15609 "-" "Mozilla/5.0 (Windows NT 10.0; Win64; x64) AppleWebKit/537.36 (KHTML, like Gecko) Chrome/120.0.0.0 Safari/537.36"
104.208.81.111 - - [19/Mar/2026:18:37:41 +0000] "POST /adminfuns.php/elfinder/connector.php HTTP/1.1" 404 15609 "-" "Mozilla/5.0 (Windows NT 10.0; Win64; x64) AppleWebKit/537.36 (KHTML, like Gecko) Chrome/120.0.0.0 Safari/537.36"
139.162.194.112 - - [19/Mar/2026:18:37:51 +0000] "POST /wp-cron.php?doing_wp_cron=1773945471.5404860973358154296875 HTTP/1.1" 404 15609 "-" "WordPress/6.9.1; https://nfsin.com"
104.208.81.111 - - [19/Mar/2026:18:37:51 +0000] "POST /adminfuns.php/elfinder/php/connector.php HTTP/1.1" 404 15609 "-" "Mozilla/5.0 (Windows NT 10.0; Win64; x64) AppleWebKit/537.36 (KHTML, like Gecko) Chrome/120.0.0.0 Safari/537.36"
104.208.81.111 - - [19/Mar/2026:18:37:59 +0000] "POST /adminfuns.php/elfinder/php/connector.minimal.php HTTP/1.1" 404 15609 "-" "Mozilla/5.0 (Windows NT 10.0; Win64; x64) AppleWebKit/537.36 (KHTML, like Gecko) Chrome/120.0.0.0 Safari/537.36"
104.208.81.111 - - [19/Mar/2026:18:38:07 +0000] "POST /adminfuns.php/elfinder/php/connector.minimal.php HTTP/1.1" 404 15609 "-" "Mozilla/5.0 (Windows NT 10.0; Win64; x64) AppleWebKit/537.36 (KHTML, like Gecko) Chrome/120.0.0.0 Safari/537.36"
104.208.81.111 - - [19/Mar/2026:18:38:14 +0000] "POST /adminfuns.php/elfinder/php/connector.minimal.php HTTP/1.1" 404 15609 "-" "Mozilla/5.0 (Windows NT 10.0; Win64; x64) AppleWebKit/537.36 (KHTML, like Gecko) Chrome/120.0.0.0 Safari/537.36"
104.208.81.111 - - [19/Mar/2026:18:38:21 +0000] "POST /adminfuns.php/elfinder/php/connector.minimal.php HTTP/1.1" 404 15609 "-" "Mozilla/5.0 (Windows NT 10.0; Win64; x64) AppleWebKit/537.36 (KHTML, like Gecko) Chrome/120.0.0.0 Safari/537.36"
104.208.81.111 - - [19/Mar/2026:18:38:28 +0000] "POST /adminfuns.php/elfinder/php/connector.minimal.php HTTP/1.1" 404 15609 "-" "Mozilla/5.0 (Windows NT 10.0; Win64; x64) AppleWebKit/537.36 (KHTML, like Gecko) Chrome/120.0.0.0 Safari/537.36"
104.208.81.111 - - [19/Mar/2026:18:38:36 +0000] "POST /adminfuns.php/elfinder/php/connector.minimal.php HTTP/1.1" 404 15609 "-" "Mozilla/5.0 (Windows NT 10.0; Win64; x64) AppleWebKit/537.36 (KHTML, like Gecko) Chrome/120.0.0.0 Safari/537.36"
104.208.81.111 - - [19/Mar/2026:18:38:45 +0000] "POST /adminfuns.php/ckfinder/core/connector/php/connector.php HTTP/1.1" 404 15609 "-" "Mozilla/5.0 (Windows NT 10.0; Win64; x64) AppleWebKit/537.36 (KHTML, like Gecko) Chrome/120.0.0.0 Safari/537.36"
104.208.81.111 - - [19/Mar/2026:18:38:51 +0000] "POST /adminfuns.php/ckfinder/core/connector/php/connector.php HTTP/1.1" 404 15609 "-" "Mozilla/5.0 (Windows NT 10.0; Win64; x64) AppleWebKit/537.36 (KHTML, like Gecko) Chrome/120.0.0.0 Safari/537.36"
139.162.194.112 - - [19/Mar/2026:18:38:58 +0000] "POST /wp-cron.php?doing_wp_cron=1773945538.1475679874420166015625 HTTP/1.1" 404 15609 "-" "WordPress/6.9.1; https://nfsin.com"
104.208.81.111 - - [19/Mar/2026:18:39:00 +0000] "POST /adminfuns.php/ckfinder/core/connector/php/connector.php HTTP/1.1" 404 15609 "-" "Mozilla/5.0 (Windows NT 10.0; Win64; x64) AppleWebKit/537.36 (KHTML, like Gecko) Chrome/120.0.0.0 Safari/537.36"
104.208.81.111 - - [19/Mar/2026:18:39:07 +0000] "POST /adminfuns.php/ckfinder/core/connector/php/connector.php HTTP/1.1" 404 15609 "-" "Mozilla/5.0 (Windows NT 10.0; Win64; x64) AppleWebKit/537.36 (KHTML, like Gecko) Chrome/120.0.0.0 Safari/537.36"
104.208.81.111 - - [19/Mar/2026:18:39:13 +0000] "POST /adminfuns.php/ckfinder/core/connector/php/connector.php HTTP/1.1" 404 15609 "-" "Mozilla/5.0 (Windows NT 10.0; Win64; x64) AppleWebKit/537.36 (KHTML, like Gecko) Chrome/120.0.0.0 Safari/537.36"
104.208.81.111 - - [19/Mar/2026:18:39:19 +0000] "POST /adminfuns.php/ckfinder/core/connector/php/connector.php HTTP/1.1" 404 15609 "-" "Mozilla/5.0 (Windows NT 10.0; Win64; x64) AppleWebKit/537.36 (KHTML, like Gecko) Chrome/120.0.0.0 Safari/537.36"
104.208.81.111 - - [19/Mar/2026:18:39:26 +0000] "POST /adminfuns.php/filemanager/upload.php HTTP/1.1" 404 15609 "-" "Mozilla/5.0 (Windows NT 10.0; Win64; x64) AppleWebKit/537.36 (KHTML, like Gecko) Chrome/120.0.0.0 Safari/537.36"
104.208.81.111 - - [19/Mar/2026:18:39:33 +0000] "POST /adminfuns.php/filemanager/upload.php HTTP/1.1" 404 15609 "-" "Mozilla/5.0 (Windows NT 10.0; Win64; x64) AppleWebKit/537.36 (KHTML, like Gecko) Chrome/120.0.0.0 Safari/537.36"
104.208.81.111 - - [19/Mar/2026:18:39:38 +0000] "POST /adminfuns.php/filemanager/upload.php HTTP/1.1" 404 15609 "-" "Mozilla/5.0 (Windows NT 10.0; Win64; x64) AppleWebKit/537.36 (KHTML, like Gecko) Chrome/120.0.0.0 Safari/537.36"
104.208.81.111 - - [19/Mar/2026:18:39:44 +0000] "POST /adminfuns.php/filemanager/upload.php HTTP/1.1" 404 15609 "-" "Mozilla/5.0 (Windows NT 10.0; Win64; x64) AppleWebKit/537.36 (KHTML, like Gecko) Chrome/120.0.0.0 Safari/537.36"
104.208.81.111 - - [19/Mar/2026:18:39:52 +0000] "POST /adminfuns.php/filemanager/upload.php HTTP/1.1" 404 15609 "-" "Mozilla/5.0 (Windows NT 10.0; Win64; x64) AppleWebKit/537.36 (KHTML, like Gecko) Chrome/120.0.0.0 Safari/537.36"
104.208.81.111 - - [19/Mar/2026:18:39:58 +0000] "POST /adminfuns.php/filemanager/upload.php HTTP/1.1" 404 15609 "-" "Mozilla/5.0 (Windows NT 10.0; Win64; x64) AppleWebKit/537.36 (KHTML, like Gecko) Chrome/120.0.0.0 Safari/537.36"
139.162.194.112 - - [19/Mar/2026:18:40:04 +0000] "POST /wp-cron.php?doing_wp_cron=1773945603.9358530044555664062500 HTTP/1.1" 404 15609 "-" "WordPress/6.9.1; https://nfsin.com"
104.208.81.111 - - [19/Mar/2026:18:40:05 +0000] "POST /adminfuns.php/file-manager/upload.php HTTP/1.1" 404 15609 "-" "Mozilla/5.0 (Windows NT 10.0; Win64; x64) AppleWebKit/537.36 (KHTML, like Gecko) Chrome/120.0.0.0 Safari/537.36"
104.208.81.111 - - [19/Mar/2026:18:40:13 +0000] "POST /adminfuns.php/file-manager/upload.php HTTP/1.1" 404 15609 "-" "Mozilla/5.0 (Windows NT 10.0; Win64; x64) AppleWebKit/537.36 (KHTML, like Gecko) Chrome/120.0.0.0 Safari/537.36"
104.208.81.111 - - [19/Mar/2026:18:40:21 +0000] "POST /adminfuns.php/file-manager/upload.php HTTP/1.1" 404 15609 "-" "Mozilla/5.0 (Windows NT 10.0; Win64; x64) AppleWebKit/537.36 (KHTML, like Gecko) Chrome/120.0.0.0 Safari/537.36"
104.208.81.111 - - [19/Mar/2026:18:40:29 +0000] "POST /adminfuns.php/file-manager/upload.php HTTP/1.1" 404 15609 "-" "Mozilla/5.0 (Windows NT 10.0; Win64; x64) AppleWebKit/537.36 (KHTML, like Gecko) Chrome/120.0.0.0 Safari/537.36"
104.208.81.111 - - [19/Mar/2026:18:40:36 +0000] "POST /adminfuns.php/file-manager/upload.php HTTP/1.1" 404 15609 "-" "Mozilla/5.0 (Windows NT 10.0; Win64; x64) AppleWebKit/537.36 (KHTML, like Gecko) Chrome/120.0.0.0 Safari/537.36"
20.151.11.236 - - [19/Mar/2026:18:40:37 +0000] "GET /wp-content/plugins/hellopress/wp_filemanager.php HTTP/1.1" 404 71763 "-" "-"
104.208.81.111 - - [19/Mar/2026:18:40:45 +0000] "POST /adminfuns.php/fm/upload.php HTTP/1.1" 404 15609 "-" "Mozilla/5.0 (Windows NT 10.0; Win64; x64) AppleWebKit/537.36 (KHTML, like Gecko) Chrome/120.0.0.0 Safari/537.36"
20.151.11.236 - - [19/Mar/2026:18:40:46 +0000] "GET /gptsh.php HTTP/1.1" 404 71763 "-" "-"
104.208.81.111 - - [19/Mar/2026:18:40:52 +0000] "POST /adminfuns.php/fm/upload.php HTTP/1.1" 404 15609 "-" "Mozilla/5.0 (Windows NT 10.0; Win64; x64) AppleWebKit/537.36 (KHTML, like Gecko) Chrome/120.0.0.0 Safari/537.36"
20.151.11.236 - - [19/Mar/2026:18:40:54 +0000] "GET /xocx.php HTTP/1.1" 404 71763 "-" "-"
104.208.81.111 - - [19/Mar/2026:18:41:00 +0000] "POST /adminfuns.php/admin/upload.php HTTP/1.1" 404 15609 "-" "Mozilla/5.0 (Windows NT 10.0; Win64; x64) AppleWebKit/537.36 (KHTML, like Gecko) Chrome/120.0.0.0 Safari/537.36"
20.151.11.236 - - [19/Mar/2026:18:41:03 +0000] "GET /zample.php HTTP/1.1" 404 71763 "-" "-"
104.208.81.111 - - [19/Mar/2026:18:41:08 +0000] "POST /adminfuns.php/ajax_upload.php HTTP/1.1" 404 15609 "-" "Mozilla/5.0 (Windows NT 10.0; Win64; x64) AppleWebKit/537.36 (KHTML, like Gecko) Chrome/120.0.0.0 Safari/537.36"
139.162.194.112 - - [19/Mar/2026:18:41:09 +0000] "POST /wp-cron.php?doing_wp_cron=1773945669.8331620693206787109375 HTTP/1.1" 404 15609 "-" "WordPress/6.9.1; https://nfsin.com"
139.162.194.112 - - [19/Mar/2026:18:41:11 +0000] "POST /wp-cron.php?doing_wp_cron=1773945671.3064010143280029296875 HTTP/1.1" 404 15609 "-" "WordPress/6.9.1; https://nfsin.com"
20.151.11.236 - - [19/Mar/2026:18:41:12 +0000] "GET /mxxx.php HTTP/1.1" 404 71763 "-" "-"
104.208.81.111 - - [19/Mar/2026:18:41:16 +0000] "POST /adminfuns.php/ajax_upload.php HTTP/1.1" 404 15609 "-" "Mozilla/5.0 (Windows NT 10.0; Win64; x64) AppleWebKit/537.36 (KHTML, like Gecko) Chrome/120.0.0.0 Safari/537.36"
20.151.11.236 - - [19/Mar/2026:18:41:20 +0000] "GET /gkk.php HTTP/1.1" 404 71763 "-" "-"
104.208.81.111 - - [19/Mar/2026:18:41:23 +0000] "POST /adminfuns.php/ajax_upload.php HTTP/1.1" 404 15609 "-" "Mozilla/5.0 (Windows NT 10.0; Win64; x64) AppleWebKit/537.36 (KHTML, like Gecko) Chrome/120.0.0.0 Safari/537.36"
20.151.11.236 - - [19/Mar/2026:18:41:26 +0000] "GET /csc.php HTTP/1.1" 404 71763 "-" "-"
104.208.81.111 - - [19/Mar/2026:18:41:30 +0000] "POST /adminfuns.php/ajax_upload.php HTTP/1.1" 404 15609 "-" "Mozilla/5.0 (Windows NT 10.0; Win64; x64) AppleWebKit/537.36 (KHTML, like Gecko) Chrome/120.0.0.0 Safari/537.36"
20.151.11.236 - - [19/Mar/2026:18:41:32 +0000] "GET /ps.php HTTP/1.1" 404 71763 "-" "-"
104.208.81.111 - - [19/Mar/2026:18:41:36 +0000] "POST /adminfuns.php/ajax_upload.php HTTP/1.1" 404 15609 "-" "Mozilla/5.0 (Windows NT 10.0; Win64; x64) AppleWebKit/537.36 (KHTML, like Gecko) Chrome/120.0.0.0 Safari/537.36"
20.151.11.236 - - [19/Mar/2026:18:41:37 +0000] "GET /about0077.php HTTP/1.1" 404 71763 "-" "-"
20.151.11.236 - - [19/Mar/2026:18:41:43 +0000] "GET /read.php HTTP/1.1" 404 71763 "-" "-"
104.208.81.111 - - [19/Mar/2026:18:41:42 +0000] "POST /adminfuns.php/ajax_upload.php HTTP/1.1" 404 15609 "-" "Mozilla/5.0 (Windows NT 10.0; Win64; x64) AppleWebKit/537.36 (KHTML, like Gecko) Chrome/120.0.0.0 Safari/537.36"
20.151.11.236 - - [19/Mar/2026:18:41:49 +0000] "GET /adminblue.php HTTP/1.1" 404 71763 "-" "-"
104.208.81.111 - - [19/Mar/2026:18:41:51 +0000] "POST /adminfuns.php/do_upload.php HTTP/1.1" 404 15609 "-" "Mozilla/5.0 (Windows NT 10.0; Win64; x64) AppleWebKit/537.36 (KHTML, like Gecko) Chrome/120.0.0.0 Safari/537.36"
20.151.11.236 - - [19/Mar/2026:18:41:55 +0000] "GET /lock.php HTTP/1.1" 404 71763 "-" "-"
104.208.81.111 - - [19/Mar/2026:18:41:58 +0000] "POST /adminfuns.php/do_upload.php HTTP/1.1" 404 15609 "-" "Mozilla/5.0 (Windows NT 10.0; Win64; x64) AppleWebKit/537.36 (KHTML, like Gecko) Chrome/120.0.0.0 Safari/537.36"
20.151.11.236 - - [19/Mar/2026:18:42:02 +0000] "GET /ox.php HTTP/1.1" 404 71763 "-" "-"
104.208.81.111 - - [19/Mar/2026:18:42:07 +0000] "POST /adminfuns.php/do_upload.php HTTP/1.1" 404 15609 "-" "Mozilla/5.0 (Windows NT 10.0; Win64; x64) AppleWebKit/537.36 (KHTML, like Gecko) Chrome/120.0.0.0 Safari/537.36"
20.151.11.236 - - [19/Mar/2026:18:42:10 +0000] "GET /1754569357_be.php HTTP/1.1" 404 71763 "-" "-"
139.162.194.112 - - [19/Mar/2026:18:42:16 +0000] "POST /wp-cron.php?doing_wp_cron=1773945736.4929690361022949218750 HTTP/1.1" 404 15609 "-" "WordPress/6.9.1; https://nfsin.com"
104.208.81.111 - - [19/Mar/2026:18:42:16 +0000] "POST /adminfuns.php/process_upload.php HTTP/1.1" 404 15609 "-" "Mozilla/5.0 (Windows NT 10.0; Win64; x64) AppleWebKit/537.36 (KHTML, like Gecko) Chrome/120.0.0.0 Safari/537.36"
139.162.194.112 - - [19/Mar/2026:18:42:17 +0000] "POST /wp-cron.php?doing_wp_cron=1773945737.7117049694061279296875 HTTP/1.1" 404 15609 "-" "WordPress/6.9.1; https://nfsin.com"
20.151.11.236 - - [19/Mar/2026:18:42:19 +0000] "GET /wp-kd4xalrg7m.php HTTP/1.1" 404 71763 "-" "-"
104.208.81.111 - - [19/Mar/2026:18:42:24 +0000] "POST /adminfuns.php/save.php HTTP/1.1" 404 15609 "-" "Mozilla/5.0 (Windows NT 10.0; Win64; x64) AppleWebKit/537.36 (KHTML, like Gecko) Chrome/120.0.0.0 Safari/537.36"
20.151.11.236 - - [19/Mar/2026:18:42:27 +0000] "GET /hplfuns.php HTTP/1.1" 404 71763 "-" "-"
104.208.81.111 - - [19/Mar/2026:18:42:30 +0000] "POST /adminfuns.php/save.php HTTP/1.1" 404 15609 "-" "Mozilla/5.0 (Windows NT 10.0; Win64; x64) AppleWebKit/537.36 (KHTML, like Gecko) Chrome/120.0.0.0 Safari/537.36"
20.151.11.236 - - [19/Mar/2026:18:42:34 +0000] "GET /test2.php HTTP/1.1" 404 71763 "-" "-"
104.208.81.111 - - [19/Mar/2026:18:42:36 +0000] "POST /adminfuns.php/save.php HTTP/1.1" 404 15609 "-" "Mozilla/5.0 (Windows NT 10.0; Win64; x64) AppleWebKit/537.36 (KHTML, like Gecko) Chrome/120.0.0.0 Safari/537.36"
20.151.11.236 - - [19/Mar/2026:18:42:40 +0000] "GET /100.php HTTP/1.1" 404 71763 "-" "-"
104.208.81.111 - - [19/Mar/2026:18:42:43 +0000] "POST /adminfuns.php/save.php HTTP/1.1" 404 15609 "-" "Mozilla/5.0 (Windows NT 10.0; Win64; x64) AppleWebKit/537.36 (KHTML, like Gecko) Chrome/120.0.0.0 Safari/537.36"
20.151.11.236 - - [19/Mar/2026:18:42:46 +0000] "GET /1998.php HTTP/1.1" 404 71763 "-" "-"
104.208.81.111 - - [19/Mar/2026:18:42:50 +0000] "POST /adminfuns.php/save.php HTTP/1.1" 404 15609 "-" "Mozilla/5.0 (Windows NT 10.0; Win64; x64) AppleWebKit/537.36 (KHTML, like Gecko) Chrome/120.0.0.0 Safari/537.36"
20.151.11.236 - - [19/Mar/2026:18:42:52 +0000] "GET /wtiiy.php HTTP/1.1" 404 71763 "-" "-"
104.208.81.111 - - [19/Mar/2026:18:42:57 +0000] "POST /adminfuns.php/save.php HTTP/1.1" 404 15609 "-" "Mozilla/5.0 (Windows NT 10.0; Win64; x64) AppleWebKit/537.36 (KHTML, like Gecko) Chrome/120.0.0.0 Safari/537.36"
20.151.11.236 - - [19/Mar/2026:18:42:59 +0000] "GET /sxb.php HTTP/1.1" 404 71763 "-" "-"
104.208.81.111 - - [19/Mar/2026:18:43:04 +0000] "GET /adminfuns.php HTTP/1.1" 404 15609 "-" "Mozilla/5.0 (Windows NT 10.0; Win64; x64) AppleWebKit/537.36 (KHTML, like Gecko) Chrome/120.0.0.0 Safari/537.36"
20.151.11.236 - - [19/Mar/2026:18:43:05 +0000] "GET //wp-mter.php HTTP/1.1" 301 - "-" "-"
20.151.11.236 - - [19/Mar/2026:18:43:13 +0000] "GET /wp-mter.php HTTP/1.1" 404 71763 "-" "-"
20.151.11.236 - - [19/Mar/2026:18:43:20 +0000] "GET /inege.php HTTP/1.1" 404 71763 "-" "-"
139.162.194.112 - - [19/Mar/2026:18:43:22 +0000] "POST /wp-cron.php?doing_wp_cron=1773945802.4767570495605468750000 HTTP/1.1" 404 15609 "-" "WordPress/6.9.1; https://nfsin.com"
20.151.11.236 - - [19/Mar/2026:18:43:29 +0000] "GET /hc.php HTTP/1.1" 404 71763 "-" "-"
20.151.11.236 - - [19/Mar/2026:18:43:36 +0000] "GET /aifa.php HTTP/1.1" 404 71763 "-" "-"
20.151.11.236 - - [19/Mar/2026:18:43:42 +0000] "GET /awh.php HTTP/1.1" 404 71763 "-" "-"
20.151.11.236 - - [19/Mar/2026:18:43:47 +0000] "GET /yussef.php HTTP/1.1" 404 71763 "-" "-"
20.151.11.236 - - [19/Mar/2026:18:43:52 +0000] "GET /0771dccd2958b85d48125d146d77e038akc.php HTTP/1.1" 404 71763 "-" "-"
20.151.11.236 - - [19/Mar/2026:18:43:59 +0000] "GET /19.php HTTP/1.1" 404 71763 "-" "-"
20.151.11.236 - - [19/Mar/2026:18:44:06 +0000] "GET /fe5.php HTTP/1.1" 404 71763 "-" "-"
20.151.11.236 - - [19/Mar/2026:18:44:13 +0000] "GET /wp11.php HTTP/1.1" 404 71763 "-" "-"
20.151.11.236 - - [19/Mar/2026:18:44:22 +0000] "GET /file61.php HTTP/1.1" 404 71763 "-" "-"
139.162.194.112 - - [19/Mar/2026:18:44:29 +0000] "POST /wp-cron.php?doing_wp_cron=1773945869.1527040004730224609375 HTTP/1.1" 404 15609 "-" "WordPress/6.9.1; https://nfsin.com"
20.151.11.236 - - [19/Mar/2026:18:44:30 +0000] "GET /16.php HTTP/1.1" 404 71763 "-" "-"
20.151.11.236 - - [19/Mar/2026:18:44:38 +0000] "GET /bb.php HTTP/1.1" 404 71763 "-" "-"
20.151.11.236 - - [19/Mar/2026:18:44:45 +0000] "GET /ss.php HTTP/1.1" 404 71763 "-" "-"
20.151.11.236 - - [19/Mar/2026:18:44:51 +0000] "GET /wp-p2r3q9c8k4.php HTTP/1.1" 404 71763 "-" "-"
20.151.11.236 - - [19/Mar/2026:18:44:57 +0000] "GET /ty.php HTTP/1.1" 404 71763 "-" "-"
20.151.11.236 - - [19/Mar/2026:18:45:03 +0000] "GET /albin.php HTTP/1.1" 404 71763 "-" "-"
20.151.11.236 - - [19/Mar/2026:18:45:10 +0000] "GET /utky.php HTTP/1.1" 404 71763 "-" "-"
20.151.11.236 - - [19/Mar/2026:18:45:16 +0000] "GET /settings.php HTTP/1.1" 404 71763 "-" "-"
20.151.11.236 - - [19/Mar/2026:18:45:22 +0000] "GET /uuu.php HTTP/1.1" 404 71763 "-" "-"
20.151.11.236 - - [19/Mar/2026:18:45:29 +0000] "GET /by.php HTTP/1.1" 404 71763 "-" "-"
139.162.194.112 - - [19/Mar/2026:18:45:35 +0000] "POST /wp-cron.php?doing_wp_cron=1773945935.1368219852447509765625 HTTP/1.1" 404 15609 "-" "WordPress/6.9.1; https://nfsin.com"
20.151.11.236 - - [19/Mar/2026:18:45:36 +0000] "GET /sf.php HTTP/1.1" 404 71763 "-" "-"
20.151.11.236 - - [19/Mar/2026:18:45:45 +0000] "GET /asw.php HTTP/1.1" 404 71763 "-" "-"
20.151.11.236 - - [19/Mar/2026:18:45:52 +0000] "GET /eee.php HTTP/1.1" 404 71763 "-" "-"
20.151.11.236 - - [19/Mar/2026:18:45:59 +0000] "GET /lp6.php HTTP/1.1" 404 71763 "-" "-"
20.151.11.236 - - [19/Mar/2026:18:46:04 +0000] "GET /akses.php HTTP/1.1" 404 71763 "-" "-"
20.151.11.236 - - [19/Mar/2026:18:46:10 +0000] "GET /no1.php HTTP/1.1" 404 71763 "-" "-"
20.151.11.236 - - [19/Mar/2026:18:46:15 +0000] "GET /teee.php HTTP/1.1" 404 71763 "-" "-"
20.151.11.236 - - [19/Mar/2026:18:46:22 +0000] "GET /wo.php HTTP/1.1" 404 71763 "-" "-"
20.151.11.236 - - [19/Mar/2026:18:46:29 +0000] "GET /rithin.php HTTP/1.1" 404 71763 "-" "-"
139.162.194.112 - - [19/Mar/2026:18:46:36 +0000] "POST /wp-cron.php?doing_wp_cron=1773945995.9880950450897216796875 HTTP/1.1" 404 15609 "-" "WordPress/6.9.1; https://nfsin.com"
20.151.11.236 - - [19/Mar/2026:18:46:37 +0000] "GET /kk.php HTTP/1.1" 404 71763 "-" "-"
20.151.11.236 - - [19/Mar/2026:18:46:45 +0000] "GET /path.php HTTP/1.1" 404 71763 "-" "-"
20.151.11.236 - - [19/Mar/2026:18:46:53 +0000] "GET /cs.php HTTP/1.1" 404 71763 "-" "-"
20.151.11.236 - - [19/Mar/2026:18:47:01 +0000] "GET /w2025.php HTTP/1.1" 404 71763 "-" "-"
20.151.11.236 - - [19/Mar/2026:18:47:07 +0000] "GET /swallowable.php HTTP/1.1" 404 71763 "-" "-"
20.151.11.236 - - [19/Mar/2026:18:47:14 +0000] "GET /fvvff.php HTTP/1.1" 404 71763 "-" "-"
20.151.11.236 - - [19/Mar/2026:18:47:19 +0000] "GET /a2.php HTTP/1.1" 404 71763 "-" "-"
20.151.11.236 - - [19/Mar/2026:18:47:26 +0000] "GET /sty.php HTTP/1.1" 404 71763 "-" "-"
20.151.11.236 - - [19/Mar/2026:18:47:32 +0000] "GET /g.php HTTP/1.1" 404 71763 "-" "-"
139.162.194.112 - - [19/Mar/2026:18:47:39 +0000] "POST /wp-cron.php?doing_wp_cron=1773946059.0441570281982421875000 HTTP/1.1" 404 15609 "-" "WordPress/6.9.1; https://nfsin.com"
20.151.11.236 - - [19/Mar/2026:18:47:40 +0000] "GET /pp.php HTTP/1.1" 404 71763 "-" "-"
20.151.11.236 - - [19/Mar/2026:18:47:47 +0000] "GET //sys.php HTTP/1.1" 301 - "-" "-"
20.151.11.236 - - [19/Mar/2026:18:47:54 +0000] "GET /sys.php HTTP/1.1" 404 71763 "-" "-"
20.151.11.236 - - [19/Mar/2026:18:48:02 +0000] "GET /txets.php HTTP/1.1" 404 71763 "-" "-"
20.151.11.236 - - [19/Mar/2026:18:48:10 +0000] "GET /wp9.php HTTP/1.1" 404 71763 "-" "-"
20.151.11.236 - - [19/Mar/2026:18:48:17 +0000] "GET /path.php HTTP/1.1" 404 71763 "-" "-"
20.151.11.236 - - [19/Mar/2026:18:48:24 +0000] "GET /wdf.php HTTP/1.1" 404 71763 "-" "-"
20.151.11.236 - - [19/Mar/2026:18:48:31 +0000] "GET //2.php HTTP/1.1" 301 - "-" "-"
20.151.11.236 - - [19/Mar/2026:18:48:37 +0000] "GET /2.php HTTP/1.1" 404 71763 "-" "-"
20.151.11.236 - - [19/Mar/2026:18:48:46 +0000] "GET /wsvvs.php HTTP/1.1" 404 71763 "-" "-"
139.162.194.112 - - [19/Mar/2026:18:48:44 +0000] "POST /wp-cron.php?doing_wp_cron=1773946124.6574389934539794921875 HTTP/1.1" 404 15609 "-" "WordPress/6.9.1; https://nfsin.com"
20.151.11.236 - - [19/Mar/2026:18:48:52 +0000] "GET //3.php HTTP/1.1" 301 - "-" "-"
20.151.11.236 - - [19/Mar/2026:18:48:58 +0000] "GET /3.php HTTP/1.1" 404 71763 "-" "-"
20.151.11.236 - - [19/Mar/2026:18:49:05 +0000] "GET //edit.php HTTP/1.1" 301 - "-" "-"
20.151.11.236 - - [19/Mar/2026:18:49:13 +0000] "GET /edit.php HTTP/1.1" 404 71763 "-" "-"
20.151.11.236 - - [19/Mar/2026:18:49:19 +0000] "GET /ioxi-o.php HTTP/1.1" 404 71763 "-" "-"
20.151.11.236 - - [19/Mar/2026:18:49:25 +0000] "GET /wp-content/admin.php HTTP/1.1" 404 71763 "-" "-"
20.151.11.236 - - [19/Mar/2026:18:49:31 +0000] "GET /66.php HTTP/1.1" 404 71763 "-" "-"
20.151.11.236 - - [19/Mar/2026:18:49:37 +0000] "GET //wp-includes/js/tinymce/themes/inlite/ HTTP/1.1" 200 1083 "-" "-"
20.151.11.236 - - [19/Mar/2026:18:49:37 +0000] "GET /gifclass.php HTTP/1.1" 404 71763 "-" "-"
20.151.11.236 - - [19/Mar/2026:18:49:42 +0000] "GET /wp-includes/assets/index.php HTTP/1.1" 301 - "-" "-"
20.151.11.236 - - [19/Mar/2026:18:49:48 +0000] "GET /wp-includes/assets/ HTTP/1.1" 200 673 "-" "-"
139.162.194.112 - - [19/Mar/2026:18:49:47 +0000] "POST /wp-cron.php?doing_wp_cron=1773946187.5706639289855957031250 HTTP/1.1" 404 15609 "-" "WordPress/6.9.1; https://nfsin.com"
20.151.11.236 - - [19/Mar/2026:18:49:49 +0000] "GET //wp-admin/images/wp-conflg.php?p= HTTP/1.1" 301 - "-" "-"
20.151.11.236 - - [19/Mar/2026:18:49:54 +0000] "GET /wp-admin/images/wp-conflg.php HTTP/1.1" 404 71763 "-" "-"
20.151.11.236 - - [19/Mar/2026:18:50:00 +0000] "GET /wp-content/plugins/index.php?p= HTTP/1.1" 200 - "-" "-"
20.151.11.236 - - [19/Mar/2026:18:50:00 +0000] "GET //assets/css/index.php HTTP/1.1" 301 - "-" "-"
20.151.11.236 - - [19/Mar/2026:18:50:06 +0000] "GET /assets/css/ HTTP/1.1" 404 71763 "-" "-"
20.151.11.236 - - [19/Mar/2026:18:50:11 +0000] "GET /a5.php HTTP/1.1" 404 71763 "-" "-"
20.151.11.236 - - [19/Mar/2026:18:50:18 +0000] "GET /xmlrpc.php HTTP/1.1" 404 71763 "-" "-"
20.151.11.236 - - [19/Mar/2026:18:50:25 +0000] "GET /ol.php HTTP/1.1" 404 71763 "-" "-"
20.151.11.236 - - [19/Mar/2026:18:50:32 +0000] "GET //f6.php HTTP/1.1" 301 - "-" "-"
20.151.11.236 - - [19/Mar/2026:18:50:38 +0000] "GET /f6.php HTTP/1.1" 404 71763 "-" "-"
20.151.11.236 - - [19/Mar/2026:18:50:45 +0000] "GET //inputs.php HTTP/1.1" 301 - "-" "-"
139.162.194.112 - - [19/Mar/2026:18:50:50 +0000] "POST /wp-cron.php?doing_wp_cron=1773946250.5321190357208251953125 HTTP/1.1" 404 15609 "-" "WordPress/6.9.1; https://nfsin.com"
20.151.11.236 - - [19/Mar/2026:18:50:51 +0000] "GET /inputs.php HTTP/1.1" 404 71763 "-" "-"
20.151.11.236 - - [19/Mar/2026:18:51:00 +0000] "GET /style.php HTTP/1.1" 404 71763 "-" "-"
20.151.11.236 - - [19/Mar/2026:18:51:08 +0000] "GET /bgymj.php HTTP/1.1" 404 71763 "-" "-"
20.151.11.236 - - [19/Mar/2026:18:51:15 +0000] "GET //aa.php HTTP/1.1" 301 - "-" "-"
20.151.11.236 - - [19/Mar/2026:18:51:24 +0000] "GET /aa.php HTTP/1.1" 404 71763 "-" "-"
20.151.11.236 - - [19/Mar/2026:18:51:30 +0000] "GET //1.php HTTP/1.1" 301 - "-" "-"
20.151.11.236 - - [19/Mar/2026:18:51:39 +0000] "GET /1.php HTTP/1.1" 404 71763 "-" "-"
20.151.11.236 - - [19/Mar/2026:18:51:45 +0000] "GET //av.php HTTP/1.1" 301 - "-" "-"
20.151.11.236 - - [19/Mar/2026:18:51:52 +0000] "GET /av.php HTTP/1.1" 404 71763 "-" "-"
139.162.194.112 - - [19/Mar/2026:18:51:51 +0000] "POST /wp-cron.php?doing_wp_cron=1773946311.2577550411224365234375 HTTP/1.1" 404 15609 "-" "WordPress/6.9.1; https://nfsin.com"
20.151.11.236 - - [19/Mar/2026:18:51:57 +0000] "GET /file.php? HTTP/1.1" 404 71763 "-" "-"
20.151.11.236 - - [19/Mar/2026:18:52:03 +0000] "GET /file59.php HTTP/1.1" 404 71763 "-" "-"
20.151.11.236 - - [19/Mar/2026:18:52:09 +0000] "GET /bless.php HTTP/1.1" 404 71763 "-" "-"
20.151.11.236 - - [19/Mar/2026:18:52:13 +0000] "GET /wp9.php HTTP/1.1" 404 71763 "-" "-"
20.151.11.236 - - [19/Mar/2026:18:52:17 +0000] "GET /wp-act.php HTTP/1.1" 404 71763 "-" "-"
20.151.11.236 - - [19/Mar/2026:18:52:21 +0000] "GET /class-t.api.php HTTP/1.1" 404 71763 "-" "-"
20.151.11.236 - - [19/Mar/2026:18:52:26 +0000] "GET /xqq.php HTTP/1.1" 404 71763 "-" "-"
20.151.11.236 - - [19/Mar/2026:18:52:31 +0000] "GET /wp-admin/css/bolt.php HTTP/1.1" 404 71763 "-" "-"
20.151.11.236 - - [19/Mar/2026:18:52:37 +0000] "GET /a.php?p= HTTP/1.1" 301 - "-" "-"
20.151.11.236 - - [19/Mar/2026:18:52:44 +0000] "GET /a.php HTTP/1.1" 404 71763 "-" "-"
20.151.11.236 - - [19/Mar/2026:18:52:50 +0000] "GET /06.php HTTP/1.1" 404 71763 "-" "-"
139.162.194.112 - - [19/Mar/2026:18:52:55 +0000] "POST /wp-cron.php?doing_wp_cron=1773946374.9947741031646728515625 HTTP/1.1" 404 15609 "-" "WordPress/6.9.1; https://nfsin.com"
20.151.11.236 - - [19/Mar/2026:18:52:56 +0000] "GET /plss3.php HTTP/1.1" 404 71763 "-" "-"
20.151.11.236 - - [19/Mar/2026:18:53:01 +0000] "GET /aaa.php?p= HTTP/1.1" 301 - "-" "-"
20.151.11.236 - - [19/Mar/2026:18:53:06 +0000] "GET /aaa.php HTTP/1.1" 404 71763 "-" "-"
20.151.11.236 - - [19/Mar/2026:18:53:11 +0000] "GET /classwithtostring.php?p= HTTP/1.1" 301 - "-" "-"
20.151.11.236 - - [19/Mar/2026:18:53:16 +0000] "GET /classwithtostring.php HTTP/1.1" 404 71763 "-" "-"
20.151.11.236 - - [19/Mar/2026:18:53:21 +0000] "GET /wp-content/themes/index.php HTTP/1.1" 200 - "-" "-"
20.151.11.236 - - [19/Mar/2026:18:53:22 +0000] "GET /tinyfilemanager.php?p= HTTP/1.1" 301 - "-" "-"
20.151.11.236 - - [19/Mar/2026:18:53:26 +0000] "GET /tinyfilemanager.php HTTP/1.1" 404 71763 "-" "-"
20.151.11.236 - - [19/Mar/2026:18:53:32 +0000] "GET //x.php HTTP/1.1" 301 - "-" "-"
20.151.11.236 - - [19/Mar/2026:18:53:36 +0000] "GET /x.php HTTP/1.1" 404 71763 "-" "-"
20.151.11.236 - - [19/Mar/2026:18:53:41 +0000] "GET /ms.php HTTP/1.1" 404 71763 "-" "-"
20.151.11.236 - - [19/Mar/2026:18:53:47 +0000] "GET //wp-content/plugins/erinyani/ HTTP/1.1" 301 - "-" "-"
20.151.11.236 - - [19/Mar/2026:18:53:52 +0000] "GET /wp-content/plugins/erinyani/ HTTP/1.1" 404 71763 "-" "-"
139.162.194.112 - - [19/Mar/2026:18:53:57 +0000] "POST /wp-cron.php?doing_wp_cron=1773946437.3796510696411132812500 HTTP/1.1" 404 15609 "-" "WordPress/6.9.1; https://nfsin.com"
20.151.11.236 - - [19/Mar/2026:18:53:58 +0000] "GET /wp-update.php HTTP/1.1" 404 71763 "-" "-"
20.151.11.236 - - [19/Mar/2026:18:54:04 +0000] "GET /sbhu.php HTTP/1.1" 404 71763 "-" "-"
20.151.11.236 - - [19/Mar/2026:18:54:10 +0000] "GET /x/ HTTP/1.1" 404 71763 "-" "-"
43.173.177.129 - - [19/Mar/2026:18:54:12 +0000] "GET /wp-includes/class-wp-query.php HTTP/1.1" 404 15609 "-" "Mozilla/5.0 (Windows NT 10.0; Win64; x64) AppleWebKit/537.36 (KHTML, like Gecko) Chrome/116.0.0.0 Safari/537.36"
20.151.11.236 - - [19/Mar/2026:18:54:17 +0000] "GET /wp-blog.php HTTP/1.1" 404 71763 "-" "-"
20.151.11.236 - - [19/Mar/2026:18:54:25 +0000] "GET /test1.php HTTP/1.1" 404 71763 "-" "-"
20.151.11.236 - - [19/Mar/2026:18:54:32 +0000] "GET //wp-includes/js/jquery/ HTTP/1.1" 200 4412 "-" "-"
20.151.11.236 - - [19/Mar/2026:18:54:32 +0000] "GET /166.php HTTP/1.1" 404 71763 "-" "-"
20.151.11.236 - - [19/Mar/2026:18:54:39 +0000] "GET //wp-content/admin.php HTTP/1.1" 301 - "-" "-"
20.151.11.236 - - [19/Mar/2026:18:54:45 +0000] "GET /wp-content/admin.php HTTP/1.1" 404 71763 "-" "-"
20.151.11.236 - - [19/Mar/2026:18:54:52 +0000] "GET /ms-edit.php HTTP/1.1" 404 71763 "-" "-"
139.162.194.112 - - [19/Mar/2026:18:55:01 +0000] "POST /wp-cron.php?doing_wp_cron=1773946501.0276119709014892578125 HTTP/1.1" 404 15609 "-" "WordPress/6.9.1; https://nfsin.com"
20.151.11.236 - - [19/Mar/2026:18:55:02 +0000] "GET //adminfuns.php HTTP/1.1" 301 - "-" "-"
20.151.11.236 - - [19/Mar/2026:18:55:11 +0000] "GET /adminfuns.php HTTP/1.1" 404 71763 "-" "-"
20.151.11.236 - - [19/Mar/2026:18:55:17 +0000] "GET /goods.php HTTP/1.1" 200 554006 "-" "-"
20.151.11.236 - - [19/Mar/2026:18:55:21 +0000] "GET /ms-edit.php HTTP/1.1" 404 71763 "-" "-"
20.151.11.236 - - [19/Mar/2026:18:55:28 +0000] "GET /222.php HTTP/1.1" 404 71763 "-" "-"
20.151.11.236 - - [19/Mar/2026:18:55:36 +0000] "GET /plugins.php?p= HTTP/1.1" 301 - "-" "-"
20.151.11.236 - - [19/Mar/2026:18:55:41 +0000] "GET /plugins.php HTTP/1.1" 404 71763 "-" "-"
20.151.11.236 - - [19/Mar/2026:18:55:47 +0000] "GET //cgi-bin/index.php HTTP/1.1" 301 - "-" "-"
20.151.11.236 - - [19/Mar/2026:18:55:52 +0000] "GET /cgi-bin/ HTTP/1.1" 404 71763 "-" "-"
20.151.11.236 - - [19/Mar/2026:18:55:59 +0000] "GET //wp-includes/js/dist/ HTTP/1.1" 200 24521 "-" "-"
20.151.11.236 - - [19/Mar/2026:18:55:59 +0000] "GET /ff1.php HTTP/1.1" 404 71763 "-" "-"
139.162.194.112 - - [19/Mar/2026:18:56:06 +0000] "POST /wp-cron.php?doing_wp_cron=1773946566.5166110992431640625000 HTTP/1.1" 404 15609 "-" "WordPress/6.9.1; https://nfsin.com"
20.151.11.236 - - [19/Mar/2026:18:56:07 +0000] "GET /fff.php HTTP/1.1" 404 71763 "-" "-"
20.151.11.236 - - [19/Mar/2026:18:56:14 +0000] "GET /wp-content/ HTTP/1.1" 200 - "-" "-"
20.151.11.236 - - [19/Mar/2026:18:56:15 +0000] "GET /goat.php HTTP/1.1" 404 71763 "-" "-"
20.151.11.236 - - [19/Mar/2026:18:56:21 +0000] "GET /155.php HTTP/1.1" 404 71763 "-" "-"
20.151.11.236 - - [19/Mar/2026:18:56:26 +0000] "GET /we.php HTTP/1.1" 404 71763 "-" "-"
20.151.11.236 - - [19/Mar/2026:18:56:33 +0000] "GET /alpha.php HTTP/1.1" 404 71763 "-" "-"
20.151.11.236 - - [19/Mar/2026:18:56:41 +0000] "GET /makeasmtp.php?p= HTTP/1.1" 301 - "-" "-"
20.151.11.236 - - [19/Mar/2026:18:56:46 +0000] "GET /makeasmtp.php HTTP/1.1" 404 71763 "-" "-"
20.151.11.236 - - [19/Mar/2026:18:56:53 +0000] "GET /wp-michan.php HTTP/1.1" 404 71763 "-" "-"
20.151.11.236 - - [19/Mar/2026:18:56:59 +0000] "GET //wp-content/cong.php HTTP/1.1" 301 - "-" "-"
20.151.11.236 - - [19/Mar/2026:18:57:04 +0000] "GET /wp-content/cong.php HTTP/1.1" 404 71763 "-" "-"
139.162.194.112 - - [19/Mar/2026:18:57:11 +0000] "POST /wp-cron.php?doing_wp_cron=1773946631.0429890155792236328125 HTTP/1.1" 404 15609 "-" "WordPress/6.9.1; https://nfsin.com"
20.151.11.236 - - [19/Mar/2026:18:57:12 +0000] "GET /wp-the.php HTTP/1.1" 404 71763 "-" "-"
20.151.11.236 - - [19/Mar/2026:18:57:20 +0000] "GET //wp-includes/css/dist/ HTTP/1.1" 200 4100 "-" "-"
20.151.11.236 - - [19/Mar/2026:18:57:20 +0000] "GET /BDKR28WP.php HTTP/1.1" 404 71763 "-" "-"
20.151.11.236 - - [19/Mar/2026:18:57:29 +0000] "GET //wp-includes/l10n/ HTTP/1.1" 200 669 "-" "-"
20.151.11.236 - - [19/Mar/2026:18:57:29 +0000] "GET /wp.php HTTP/1.1" 404 71763 "-" "-"
20.151.11.236 - - [19/Mar/2026:18:57:35 +0000] "GET //assets/css/index.php?p= HTTP/1.1" 301 - "-" "-"
20.151.11.236 - - [19/Mar/2026:18:57:41 +0000] "GET /assets/css/ HTTP/1.1" 404 71763 "-" "-"
20.151.11.236 - - [19/Mar/2026:18:57:47 +0000] "GET /wp-good.php HTTP/1.1" 404 71763 "-" "-"
20.151.11.236 - - [19/Mar/2026:18:57:54 +0000] "GET //wp-admin/js/widgets/index.php HTTP/1.1" 301 - "-" "-"
20.151.11.236 - - [19/Mar/2026:18:57:59 +0000] "GET /wp-admin/js/widgets/ HTTP/1.1" 200 3348 "-" "-"
20.151.11.236 - - [19/Mar/2026:18:58:00 +0000] "GET /ok.php HTTP/1.1" 404 71763 "-" "-"
20.151.11.236 - - [19/Mar/2026:18:58:06 +0000] "GET //about.php HTTP/1.1" 200 - "-" "-"
20.151.11.236 - - [19/Mar/2026:18:58:06 +0000] "GET /wp-admin/js/fi.php HTTP/1.1" 404 71763 "-" "-"
139.162.194.112 - - [19/Mar/2026:18:58:12 +0000] "POST /wp-cron.php?doing_wp_cron=1773946692.8262929916381835937500 HTTP/1.1" 404 15609 "-" "WordPress/6.9.1; https://nfsin.com"
20.151.11.236 - - [19/Mar/2026:18:58:14 +0000] "GET /fe5.php HTTP/1.1" 404 71763 "-" "-"
20.151.11.236 - - [19/Mar/2026:18:58:22 +0000] "GET /kj.php HTTP/1.1" 404 71763 "-" "-"
20.151.11.236 - - [19/Mar/2026:18:58:30 +0000] "GET //wp-content/uploads/2021/02/index.php HTTP/1.1" 301 - "-" "-"
20.151.11.236 - - [19/Mar/2026:18:58:39 +0000] "GET /wp-content/uploads/2021/02/ HTTP/1.1" 404 71763 "-" "-"
20.151.11.236 - - [19/Mar/2026:18:58:45 +0000] "GET /av.php HTTP/1.1" 404 71763 "-" "-"
20.151.11.236 - - [19/Mar/2026:18:58:51 +0000] "GET /abcd.php HTTP/1.1" 404 71763 "-" "-"
20.151.11.236 - - [19/Mar/2026:18:58:56 +0000] "GET /init.php HTTP/1.1" 404 71763 "-" "-"
20.151.11.236 - - [19/Mar/2026:18:59:01 +0000] "GET /fi.php HTTP/1.1" 404 71763 "-" "-"
20.151.11.236 - - [19/Mar/2026:18:59:06 +0000] "GET //a1.php HTTP/1.1" 301 - "-" "-"
20.151.11.236 - - [19/Mar/2026:18:59:11 +0000] "GET /a1.php HTTP/1.1" 404 71763 "-" "-"
139.162.194.112 - - [19/Mar/2026:18:59:16 +0000] "POST /wp-cron.php?doing_wp_cron=1773946756.1523699760437011718750 HTTP/1.1" 404 15609 "-" "WordPress/6.9.1; https://nfsin.com"
20.151.11.236 - - [19/Mar/2026:18:59:17 +0000] "GET /update/f35.php HTTP/1.1" 404 71763 "-" "-"
20.151.11.236 - - [19/Mar/2026:18:59:22 +0000] "GET /wp-includes/Text/Diff/Engine/about.php HTTP/1.1" 404 71763 "-" "-"
20.151.11.236 - - [19/Mar/2026:18:59:27 +0000] "GET /f35.php HTTP/1.1" 404 71763 "-" "-"
20.151.11.236 - - [19/Mar/2026:18:59:34 +0000] "GET /hi.php HTTP/1.1" 404 71763 "-" "-"
20.151.11.236 - - [19/Mar/2026:18:59:40 +0000] "GET /lb.php HTTP/1.1" 404 71763 "-" "-"
20.151.11.236 - - [19/Mar/2026:18:59:46 +0000] "GET //wp-includes/css/index.php?p= HTTP/1.1" 301 - "-" "-"
20.151.11.236 - - [19/Mar/2026:18:59:51 +0000] "GET /wp-includes/css/ HTTP/1.1" 200 8770 "-" "-"
20.151.11.236 - - [19/Mar/2026:18:59:51 +0000] "GET /wp-includes/SimplePie/ HTTP/1.1" 200 1206 "-" "-"
20.151.11.236 - - [19/Mar/2026:18:59:51 +0000] "GET /prv8.php HTTP/1.1" 404 71763 "-" "-"
20.151.11.236 - - [19/Mar/2026:18:59:58 +0000] "GET /k.php HTTP/1.1" 404 71763 "-" "-"
20.151.11.236 - - [19/Mar/2026:19:00:05 +0000] "GET /dev.php HTTP/1.1" 404 71763 "-" "-"
20.151.11.236 - - [19/Mar/2026:19:00:12 +0000] "GET /bal.php HTTP/1.1" 404 71763 "-" "-"
139.162.194.112 - - [19/Mar/2026:19:00:17 +0000] "POST /wp-cron.php?doing_wp_cron=1773946817.4229869842529296875000 HTTP/1.1" 404 15609 "-" "WordPress/6.9.1; https://nfsin.com"
20.151.11.236 - - [19/Mar/2026:19:00:18 +0000] "GET /in.php HTTP/1.1" 404 71763 "-" "-"
20.151.11.236 - - [19/Mar/2026:19:00:25 +0000] "GET /gssdd.php HTTP/1.1" 404 71763 "-" "-"
20.151.11.236 - - [19/Mar/2026:19:00:30 +0000] "GET /motu.php HTTP/1.1" 404 71763 "-" "-"
20.151.11.236 - - [19/Mar/2026:19:00:37 +0000] "GET /bs1.php HTTP/1.1" 404 71763 "-" "-"
20.151.11.236 - - [19/Mar/2026:19:00:44 +0000] "GET /bengi.php HTTP/1.1" 404 71763 "-" "-"
20.151.11.236 - - [19/Mar/2026:19:00:49 +0000] "GET //erty.php HTTP/1.1" 301 - "-" "-"
20.151.11.236 - - [19/Mar/2026:19:00:55 +0000] "GET /erty.php HTTP/1.1" 404 71763 "-" "-"
20.151.11.236 - - [19/Mar/2026:19:01:02 +0000] "GET /wp-content/plugins/pwnd/as.php HTTP/1.1" 404 71763 "-" "-"
20.151.11.236 - - [19/Mar/2026:19:01:10 +0000] "GET /X57.php HTTP/1.1" 404 71763 "-" "-"
20.151.11.236 - - [19/Mar/2026:19:01:16 +0000] "GET /axx.php HTTP/1.1" 404 71763 "-" "-"
139.162.194.112 - - [19/Mar/2026:19:01:23 +0000] "POST /wp-cron.php?doing_wp_cron=1773946883.0100278854370117187500 HTTP/1.1" 404 15609 "-" "WordPress/6.9.1; https://nfsin.com"
20.151.11.236 - - [19/Mar/2026:19:01:24 +0000] "GET /alfashell.php HTTP/1.1" 404 71763 "-" "-"
20.151.11.236 - - [19/Mar/2026:19:01:30 +0000] "GET /re.php HTTP/1.1" 404 71763 "-" "-"
20.151.11.236 - - [19/Mar/2026:19:01:36 +0000] "GET /styll.php HTTP/1.1" 404 71763 "-" "-"
20.151.11.236 - - [19/Mar/2026:19:01:43 +0000] "GET /flower.php HTTP/1.1" 404 71763 "-" "-"
20.151.11.236 - - [19/Mar/2026:19:01:51 +0000] "GET /gettest.php HTTP/1.1" 404 71763 "-" "-"
20.151.11.236 - - [19/Mar/2026:19:01:58 +0000] "GET /acp.php HTTP/1.1" 404 71763 "-" "-"
203.159.90.208 - - [19/Mar/2026:19:43:00 +0000] "GET / HTTP/1.1" 301 - "-" "-"
203.159.90.208 - - [19/Mar/2026:19:43:08 +0000] "GET / HTTP/1.1" 301 - "-" "-"
139.162.194.112 - - [19/Mar/2026:19:43:11 +0000] "POST /wp-cron.php?doing_wp_cron=1773949391.2084500789642333984375 HTTP/1.1" 404 15609 "-" "WordPress/6.9.1; https://nfsin.com"
203.159.90.208 - - [19/Mar/2026:19:43:16 +0000] "GET / HTTP/1.1" 301 - "-" "-"
139.162.194.112 - - [19/Mar/2026:19:43:18 +0000] "POST /wp-cron.php?doing_wp_cron=1773949398.8386719226837158203125 HTTP/1.1" 404 15609 "-" "WordPress/6.9.1; https://nfsin.com"
203.159.90.208 - - [19/Mar/2026:19:43:24 +0000] "GET / HTTP/1.1" 301 - "-" "-"
203.159.90.208 - - [19/Mar/2026:19:43:32 +0000] "GET / HTTP/1.1" 301 - "-" "-"
170.106.165.186 - - [19/Mar/2026:19:57:05 +0000] "GET / HTTP/1.1" 301 20 "-" "Mozilla/5.0 (iPhone; CPU iPhone OS 13_2_3 like Mac OS X) AppleWebKit/605.1.15 (KHTML, like Gecko) Version/13.0.3 Mobile/15E148 Safari/604.1"
139.162.194.112 - - [19/Mar/2026:19:57:09 +0000] "POST /wp-cron.php?doing_wp_cron=1773950229.4826540946960449218750 HTTP/1.1" 404 15609 "-" "WordPress/6.9.1; https://nfsin.com"
162.142.125.120 - - [19/Mar/2026:20:20:31 +0000] "GET / HTTP/1.1" 301 20 "-" "Mozilla/5.0 (compatible; CensysInspect/1.1; +https://about.censys.io/)"
139.162.194.112 - - [19/Mar/2026:20:20:35 +0000] "POST /wp-cron.php?doing_wp_cron=1773951635.4851350784301757812500 HTTP/1.1" 404 15609 "-" "WordPress/6.9.1; https://nfsin.com"
162.142.125.118 - - [19/Mar/2026:20:24:43 +0000] "GET / HTTP/1.1" 301 20 "-" "Mozilla/5.0 (compatible; CensysInspect/1.1; +https://about.censys.io/)"
139.162.194.112 - - [19/Mar/2026:20:24:49 +0000] "POST /wp-cron.php?doing_wp_cron=1773951889.0498259067535400390625 HTTP/1.1" 404 15609 "-" "WordPress/6.9.1; https://nfsin.com"
139.162.194.112 - - [19/Mar/2026:20:30:05 +0000] "GET /.well-known/acme-challenge/mariju.php HTTP/1.1" 404 - "-" "get_local:DCV"
139.162.194.112 - - [19/Mar/2026:20:30:06 +0000] "GET /.well-known/acme-challenge/index.php HTTP/1.1" 404 - "-" "get_local:DCV"
43.133.139.6 - - [19/Mar/2026:20:43:17 +0000] "GET / HTTP/1.1" 301 20 "-" "Mozilla/5.0 (iPhone; CPU iPhone OS 13_2_3 like Mac OS X) AppleWebKit/605.1.15 (KHTML, like Gecko) Version/13.0.3 Mobile/15E148 Safari/604.1"
139.162.194.112 - - [19/Mar/2026:20:43:21 +0000] "POST /wp-cron.php?doing_wp_cron=1773953001.7425429821014404296875 HTTP/1.1" 404 15609 "-" "WordPress/6.9.1; https://nfsin.com"
45.199.198.21 - - [19/Mar/2026:21:07:14 +0000] "GET / HTTP/1.1" 301 20 "-" "Mozilla/5.0 (Windows NT 10.0; Win64; x64; rv:76.0) Gecko/20100101 Firefox/76.0"
139.162.194.112 - - [19/Mar/2026:21:07:20 +0000] "POST /wp-cron.php?doing_wp_cron=1773954440.1569271087646484375000 HTTP/1.1" 404 15609 "-" "WordPress/6.9.1; https://nfsin.com"
43.228.157.73 - - [19/Mar/2026:21:53:15 +0000] "GET / HTTP/1.1" 301 - "-" "-"
43.228.157.73 - - [19/Mar/2026:21:53:23 +0000] "GET / HTTP/1.1" 301 - "-" "-"
139.162.194.112 - - [19/Mar/2026:21:53:22 +0000] "POST /wp-cron.php?doing_wp_cron=1773957202.8722469806671142578125 HTTP/1.1" 404 15609 "-" "WordPress/6.9.1; https://nfsin.com"
43.173.180.228 - - [19/Mar/2026:22:15:19 +0000] "GET / HTTP/1.1" 301 20 "-" "Mozilla/5.0 (Windows NT 10.0; Win64; x64) AppleWebKit/537.36 (KHTML, like Gecko) Chrome/110.0.0.0 Safari/537.36"
139.162.194.112 - - [19/Mar/2026:22:15:25 +0000] "POST /wp-cron.php?doing_wp_cron=1773958525.1839060783386230468750 HTTP/1.1" 404 15609 "-" "WordPress/6.9.1; https://nfsin.com"
43.173.182.102 - - [19/Mar/2026:22:15:36 +0000] "GET / HTTP/1.1" 301 20 "-" "Mozilla/5.0 (Windows NT 10.0; Win64; x64) AppleWebKit/537.36 (KHTML, like Gecko) Chrome/117.0.0.0 Safari/537.36"
198.235.24.56 - - [19/Mar/2026:22:21:56 +0000] "GET / HTTP/1.1" 301 - "-" "Hello from Palo Alto Networks, find out more about our scans in https://docs-cortex.paloaltonetworks.com/r/1/Cortex-Xpanse/Scanning-activity"
139.162.194.112 - - [19/Mar/2026:22:22:01 +0000] "POST /wp-cron.php?doing_wp_cron=1773958921.6408770084381103515625 HTTP/1.1" 404 15609 "-" "WordPress/6.9.1; https://nfsin.com"
5.189.164.5 - - [19/Mar/2026:22:52:25 +0000] "GET /.git/HEAD HTTP/1.1" 404 71763 "-" "Mozilla/5.0 (Windows NT 10.0; Win64; x64) AppleWebKit/537.36"
209.38.24.138 - - [19/Mar/2026:23:37:35 +0000] "GET /wp-admin/install.php HTTP/1.1" 200 509 "-" "Mozilla/5.0 (Macintosh; Intel Mac OS X 10_10_1) AppleWebKit/537.36 (KHTML, like Gecko) Chrome/39.0.2171.95 Safari/537.36"
139.162.194.112 - - [19/Mar/2026:23:37:39 +0000] "POST /wp-cron.php?doing_wp_cron=1773963458.9102370738983154296875 HTTP/1.1" 404 15609 "-" "WordPress/6.9.1; https://nfsin.com"
209.38.24.138 - - [19/Mar/2026:23:37:41 +0000] "GET /wp/wp-admin/install.php HTTP/1.1" 404 15609 "-" "Mozilla/5.0 (Macintosh; Intel Mac OS X 10_10_1) AppleWebKit/537.36 (KHTML, like Gecko) Chrome/39.0.2171.95 Safari/537.36"
139.162.194.112 - - [19/Mar/2026:23:37:47 +0000] "POST /wp-cron.php?doing_wp_cron=1773963467.0818479061126708984375 HTTP/1.1" 404 15609 "-" "WordPress/6.9.1; https://nfsin.com"
209.38.24.138 - - [19/Mar/2026:23:37:49 +0000] "GET /new/wp-admin/install.php HTTP/1.1" 404 15609 "-" "Mozilla/5.0 (Macintosh; Intel Mac OS X 10_10_1) AppleWebKit/537.36 (KHTML, like Gecko) Chrome/39.0.2171.95 Safari/537.36"
