4.204.200.32 - - [21/Mar/2026:05:55:15 +0000] "GET /t.php HTTP/1.1" 404 71810 "-" "-"
4.204.200.32 - - [21/Mar/2026:05:55:18 +0000] "GET /file.php HTTP/1.1" 404 71810 "-" "-"
4.204.200.32 - - [21/Mar/2026:05:55:21 +0000] "GET /66.php HTTP/1.1" 404 71810 "-" "-"
4.204.200.32 - - [21/Mar/2026:05:55:24 +0000] "GET /amax.php HTTP/1.1" 404 71810 "-" "-"
139.162.194.112 - - [21/Mar/2026:05:55:28 +0000] "POST /wp-cron.php?doing_wp_cron=1774072528.4331610202789306640625 HTTP/1.1" 404 15608 "-" "WordPress/6.9.1; https://nfsin.com"
4.204.200.32 - - [21/Mar/2026:05:55:29 +0000] "GET /ioxi-o.php HTTP/1.1" 404 71810 "-" "-"
4.204.200.32 - - [21/Mar/2026:05:55:32 +0000] "GET /admin/index.php HTTP/1.1" 301 - "-" "-"
4.204.200.32 - - [21/Mar/2026:05:55:35 +0000] "GET /admin/ HTTP/1.1" 302 - "-" "-"
4.204.200.32 - - [21/Mar/2026:05:55:41 +0000] "GET /sid3.php HTTP/1.1" 404 71810 "-" "-"
4.204.200.32 - - [21/Mar/2026:05:55:44 +0000] "GET /d12.php HTTP/1.1" 404 71810 "-" "-"
4.204.200.32 - - [21/Mar/2026:05:55:47 +0000] "GET /wp-blog.php HTTP/1.1" 404 71810 "-" "-"
4.204.200.32 - - [21/Mar/2026:05:55:50 +0000] "GET /wp-blog-header.php HTTP/1.1" 404 71810 "-" "-"
4.204.200.32 - - [21/Mar/2026:05:55:54 +0000] "GET /abc.php HTTP/1.1" 404 71810 "-" "-"
4.204.200.32 - - [21/Mar/2026:05:55:56 +0000] "GET /55b76.php HTTP/1.1" 404 71810 "-" "-"
4.204.200.32 - - [21/Mar/2026:05:55:59 +0000] "GET /admin-footer.php HTTP/1.1" 404 71810 "-" "-"
4.204.200.32 - - [21/Mar/2026:05:56:02 +0000] "GET /wp-good.php HTTP/1.1" 404 71810 "-" "-"
4.204.200.32 - - [21/Mar/2026:05:56:06 +0000] "GET /ccs.php HTTP/1.1" 404 71810 "-" "-"
4.204.200.32 - - [21/Mar/2026:05:56:11 +0000] "GET /ws83.php HTTP/1.1" 404 71810 "-" "-"
4.204.200.32 - - [21/Mar/2026:05:56:15 +0000] "GET /inputs.php HTTP/1.1" 404 71810 "-" "-"
4.204.200.32 - - [21/Mar/2026:05:56:21 +0000] "GET /drhunthq.php HTTP/1.1" 404 71810 "-" "-"
4.204.200.32 - - [21/Mar/2026:05:56:26 +0000] "GET /a5e0a.php HTTP/1.1" 404 71810 "-" "-"
139.162.194.112 - - [21/Mar/2026:05:56:31 +0000] "POST /wp-cron.php?doing_wp_cron=1774072591.5232241153717041015625 HTTP/1.1" 404 15608 "-" "WordPress/6.9.1; https://nfsin.com"
4.204.200.32 - - [21/Mar/2026:05:56:32 +0000] "GET /lib.php HTTP/1.1" 404 71810 "-" "-"
4.204.200.32 - - [21/Mar/2026:05:56:38 +0000] "GET /gfd.php HTTP/1.1" 404 71810 "-" "-"
4.204.200.32 - - [21/Mar/2026:05:56:42 +0000] "GET /ws81.php HTTP/1.1" 404 71810 "-" "-"
4.204.200.32 - - [21/Mar/2026:05:56:48 +0000] "GET /domains.php HTTP/1.1" 404 71810 "-" "-"
4.204.200.32 - - [21/Mar/2026:05:56:53 +0000] "GET /byypas.php HTTP/1.1" 404 71810 "-" "-"
4.204.200.32 - - [21/Mar/2026:05:56:56 +0000] "GET /install.php HTTP/1.1" 404 71810 "-" "-"
4.204.200.32 - - [21/Mar/2026:05:57:01 +0000] "GET /myfile.php HTTP/1.1" 404 71810 "-" "-"
4.204.200.32 - - [21/Mar/2026:05:57:04 +0000] "GET /grsiuk.php HTTP/1.1" 404 71810 "-" "-"
4.204.200.32 - - [21/Mar/2026:05:57:07 +0000] "GET /wp-p2r3q9c8k4.php HTTP/1.1" 404 71810 "-" "-"
4.204.200.32 - - [21/Mar/2026:05:57:11 +0000] "GET /wp-access.php HTTP/1.1" 404 71810 "-" "-"
4.204.200.32 - - [21/Mar/2026:05:57:15 +0000] "GET /inege.php HTTP/1.1" 404 71810 "-" "-"
4.204.200.32 - - [21/Mar/2026:05:57:19 +0000] "GET /bgymj.php HTTP/1.1" 404 71810 "-" "-"
4.204.200.32 - - [21/Mar/2026:05:57:24 +0000] "GET /6kDPjgFTmvS.php HTTP/1.1" 404 71810 "-" "-"
4.204.200.32 - - [21/Mar/2026:05:57:29 +0000] "GET /tx78.php HTTP/1.1" 404 71810 "-" "-"
139.162.194.112 - - [21/Mar/2026:05:57:35 +0000] "POST /wp-cron.php?doing_wp_cron=1774072655.0798759460449218750000 HTTP/1.1" 404 15608 "-" "WordPress/6.9.1; https://nfsin.com"
4.204.200.32 - - [21/Mar/2026:05:57:36 +0000] "GET /init.php HTTP/1.1" 404 71810 "-" "-"
4.204.200.32 - - [21/Mar/2026:05:57:41 +0000] "GET /ws49.php HTTP/1.1" 404 71810 "-" "-"
4.204.200.32 - - [21/Mar/2026:05:57:46 +0000] "GET /56c53.php HTTP/1.1" 404 71810 "-" "-"
4.204.200.32 - - [21/Mar/2026:05:57:50 +0000] "GET /public/file.php HTTP/1.1" 404 71810 "-" "-"
4.204.200.32 - - [21/Mar/2026:05:57:55 +0000] "GET /144.php HTTP/1.1" 404 71810 "-" "-"
4.204.200.32 - - [21/Mar/2026:05:57:59 +0000] "GET /clss.php HTTP/1.1" 404 71810 "-" "-"
4.204.200.32 - - [21/Mar/2026:05:58:04 +0000] "GET /motu.php HTTP/1.1" 404 71810 "-" "-"
4.204.200.32 - - [21/Mar/2026:05:58:09 +0000] "GET /ajax.php HTTP/1.1" 404 71810 "-" "-"
4.204.200.32 - - [21/Mar/2026:05:58:14 +0000] "GET /maul.php HTTP/1.1" 404 71810 "-" "-"
4.204.200.32 - - [21/Mar/2026:05:58:20 +0000] "GET /public/wp-blog.php HTTP/1.1" 404 71810 "-" "-"
4.204.200.32 - - [21/Mar/2026:05:58:26 +0000] "GET /wp-content/radio.php HTTP/1.1" 404 71810 "-" "-"
4.204.200.32 - - [21/Mar/2026:05:58:32 +0000] "GET /callback.php HTTP/1.1" 404 71810 "-" "-"
139.162.194.112 - - [21/Mar/2026:05:58:37 +0000] "POST /wp-cron.php?doing_wp_cron=1774072717.3430581092834472656250 HTTP/1.1" 404 15608 "-" "WordPress/6.9.1; https://nfsin.com"
4.204.200.32 - - [21/Mar/2026:05:58:38 +0000] "GET /166.php HTTP/1.1" 404 71810 "-" "-"
217.216.37.52 - - [21/Mar/2026:06:24:14 +0000] "GET / HTTP/1.1" 301 20 "-" "Go-http-client/1.1"
139.162.194.112 - - [21/Mar/2026:06:24:18 +0000] "POST /wp-cron.php?doing_wp_cron=1774074258.5351459980010986328125 HTTP/1.1" 404 15608 "-" "WordPress/6.9.1; https://nfsin.com"
45.136.131.52 - - [21/Mar/2026:06:24:28 +0000] "GET /wp-json/wp/v2/posts HTTP/1.1" 200 679 "-" "Mozilla/5.0 (Windows NT 10.0; Win64; x64) AppleWebKit/537.36 (KHTML, like Gecko) Chrome/120.0.0.0 Safari/537.36"
139.162.194.112 - - [21/Mar/2026:06:28:36 +0000] "GET /.well-known/acme-challenge/mariju.php HTTP/1.1" 404 - "-" "get_local:DCV"
139.162.194.112 - - [21/Mar/2026:06:28:37 +0000] "GET /.well-known/acme-challenge/index.php HTTP/1.1" 404 - "-" "get_local:DCV"
43.155.129.131 - - [21/Mar/2026:07:33:05 +0000] "GET / HTTP/1.1" 301 20 "-" "Mozilla/5.0 (iPhone; CPU iPhone OS 13_2_3 like Mac OS X) AppleWebKit/605.1.15 (KHTML, like Gecko) Version/13.0.3 Mobile/15E148 Safari/604.1"
139.162.194.112 - - [21/Mar/2026:07:33:10 +0000] "POST /wp-cron.php?doing_wp_cron=1774078390.2161319255828857421875 HTTP/1.1" 404 15608 "-" "WordPress/6.9.1; https://nfsin.com"
117.33.163.216 - - [21/Mar/2026:07:34:48 +0000] "GET / HTTP/1.1" 301 20 "-" "Mozilla/5.0 (iPhone; CPU iPhone OS 13_2_3 like Mac OS X) AppleWebKit/605.1.15 (KHTML, like Gecko) Version/13.0.3 Mobile/15E148 Safari/604.1"
139.162.194.112 - - [21/Mar/2026:07:34:52 +0000] "POST /wp-cron.php?doing_wp_cron=1774078492.2122519016265869140625 HTTP/1.1" 404 15608 "-" "WordPress/6.9.1; https://nfsin.com"
89.110.118.225 - - [21/Mar/2026:07:51:51 +0000] "GET / HTTP/1.0" 301 - "http://nfsin.com/" "Mozilla/5.0 (Windows NT 10.0; Win64; x64) AppleWebKit/537.36 (KHTML, like Gecko) Chrome/130.0.0.0 Safari/537.36 CCleaner/130.0.0.0"
139.162.194.112 - - [21/Mar/2026:07:51:54 +0000] "POST /wp-cron.php?doing_wp_cron=1774079514.4784500598907470703125 HTTP/1.1" 404 15608 "-" "WordPress/6.9.1; https://nfsin.com"
43.135.211.148 - - [21/Mar/2026:08:12:27 +0000] "GET / HTTP/1.1" 301 20 "-" "Mozilla/5.0 (iPhone; CPU iPhone OS 13_2_3 like Mac OS X) AppleWebKit/605.1.15 (KHTML, like Gecko) Version/13.0.3 Mobile/15E148 Safari/604.1"
139.162.194.112 - - [21/Mar/2026:08:12:31 +0000] "POST /wp-cron.php?doing_wp_cron=1774080751.1665349006652832031250 HTTP/1.1" 404 15608 "-" "WordPress/6.9.1; https://nfsin.com"
103.20.83.78 - - [21/Mar/2026:08:29:44 +0000] "GET /wp-json/wp/v2/posts HTTP/1.0" 200 679 "-" "Mozilla/5.0 (Windows NT 10.0; Win64; x64) AppleWebKit/537.36 (KHTML, like Gecko) Chrome/120.0.0.0 Safari/537.36"
139.162.194.112 - - [21/Mar/2026:08:29:48 +0000] "POST /wp-cron.php?doing_wp_cron=1774081788.2016379833221435546875 HTTP/1.1" 404 15608 "-" "WordPress/6.9.1; https://nfsin.com"
93.158.71.185 - - [21/Mar/2026:08:53:53 +0000] "GET /robots.txt HTTP/1.1" 200 124 "-" "Mozilla/5.0 (iPhone; CPU iPhone OS 17_1_2 like Mac OS X) AppleWebKit/605.1.15 (KHTML, like Gecko) Version/17.1.2 Mobile/15E148 Safari/604"
93.158.71.185 - - [21/Mar/2026:08:53:53 +0000] "GET / HTTP/1.1" 301 20 "-" "Mozilla/5.0 (iPhone; CPU iPhone OS 17_1_2 like Mac OS X) AppleWebKit/605.1.15 (KHTML, like Gecko) Version/17.1.2 Mobile/15E148 Safari/604"
139.162.194.112 - - [21/Mar/2026:08:53:56 +0000] "POST /wp-cron.php?doing_wp_cron=1774083236.8184669017791748046875 HTTP/1.1" 404 15608 "-" "WordPress/6.9.1; https://nfsin.com"
92.249.185.49 - - [21/Mar/2026:09:57:51 +0000] "HEAD / HTTP/1.1" 301 - "-" "python-requests/2.32.3"
139.162.194.112 - - [21/Mar/2026:09:57:55 +0000] "POST /wp-cron.php?doing_wp_cron=1774087075.0431759357452392578125 HTTP/1.1" 404 15608 "-" "WordPress/6.9.1; https://nfsin.com"
43.173.177.129 - - [21/Mar/2026:10:16:17 +0000] "GET / HTTP/1.1" 301 20 "-" "Mozilla/5.0 (Windows NT 10.0; Win64; x64) AppleWebKit/537.36 (KHTML, like Gecko) Chrome/107.0.0.0 Safari/537.36"
139.162.194.112 - - [21/Mar/2026:10:16:20 +0000] "POST /wp-cron.php?doing_wp_cron=1774088180.4204139709472656250000 HTTP/1.1" 404 15608 "-" "WordPress/6.9.1; https://nfsin.com"
120.68.165.89 - - [21/Mar/2026:11:11:45 +0000] "GET /wp-content/themes/igsin/style.css?ver=6.9.1 HTTP/1.1" 200 5240 "http://nfsin.com/adminfuns.php" "Mozilla/5.0 (Windows NT 10.0; Win64; x64) AppleWebKit/537.36 (KHTML, like Gecko) Chrome/146.0.0.0 Safari/537.36"
120.68.165.89 - - [21/Mar/2026:11:11:40 +0000] "GET /adminfuns.php HTTP/1.1" 404 15608 "-" "Mozilla/5.0 (Windows NT 10.0; Win64; x64) AppleWebKit/537.36 (KHTML, like Gecko) Chrome/146.0.0.0 Safari/537.36"
120.68.165.89 - - [21/Mar/2026:11:11:45 +0000] "GET /wp-content/themes/igsin/inc/assets/vendors/bootstrap-5.2-dist/css/bootstrap.min.css?ver=6.9.1 HTTP/1.1" 200 27518 "http://nfsin.com/adminfuns.php" "Mozilla/5.0 (Windows NT 10.0; Win64; x64) AppleWebKit/537.36 (KHTML, like Gecko) Chrome/146.0.0.0 Safari/537.36"
139.162.194.112 - - [21/Mar/2026:11:11:44 +0000] "POST /wp-cron.php?doing_wp_cron=1774091504.3247210979461669921875 HTTP/1.1" 404 15608 "-" "WordPress/6.9.1; https://nfsin.com"
120.68.165.89 - - [21/Mar/2026:11:11:47 +0000] "GET /wp-content/themes/igsin/inc/assets/css/owl.carousel.min.css?ver=6.9.1 HTTP/1.1" 200 1068 "http://nfsin.com/adminfuns.php" "Mozilla/5.0 (Windows NT 10.0; Win64; x64) AppleWebKit/537.36 (KHTML, like Gecko) Chrome/146.0.0.0 Safari/537.36"
120.68.165.89 - - [21/Mar/2026:11:11:47 +0000] "GET /wp-content/themes/igsin/inc/assets/css/owl.theme.default.css?ver=6.9.1 HTTP/1.1" 200 562 "http://nfsin.com/adminfuns.php" "Mozilla/5.0 (Windows NT 10.0; Win64; x64) AppleWebKit/537.36 (KHTML, like Gecko) Chrome/146.0.0.0 Safari/537.36"
120.68.165.89 - - [21/Mar/2026:11:11:47 +0000] "GET /wp-content/themes/igsin/inc/assets/css/owl.theme.default.min.css?ver=6.9.1 HTTP/1.1" 200 487 "http://nfsin.com/adminfuns.php" "Mozilla/5.0 (Windows NT 10.0; Win64; x64) AppleWebKit/537.36 (KHTML, like Gecko) Chrome/146.0.0.0 Safari/537.36"
120.68.165.89 - - [21/Mar/2026:11:11:48 +0000] "GET /wp-content/themes/igsin/inc/assets/vendors/custom-css-grid.min.css?ver=6.9.1 HTTP/1.1" 200 1953 "http://nfsin.com/adminfuns.php" "Mozilla/5.0 (Windows NT 10.0; Win64; x64) AppleWebKit/537.36 (KHTML, like Gecko) Chrome/146.0.0.0 Safari/537.36"
120.68.165.89 - - [21/Mar/2026:11:11:49 +0000] "GET /wp-content/themes/igsin/inc/assets/vendors/Magnific-Popup-master/dist/magnific-popup.css?ver=6.9.1 HTTP/1.1" 200 1816 "http://nfsin.com/adminfuns.php" "Mozilla/5.0 (Windows NT 10.0; Win64; x64) AppleWebKit/537.36 (KHTML, like Gecko) Chrome/146.0.0.0 Safari/537.36"
120.68.165.89 - - [21/Mar/2026:11:11:49 +0000] "GET /wp-content/themes/igsin/inc/assets/css/style.css?ver=6.9.1 HTTP/1.1" 200 10857 "http://nfsin.com/adminfuns.php" "Mozilla/5.0 (Windows NT 10.0; Win64; x64) AppleWebKit/537.36 (KHTML, like Gecko) Chrome/146.0.0.0 Safari/537.36"
120.68.165.89 - - [21/Mar/2026:11:11:50 +0000] "GET /wp-content/plugins/ultimate-member/assets/css/um-fonticons-ii.css?ver=2.6.7 HTTP/1.1" 200 5931 "http://nfsin.com/adminfuns.php" "Mozilla/5.0 (Windows NT 10.0; Win64; x64) AppleWebKit/537.36 (KHTML, like Gecko) Chrome/146.0.0.0 Safari/537.36"
120.68.165.89 - - [21/Mar/2026:11:11:50 +0000] "GET /wp-content/plugins/ultimate-member/assets/css/um-fonticons-fa.css?ver=2.6.7 HTTP/1.1" 200 4776 "http://nfsin.com/adminfuns.php" "Mozilla/5.0 (Windows NT 10.0; Win64; x64) AppleWebKit/537.36 (KHTML, like Gecko) Chrome/146.0.0.0 Safari/537.36"
120.68.165.89 - - [21/Mar/2026:11:11:51 +0000] "GET /wp-content/plugins/ultimate-member/assets/css/select2/select2.min.css?ver=4.0.13 HTTP/1.1" 200 1998 "http://nfsin.com/adminfuns.php" "Mozilla/5.0 (Windows NT 10.0; Win64; x64) AppleWebKit/537.36 (KHTML, like Gecko) Chrome/146.0.0.0 Safari/537.36"
120.68.165.89 - - [21/Mar/2026:11:11:52 +0000] "GET /wp-content/plugins/ultimate-member/assets/css/um-crop.css?ver=2.6.7 HTTP/1.1" 200 965 "http://nfsin.com/adminfuns.php" "Mozilla/5.0 (Windows NT 10.0; Win64; x64) AppleWebKit/537.36 (KHTML, like Gecko) Chrome/146.0.0.0 Safari/537.36"
120.68.165.89 - - [21/Mar/2026:11:11:52 +0000] "GET /wp-content/plugins/ultimate-member/assets/css/um-modal.css?ver=2.6.7 HTTP/1.1" 200 938 "http://nfsin.com/adminfuns.php" "Mozilla/5.0 (Windows NT 10.0; Win64; x64) AppleWebKit/537.36 (KHTML, like Gecko) Chrome/146.0.0.0 Safari/537.36"
120.68.165.89 - - [21/Mar/2026:11:11:53 +0000] "GET /wp-content/plugins/ultimate-member/assets/css/um-styles.css?ver=2.6.7 HTTP/1.1" 200 4275 "http://nfsin.com/adminfuns.php" "Mozilla/5.0 (Windows NT 10.0; Win64; x64) AppleWebKit/537.36 (KHTML, like Gecko) Chrome/146.0.0.0 Safari/537.36"
120.68.165.89 - - [21/Mar/2026:11:11:54 +0000] "GET /wp-content/plugins/ultimate-member/assets/css/um-profile.css?ver=2.6.7 HTTP/1.1" 200 2151 "http://nfsin.com/adminfuns.php" "Mozilla/5.0 (Windows NT 10.0; Win64; x64) AppleWebKit/537.36 (KHTML, like Gecko) Chrome/146.0.0.0 Safari/537.36"
120.68.165.89 - - [21/Mar/2026:11:11:55 +0000] "GET /wp-content/plugins/ultimate-member/assets/css/um-account.css?ver=2.6.7 HTTP/1.1" 200 1130 "http://nfsin.com/adminfuns.php" "Mozilla/5.0 (Windows NT 10.0; Win64; x64) AppleWebKit/537.36 (KHTML, like Gecko) Chrome/146.0.0.0 Safari/537.36"
120.68.165.89 - - [21/Mar/2026:11:11:56 +0000] "GET /wp-content/plugins/ultimate-member/assets/css/um-misc.css?ver=2.6.7 HTTP/1.1" 200 711 "http://nfsin.com/adminfuns.php" "Mozilla/5.0 (Windows NT 10.0; Win64; x64) AppleWebKit/537.36 (KHTML, like Gecko) Chrome/146.0.0.0 Safari/537.36"
120.68.165.89 - - [21/Mar/2026:11:11:57 +0000] "GET /wp-content/plugins/ultimate-member/assets/css/um-fileupload.css?ver=2.6.7 HTTP/1.1" 200 935 "http://nfsin.com/adminfuns.php" "Mozilla/5.0 (Windows NT 10.0; Win64; x64) AppleWebKit/537.36 (KHTML, like Gecko) Chrome/146.0.0.0 Safari/537.36"
120.68.165.89 - - [21/Mar/2026:11:11:58 +0000] "GET /wp-content/plugins/ultimate-member/assets/css/pickadate/default.css?ver=2.6.7 HTTP/1.1" 200 1187 "http://nfsin.com/adminfuns.php" "Mozilla/5.0 (Windows NT 10.0; Win64; x64) AppleWebKit/537.36 (KHTML, like Gecko) Chrome/146.0.0.0 Safari/537.36"
120.68.165.89 - - [21/Mar/2026:11:11:58 +0000] "GET /wp-content/plugins/ultimate-member/assets/css/pickadate/default.date.css?ver=2.6.7 HTTP/1.1" 200 1261 "http://nfsin.com/adminfuns.php" "Mozilla/5.0 (Windows NT 10.0; Win64; x64) AppleWebKit/537.36 (KHTML, like Gecko) Chrome/146.0.0.0 Safari/537.36"
120.68.165.89 - - [21/Mar/2026:11:11:58 +0000] "GET /wp-content/plugins/ultimate-member/assets/css/pickadate/default.time.css?ver=2.6.7 HTTP/1.1" 200 740 "http://nfsin.com/adminfuns.php" "Mozilla/5.0 (Windows NT 10.0; Win64; x64) AppleWebKit/537.36 (KHTML, like Gecko) Chrome/146.0.0.0 Safari/537.36"
120.68.165.89 - - [21/Mar/2026:11:11:59 +0000] "GET /wp-content/plugins/ultimate-member/assets/css/um-raty.css?ver=2.6.7 HTTP/1.1" 200 429 "http://nfsin.com/adminfuns.php" "Mozilla/5.0 (Windows NT 10.0; Win64; x64) AppleWebKit/537.36 (KHTML, like Gecko) Chrome/146.0.0.0 Safari/537.36"
120.68.165.89 - - [21/Mar/2026:11:12:01 +0000] "GET /wp-content/plugins/ultimate-member/assets/css/simplebar.css?ver=2.6.7 HTTP/1.1" 200 1017 "http://nfsin.com/adminfuns.php" "Mozilla/5.0 (Windows NT 10.0; Win64; x64) AppleWebKit/537.36 (KHTML, like Gecko) Chrome/146.0.0.0 Safari/537.36"
120.68.165.89 - - [21/Mar/2026:11:12:01 +0000] "GET /wp-content/plugins/ultimate-member/assets/css/um-tipsy.css?ver=2.6.7 HTTP/1.1" 200 520 "http://nfsin.com/adminfuns.php" "Mozilla/5.0 (Windows NT 10.0; Win64; x64) AppleWebKit/537.36 (KHTML, like Gecko) Chrome/146.0.0.0 Safari/537.36"
120.68.165.89 - - [21/Mar/2026:11:12:02 +0000] "GET /wp-content/plugins/ultimate-member/assets/css/um-responsive.css?ver=2.6.7 HTTP/1.1" 200 1869 "http://nfsin.com/adminfuns.php" "Mozilla/5.0 (Windows NT 10.0; Win64; x64) AppleWebKit/537.36 (KHTML, like Gecko) Chrome/146.0.0.0 Safari/537.36"
120.68.165.89 - - [21/Mar/2026:11:12:02 +0000] "GET /wp-content/plugins/ultimate-member/assets/css/um-old-default.css?ver=2.6.7 HTTP/1.1" 200 1186 "http://nfsin.com/adminfuns.php" "Mozilla/5.0 (Windows NT 10.0; Win64; x64) AppleWebKit/537.36 (KHTML, like Gecko) Chrome/146.0.0.0 Safari/537.36"
120.68.165.89 - - [21/Mar/2026:11:12:07 +0000] "GET /wp-includes/js/jquery/jquery.min.js?ver=3.7.1 HTTP/1.1" 200 30368 "http://nfsin.com/adminfuns.php" "Mozilla/5.0 (Windows NT 10.0; Win64; x64) AppleWebKit/537.36 (KHTML, like Gecko) Chrome/146.0.0.0 Safari/537.36"
120.68.165.89 - - [21/Mar/2026:11:12:08 +0000] "GET /wp-includes/js/jquery/jquery-migrate.min.js?ver=3.4.1 HTTP/1.1" 200 4872 "http://nfsin.com/adminfuns.php" "Mozilla/5.0 (Windows NT 10.0; Win64; x64) AppleWebKit/537.36 (KHTML, like Gecko) Chrome/146.0.0.0 Safari/537.36"
120.68.165.89 - - [21/Mar/2026:11:12:08 +0000] "GET /wp-content/plugins/um-terms-conditions/assets/js/um-terms-conditions-public.min.js?ver=2.1.3 HTTP/1.1" 200 224 "http://nfsin.com/adminfuns.php" "Mozilla/5.0 (Windows NT 10.0; Win64; x64) AppleWebKit/537.36 (KHTML, like Gecko) Chrome/146.0.0.0 Safari/537.36"
120.68.165.89 - - [21/Mar/2026:11:12:08 +0000] "GET /wp-content/plugins/ultimate-member/assets/js/um-gdpr.min.js?ver=2.6.7 HTTP/1.1" 200 254 "http://nfsin.com/adminfuns.php" "Mozilla/5.0 (Windows NT 10.0; Win64; x64) AppleWebKit/537.36 (KHTML, like Gecko) Chrome/146.0.0.0 Safari/537.36"
120.68.165.89 - - [21/Mar/2026:11:12:14 +0000] "GET /wp-content/themes/igsin/inc/assets/vendors/Magnific-Popup-master/dist/jquery.magnific-popup.min.js?ver=6.9.1 HTTP/1.1" 200 7346 "http://nfsin.com/adminfuns.php" "Mozilla/5.0 (Windows NT 10.0; Win64; x64) AppleWebKit/537.36 (KHTML, like Gecko) Chrome/146.0.0.0 Safari/537.36"
120.68.165.89 - - [21/Mar/2026:11:12:14 +0000] "GET /wp-content/themes/igsin/inc/assets/vendors/bootstrap-5.2-dist/js/bootstrap.bundle.min.js?ver=6.9.1 HTTP/1.1" 200 23310 "http://nfsin.com/adminfuns.php" "Mozilla/5.0 (Windows NT 10.0; Win64; x64) AppleWebKit/537.36 (KHTML, like Gecko) Chrome/146.0.0.0 Safari/537.36"
120.68.165.89 - - [21/Mar/2026:11:12:14 +0000] "GET /wp-content/themes/igsin/inc/assets/js/owl.carousel.js?ver=6.9.1 HTTP/1.1" 200 20037 "http://nfsin.com/adminfuns.php" "Mozilla/5.0 (Windows NT 10.0; Win64; x64) AppleWebKit/537.36 (KHTML, like Gecko) Chrome/146.0.0.0 Safari/537.36"
120.68.165.89 - - [21/Mar/2026:11:12:15 +0000] "GET /wp-content/themes/igsin/inc/assets/js/script.js?ver=6.9.1 HTTP/1.1" 200 1260 "http://nfsin.com/adminfuns.php" "Mozilla/5.0 (Windows NT 10.0; Win64; x64) AppleWebKit/537.36 (KHTML, like Gecko) Chrome/146.0.0.0 Safari/537.36"
120.68.165.89 - - [21/Mar/2026:11:12:15 +0000] "GET /wp-content/plugins/ultimate-member/assets/js/select2/select2.full.min.js?ver=4.0.13 HTTP/1.1" 200 22030 "http://nfsin.com/adminfuns.php" "Mozilla/5.0 (Windows NT 10.0; Win64; x64) AppleWebKit/537.36 (KHTML, like Gecko) Chrome/146.0.0.0 Safari/537.36"
120.68.165.89 - - [21/Mar/2026:11:12:15 +0000] "GET /wp-includes/js/underscore.min.js?ver=1.13.7 HTTP/1.1" 200 7317 "http://nfsin.com/adminfuns.php" "Mozilla/5.0 (Windows NT 10.0; Win64; x64) AppleWebKit/537.36 (KHTML, like Gecko) Chrome/146.0.0.0 Safari/537.36"
120.68.165.89 - - [21/Mar/2026:11:12:15 +0000] "GET /wp-includes/js/wp-util.min.js?ver=6.9.1 HTTP/1.1" 200 756 "http://nfsin.com/adminfuns.php" "Mozilla/5.0 (Windows NT 10.0; Win64; x64) AppleWebKit/537.36 (KHTML, like Gecko) Chrome/146.0.0.0 Safari/537.36"
120.68.165.89 - - [21/Mar/2026:11:12:16 +0000] "GET /wp-content/plugins/ultimate-member/assets/js/um-crop.min.js?ver=2.6.7 HTTP/1.1" 200 5528 "http://nfsin.com/adminfuns.php" "Mozilla/5.0 (Windows NT 10.0; Win64; x64) AppleWebKit/537.36 (KHTML, like Gecko) Chrome/146.0.0.0 Safari/537.36"
120.68.165.89 - - [21/Mar/2026:11:12:17 +0000] "GET /wp-content/plugins/ultimate-member/assets/js/um-modal.min.js?ver=2.6.7 HTTP/1.1" 200 1227 "http://nfsin.com/adminfuns.php" "Mozilla/5.0 (Windows NT 10.0; Win64; x64) AppleWebKit/537.36 (KHTML, like Gecko) Chrome/146.0.0.0 Safari/537.36"
120.68.165.89 - - [21/Mar/2026:11:12:18 +0000] "GET /wp-content/plugins/ultimate-member/assets/js/um-jquery-form.min.js?ver=2.6.7 HTTP/1.1" 200 5473 "http://nfsin.com/adminfuns.php" "Mozilla/5.0 (Windows NT 10.0; Win64; x64) AppleWebKit/537.36 (KHTML, like Gecko) Chrome/146.0.0.0 Safari/537.36"
120.68.165.89 - - [21/Mar/2026:11:12:18 +0000] "GET /wp-content/plugins/ultimate-member/assets/js/um-fileupload.js?ver=2.6.7 HTTP/1.1" 200 3412 "http://nfsin.com/adminfuns.php" "Mozilla/5.0 (Windows NT 10.0; Win64; x64) AppleWebKit/537.36 (KHTML, like Gecko) Chrome/146.0.0.0 Safari/537.36"
120.68.165.89 - - [21/Mar/2026:11:12:18 +0000] "GET /wp-content/plugins/ultimate-member/assets/js/pickadate/picker.js?ver=2.6.7 HTTP/1.1" 200 9371 "http://nfsin.com/adminfuns.php" "Mozilla/5.0 (Windows NT 10.0; Win64; x64) AppleWebKit/537.36 (KHTML, like Gecko) Chrome/146.0.0.0 Safari/537.36"
120.68.165.89 - - [21/Mar/2026:11:12:19 +0000] "GET /wp-content/plugins/ultimate-member/assets/js/pickadate/picker.date.js?ver=2.6.7 HTTP/1.1" 200 10621 "http://nfsin.com/adminfuns.php" "Mozilla/5.0 (Windows NT 10.0; Win64; x64) AppleWebKit/537.36 (KHTML, like Gecko) Chrome/146.0.0.0 Safari/537.36"
120.68.165.89 - - [21/Mar/2026:11:12:19 +0000] "GET /wp-content/plugins/ultimate-member/assets/js/pickadate/picker.time.js?ver=2.6.7 HTTP/1.1" 200 7666 "http://nfsin.com/adminfuns.php" "Mozilla/5.0 (Windows NT 10.0; Win64; x64) AppleWebKit/537.36 (KHTML, like Gecko) Chrome/146.0.0.0 Safari/537.36"
120.68.165.89 - - [21/Mar/2026:11:12:19 +0000] "GET /wp-includes/js/dist/hooks.min.js?ver=dd5603f07f9220ed27f1 HTTP/1.1" 200 1941 "http://nfsin.com/adminfuns.php" "Mozilla/5.0 (Windows NT 10.0; Win64; x64) AppleWebKit/537.36 (KHTML, like Gecko) Chrome/146.0.0.0 Safari/537.36"
120.68.165.89 - - [21/Mar/2026:11:12:19 +0000] "GET /wp-includes/js/dist/i18n.min.js?ver=c26c3dc7bed366793375 HTTP/1.1" 200 2229 "http://nfsin.com/adminfuns.php" "Mozilla/5.0 (Windows NT 10.0; Win64; x64) AppleWebKit/537.36 (KHTML, like Gecko) Chrome/146.0.0.0 Safari/537.36"
120.68.165.89 - - [21/Mar/2026:11:12:21 +0000] "GET /wp-content/plugins/ultimate-member/assets/js/um-raty.min.js?ver=2.6.7 HTTP/1.1" 200 3017 "http://nfsin.com/adminfuns.php" "Mozilla/5.0 (Windows NT 10.0; Win64; x64) AppleWebKit/537.36 (KHTML, like Gecko) Chrome/146.0.0.0 Safari/537.36"
120.68.165.89 - - [21/Mar/2026:11:12:21 +0000] "GET /wp-content/plugins/ultimate-member/assets/js/um-tipsy.min.js?ver=2.6.7 HTTP/1.1" 200 1589 "http://nfsin.com/adminfuns.php" "Mozilla/5.0 (Windows NT 10.0; Win64; x64) AppleWebKit/537.36 (KHTML, like Gecko) Chrome/146.0.0.0 Safari/537.36"
120.68.165.89 - - [21/Mar/2026:11:12:22 +0000] "GET /wp-includes/js/imagesloaded.min.js?ver=5.0.0 HTTP/1.1" 200 1803 "http://nfsin.com/adminfuns.php" "Mozilla/5.0 (Windows NT 10.0; Win64; x64) AppleWebKit/537.36 (KHTML, like Gecko) Chrome/146.0.0.0 Safari/537.36"
120.68.165.89 - - [21/Mar/2026:11:12:23 +0000] "GET /wp-includes/js/masonry.min.js?ver=4.2.2 HTTP/1.1" 200 7382 "http://nfsin.com/adminfuns.php" "Mozilla/5.0 (Windows NT 10.0; Win64; x64) AppleWebKit/537.36 (KHTML, like Gecko) Chrome/146.0.0.0 Safari/537.36"
120.68.165.89 - - [21/Mar/2026:11:12:23 +0000] "GET /wp-includes/js/jquery/jquery.masonry.min.js?ver=3.1.2b HTTP/1.1" 200 716 "http://nfsin.com/adminfuns.php" "Mozilla/5.0 (Windows NT 10.0; Win64; x64) AppleWebKit/537.36 (KHTML, like Gecko) Chrome/146.0.0.0 Safari/537.36"
120.68.165.89 - - [21/Mar/2026:11:12:24 +0000] "GET /wp-content/plugins/ultimate-member/assets/js/simplebar.min.js?ver=2.6.7 HTTP/1.1" 200 13272 "http://nfsin.com/adminfuns.php" "Mozilla/5.0 (Windows NT 10.0; Win64; x64) AppleWebKit/537.36 (KHTML, like Gecko) Chrome/146.0.0.0 Safari/537.36"
120.68.165.89 - - [21/Mar/2026:11:12:24 +0000] "GET /wp-content/plugins/ultimate-member/assets/js/um-functions.min.js?ver=2.6.7 HTTP/1.1" 200 3626 "http://nfsin.com/adminfuns.php" "Mozilla/5.0 (Windows NT 10.0; Win64; x64) AppleWebKit/537.36 (KHTML, like Gecko) Chrome/146.0.0.0 Safari/537.36"
120.68.165.89 - - [21/Mar/2026:11:12:25 +0000] "GET /wp-content/plugins/ultimate-member/assets/js/um-responsive.min.js?ver=2.6.7 HTTP/1.1" 200 140 "http://nfsin.com/adminfuns.php" "Mozilla/5.0 (Windows NT 10.0; Win64; x64) AppleWebKit/537.36 (KHTML, like Gecko) Chrome/146.0.0.0 Safari/537.36"
120.68.165.89 - - [21/Mar/2026:11:12:26 +0000] "GET /wp-content/plugins/ultimate-member/assets/js/um-conditional.min.js?ver=2.6.7 HTTP/1.1" 200 2352 "http://nfsin.com/adminfuns.php" "Mozilla/5.0 (Windows NT 10.0; Win64; x64) AppleWebKit/537.36 (KHTML, like Gecko) Chrome/146.0.0.0 Safari/537.36"
120.68.165.89 - - [21/Mar/2026:11:12:26 +0000] "GET /wp-content/plugins/ultimate-member/assets/js/um-scripts.min.js?ver=2.6.7 HTTP/1.1" 200 3274 "http://nfsin.com/adminfuns.php" "Mozilla/5.0 (Windows NT 10.0; Win64; x64) AppleWebKit/537.36 (KHTML, like Gecko) Chrome/146.0.0.0 Safari/537.36"
120.68.165.89 - - [21/Mar/2026:11:12:27 +0000] "GET /wp-content/plugins/ultimate-member/assets/js/um-profile.min.js?ver=2.6.7 HTTP/1.1" 200 950 "http://nfsin.com/adminfuns.php" "Mozilla/5.0 (Windows NT 10.0; Win64; x64) AppleWebKit/537.36 (KHTML, like Gecko) Chrome/146.0.0.0 Safari/537.36"
120.68.165.89 - - [21/Mar/2026:11:12:27 +0000] "GET /wp-content/plugins/ultimate-member/assets/js/um-account.min.js?ver=2.6.7 HTTP/1.1" 200 756 "http://nfsin.com/adminfuns.php" "Mozilla/5.0 (Windows NT 10.0; Win64; x64) AppleWebKit/537.36 (KHTML, like Gecko) Chrome/146.0.0.0 Safari/537.36"
120.68.165.89 - - [21/Mar/2026:11:12:31 +0000] "GET /wp-includes/js/wp-emoji-release.min.js?ver=6.9.1 HTTP/1.1" 200 5375 "http://nfsin.com/adminfuns.php" "Mozilla/5.0 (Windows NT 10.0; Win64; x64) AppleWebKit/537.36 (KHTML, like Gecko) Chrome/146.0.0.0 Safari/537.36"
194.87.116.202 - - [21/Mar/2026:11:31:09 +0000] "GET /wp-login.php HTTP/1.1" 200 20 "-" "Mozilla/5.0 (Windows NT 6.1; Win64; x64; rv:79.0) Gecko/20100101 Firefox/79.0"
71.131.253.161 - - [21/Mar/2026:11:49:08 +0000] "GET /favicon.ico HTTP/1.1" 302 20 "http://www.nfsin.com/" "Mozilla/5.0 (Linux; Android 13; PFFM10 Build/TP1A.220905.001; wv) AppleWebKit/537.36 (KHTML, like Gecko) Version/4.0 Chrome/88.0.4324.181 Mobile Safari/537.36 aweme_250000 JsSdk/1.0 NetType/WIFI Channel/31725782a AppName/aweme app_version/25.0.0 ByteLocale/zh-CN Region/CN AppSkin/white AppTheme/light BULLET/1 BytedanceWebview/d8a21c6 TTWebView/0881130048402"
139.162.194.112 - - [21/Mar/2026:11:49:13 +0000] "POST /wp-cron.php?doing_wp_cron=1774093753.0152230262756347656250 HTTP/1.1" 404 15608 "-" "WordPress/6.9.1; https://nfsin.com"
71.131.240.107 - - [21/Mar/2026:11:49:26 +0000] "GET / HTTP/1.1" 301 20 "-" "Mozilla/5.0 (Macintosh; Intel Mac OS X 10_15_7) AppleWebKit/537.36 (KHTML, like Gecko) Chrome/125.0.0.0 Safari/537.36"
52.80.123.40 - - [21/Mar/2026:11:49:48 +0000] "GET / HTTP/1.1" 301 20 "-" "Mozilla/5.0 (X11; Linux x86_64) AppleWebKit/537.36 (KHTML, like Gecko) HeadlessChrome/142.0.7444.48 Safari/537.36"
193.32.126.224 - - [21/Mar/2026:12:31:11 +0000] "HEAD / HTTP/1.1" 301 - "-" "python-requests/2.32.4"
193.32.126.224 - - [21/Mar/2026:12:31:19 +0000] "GET /wp-admin/ HTTP/1.1" 302 20 "-" "Mozilla/5.0 (Linux; Android 13; Pixel 7) AppleWebKit/537.36 (KHTML, like Gecko) Chrome/119.0.0.0 Mobile Safari/537.36"
193.32.126.224 - - [21/Mar/2026:12:31:28 +0000] "GET /xmlrpc.php HTTP/1.1" 404 15608 "-" "Mozilla/5.0 (Macintosh; Intel Mac OS X 14_2_1) AppleWebKit/537.36 (KHTML, like Gecko) Chrome/120.0.0.0 Safari/537.36"
170.106.140.110 - - [21/Mar/2026:12:37:40 +0000] "GET / HTTP/1.1" 301 20 "-" "Mozilla/5.0 (iPhone; CPU iPhone OS 13_2_3 like Mac OS X) AppleWebKit/605.1.15 (KHTML, like Gecko) Version/13.0.3 Mobile/15E148 Safari/604.1"
139.162.194.112 - - [21/Mar/2026:12:37:43 +0000] "POST /wp-cron.php?doing_wp_cron=1774096663.4148080348968505859375 HTTP/1.1" 404 15608 "-" "WordPress/6.9.1; https://nfsin.com"
119.28.177.175 - - [21/Mar/2026:13:08:45 +0000] "GET / HTTP/1.1" 301 20 "-" "Mozilla/5.0 (iPhone; CPU iPhone OS 13_2_3 like Mac OS X) AppleWebKit/605.1.15 (KHTML, like Gecko) Version/13.0.3 Mobile/15E148 Safari/604.1"
139.162.194.112 - - [21/Mar/2026:13:08:51 +0000] "POST /wp-cron.php?doing_wp_cron=1774098531.4967939853668212890625 HTTP/1.1" 404 15608 "-" "WordPress/6.9.1; https://nfsin.com"
141.98.11.209 - - [21/Mar/2026:14:00:37 +0000] "GET /wp-content/plugins/yanierin/akc.php HTTP/1.1" 404 15608 "-" "Mozilla/5.0 (Windows NT 10.0; Win64; x64) AppleWebKit/537.36 (KHTML, like Gecko) Chrome/120.0.0.0 Safari/537.36"
141.98.11.209 - - [21/Mar/2026:14:00:42 +0000] "GET /akc.php HTTP/1.1" 404 15608 "-" "Mozilla/5.0 (Windows NT 10.0; Win64; x64) AppleWebKit/537.36 (KHTML, like Gecko) Chrome/120.0.0.0 Safari/537.36"
139.162.194.112 - - [21/Mar/2026:14:00:42 +0000] "POST /wp-cron.php?doing_wp_cron=1774101642.6640961170196533203125 HTTP/1.1" 404 15608 "-" "WordPress/6.9.1; https://nfsin.com"
141.98.11.209 - - [21/Mar/2026:14:00:47 +0000] "GET /akp.php HTTP/1.1" 404 15608 "-" "Mozilla/5.0 (Windows NT 10.0; Win64; x64) AppleWebKit/537.36 (KHTML, like Gecko) Chrome/120.0.0.0 Safari/537.36"
141.98.11.209 - - [21/Mar/2026:14:00:52 +0000] "GET /wp_wlx.php HTTP/1.1" 404 15608 "-" "Mozilla/5.0 (Windows NT 10.0; Win64; x64) AppleWebKit/537.36 (KHTML, like Gecko) Chrome/120.0.0.0 Safari/537.36"
141.98.11.209 - - [21/Mar/2026:14:00:57 +0000] "GET /law.php HTTP/1.1" 404 15608 "-" "Mozilla/5.0 (Windows NT 10.0; Win64; x64) AppleWebKit/537.36 (KHTML, like Gecko) Chrome/120.0.0.0 Safari/537.36"
141.98.11.209 - - [21/Mar/2026:14:01:02 +0000] "GET /admin.php HTTP/1.1" 404 15608 "-" "Mozilla/5.0 (Windows NT 10.0; Win64; x64) AppleWebKit/537.36 (KHTML, like Gecko) Chrome/120.0.0.0 Safari/537.36"
141.98.11.209 - - [21/Mar/2026:14:01:07 +0000] "GET /file52.php HTTP/1.1" 404 15608 "-" "Mozilla/5.0 (Windows NT 10.0; Win64; x64) AppleWebKit/537.36 (KHTML, like Gecko) Chrome/120.0.0.0 Safari/537.36"
141.98.11.209 - - [21/Mar/2026:14:01:12 +0000] "GET /alfa.php HTTP/1.1" 404 15608 "-" "Mozilla/5.0 (Windows NT 10.0; Win64; x64) AppleWebKit/537.36 (KHTML, like Gecko) Chrome/120.0.0.0 Safari/537.36"
141.98.11.209 - - [21/Mar/2026:14:01:22 +0000] "GET /about.php HTTP/1.1" 200 20 "-" "Mozilla/5.0 (Windows NT 10.0; Win64; x64) AppleWebKit/537.36 (KHTML, like Gecko) Chrome/120.0.0.0 Safari/537.36"
141.98.11.209 - - [21/Mar/2026:14:01:17 +0000] "GET /NewFile.php HTTP/1.1" 404 15608 "-" "Mozilla/5.0 (Windows NT 10.0; Win64; x64) AppleWebKit/537.36 (KHTML, like Gecko) Chrome/120.0.0.0 Safari/537.36"
141.98.11.209 - - [21/Mar/2026:14:01:23 +0000] "GET /edit-tags.php HTTP/1.1" 404 15608 "-" "Mozilla/5.0 (Windows NT 10.0; Win64; x64) AppleWebKit/537.36 (KHTML, like Gecko) Chrome/120.0.0.0 Safari/537.36"
141.98.11.209 - - [21/Mar/2026:14:01:28 +0000] "GET /file5.php HTTP/1.1" 404 15608 "-" "Mozilla/5.0 (Windows NT 10.0; Win64; x64) AppleWebKit/537.36 (KHTML, like Gecko) Chrome/120.0.0.0 Safari/537.36"
141.98.11.209 - - [21/Mar/2026:14:01:33 +0000] "GET /ava.php HTTP/1.1" 404 15608 "-" "Mozilla/5.0 (Windows NT 10.0; Win64; x64) AppleWebKit/537.36 (KHTML, like Gecko) Chrome/120.0.0.0 Safari/537.36"
192.144.148.122 - - [21/Mar/2026:14:52:00 +0000] "GET / HTTP/1.1" 301 20 "-" "Mozilla/5.0 (iPhone; CPU iPhone OS 13_2_3 like Mac OS X) AppleWebKit/605.1.15 (KHTML, like Gecko) Version/13.0.3 Mobile/15E148 Safari/604.1"
139.162.194.112 - - [21/Mar/2026:14:52:02 +0000] "POST /wp-cron.php?doing_wp_cron=1774104722.5363640785217285156250 HTTP/1.1" 404 15608 "-" "WordPress/6.9.1; https://nfsin.com"
43.173.176.85 - - [21/Mar/2026:16:15:31 +0000] "GET / HTTP/1.1" 301 20 "-" "Mozilla/5.0 (Windows NT 10.0; Win64; x64) AppleWebKit/537.36 (KHTML, like Gecko) Chrome/116.0.0.0 Safari/537.36"
139.162.194.112 - - [21/Mar/2026:16:15:35 +0000] "POST /wp-cron.php?doing_wp_cron=1774109735.0162649154663085937500 HTTP/1.1" 404 15608 "-" "WordPress/6.9.1; https://nfsin.com"
43.173.181.222 - - [21/Mar/2026:16:15:46 +0000] "GET / HTTP/1.1" 301 20 "-" "Mozilla/5.0 (Windows NT 10.0; Win64; x64) AppleWebKit/537.36 (KHTML, like Gecko) Chrome/105.0.0.0 Safari/537.3"
81.177.3.201 - - [21/Mar/2026:16:41:09 +0000] "GET / HTTP/1.1" 301 20 "-" "Mozilla/5.0 (X11; Linux x86_64) AppleWebKit/537.36 (KHTML, like Gecko) Chrome/114.0.0.0 Safari/537.36"
139.162.194.112 - - [21/Mar/2026:16:41:12 +0000] "POST /wp-cron.php?doing_wp_cron=1774111272.4352281093597412109375 HTTP/1.1" 404 15608 "-" "WordPress/6.9.1; https://nfsin.com"
136.113.244.77 - - [21/Mar/2026:17:00:58 +0000] "GET / HTTP/1.1" 301 20 "-" "python-requests/2.32.3"
139.162.194.112 - - [21/Mar/2026:17:01:00 +0000] "POST /wp-cron.php?doing_wp_cron=1774112460.7022008895874023437500 HTTP/1.1" 404 15608 "-" "WordPress/6.9.1; https://nfsin.com"
136.113.244.77 - - [21/Mar/2026:17:01:11 +0000] "GET / HTTP/1.1" 301 20 "-" "Mozilla/5.0 (X11; Linux x86_64) AppleWebKit/537.36 (KHTML, like Gecko) Chrome/59.0.3071.104 Safari/537.36"
136.113.244.77 - - [21/Mar/2026:17:01:14 +0000] "GET / HTTP/1.1" 301 20 "-" "Mozilla/5.0 (Windows NT 5.1; rv:5.0) Gecko/20100101 Firefox/5.0"
43.135.144.126 - - [21/Mar/2026:17:37:14 +0000] "GET / HTTP/1.1" 301 20 "-" "Mozilla/5.0 (iPhone; CPU iPhone OS 13_2_3 like Mac OS X) AppleWebKit/605.1.15 (KHTML, like Gecko) Version/13.0.3 Mobile/15E148 Safari/604.1"
139.162.194.112 - - [21/Mar/2026:17:37:16 +0000] "POST /wp-cron.php?doing_wp_cron=1774114636.1820769309997558593750 HTTP/1.1" 404 15608 "-" "WordPress/6.9.1; https://nfsin.com"
43.132.214.228 - - [21/Mar/2026:18:27:37 +0000] "GET / HTTP/1.1" 301 20 "-" "Mozilla/5.0 (iPhone; CPU iPhone OS 13_2_3 like Mac OS X) AppleWebKit/605.1.15 (KHTML, like Gecko) Version/13.0.3 Mobile/15E148 Safari/604.1"
139.162.194.112 - - [21/Mar/2026:18:27:40 +0000] "POST /wp-cron.php?doing_wp_cron=1774117660.4734880924224853515625 HTTP/1.1" 404 15608 "-" "WordPress/6.9.1; https://nfsin.com"
199.45.155.93 - - [21/Mar/2026:18:32:38 +0000] "GET / HTTP/1.1" 301 20 "-" "Mozilla/5.0 (compatible; CensysInspect/1.1; +https://about.censys.io/)"
165.232.142.183 - - [21/Mar/2026:18:35:19 +0000] "GET / HTTP/1.1" 301 20 "-" "Mozilla/5.0 (X11; Linux x86_64; rv:142.0) Gecko/20100101 Firefox/142.0"
139.162.194.112 - - [21/Mar/2026:18:35:23 +0000] "POST /wp-cron.php?doing_wp_cron=1774118123.2482910156250000000000 HTTP/1.1" 404 15608 "-" "WordPress/6.9.1; https://nfsin.com"
212.34.153.180 - - [21/Mar/2026:20:09:21 +0000] "GET / HTTP/1.1" 301 20 "-" "Mozilla/5.0 (Windows NT 10.0; Win64; x64) AppleWebKit/537.36 (KHTML, like Gecko) Chrome/120.0.0.0 Safari/537.36"
139.162.194.112 - - [21/Mar/2026:20:09:24 +0000] "POST /wp-cron.php?doing_wp_cron=1774123764.9459118843078613281250 HTTP/1.1" 404 15608 "-" "WordPress/6.9.1; https://nfsin.com"
178.16.52.193 - - [21/Mar/2026:21:11:29 +0000] "GET /.env HTTP/1.1" 404 15608 "-" "Mozilla/5.0 (Macintosh; Intel Mac OS X 10.15; rv:77.0) Gecko/20100101 Firefox/77.0"
139.162.194.112 - - [21/Mar/2026:21:11:31 +0000] "POST /wp-cron.php?doing_wp_cron=1774127491.6703720092773437500000 HTTP/1.1" 404 15608 "-" "WordPress/6.9.1; https://nfsin.com"
178.16.52.193 - - [21/Mar/2026:21:11:32 +0000] "GET /api/.env HTTP/1.1" 404 15608 "-" "Mozilla/5.0 (Macintosh; Intel Mac OS X 10.15; rv:77.0) Gecko/20100101 Firefox/77.0"
178.16.52.193 - - [21/Mar/2026:21:11:34 +0000] "GET /laravel/.env HTTP/1.1" 404 15608 "-" "Mozilla/5.0 (Macintosh; Intel Mac OS X 10.15; rv:77.0) Gecko/20100101 Firefox/77.0"
125.75.66.97 - - [21/Mar/2026:21:41:14 +0000] "GET / HTTP/1.1" 301 20 "-" "Mozilla/5.0 (iPhone; CPU iPhone OS 13_2_3 like Mac OS X) AppleWebKit/605.1.15 (KHTML, like Gecko) Version/13.0.3 Mobile/15E148 Safari/604.1"
139.162.194.112 - - [21/Mar/2026:21:41:17 +0000] "POST /wp-cron.php?doing_wp_cron=1774129277.6738040447235107421875 HTTP/1.1" 404 15608 "-" "WordPress/6.9.1; https://nfsin.com"
45.134.79.89 - - [21/Mar/2026:22:12:20 +0000] "GET / HTTP/1.1" 301 - "-" "-"
139.162.194.112 - - [21/Mar/2026:22:12:22 +0000] "POST /wp-cron.php?doing_wp_cron=1774131142.8290810585021972656250 HTTP/1.1" 404 15608 "-" "WordPress/6.9.1; https://nfsin.com"
45.134.79.89 - - [21/Mar/2026:22:12:26 +0000] "GET / HTTP/1.1" 301 - "-" "-"
43.173.179.52 - - [21/Mar/2026:22:15:42 +0000] "GET / HTTP/1.1" 301 20 "-" "Mozilla/5.0 (Windows NT 10.0; Win64; x64) AppleWebKit/537.36 (KHTML, like Gecko) Chrome/111.0.0.0 Safari/537.36"
139.162.194.112 - - [21/Mar/2026:22:15:45 +0000] "POST /wp-cron.php?doing_wp_cron=1774131345.3403189182281494140625 HTTP/1.1" 404 15608 "-" "WordPress/6.9.1; https://nfsin.com"
43.173.181.227 - - [21/Mar/2026:22:15:56 +0000] "GET / HTTP/1.1" 301 20 "-" "Mozilla/5.0 (Windows NT 10.0; Win64; x64) AppleWebKit/537.36 (KHTML, like Gecko) Chrome/108.0.0.0 Safari/537.36"
51.68.111.203 - - [21/Mar/2026:23:30:47 +0000] "GET /robots.txt HTTP/1.1" 200 124 "-" "Mozilla/5.0 (compatible; MJ12bot/v2.0.5; http://mj12bot.com/)"
51.68.111.203 - - [21/Mar/2026:23:30:47 +0000] "GET / HTTP/1.1" 301 20 "-" "Mozilla/5.0 (compatible; MJ12bot/v2.0.5; http://mj12bot.com/)"
139.162.194.112 - - [21/Mar/2026:23:30:50 +0000] "POST /wp-cron.php?doing_wp_cron=1774135850.2102069854736328125000 HTTP/1.1" 404 15608 "-" "WordPress/6.9.1; https://nfsin.com"
44.248.135.23 - - [22/Mar/2026:00:32:39 +0000] "GET / HTTP/1.1" 301 20 "-" "Mozilla/5.0 (Linux; Android 8.0.0; SM-G965U Build/R16NW) AppleWebKit/537.36 (KHTML, like Gecko) Chrome/63.0.3239.111 Mobile Safari/537.36"
139.162.194.112 - - [22/Mar/2026:00:32:41 +0000] "POST /wp-cron.php?doing_wp_cron=1774139561.6825981140136718750000 HTTP/1.1" 404 15608 "-" "WordPress/6.9.1; https://nfsin.com"
34.150.223.83 - - [22/Mar/2026:00:33:49 +0000] "GET / HTTP/1.1" 301 - "-" "Mozilla/5.0 (Windows NT 10.0; Win64; x64) AppleWebKit/537.36 (KHTML, like Gecko) Chrome/102.0.5005.197 Safari/537.36"
139.162.194.112 - - [22/Mar/2026:00:33:52 +0000] "POST /wp-cron.php?doing_wp_cron=1774139632.1919798851013183593750 HTTP/1.1" 404 15608 "-" "WordPress/6.9.1; https://nfsin.com"
43.156.156.96 - - [22/Mar/2026:00:45:49 +0000] "GET / HTTP/1.1" 301 20 "-" "Mozilla/5.0 (iPhone; CPU iPhone OS 13_2_3 like Mac OS X) AppleWebKit/605.1.15 (KHTML, like Gecko) Version/13.0.3 Mobile/15E148 Safari/604.1"
139.162.194.112 - - [22/Mar/2026:00:45:52 +0000] "POST /wp-cron.php?doing_wp_cron=1774140352.2921810150146484375000 HTTP/1.1" 404 15608 "-" "WordPress/6.9.1; https://nfsin.com"
43.152.72.244 - - [22/Mar/2026:01:34:51 +0000] "GET / HTTP/1.1" 301 20 "-" "Mozilla/5.0 (iPhone; CPU iPhone OS 13_2_3 like Mac OS X) AppleWebKit/605.1.15 (KHTML, like Gecko) Version/13.0.3 Mobile/15E148 Safari/604.1"
139.162.194.112 - - [22/Mar/2026:01:34:54 +0000] "POST /wp-cron.php?doing_wp_cron=1774143294.2615020275115966796875 HTTP/1.1" 404 15608 "-" "WordPress/6.9.1; https://nfsin.com"
141.98.11.224 - - [22/Mar/2026:01:41:01 +0000] "GET / HTTP/1.0" 301 - "http://nfsin.com/" "Mozilla/5.0 (Windows NT 10.0; Win64; x64) AppleWebKit/537.36 (KHTML, like Gecko) Chrome/129.0.0.0 Safari/537.36"
139.162.194.112 - - [22/Mar/2026:01:41:03 +0000] "POST /wp-cron.php?doing_wp_cron=1774143663.5479929447174072265625 HTTP/1.1" 404 15608 "-" "WordPress/6.9.1; https://nfsin.com"
87.121.84.71 - - [22/Mar/2026:03:16:32 +0000] "GET /assets/plugins/jQuery-File-Upload/server/php/index.php?file=tf2rghf.jpg HTTP/1.1" 301 - "-" "ALittle Client"
139.162.194.112 - - [22/Mar/2026:03:16:35 +0000] "POST /wp-cron.php?doing_wp_cron=1774149395.3296089172363281250000 HTTP/1.1" 404 15608 "-" "WordPress/6.9.1; https://nfsin.com"
87.121.84.71 - - [22/Mar/2026:03:17:39 +0000] "GET /assets/plugins/jQuery-File-Upload/server/php/?file=tf2rghf.jpg HTTP/1.1" 404 71763 "-" "ALittle Client"
139.162.194.112 - - [22/Mar/2026:03:17:41 +0000] "POST /wp-cron.php?doing_wp_cron=1774149461.7499210834503173828125 HTTP/1.1" 404 15608 "-" "WordPress/6.9.1; https://nfsin.com"
3.18.186.238 - - [22/Mar/2026:03:26:11 +0000] "GET / HTTP/1.1" 301 20 "-" "visionheight.com/scan Mozilla/5.0 (Macintosh; Intel Mac OS X 10_15_7) Chrome/126.0.0.0 Safari/537.36"
139.162.194.112 - - [22/Mar/2026:03:26:13 +0000] "POST /wp-cron.php?doing_wp_cron=1774149973.8219978809356689453125 HTTP/1.1" 404 15608 "-" "WordPress/6.9.1; https://nfsin.com"
43.173.177.59 - - [22/Mar/2026:04:15:23 +0000] "GET / HTTP/1.1" 301 20 "-" "Mozilla/5.0 (Windows NT 10.0; Win64; x64) AppleWebKit/537.36 (KHTML, like Gecko) Chrome/110.0.0.0 Safari/537.36"
139.162.194.112 - - [22/Mar/2026:04:15:27 +0000] "POST /wp-cron.php?doing_wp_cron=1774152927.2233309745788574218750 HTTP/1.1" 404 15608 "-" "WordPress/6.9.1; https://nfsin.com"
125.75.66.97 - - [22/Mar/2026:04:19:36 +0000] "GET / HTTP/1.1" 301 20 "-" "Mozilla/5.0 (iPhone; CPU iPhone OS 13_2_3 like Mac OS X) AppleWebKit/605.1.15 (KHTML, like Gecko) Version/13.0.3 Mobile/15E148 Safari/604.1"
139.162.194.112 - - [22/Mar/2026:04:19:39 +0000] "POST /wp-cron.php?doing_wp_cron=1774153179.1995611190795898437500 HTTP/1.1" 404 15608 "-" "WordPress/6.9.1; https://nfsin.com"
103.69.107.91 - - [22/Mar/2026:05:08:43 +0000] "GET /wp-json/wp/v2/posts HTTP/1.1" 200 679 "-" "Mozilla/5.0 (Windows NT 10.0; Win64; x64) AppleWebKit/537.36 (KHTML, like Gecko) Chrome/120.0.0.0 Safari/537.36"
139.162.194.112 - - [22/Mar/2026:05:08:46 +0000] "POST /wp-cron.php?doing_wp_cron=1774156126.6126790046691894531250 HTTP/1.1" 404 15608 "-" "WordPress/6.9.1; https://nfsin.com"
93.158.90.74 - - [22/Mar/2026:05:18:33 +0000] "GET / HTTP/1.1" 301 20 "-" "Mozilla/5.0 (iPhone; CPU iPhone OS 17_1_2 like Mac OS X) AppleWebKit/605.1.15 (KHTML, like Gecko) Version/17.1.2 Mobile/15E148 Safari/604"
139.162.194.112 - - [22/Mar/2026:05:18:36 +0000] "POST /wp-cron.php?doing_wp_cron=1774156716.4283790588378906250000 HTTP/1.1" 404 15608 "-" "WordPress/6.9.1; https://nfsin.com"
43.173.181.99 - - [22/Mar/2026:05:24:26 +0000] "GET /wp-includes/class-json.php HTTP/1.1" 404 15608 "-" "Mozilla/5.0 (Windows NT 10.0; Win64; x64) AppleWebKit/537.36 (KHTML, like Gecko) Chrome/131.0.0.0 Safari/537.36"
139.162.194.112 - - [22/Mar/2026:05:24:28 +0000] "POST /wp-cron.php?doing_wp_cron=1774157068.8813910484313964843750 HTTP/1.1" 404 15608 "-" "WordPress/6.9.1; https://nfsin.com"
162.142.125.212 - - [22/Mar/2026:06:17:16 +0000] "GET / HTTP/1.1" 301 20 "-" "Mozilla/5.0 (compatible; CensysInspect/1.1; +https://about.censys.io/)"
139.162.194.112 - - [22/Mar/2026:06:17:19 +0000] "POST /wp-cron.php?doing_wp_cron=1774160239.3983750343322753906250 HTTP/1.1" 404 15608 "-" "WordPress/6.9.1; https://nfsin.com"
77.90.185.238 - - [22/Mar/2026:06:20:51 +0000] "GET / HTTP/1.1" 301 20 "-" "Mozilla/5.0 (Windows NT 10.0; Win64; x64) AppleWebKit/537.36 Chrome/120 Safari/537.36"
43.157.158.178 - - [22/Mar/2026:06:51:30 +0000] "GET / HTTP/1.1" 301 20 "-" "Mozilla/5.0 (iPhone; CPU iPhone OS 13_2_3 like Mac OS X) AppleWebKit/605.1.15 (KHTML, like Gecko) Version/13.0.3 Mobile/15E148 Safari/604.1"
139.162.194.112 - - [22/Mar/2026:06:51:33 +0000] "POST /wp-cron.php?doing_wp_cron=1774162293.4549279212951660156250 HTTP/1.1" 404 15608 "-" "WordPress/6.9.1; https://nfsin.com"
205.210.31.156 - - [22/Mar/2026:07:04:48 +0000] "GET / HTTP/1.1" 301 - "-" "Hello from Palo Alto Networks, find out more about our scans in https://docs-cortex.paloaltonetworks.com/r/1/Cortex-Xpanse/Scanning-activity"
139.162.194.112 - - [22/Mar/2026:07:04:50 +0000] "POST /wp-cron.php?doing_wp_cron=1774163090.6451408863067626953125 HTTP/1.1" 404 15608 "-" "WordPress/6.9.1; https://nfsin.com"
43.167.236.228 - - [22/Mar/2026:07:27:28 +0000] "GET / HTTP/1.1" 301 20 "-" "Mozilla/5.0 (iPhone; CPU iPhone OS 13_2_3 like Mac OS X) AppleWebKit/605.1.15 (KHTML, like Gecko) Version/13.0.3 Mobile/15E148 Safari/604.1"
139.162.194.112 - - [22/Mar/2026:07:27:31 +0000] "POST /wp-cron.php?doing_wp_cron=1774164451.1537520885467529296875 HTTP/1.1" 404 15608 "-" "WordPress/6.9.1; https://nfsin.com"
43.173.180.174 - - [22/Mar/2026:07:34:33 +0000] "GET /wp-includes/compat.php HTTP/1.1" 404 15608 "-" "Mozilla/5.0 (Windows NT 10.0; Win64; x64) AppleWebKit/537.36 (KHTML, like Gecko) Chrome/131.0.0.0 Safari/537.36"
139.162.194.112 - - [22/Mar/2026:07:34:37 +0000] "POST /wp-cron.php?doing_wp_cron=1774164877.6395230293273925781250 HTTP/1.1" 404 15608 "-" "WordPress/6.9.1; https://nfsin.com"
45.148.10.244 - - [22/Mar/2026:08:15:48 +0000] "GET /.git/config HTTP/1.1" 404 71763 "-" "Mozilla/5.0 (Windows NT 10.0; rv:91.0) Gecko/20100101 Firefox/91.0"
139.162.194.112 - - [22/Mar/2026:08:15:51 +0000] "POST /wp-cron.php?doing_wp_cron=1774167351.6985199451446533203125 HTTP/1.1" 404 15608 "-" "WordPress/6.9.1; https://nfsin.com"
43.173.182.61 - - [22/Mar/2026:10:15:01 +0000] "GET / HTTP/1.1" 301 20 "-" "Mozilla/5.0 (Windows NT 10.0; Win64; x64) AppleWebKit/537.36 (KHTML, like Gecko) Chrome/131.0.0.0 Safari/537.36"
139.162.194.112 - - [22/Mar/2026:10:15:04 +0000] "POST /wp-cron.php?doing_wp_cron=1774174504.3545429706573486328125 HTTP/1.1" 404 15608 "-" "WordPress/6.9.1; https://nfsin.com"
43.173.179.112 - - [22/Mar/2026:10:15:17 +0000] "GET / HTTP/1.1" 301 20 "-" "Mozilla/5.0 (Windows NT 10.0; Win64; x64) AppleWebKit/537.36 (KHTML, like Gecko) Chrome/109.0.0.0 Safari/537.36"
172.213.208.27 - - [22/Mar/2026:10:36:13 +0000] "GET /wp-content/plugins/hellopress/wp_filemanager.php HTTP/1.1" 404 71763 "-" "-"
139.162.194.112 - - [22/Mar/2026:10:36:17 +0000] "POST /wp-cron.php?doing_wp_cron=1774175777.6565279960632324218750 HTTP/1.1" 404 15608 "-" "WordPress/6.9.1; https://nfsin.com"
172.213.208.27 - - [22/Mar/2026:10:36:18 +0000] "GET /6kDPjgFTmvS.php HTTP/1.1" 404 71763 "-" "-"
172.213.208.27 - - [22/Mar/2026:10:36:21 +0000] "GET /gm.php HTTP/1.1" 404 71763 "-" "-"
172.213.208.27 - - [22/Mar/2026:10:36:24 +0000] "GET /1.php HTTP/1.1" 404 71763 "-" "-"
172.213.208.27 - - [22/Mar/2026:10:36:28 +0000] "GET /ff1.php HTTP/1.1" 404 71763 "-" "-"
172.213.208.27 - - [22/Mar/2026:10:36:33 +0000] "GET /x1.php HTTP/1.1" 404 71763 "-" "-"
172.213.208.27 - - [22/Mar/2026:10:36:38 +0000] "GET /ta0ol.php HTTP/1.1" 404 71763 "-" "-"
172.213.208.27 - - [22/Mar/2026:10:36:41 +0000] "GET /t00l.php HTTP/1.1" 404 71763 "-" "-"
172.213.208.27 - - [22/Mar/2026:10:36:44 +0000] "GET /24.php HTTP/1.1" 404 71763 "-" "-"
172.213.208.27 - - [22/Mar/2026:10:36:48 +0000] "GET /ass.php HTTP/1.1" 404 71763 "-" "-"
172.213.208.27 - - [22/Mar/2026:10:36:52 +0000] "GET /as.php HTTP/1.1" 404 71763 "-" "-"
172.213.208.27 - - [22/Mar/2026:10:36:57 +0000] "GET /fyiiz.php HTTP/1.1" 404 71763 "-" "-"
172.213.208.27 - - [22/Mar/2026:10:37:01 +0000] "GET /xwx1.php HTTP/1.1" 404 71763 "-" "-"
172.213.208.27 - - [22/Mar/2026:10:37:05 +0000] "GET /bywaf.php HTTP/1.1" 404 71763 "-" "-"
172.213.208.27 - - [22/Mar/2026:10:37:09 +0000] "GET /wp-admin/maint/Jcrop.php HTTP/1.1" 404 71763 "-" "-"
172.213.208.27 - - [22/Mar/2026:10:37:13 +0000] "GET /ng.php HTTP/1.1" 404 71763 "-" "-"
172.213.208.27 - - [22/Mar/2026:10:37:17 +0000] "GET /erty.php HTTP/1.1" 404 71763 "-" "-"
139.162.194.112 - - [22/Mar/2026:10:37:22 +0000] "POST /wp-cron.php?doing_wp_cron=1774175842.0309870243072509765625 HTTP/1.1" 404 15608 "-" "WordPress/6.9.1; https://nfsin.com"
172.213.208.27 - - [22/Mar/2026:10:37:23 +0000] "GET /0.php HTTP/1.1" 404 71763 "-" "-"
172.213.208.27 - - [22/Mar/2026:10:37:28 +0000] "GET /wgift1.php HTTP/1.1" 404 71763 "-" "-"
172.213.208.27 - - [22/Mar/2026:10:37:33 +0000] "GET /rithin.php HTTP/1.1" 404 71763 "-" "-"
172.213.208.27 - - [22/Mar/2026:10:37:39 +0000] "GET /a5.php HTTP/1.1" 404 71763 "-" "-"
172.213.208.27 - - [22/Mar/2026:10:37:44 +0000] "GET /class.php HTTP/1.1" 404 71763 "-" "-"
172.213.208.27 - - [22/Mar/2026:10:37:49 +0000] "GET /zwq13.php HTTP/1.1" 404 71763 "-" "-"
172.213.208.27 - - [22/Mar/2026:10:37:54 +0000] "GET /aapig.php HTTP/1.1" 404 71763 "-" "-"
172.213.208.27 - - [22/Mar/2026:10:37:58 +0000] "GET /webadmin.php HTTP/1.1" 404 71763 "-" "-"
172.213.208.27 - - [22/Mar/2026:10:38:02 +0000] "GET /xc0252.php HTTP/1.1" 404 71763 "-" "-"
172.213.208.27 - - [22/Mar/2026:10:38:06 +0000] "GET /ws84.php HTTP/1.1" 404 71763 "-" "-"
172.213.208.27 - - [22/Mar/2026:10:38:11 +0000] "GET /sc.php HTTP/1.1" 404 71763 "-" "-"
172.213.208.27 - - [22/Mar/2026:10:38:15 +0000] "GET /mis.php HTTP/1.1" 404 71763 "-" "-"
172.213.208.27 - - [22/Mar/2026:10:38:19 +0000] "GET /zogy1.php HTTP/1.1" 404 71763 "-" "-"
139.162.194.112 - - [22/Mar/2026:10:38:23 +0000] "POST /wp-cron.php?doing_wp_cron=1774175903.8217990398406982421875 HTTP/1.1" 404 15608 "-" "WordPress/6.9.1; https://nfsin.com"
172.213.208.27 - - [22/Mar/2026:10:38:25 +0000] "GET /xvs.php HTTP/1.1" 404 71763 "-" "-"
172.213.208.27 - - [22/Mar/2026:10:38:29 +0000] "GET /gettest.php HTTP/1.1" 404 71763 "-" "-"
172.213.208.27 - - [22/Mar/2026:10:38:33 +0000] "GET /az.php HTTP/1.1" 404 71763 "-" "-"
172.213.208.27 - - [22/Mar/2026:10:38:38 +0000] "GET /web.php HTTP/1.1" 404 71763 "-" "-"
172.213.208.27 - - [22/Mar/2026:10:38:44 +0000] "GET /wp-admin/images/admin.php HTTP/1.1" 404 71763 "-" "-"
172.213.208.27 - - [22/Mar/2026:10:38:51 +0000] "GET /lp6.php HTTP/1.1" 404 71763 "-" "-"
172.213.208.27 - - [22/Mar/2026:10:38:56 +0000] "GET /com.php HTTP/1.1" 404 71763 "-" "-"
172.213.208.27 - - [22/Mar/2026:10:39:00 +0000] "GET /bolt.php HTTP/1.1" 404 71763 "-" "-"
172.213.208.27 - - [22/Mar/2026:10:39:05 +0000] "GET /wander.php HTTP/1.1" 404 71763 "-" "-"
172.213.208.27 - - [22/Mar/2026:10:39:09 +0000] "GET /t.php HTTP/1.1" 404 71763 "-" "-"
172.213.208.27 - - [22/Mar/2026:10:39:13 +0000] "GET /amax.php HTTP/1.1" 404 71763 "-" "-"
172.213.208.27 - - [22/Mar/2026:10:39:18 +0000] "GET /wp-admin/maint/admin.php HTTP/1.1" 404 71763 "-" "-"
