74.7.241.36 - - [17/Mar/2026:10:33:00 +0000] "GET /whsy.php?e=CartExtensions.php&p=%2Fhome%2Flab2454c%2Figpma.com%2Fwp-content%2Fplugins%2Fwoocommerce%2Fpackages%2Fwoocommerce-blocks%2Fsrc%2FStoreApi%2FRoutes%2FV1 HTTP/2.0" 200 2418 "https://www.firstdigital.com.lab2454.com/whsy.php?p=%2Fhome%2Flab2454c%2Figpma.com%2Fwp-content%2Fplugins%2Fwoocommerce%2Fpackages%2Fwoocommerce-blocks%2Fsrc%2FStoreApi%2FRoutes%2FV1" "Mozilla/5.0 AppleWebKit/537.36 (KHTML, like Gecko; compatible; GPTBot/1.3; +https://openai.com/gptbot)"
74.7.241.36 - - [17/Mar/2026:10:33:11 +0000] "GET /whsy.php?e=CartUpdateCustomer.php&p=%2Fhome%2Flab2454c%2Figpma.com%2Fwp-content%2Fplugins%2Fwoocommerce%2Fpackages%2Fwoocommerce-blocks%2Fsrc%2FStoreApi%2FRoutes%2FV1 HTTP/2.0" 200 3208 "https://www.firstdigital.com.lab2454.com/whsy.php?p=%2Fhome%2Flab2454c%2Figpma.com%2Fwp-content%2Fplugins%2Fwoocommerce%2Fpackages%2Fwoocommerce-blocks%2Fsrc%2FStoreApi%2FRoutes%2FV1" "Mozilla/5.0 AppleWebKit/537.36 (KHTML, like Gecko; compatible; GPTBot/1.3; +https://openai.com/gptbot)"
74.7.241.36 - - [17/Mar/2026:10:33:22 +0000] "GET /whsy.php?e=ProductReviews.php&p=%2Fhome%2Flab2454c%2Figpma.com%2Fwp-content%2Fplugins%2Fwoocommerce%2Fpackages%2Fwoocommerce-blocks%2Fsrc%2FStoreApi%2FRoutes%2FV1 HTTP/2.0" 200 3560 "https://www.firstdigital.com.lab2454.com/whsy.php?p=%2Fhome%2Flab2454c%2Figpma.com%2Fwp-content%2Fplugins%2Fwoocommerce%2Fpackages%2Fwoocommerce-blocks%2Fsrc%2FStoreApi%2FRoutes%2FV1" "Mozilla/5.0 AppleWebKit/537.36 (KHTML, like Gecko; compatible; GPTBot/1.3; +https://openai.com/gptbot)"
74.7.241.36 - - [17/Mar/2026:10:33:32 +0000] "GET /whsy.php?e=logo-icon.png&p=%2Fhome%2Flab2454c%2Fincforce.com%2Fwp-content%2Fuploads%2F2023%2F03 HTTP/2.0" 200 2474 "https://www.firstdigital.com.lab2454.com/whsy.php?p=%2Fhome%2Flab2454c%2Fincforce.com%2Fwp-content%2Fuploads%2F2023%2F03" "Mozilla/5.0 AppleWebKit/537.36 (KHTML, like Gecko; compatible; GPTBot/1.3; +https://openai.com/gptbot)"
74.7.228.43 - - [17/Mar/2026:10:33:33 +0000] "GET /robots.txt HTTP/2.0" 404 - "-" "Mozilla/5.0 (Macintosh; Intel Mac OS X 10_15_7) AppleWebKit/537.36 (KHTML, like Gecko) Chrome/131.0.0.0 Safari/537.36; compatible; OAI-SearchBot/1.3; robots.txt; +https://openai.com/searchbot"
74.7.241.36 - - [17/Mar/2026:10:33:42 +0000] "GET /whsy.php?e=nav-bg.png&p=%2Fhome%2Flab2454c%2Fbullionmils.com%2Fwp-content%2Fuploads%2F2021%2F11 HTTP/2.0" 200 1731 "https://www.firstdigital.com.lab2454.com/whsy.php?e=5-1024x683.jpg&p=%2Fhome%2Flab2454c%2Fbullionmils.com%2Fwp-content%2Fuploads%2F2021%2F11" "Mozilla/5.0 AppleWebKit/537.36 (KHTML, like Gecko; compatible; GPTBot/1.3; +https://openai.com/gptbot)"
74.7.241.36 - - [17/Mar/2026:10:33:55 +0000] "GET /whsy.php?e=dir.png&p=%2Fhome%2Flab2454c%2Ftmp%2Fanalog%2Fssl%2Famghc.net.lab2454.com HTTP/2.0" 200 903 "https://www.firstdigital.com.lab2454.com/whsy.php?p=%2Fhome%2Flab2454c%2Ftmp%2Fanalog%2Fssl%2Famghc.net.lab2454.com" "Mozilla/5.0 AppleWebKit/537.36 (KHTML, like Gecko; compatible; GPTBot/1.3; +https://openai.com/gptbot)"
74.7.241.36 - - [17/Mar/2026:10:34:08 +0000] "GET /whsy.php?e=req.png&p=%2Fhome%2Flab2454c%2Ftmp%2Fanalog%2Fssl%2Famghc.net.lab2454.com HTTP/2.0" 200 903 "https://www.firstdigital.com.lab2454.com/whsy.php?p=%2Fhome%2Flab2454c%2Ftmp%2Fanalog%2Fssl%2Famghc.net.lab2454.com" "Mozilla/5.0 AppleWebKit/537.36 (KHTML, like Gecko; compatible; GPTBot/1.3; +https://openai.com/gptbot)"
74.7.241.36 - - [17/Mar/2026:10:34:17 +0000] "GET /whsy.php?e=autoload_static.php&p=%2Fhome%2Flab2454c%2Fdansact.com%2Fwp-content%2Fplugins%2Fjwt-authentication-for-wp-rest-api%2Fincludes%2Fvendor%2Fcomposer HTTP/2.0" 200 1564 "https://www.firstdigital.com.lab2454.com/whsy.php?e=platform_check.php&p=%2Fhome%2Flab2454c%2Fdansact.com%2Fwp-content%2Fplugins%2Fjwt-authentication-for-wp-rest-api%2Fincludes%2Fvendor%2Fcomposer" "Mozilla/5.0 AppleWebKit/537.36 (KHTML, like Gecko; compatible; GPTBot/1.3; +https://openai.com/gptbot)"
74.7.241.36 - - [17/Mar/2026:10:34:28 +0000] "GET /whsy.php?e=autoload_psr4.php&p=%2Fhome%2Flab2454c%2Fdansact.com%2Fwp-content%2Fplugins%2Fjwt-authentication-for-wp-rest-api%2Fincludes%2Fvendor%2Fcomposer HTTP/2.0" 200 1328 "https://www.firstdigital.com.lab2454.com/whsy.php?e=platform_check.php&p=%2Fhome%2Flab2454c%2Fdansact.com%2Fwp-content%2Fplugins%2Fjwt-authentication-for-wp-rest-api%2Fincludes%2Fvendor%2Fcomposer" "Mozilla/5.0 AppleWebKit/537.36 (KHTML, like Gecko; compatible; GPTBot/1.3; +https://openai.com/gptbot)"
74.7.241.36 - - [17/Mar/2026:10:34:38 +0000] "GET /whsy.php?e=ctry_usage_202402.png&p=%2Fhome%2Flab2454c%2Ftmp%2Fwebalizer%2Fimbtrust.lab2454.com HTTP/2.0" 200 903 "https://www.firstdigital.com.lab2454.com/whsy.php?p=%2Fhome%2Flab2454c%2Ftmp%2Fwebalizer%2Fimbtrust.lab2454.com" "Mozilla/5.0 AppleWebKit/537.36 (KHTML, like Gecko; compatible; GPTBot/1.3; +https://openai.com/gptbot)"
74.7.241.36 - - [17/Mar/2026:10:34:46 +0000] "GET /whsy.php?e=ctry_usage_202201.png&p=%2Fhome%2Flab2454c%2Ftmp%2Fwebalizer%2Fimbtrust.lab2454.com HTTP/2.0" 200 903 "https://www.firstdigital.com.lab2454.com/whsy.php?p=%2Fhome%2Flab2454c%2Ftmp%2Fwebalizer%2Fimbtrust.lab2454.com" "Mozilla/5.0 AppleWebKit/537.36 (KHTML, like Gecko; compatible; GPTBot/1.3; +https://openai.com/gptbot)"
74.7.241.36 - - [17/Mar/2026:10:34:56 +0000] "GET /whsy.php?e=ctry_usage_202301.png&p=%2Fhome%2Flab2454c%2Ftmp%2Fwebalizer%2Fimbtrust.lab2454.com HTTP/2.0" 200 903 "https://www.firstdigital.com.lab2454.com/whsy.php?p=%2Fhome%2Flab2454c%2Ftmp%2Fwebalizer%2Fimbtrust.lab2454.com" "Mozilla/5.0 AppleWebKit/537.36 (KHTML, like Gecko; compatible; GPTBot/1.3; +https://openai.com/gptbot)"
74.7.241.36 - - [17/Mar/2026:10:35:08 +0000] "GET /whsy.php?e=ProductReviews.php&p=%2Fhome%2Flab2454c%2Figpma.com%2Fwp-content%2Fplugins%2Fwoocommerce%2Fpackages%2Fwoocommerce-blocks%2Fsrc%2FStoreApi%2FRoutes%2FV1 HTTP/2.0" 200 3560 "https://www.firstdigital.com.lab2454.com/whsy.php?e=CartExtensions.php&p=%2Fhome%2Flab2454c%2Figpma.com%2Fwp-content%2Fplugins%2Fwoocommerce%2Fpackages%2Fwoocommerce-blocks%2Fsrc%2FStoreApi%2FRoutes%2FV1" "Mozilla/5.0 AppleWebKit/537.36 (KHTML, like Gecko; compatible; GPTBot/1.3; +https://openai.com/gptbot)"
74.7.241.36 - - [17/Mar/2026:10:35:18 +0000] "GET /whsy.php?e=ctry_usage_202206.png&p=%2Fhome%2Flab2454c%2Ftmp%2Fwebalizer%2Fimbtrust.lab2454.com HTTP/2.0" 200 903 "https://www.firstdigital.com.lab2454.com/whsy.php?p=%2Fhome%2Flab2454c%2Ftmp%2Fwebalizer%2Fimbtrust.lab2454.com" "Mozilla/5.0 AppleWebKit/537.36 (KHTML, like Gecko; compatible; GPTBot/1.3; +https://openai.com/gptbot)"
74.7.241.36 - - [17/Mar/2026:10:35:29 +0000] "GET /whsy.php?e=ctry_usage_202203.png&p=%2Fhome%2Flab2454c%2Ftmp%2Fwebalizer%2Fimbtrust.lab2454.com HTTP/2.0" 200 903 "https://www.firstdigital.com.lab2454.com/whsy.php?p=%2Fhome%2Flab2454c%2Ftmp%2Fwebalizer%2Fimbtrust.lab2454.com" "Mozilla/5.0 AppleWebKit/537.36 (KHTML, like Gecko; compatible; GPTBot/1.3; +https://openai.com/gptbot)"
74.7.241.36 - - [17/Mar/2026:10:35:41 +0000] "GET /whsy.php?e=ctry_usage_202210.png&p=%2Fhome%2Flab2454c%2Ftmp%2Fwebalizer%2Fimbtrust.lab2454.com HTTP/2.0" 200 903 "https://www.firstdigital.com.lab2454.com/whsy.php?p=%2Fhome%2Flab2454c%2Ftmp%2Fwebalizer%2Fimbtrust.lab2454.com" "Mozilla/5.0 AppleWebKit/537.36 (KHTML, like Gecko; compatible; GPTBot/1.3; +https://openai.com/gptbot)"
74.7.241.36 - - [17/Mar/2026:10:35:56 +0000] "GET /whsy.php?e=ctry_usage_202404.png&p=%2Fhome%2Flab2454c%2Ftmp%2Fwebalizer%2Fimbtrust.lab2454.com HTTP/2.0" 200 903 "https://www.firstdigital.com.lab2454.com/whsy.php?p=%2Fhome%2Flab2454c%2Ftmp%2Fwebalizer%2Fimbtrust.lab2454.com" "Mozilla/5.0 AppleWebKit/537.36 (KHTML, like Gecko; compatible; GPTBot/1.3; +https://openai.com/gptbot)"
74.7.241.36 - - [17/Mar/2026:10:36:11 +0000] "GET /whsy.php?e=ctry_usage_202401.png&p=%2Fhome%2Flab2454c%2Ftmp%2Fwebalizer%2Fimbtrust.lab2454.com HTTP/2.0" 200 903 "https://www.firstdigital.com.lab2454.com/whsy.php?p=%2Fhome%2Flab2454c%2Ftmp%2Fwebalizer%2Fimbtrust.lab2454.com" "Mozilla/5.0 AppleWebKit/537.36 (KHTML, like Gecko; compatible; GPTBot/1.3; +https://openai.com/gptbot)"
74.7.241.36 - - [17/Mar/2026:10:36:24 +0000] "GET /whsy.php?e=ctry_usage_202205.png&p=%2Fhome%2Flab2454c%2Ftmp%2Fwebalizer%2Fimbtrust.lab2454.com HTTP/2.0" 200 903 "https://www.firstdigital.com.lab2454.com/whsy.php?p=%2Fhome%2Flab2454c%2Ftmp%2Fwebalizer%2Fimbtrust.lab2454.com" "Mozilla/5.0 AppleWebKit/537.36 (KHTML, like Gecko; compatible; GPTBot/1.3; +https://openai.com/gptbot)"
74.7.241.36 - - [17/Mar/2026:10:36:34 +0000] "GET /whsy.php?e=ctry_usage_202311.png&p=%2Fhome%2Flab2454c%2Ftmp%2Fwebalizer%2Fimbtrust.lab2454.com HTTP/2.0" 200 903 "https://www.firstdigital.com.lab2454.com/whsy.php?p=%2Fhome%2Flab2454c%2Ftmp%2Fwebalizer%2Fimbtrust.lab2454.com" "Mozilla/5.0 AppleWebKit/537.36 (KHTML, like Gecko; compatible; GPTBot/1.3; +https://openai.com/gptbot)"
74.7.241.36 - - [17/Mar/2026:10:36:43 +0000] "GET /whsy.php?e=ctry_usage_202212.png&p=%2Fhome%2Flab2454c%2Ftmp%2Fwebalizer%2Fimbtrust.lab2454.com HTTP/2.0" 200 903 "https://www.firstdigital.com.lab2454.com/whsy.php?p=%2Fhome%2Flab2454c%2Ftmp%2Fwebalizer%2Fimbtrust.lab2454.com" "Mozilla/5.0 AppleWebKit/537.36 (KHTML, like Gecko; compatible; GPTBot/1.3; +https://openai.com/gptbot)"
74.7.241.36 - - [17/Mar/2026:10:36:53 +0000] "GET /whsy.php?e=ctry_usage_202310.png&p=%2Fhome%2Flab2454c%2Ftmp%2Fwebalizer%2Fimbtrust.lab2454.com HTTP/2.0" 200 903 "https://www.firstdigital.com.lab2454.com/whsy.php?p=%2Fhome%2Flab2454c%2Ftmp%2Fwebalizer%2Fimbtrust.lab2454.com" "Mozilla/5.0 AppleWebKit/537.36 (KHTML, like Gecko; compatible; GPTBot/1.3; +https://openai.com/gptbot)"
74.7.241.36 - - [17/Mar/2026:10:37:05 +0000] "GET /whsy.php?e=ctry_usage_202305.png&p=%2Fhome%2Flab2454c%2Ftmp%2Fwebalizer%2Fimbtrust.lab2454.com HTTP/2.0" 200 903 "https://www.firstdigital.com.lab2454.com/whsy.php?p=%2Fhome%2Flab2454c%2Ftmp%2Fwebalizer%2Fimbtrust.lab2454.com" "Mozilla/5.0 AppleWebKit/537.36 (KHTML, like Gecko; compatible; GPTBot/1.3; +https://openai.com/gptbot)"
74.7.241.36 - - [17/Mar/2026:10:37:17 +0000] "GET /whsy.php?e=ctry_usage_202312.png&p=%2Fhome%2Flab2454c%2Ftmp%2Fwebalizer%2Fimbtrust.lab2454.com HTTP/2.0" 200 903 "https://www.firstdigital.com.lab2454.com/whsy.php?p=%2Fhome%2Flab2454c%2Ftmp%2Fwebalizer%2Fimbtrust.lab2454.com" "Mozilla/5.0 AppleWebKit/537.36 (KHTML, like Gecko; compatible; GPTBot/1.3; +https://openai.com/gptbot)"
74.7.241.36 - - [17/Mar/2026:10:37:26 +0000] "GET /whsy.php?e=ctry_usage_202403.png&p=%2Fhome%2Flab2454c%2Ftmp%2Fwebalizer%2Fimbtrust.lab2454.com HTTP/2.0" 200 903 "https://www.firstdigital.com.lab2454.com/whsy.php?p=%2Fhome%2Flab2454c%2Ftmp%2Fwebalizer%2Fimbtrust.lab2454.com" "Mozilla/5.0 AppleWebKit/537.36 (KHTML, like Gecko; compatible; GPTBot/1.3; +https://openai.com/gptbot)"
74.7.241.36 - - [17/Mar/2026:10:37:34 +0000] "GET /whsy.php?e=ctry_usage_202302.png&p=%2Fhome%2Flab2454c%2Ftmp%2Fwebalizer%2Fimbtrust.lab2454.com HTTP/2.0" 200 903 "https://www.firstdigital.com.lab2454.com/whsy.php?p=%2Fhome%2Flab2454c%2Ftmp%2Fwebalizer%2Fimbtrust.lab2454.com" "Mozilla/5.0 AppleWebKit/537.36 (KHTML, like Gecko; compatible; GPTBot/1.3; +https://openai.com/gptbot)"
74.7.241.36 - - [17/Mar/2026:10:37:43 +0000] "GET /whsy.php?e=ctry_usage_202202.png&p=%2Fhome%2Flab2454c%2Ftmp%2Fwebalizer%2Fimbtrust.lab2454.com HTTP/2.0" 200 903 "https://www.firstdigital.com.lab2454.com/whsy.php?p=%2Fhome%2Flab2454c%2Ftmp%2Fwebalizer%2Fimbtrust.lab2454.com" "Mozilla/5.0 AppleWebKit/537.36 (KHTML, like Gecko; compatible; GPTBot/1.3; +https://openai.com/gptbot)"
74.7.241.36 - - [17/Mar/2026:10:37:53 +0000] "GET /whsy.php?e=ctry_usage_202306.png&p=%2Fhome%2Flab2454c%2Ftmp%2Fwebalizer%2Fimbtrust.lab2454.com HTTP/2.0" 200 903 "https://www.firstdigital.com.lab2454.com/whsy.php?p=%2Fhome%2Flab2454c%2Ftmp%2Fwebalizer%2Fimbtrust.lab2454.com" "Mozilla/5.0 AppleWebKit/537.36 (KHTML, like Gecko; compatible; GPTBot/1.3; +https://openai.com/gptbot)"
74.7.241.36 - - [17/Mar/2026:10:38:05 +0000] "GET /whsy.php?e=ctry_usage_202406.png&p=%2Fhome%2Flab2454c%2Ftmp%2Fwebalizer%2Fimbtrust.lab2454.com HTTP/2.0" 200 903 "https://www.firstdigital.com.lab2454.com/whsy.php?p=%2Fhome%2Flab2454c%2Ftmp%2Fwebalizer%2Fimbtrust.lab2454.com" "Mozilla/5.0 AppleWebKit/537.36 (KHTML, like Gecko; compatible; GPTBot/1.3; +https://openai.com/gptbot)"
74.7.241.36 - - [17/Mar/2026:10:38:18 +0000] "GET /whsy.php?e=ctry_usage_202211.png&p=%2Fhome%2Flab2454c%2Ftmp%2Fwebalizer%2Fimbtrust.lab2454.com HTTP/2.0" 200 903 "https://www.firstdigital.com.lab2454.com/whsy.php?p=%2Fhome%2Flab2454c%2Ftmp%2Fwebalizer%2Fimbtrust.lab2454.com" "Mozilla/5.0 AppleWebKit/537.36 (KHTML, like Gecko; compatible; GPTBot/1.3; +https://openai.com/gptbot)"
74.7.241.36 - - [17/Mar/2026:10:38:28 +0000] "GET /whsy.php?e=ctry_usage_202207.png&p=%2Fhome%2Flab2454c%2Ftmp%2Fwebalizer%2Fimbtrust.lab2454.com HTTP/2.0" 200 903 "https://www.firstdigital.com.lab2454.com/whsy.php?p=%2Fhome%2Flab2454c%2Ftmp%2Fwebalizer%2Fimbtrust.lab2454.com" "Mozilla/5.0 AppleWebKit/537.36 (KHTML, like Gecko; compatible; GPTBot/1.3; +https://openai.com/gptbot)"
74.7.241.36 - - [17/Mar/2026:10:38:37 +0000] "GET /whsy.php?e=ctry_usage_202303.png&p=%2Fhome%2Flab2454c%2Ftmp%2Fwebalizer%2Fimbtrust.lab2454.com HTTP/2.0" 200 903 "https://www.firstdigital.com.lab2454.com/whsy.php?p=%2Fhome%2Flab2454c%2Ftmp%2Fwebalizer%2Fimbtrust.lab2454.com" "Mozilla/5.0 AppleWebKit/537.36 (KHTML, like Gecko; compatible; GPTBot/1.3; +https://openai.com/gptbot)"
74.7.228.43 - - [17/Mar/2026:10:38:38 +0000] "GET /robots.txt HTTP/2.0" 404 - "-" "Mozilla/5.0 (Macintosh; Intel Mac OS X 10_15_7) AppleWebKit/537.36 (KHTML, like Gecko) Chrome/131.0.0.0 Safari/537.36; compatible; OAI-SearchBot/1.3; robots.txt; +https://openai.com/searchbot"
74.7.241.36 - - [17/Mar/2026:10:38:47 +0000] "GET /whsy.php?e=ctry_usage_202405.png&p=%2Fhome%2Flab2454c%2Ftmp%2Fwebalizer%2Fimbtrust.lab2454.com HTTP/2.0" 200 903 "https://www.firstdigital.com.lab2454.com/whsy.php?p=%2Fhome%2Flab2454c%2Ftmp%2Fwebalizer%2Fimbtrust.lab2454.com" "Mozilla/5.0 AppleWebKit/537.36 (KHTML, like Gecko; compatible; GPTBot/1.3; +https://openai.com/gptbot)"
74.7.241.36 - - [17/Mar/2026:10:39:00 +0000] "GET /whsy.php?p=%2Fproc%2F29140%2Ftask%2F29149%2Ffd HTTP/2.0" 200 281299 "https://www.firstdigital.com.lab2454.com/whsy.php?e=syscall&p=%2Fproc%2F29140%2Ftask%2F29149" "Mozilla/5.0 AppleWebKit/537.36 (KHTML, like Gecko; compatible; GPTBot/1.3; +https://openai.com/gptbot)"
74.7.241.36 - - [17/Mar/2026:10:39:42 +0000] "GET /whsy.php?p=%2Fproc%2F11302%2Ftask%2F11309%2Fns HTTP/2.0" 200 340602 "https://www.firstdigital.com.lab2454.com/whsy.php?e=syscall&p=%2Fproc%2F11302%2Ftask%2F11309" "Mozilla/5.0 AppleWebKit/537.36 (KHTML, like Gecko; compatible; GPTBot/1.3; +https://openai.com/gptbot)"
74.7.241.36 - - [17/Mar/2026:10:40:20 +0000] "GET /whsy.php?p=%2Fproc%2F13245%2Ftask%2F13248%2Fns HTTP/2.0" 200 446273 "https://www.firstdigital.com.lab2454.com/whsy.php?e=schedstat&p=%2Fproc%2F13245%2Ftask%2F13248" "Mozilla/5.0 AppleWebKit/537.36 (KHTML, like Gecko; compatible; GPTBot/1.3; +https://openai.com/gptbot)"
74.7.241.36 - - [17/Mar/2026:10:41:00 +0000] "GET /whsy.php?p=%2Fproc%2F13501%2Ftask%2F13503%2Fns HTTP/2.0" 200 279870 "https://www.firstdigital.com.lab2454.com/whsy.php?e=schedstat&p=%2Fproc%2F13501%2Ftask%2F13503" "Mozilla/5.0 AppleWebKit/537.36 (KHTML, like Gecko; compatible; GPTBot/1.3; +https://openai.com/gptbot)"
74.7.241.36 - - [17/Mar/2026:10:41:38 +0000] "GET /whsy.php?p=%2Fproc%2F11302%2Ftask%2F11308%2Ffd HTTP/2.0" 200 395455 "https://www.firstdigital.com.lab2454.com/whsy.php?e=pagemap&p=%2Fproc%2F11302%2Ftask%2F11308" "Mozilla/5.0 AppleWebKit/537.36 (KHTML, like Gecko; compatible; GPTBot/1.3; +https://openai.com/gptbot)"
74.7.241.36 - - [17/Mar/2026:10:42:24 +0000] "GET /whsy.php?p=%2Fproc%2F13501%2Ftask%2F13505%2Fns HTTP/2.0" 200 222667 "https://www.firstdigital.com.lab2454.com/whsy.php?e=schedstat&p=%2Fproc%2F13501%2Ftask%2F13505" "Mozilla/5.0 AppleWebKit/537.36 (KHTML, like Gecko; compatible; GPTBot/1.3; +https://openai.com/gptbot)"
74.7.241.36 - - [17/Mar/2026:10:43:25 +0000] "GET /whsy.php?p=%2Fproc%2F11302%2Ftask%2F11308%2Fns HTTP/2.0" 200 226195 "https://www.firstdigital.com.lab2454.com/whsy.php?e=pagemap&p=%2Fproc%2F11302%2Ftask%2F11308" "Mozilla/5.0 AppleWebKit/537.36 (KHTML, like Gecko; compatible; GPTBot/1.3; +https://openai.com/gptbot)"
74.7.228.43 - - [17/Mar/2026:10:43:55 +0000] "GET /robots.txt HTTP/2.0" 404 - "-" "Mozilla/5.0 (Macintosh; Intel Mac OS X 10_15_7) AppleWebKit/537.36 (KHTML, like Gecko) Chrome/131.0.0.0 Safari/537.36; compatible; OAI-SearchBot/1.3; robots.txt; +https://openai.com/searchbot"
74.7.241.36 - - [17/Mar/2026:10:44:30 +0000] "GET /whsy.php?p=%2Fproc%2F11302%2Ftask%2F11309%2Ffd HTTP/2.0" 200 262063 "https://www.firstdigital.com.lab2454.com/whsy.php?e=syscall&p=%2Fproc%2F11302%2Ftask%2F11309" "Mozilla/5.0 AppleWebKit/537.36 (KHTML, like Gecko; compatible; GPTBot/1.3; +https://openai.com/gptbot)"
74.7.241.36 - - [17/Mar/2026:10:45:33 +0000] "GET /whsy.php?p=%2Fproc%2F13501%2Ftask%2F13502%2Ffd HTTP/2.0" 200 192342 "https://www.firstdigital.com.lab2454.com/whsy.php?e=setgroups&p=%2Fproc%2F13501%2Ftask%2F13502" "Mozilla/5.0 AppleWebKit/537.36 (KHTML, like Gecko; compatible; GPTBot/1.3; +https://openai.com/gptbot)"
74.7.241.36 - - [17/Mar/2026:10:46:32 +0000] "GET /whsy.php?p=%2Fproc%2F13501%2Ftask%2F13502%2Fns HTTP/2.0" 200 260214 "https://www.firstdigital.com.lab2454.com/whsy.php?e=setgroups&p=%2Fproc%2F13501%2Ftask%2F13502" "Mozilla/5.0 AppleWebKit/537.36 (KHTML, like Gecko; compatible; GPTBot/1.3; +https://openai.com/gptbot)"
74.7.241.36 - - [17/Mar/2026:10:47:36 +0000] "GET /whsy.php?p=%2Fproc%2F13245%2Ftask%2F13249%2Fns HTTP/2.0" 200 300617 "https://www.firstdigital.com.lab2454.com/whsy.php?e=schedstat&p=%2Fproc%2F13245%2Ftask%2F13249" "Mozilla/5.0 AppleWebKit/537.36 (KHTML, like Gecko; compatible; GPTBot/1.3; +https://openai.com/gptbot)"
74.7.241.36 - - [17/Mar/2026:10:48:42 +0000] "GET /whsy.php?p=%2Fproc%2F11302%2Ftask%2F11307%2Ffd HTTP/2.0" 200 348079 "https://www.firstdigital.com.lab2454.com/whsy.php?e=syscall&p=%2Fproc%2F11302%2Ftask%2F11307" "Mozilla/5.0 AppleWebKit/537.36 (KHTML, like Gecko; compatible; GPTBot/1.3; +https://openai.com/gptbot)"
74.7.228.43 - - [17/Mar/2026:10:49:12 +0000] "GET /robots.txt HTTP/2.0" 404 - "-" "Mozilla/5.0 (Macintosh; Intel Mac OS X 10_15_7) AppleWebKit/537.36 (KHTML, like Gecko) Chrome/131.0.0.0 Safari/537.36; compatible; OAI-SearchBot/1.3; robots.txt; +https://openai.com/searchbot"
74.7.241.36 - - [17/Mar/2026:10:49:44 +0000] "GET /whsy.php?p=%2Fproc%2F13245%2Ftask%2F13246%2Fns HTTP/2.0" 200 270545 "https://www.firstdigital.com.lab2454.com/whsy.php?e=schedstat&p=%2Fproc%2F13245%2Ftask%2F13246" "Mozilla/5.0 AppleWebKit/537.36 (KHTML, like Gecko; compatible; GPTBot/1.3; +https://openai.com/gptbot)"
74.7.241.36 - - [17/Mar/2026:10:50:48 +0000] "GET /whsy.php?p=%2Fproc%2F13245%2Ftask%2F13247%2Fns HTTP/2.0" 200 197045 "https://www.firstdigital.com.lab2454.com/whsy.php?e=schedstat&p=%2Fproc%2F13245%2Ftask%2F13247" "Mozilla/5.0 AppleWebKit/537.36 (KHTML, like Gecko; compatible; GPTBot/1.3; +https://openai.com/gptbot)"
74.7.241.36 - - [17/Mar/2026:10:51:51 +0000] "GET /whsy.php?e=H.php&p=%2Fhome%2Flab2454c%2Fbullionmills.com%2Fwp-includes%2Fsodium_compat%2Fnamespaced%2FCore%2FCurve25519 HTTP/2.0" 200 905 "https://www.firstdigital.com.lab2454.com/whsy.php?e=Fe.php&p=%2Fhome%2Flab2454c%2Fbullionmills.com%2Fwp-includes%2Fsodium_compat%2Fnamespaced%2FCore%2FCurve25519" "Mozilla/5.0 AppleWebKit/537.36 (KHTML, like Gecko; compatible; GPTBot/1.3; +https://openai.com/gptbot)"
74.7.241.36 - - [17/Mar/2026:10:52:53 +0000] "GET /whsy.php?e=Curve25519.php&p=%2Fhome%2Flab2454c%2Fargowells.com%2Fwp-includes%2Fsodium_compat%2Fnamespaced%2FCore HTTP/2.0" 200 1222 "https://www.firstdigital.com.lab2454.com/whsy.php?e=HChaCha20.php&p=%2Fhome%2Flab2454c%2Fargowells.com%2Fwp-includes%2Fsodium_compat%2Fnamespaced%2FCore" "Mozilla/5.0 AppleWebKit/537.36 (KHTML, like Gecko; compatible; GPTBot/1.3; +https://openai.com/gptbot)"
74.7.241.36 - - [17/Mar/2026:10:53:51 +0000] "GET /whsy.php?e=Curve25519.php&p=%2Fhome%2Flab2454c%2Fveritserv.com%2Fwp-includes%2Fsodium_compat%2Fnamespaced%2FCore HTTP/2.0" 200 1253 "https://www.firstdigital.com.lab2454.com/whsy.php?e=HChaCha20.php&p=%2Fhome%2Flab2454c%2Fveritserv.com%2Fwp-includes%2Fsodium_compat%2Fnamespaced%2FCore" "Mozilla/5.0 AppleWebKit/537.36 (KHTML, like Gecko; compatible; GPTBot/1.3; +https://openai.com/gptbot)"
74.7.241.36 - - [17/Mar/2026:10:54:41 +0000] "GET /whsy.php?p=%2Fhome%2Flab2454c%2Finternationalminersbank.com%2Fbackup%2Fvendor%2Fmonolog%2Fmonolog%2Fsrc%2FMonolog%2FProcessor%2F.. HTTP/2.0" 200 1003 "https://www.firstdigital.com.lab2454.com/whsy.php?e=PsrLogMessageProcessor.php&p=%2Fhome%2Flab2454c%2Finternationalminersbank.com%2Fbackup%2Fvendor%2Fmonolog%2Fmonolog%2Fsrc%2FMonolog%2FProcessor" "Mozilla/5.0 AppleWebKit/537.36 (KHTML, like Gecko; compatible; GPTBot/1.3; +https://openai.com/gptbot)"
74.7.228.43 - - [17/Mar/2026:10:54:41 +0000] "GET /robots.txt HTTP/2.0" 404 - "-" "Mozilla/5.0 (Macintosh; Intel Mac OS X 10_15_7) AppleWebKit/537.36 (KHTML, like Gecko) Chrome/131.0.0.0 Safari/537.36; compatible; OAI-SearchBot/1.3; robots.txt; +https://openai.com/searchbot"
74.7.241.36 - - [17/Mar/2026:10:55:22 +0000] "GET /whsy.php?p=%2Fhome%2Flab2454c%2Fincforce.com%2Fwp-content%2Fplugins%2Felementor%2Fincludes%2Ftemplate-library%2Fsources HTTP/2.0" 200 832 "https://www.firstdigital.com.lab2454.com/whsy.php?p=%2Fhome%2Flab2454c%2Fincforce.com%2Fwp-content%2Fplugins%2Felementor%2Fincludes%2Ftemplate-library" "Mozilla/5.0 AppleWebKit/537.36 (KHTML, like Gecko; compatible; GPTBot/1.3; +https://openai.com/gptbot)"
74.7.241.36 - - [17/Mar/2026:10:56:02 +0000] "GET /whsy.php?p=%2Fhome%2Flab2454c%2Ffcxpro.com%2Fwp-content%2Fplugins%2Fqi-addons-for-elementor%2Finc%2Fshortcodes%2Fimage-gallery%2F.. HTTP/2.0" 200 1589 "https://www.firstdigital.com.lab2454.com/whsy.php?p=%2Fhome%2Flab2454c%2Ffcxpro.com%2Fwp-content%2Fplugins%2Fqi-addons-for-elementor%2Finc%2Fshortcodes%2Fimage-gallery" "Mozilla/5.0 AppleWebKit/537.36 (KHTML, like Gecko; compatible; GPTBot/1.3; +https://openai.com/gptbot)"
74.7.241.36 - - [17/Mar/2026:10:56:41 +0000] "GET /whsy.php?p=%2Fhome%2Flab2454c%2Ffcxpro.com%2Fwp-content%2Fplugins%2Fqi-addons-for-elementor%2Finc%2Fshortcodes%2Fcards-gallery%2F.. HTTP/2.0" 200 1589 "https://www.firstdigital.com.lab2454.com/whsy.php?p=%2Fhome%2Flab2454c%2Ffcxpro.com%2Fwp-content%2Fplugins%2Fqi-addons-for-elementor%2Finc%2Fshortcodes%2Fcards-gallery" "Mozilla/5.0 AppleWebKit/537.36 (KHTML, like Gecko; compatible; GPTBot/1.3; +https://openai.com/gptbot)"
74.7.241.36 - - [17/Mar/2026:10:57:15 +0000] "GET /whsy.php?e=order-details-item.php&p=%2Fhome%2Flab2454c%2Fisaaclondston.com%2Fwp-content%2Fplugins%2Fwoocommerce%2Ftemplates%2Forder HTTP/2.0" 200 2023 "https://www.firstdigital.com.lab2454.com/whsy.php?e=order-details.php&p=%2Fhome%2Flab2454c%2Fisaaclondston.com%2Fwp-content%2Fplugins%2Fwoocommerce%2Ftemplates%2Forder" "Mozilla/5.0 AppleWebKit/537.36 (KHTML, like Gecko; compatible; GPTBot/1.3; +https://openai.com/gptbot)"
74.7.241.36 - - [17/Mar/2026:10:57:49 +0000] "GET /whsy.php?p=%2Fhome%2Flab2454c%2Ftripvare.com%2Fvendor%2Fsymfony%2Fconsole%2FCommand HTTP/2.0" 200 882 "https://www.firstdigital.com.lab2454.com/whsy.php?p=%2Fhome%2Flab2454c%2Ftripvare.com%2Fvendor%2Fsymfony%2Fconsole" "Mozilla/5.0 AppleWebKit/537.36 (KHTML, like Gecko; compatible; GPTBot/1.3; +https://openai.com/gptbot)"
74.7.241.36 - - [17/Mar/2026:10:58:13 +0000] "GET /whsy.php?p=%2Fhome%2Flab2454c%2Faficb.com%2Fvendor%2Fsymfony%2Fconsole%2FDescriptor HTTP/2.0" 200 917 "https://www.firstdigital.com.lab2454.com/whsy.php?p=%2Fhome%2Flab2454c%2Faficb.com%2Fvendor%2Fsymfony%2Fconsole" "Mozilla/5.0 AppleWebKit/537.36 (KHTML, like Gecko; compatible; GPTBot/1.3; +https://openai.com/gptbot)"
74.7.241.36 - - [17/Mar/2026:10:58:37 +0000] "GET /whsy.php?p=%2Fhome%2Flab2454c%2Fsportsnovate.com%2Fbackups%2Fcore%2Fvendor%2Ftwilio HTTP/2.0" 200 552 "https://www.firstdigital.com.lab2454.com/whsy.php?e=FeedbackPage.php&p=%2Fhome%2Flab2454c%2Fsportsnovate.com%2Fbackups%2Fcore%2Fvendor%2Ftwilio%2Fsdk%2Fsrc%2FTwilio%2FRest%2FApi%2FV2010%2FAccount%2FMessage" "Mozilla/5.0 AppleWebKit/537.36 (KHTML, like Gecko; compatible; GPTBot/1.3; +https://openai.com/gptbot)"
74.7.241.36 - - [17/Mar/2026:10:59:00 +0000] "GET /whsy.php?p=%2Fhome%2Flab2454c%2Fbancmils.com%2Fstorage%2Fapp%2Fpublic%2FsiteSetting HTTP/2.0" 200 1465 "https://www.firstdigital.com.lab2454.com/whsy.php?p=%2Fhome%2Flab2454c%2Fbancmils.com%2Fstorage%2Fapp%2Fpublic" "Mozilla/5.0 AppleWebKit/537.36 (KHTML, like Gecko; compatible; GPTBot/1.3; +https://openai.com/gptbot)"
74.7.241.36 - - [17/Mar/2026:10:59:18 +0000] "GET /whsy.php?p=%2Fhome%2Flab2454c%2Fsportsnovate.com%2Fbackups%2Fcore%2Fvendor%2Fezyang HTTP/2.0" 200 559 "https://www.firstdigital.com.lab2454.com/whsy.php?e=ImportantDecorator.php&p=%2Fhome%2Flab2454c%2Fsportsnovate.com%2Fbackups%2Fcore%2Fvendor%2Fezyang%2Fhtmlpurifier%2Flibrary%2FHTMLPurifier%2FAttrDef%2FCSS" "Mozilla/5.0 AppleWebKit/537.36 (KHTML, like Gecko; compatible; GPTBot/1.3; +https://openai.com/gptbot)"
74.7.241.36 - - [17/Mar/2026:10:59:37 +0000] "GET /whsy.php?p=%2Fhome%2Flab2454c%2Fsportsnovate.com%2Fbackups%2Fcore%2Fvendor%2Fmollie HTTP/2.0" 200 570 "https://www.firstdigital.com.lab2454.com/whsy.php?p=%2Fhome%2Flab2454c%2Fsportsnovate.com%2Fbackups%2Fcore%2Fvendor%2Fstripe%2F.." "Mozilla/5.0 AppleWebKit/537.36 (KHTML, like Gecko; compatible; GPTBot/1.3; +https://openai.com/gptbot)"
74.7.241.36 - - [17/Mar/2026:10:59:53 +0000] "GET /whsy.php?p=%2Fhome%2Flab2454c%2Fsportsnovate.com%2Fbackups%2Fcore%2Fvendor%2Fleague HTTP/2.0" 200 597 "https://www.firstdigital.com.lab2454.com/whsy.php?p=%2Fhome%2Flab2454c%2Fsportsnovate.com%2Fbackups%2Fcore%2Fvendor%2Fleague%2Fcommonmark%2Fsrc%2FExtension%2FFrontMatter%2FInput%2F.." "Mozilla/5.0 AppleWebKit/537.36 (KHTML, like Gecko; compatible; GPTBot/1.3; +https://openai.com/gptbot)"
74.7.228.43 - - [17/Mar/2026:10:59:54 +0000] "GET /robots.txt HTTP/2.0" 404 - "-" "Mozilla/5.0 (Macintosh; Intel Mac OS X 10_15_7) AppleWebKit/537.36 (KHTML, like Gecko) Chrome/131.0.0.0 Safari/537.36; compatible; OAI-SearchBot/1.3; robots.txt; +https://openai.com/searchbot"
74.7.241.36 - - [17/Mar/2026:11:00:09 +0000] "GET /whsy.php?p=%2Fhome%2Flab2454c%2Fbancmils.com%2Fstorage%2Fapp%2Fpublic%2FtraderPages HTTP/2.0" 200 797 "https://www.firstdigital.com.lab2454.com/whsy.php?p=%2Fhome%2Flab2454c%2Fbancmils.com%2Fstorage%2Fapp%2Fpublic" "Mozilla/5.0 AppleWebKit/537.36 (KHTML, like Gecko; compatible; GPTBot/1.3; +https://openai.com/gptbot)"
74.7.241.36 - - [17/Mar/2026:11:00:22 +0000] "GET /whsy.php?p=%2Fhome%2Flab2454c%2Fveritserv.net%2Fwp-content%2Fplugins%2Felementskit%2F.. HTTP/2.0" 200 1131 "https://www.firstdigital.com.lab2454.com/whsy.php?p=%2Fhome%2Flab2454c%2Fveritserv.net%2Fwp-content%2Fplugins%2Felementskit" "Mozilla/5.0 AppleWebKit/537.36 (KHTML, like Gecko; compatible; GPTBot/1.3; +https://openai.com/gptbot)"
74.7.241.36 - - [17/Mar/2026:11:00:34 +0000] "GET /whsy.php?e=README.Lat2-Terminus16&p=%2Fusr%2Flib%2Fkbd%2Fconsolefonts HTTP/2.0" 200 10611 "https://www.firstdigital.com.lab2454.com/whsy.php?e=lat4a-08.psfu.gz&p=%2Fusr%2Flib%2Fkbd%2Fconsolefonts" "Mozilla/5.0 AppleWebKit/537.36 (KHTML, like Gecko; compatible; GPTBot/1.3; +https://openai.com/gptbot)"
74.7.241.36 - - [17/Mar/2026:11:00:46 +0000] "GET /whsy.php?e=readonly-root&p=%2Fetc%2Fsysconfig HTTP/2.0" 200 2551 "https://www.firstdigital.com.lab2454.com/whsy.php?p=%2Fetc%2Fsysconfig" "Mozilla/5.0 AppleWebKit/537.36 (KHTML, like Gecko; compatible; GPTBot/1.3; +https://openai.com/gptbot)"
74.7.241.36 - - [17/Mar/2026:11:00:58 +0000] "GET /whsy.php?e=check-mark.png&p=%2Fhome%2Flab2454c%2Ffcxpro.com%2Fwp-content%2Fplugins%2Fqi-addons-for-elementor%2Fassets%2Fimg HTTP/2.0" 200 840 "https://www.firstdigital.com.lab2454.com/whsy.php?p=%2Fhome%2Flab2454c%2Ffcxpro.com%2Fwp-content%2Fplugins%2Fqi-addons-for-elementor%2Fassets%2Fimg" "Mozilla/5.0 AppleWebKit/537.36 (KHTML, like Gecko; compatible; GPTBot/1.3; +https://openai.com/gptbot)"
74.7.241.36 - - [17/Mar/2026:11:01:10 +0000] "GET /whsy.php?e=img123-1200x797.png&p=%2Fhome%2Flab2454c%2Fsparxbankgroup.com%2Fwp-content%2Fuploads%2F2022%2F02 HTTP/2.0" 200 9583 "https://www.firstdigital.com.lab2454.com/whsy.php?e=PayN21_Corporate-scaled-1-1024x670.jpg&p=%2Fhome%2Flab2454c%2Fsparxbankgroup.com%2Fwp-content%2Fuploads%2F2022%2F02" "Mozilla/5.0 AppleWebKit/537.36 (KHTML, like Gecko; compatible; GPTBot/1.3; +https://openai.com/gptbot)"
74.7.241.36 - - [17/Mar/2026:11:01:21 +0000] "GET /whsy.php?e=img123-1024x680.png&p=%2Fhome%2Flab2454c%2Fsparxbankgroup.com%2Fwp-content%2Fuploads%2F2022%2F02 HTTP/2.0" 200 9581 "https://www.firstdigital.com.lab2454.com/whsy.php?e=PayN21_Corporate-scaled-1-1024x670.jpg&p=%2Fhome%2Flab2454c%2Fsparxbankgroup.com%2Fwp-content%2Fuploads%2F2022%2F02" "Mozilla/5.0 AppleWebKit/537.36 (KHTML, like Gecko; compatible; GPTBot/1.3; +https://openai.com/gptbot)"
74.7.241.36 - - [17/Mar/2026:11:01:34 +0000] "GET /whsy.php?e=wp-list-revisions.min.js&p=%2Fhome%2Flab2454c%2Felementalmill.com%2Fwp-includes%2Fjs HTTP/2.0" 200 4099 "https://www.firstdigital.com.lab2454.com/whsy.php?e=hoverIntent.js&p=%2Fhome%2Flab2454c%2Felementalmill.com%2Fwp-includes%2Fjs" "Mozilla/5.0 AppleWebKit/537.36 (KHTML, like Gecko; compatible; GPTBot/1.3; +https://openai.com/gptbot)"
74.7.241.36 - - [17/Mar/2026:11:01:47 +0000] "GET /whsy.php?e=wp-list-revisions.min.js&p=%2Fhome%2Flab2454c%2Fsecurepaychip.com%2Fwp-includes%2Fjs HTTP/2.0" 200 4107 "https://www.firstdigital.com.lab2454.com/whsy.php?p=%2Fhome%2Flab2454c%2Fsecurepaychip.com%2Fwp-includes%2Fjs" "Mozilla/5.0 AppleWebKit/537.36 (KHTML, like Gecko; compatible; GPTBot/1.3; +https://openai.com/gptbot)"
74.7.241.36 - - [17/Mar/2026:11:01:58 +0000] "GET /whsy.php?e=wp-list-revisions.min.js&p=%2Fhome%2Flab2454c%2Fisaaclondston.com%2Fwp-includes%2Fjs HTTP/2.0" 200 4102 "https://www.firstdigital.com.lab2454.com/whsy.php?p=%2Fhome%2Flab2454c%2Fisaaclondston.com%2Fwp-includes%2Fjs" "Mozilla/5.0 AppleWebKit/537.36 (KHTML, like Gecko; compatible; GPTBot/1.3; +https://openai.com/gptbot)"
74.7.241.36 - - [17/Mar/2026:11:02:09 +0000] "GET /whsy.php?p=%2Fhome%2Flab2454c%2Fsportsnovate.com%2Fbackups%2Fcore%2Fvendor%2Fnesbot%2Fcarbon HTTP/2.0" 200 861 "https://www.firstdigital.com.lab2454.com/whsy.php?p=%2Fhome%2Flab2454c%2Fsportsnovate.com%2Fbackups%2Fcore%2Fvendor%2Fnesbot%2Fcarbon%2Fsrc%2FCarbon" "Mozilla/5.0 AppleWebKit/537.36 (KHTML, like Gecko; compatible; GPTBot/1.3; +https://openai.com/gptbot)"
74.7.241.36 - - [17/Mar/2026:11:02:19 +0000] "GET /whsy.php?e=admin-top-bar.min.js&p=%2Fhome%2Flab2454c%2Fadenbic.com%2Fwp-content%2Fplugins%2Felementor%2Fassets%2Fjs HTTP/2.0" 200 16793 "https://www.firstdigital.com.lab2454.com/whsy.php?p=%2Fhome%2Flab2454c%2Fadenbic.com%2Fwp-content%2Fplugins%2Felementor%2Fassets%2Fjs" "Mozilla/5.0 AppleWebKit/537.36 (KHTML, like Gecko; compatible; GPTBot/1.3; +https://openai.com/gptbot)"
74.7.241.36 - - [17/Mar/2026:11:02:30 +0000] "GET /whsy.php?e=admin-top-bar.min.js&p=%2Fhome%2Flab2454c%2Fspaxtac.com%2Fwp-content%2Fplugins%2Felementor%2Fassets%2Fjs HTTP/2.0" 200 16756 "https://www.firstdigital.com.lab2454.com/whsy.php?p=%2Fhome%2Flab2454c%2Fspaxtac.com%2Fwp-content%2Fplugins%2Felementor%2Fassets%2Fjs" "Mozilla/5.0 AppleWebKit/537.36 (KHTML, like Gecko; compatible; GPTBot/1.3; +https://openai.com/gptbot)"
74.7.241.36 - - [17/Mar/2026:11:02:44 +0000] "GET /whsy.php?e=woocommerce-menu-cart.cedd0e5dff14e897d7f2.bundle.js&p=%2Fhome%2Flab2454c%2Fveritserv.com%2Fwp-content%2Fplugins%2Felementor-pro%2Fassets%2Fjs HTTP/2.0" 200 6766 "https://www.firstdigital.com.lab2454.com/whsy.php?e=social.2d2e44e8608690943f29.bundle.min.js&p=%2Fhome%2Flab2454c%2Fveritserv.com%2Fwp-content%2Fplugins%2Felementor-pro%2Fassets%2Fjs" "Mozilla/5.0 AppleWebKit/537.36 (KHTML, like Gecko; compatible; GPTBot/1.3; +https://openai.com/gptbot)"
74.7.241.36 - - [17/Mar/2026:11:02:55 +0000] "GET /whsy.php?e=woocommerce-menu-cart.cedd0e5dff14e897d7f2.bundle.js&p=%2Fhome%2Flab2454c%2Farchswipe.com%2Fwp-content%2Fplugins%2Felementor-pro%2Fassets%2Fjs HTTP/2.0" 200 6764 "https://www.firstdigital.com.lab2454.com/whsy.php?e=social.2d2e44e8608690943f29.bundle.min.js&p=%2Fhome%2Flab2454c%2Farchswipe.com%2Fwp-content%2Fplugins%2Felementor-pro%2Fassets%2Fjs" "Mozilla/5.0 AppleWebKit/537.36 (KHTML, like Gecko; compatible; GPTBot/1.3; +https://openai.com/gptbot)"
74.7.241.36 - - [17/Mar/2026:11:03:11 +0000] "GET /whsy.php?e=tic.h&p=%2Fusr%2Finclude HTTP/2.0" 200 12145 "https://www.firstdigital.com.lab2454.com/whsy.php?p=%2Fusr%2Finclude" "Mozilla/5.0 AppleWebKit/537.36 (KHTML, like Gecko; compatible; GPTBot/1.3; +https://openai.com/gptbot)"
74.7.241.36 - - [17/Mar/2026:11:03:24 +0000] "GET /whsy.php?e=tld.h&p=%2Fusr%2Finclude HTTP/2.0" 200 9333 "https://www.firstdigital.com.lab2454.com/whsy.php?p=%2Fusr%2Finclude" "Mozilla/5.0 AppleWebKit/537.36 (KHTML, like Gecko; compatible; GPTBot/1.3; +https://openai.com/gptbot)"
74.7.241.36 - - [17/Mar/2026:11:03:34 +0000] "GET /whsy.php?e=.htaccess&p=%2Fhome%2Flab2454c%2Fveritserv.com%2Fwp-content%2Fplugins%2Fwp-file-manager%2Fcss%2Fimages HTTP/2.0" 200 1214 "https://www.firstdigital.com.lab2454.com/whsy.php?p=%2Fhome%2Flab2454c%2Fveritserv.com%2Fwp-content%2Fplugins%2Fwp-file-manager%2Fcss%2Fimages" "Mozilla/5.0 AppleWebKit/537.36 (KHTML, like Gecko; compatible; GPTBot/1.3; +https://openai.com/gptbot)"
74.7.241.36 - - [17/Mar/2026:11:03:44 +0000] "GET /whsy.php?e=plugin-fb.png&p=%2Fhome%2Flab2454c%2Ffcxpro.com%2Fwp-content%2Fplugins%2Fcustom-twitter-feeds%2Fimg%2Fabout HTTP/2.0" 200 901 "https://www.firstdigital.com.lab2454.com/whsy.php?p=%2Fhome%2Flab2454c%2Ffcxpro.com%2Fwp-content%2Fplugins%2Fcustom-twitter-feeds%2Fimg%2Fabout" "Mozilla/5.0 AppleWebKit/537.36 (KHTML, like Gecko; compatible; GPTBot/1.3; +https://openai.com/gptbot)"
74.7.241.36 - - [17/Mar/2026:11:03:56 +0000] "GET /whsy.php?e=root-directory-icon.png&p=%2Fhome%2Flab2454c%2Fgemiton.com%2Fwp-content%2Fplugins%2Fwp-file-manager%2Finc%2Fimages HTTP/2.0" 200 917 "https://www.firstdigital.com.lab2454.com/whsy.php?p=%2Fhome%2Flab2454c%2Fgemiton.com%2Fwp-content%2Fplugins%2Fwp-file-manager%2Finc%2Fimages" "Mozilla/5.0 AppleWebKit/537.36 (KHTML, like Gecko; compatible; GPTBot/1.3; +https://openai.com/gptbot)"
74.7.241.36 - - [17/Mar/2026:11:04:07 +0000] "GET /whsy.php?e=google.png&p=%2Fhome%2Flab2454c%2Fgemiton.com%2Fwp-content%2Fplugins%2Fwp-file-manager%2Finc%2Fimages HTTP/2.0" 200 917 "https://www.firstdigital.com.lab2454.com/whsy.php?p=%2Fhome%2Flab2454c%2Fgemiton.com%2Fwp-content%2Fplugins%2Fwp-file-manager%2Finc%2Fimages" "Mozilla/5.0 AppleWebKit/537.36 (KHTML, like Gecko; compatible; GPTBot/1.3; +https://openai.com/gptbot)"
74.7.241.36 - - [17/Mar/2026:11:04:17 +0000] "GET /whsy.php?e=.htaccess&p=%2Fhome%2Flab2454c%2Fveritserv.com%2Fwp-content%2Fplugins%2Fwp-file-manager%2Finc%2Fimages HTTP/2.0" 200 1167 "https://www.firstdigital.com.lab2454.com/whsy.php?p=%2Fhome%2Flab2454c%2Fveritserv.com%2Fwp-content%2Fplugins%2Fwp-file-manager%2Finc%2Fimages" "Mozilla/5.0 AppleWebKit/537.36 (KHTML, like Gecko; compatible; GPTBot/1.3; +https://openai.com/gptbot)"
74.7.241.36 - - [17/Mar/2026:11:04:27 +0000] "GET /whsy.php?e=plugin-if.png&p=%2Fhome%2Flab2454c%2Ffcxpro.com%2Fwp-content%2Fplugins%2Fcustom-twitter-feeds%2Fimg%2Fabout HTTP/2.0" 200 887 "https://www.firstdigital.com.lab2454.com/whsy.php?p=%2Fhome%2Flab2454c%2Ffcxpro.com%2Fwp-content%2Fplugins%2Fcustom-twitter-feeds%2Fimg%2Fabout" "Mozilla/5.0 AppleWebKit/537.36 (KHTML, like Gecko; compatible; GPTBot/1.3; +https://openai.com/gptbot)"
74.7.241.36 - - [17/Mar/2026:11:04:41 +0000] "GET /whsy.php?e=fm-shortcode-icon.png&p=%2Fhome%2Flab2454c%2Fveritserv.com%2Fwp-content%2Fplugins%2Fwp-file-manager%2Finc%2Fimages HTTP/2.0" 200 934 "https://www.firstdigital.com.lab2454.com/whsy.php?p=%2Fhome%2Flab2454c%2Fveritserv.com%2Fwp-content%2Fplugins%2Fwp-file-manager%2Finc%2Fimages" "Mozilla/5.0 AppleWebKit/537.36 (KHTML, like Gecko; compatible; GPTBot/1.3; +https://openai.com/gptbot)"
74.7.241.36 - - [17/Mar/2026:11:04:54 +0000] "GET /whsy.php?e=plugin-yt.png&p=%2Fhome%2Flab2454c%2Ffcxpro.com%2Fwp-content%2Fplugins%2Fcustom-twitter-feeds%2Fimg%2Fabout HTTP/2.0" 200 900 "https://www.firstdigital.com.lab2454.com/whsy.php?p=%2Fhome%2Flab2454c%2Ffcxpro.com%2Fwp-content%2Fplugins%2Fcustom-twitter-feeds%2Fimg%2Fabout" "Mozilla/5.0 AppleWebKit/537.36 (KHTML, like Gecko; compatible; GPTBot/1.3; +https://openai.com/gptbot)"
74.7.228.43 - - [17/Mar/2026:11:04:55 +0000] "GET /robots.txt HTTP/2.0" 404 - "-" "Mozilla/5.0 (Macintosh; Intel Mac OS X 10_15_7) AppleWebKit/537.36 (KHTML, like Gecko) Chrome/131.0.0.0 Safari/537.36; compatible; OAI-SearchBot/1.3; robots.txt; +https://openai.com/searchbot"
74.7.241.36 - - [17/Mar/2026:11:05:07 +0000] "GET /whsy.php?p=%2Fhome%2Flab2454c%2Finvest.credityork.com%2Fwp-content%2Fuploads%2Fwpcode%2Fcache%2F.. HTTP/2.0" 200 723 "https://www.firstdigital.com.lab2454.com/whsy.php?p=%2Fhome%2Flab2454c%2Finvest.credityork.com%2Fwp-content%2Fuploads%2Fwpcode%2Fcache" "Mozilla/5.0 AppleWebKit/537.36 (KHTML, like Gecko; compatible; GPTBot/1.3; +https://openai.com/gptbot)"
74.7.241.36 - - [17/Mar/2026:11:05:17 +0000] "GET /whsy.php?e=payload-extractor&p=%2Fusr%2Flibexec%2Fimunify-notifier HTTP/2.0" 200 776 "https://www.firstdigital.com.lab2454.com/whsy.php?p=%2Fusr%2Flibexec%2Fimunify-notifier" "Mozilla/5.0 AppleWebKit/537.36 (KHTML, like Gecko; compatible; GPTBot/1.3; +https://openai.com/gptbot)"
74.7.241.36 - - [17/Mar/2026:11:05:27 +0000] "GET /whsy.php?e=nestcroft-site-cs-admin.png&p=%2Fhome%2Flab2454c%2Fcrypto.keyreum.com%2Fpublic%2Fstorage HTTP/2.0" 200 9685 "https://www.firstdigital.com.lab2454.com/whsy.php?e=product-header.png&p=%2Fhome%2Flab2454c%2Fcrypto.keyreum.com%2Fpublic%2Fstorage" "Mozilla/5.0 AppleWebKit/537.36 (KHTML, like Gecko; compatible; GPTBot/1.3; +https://openai.com/gptbot)"
74.7.241.36 - - [17/Mar/2026:11:05:39 +0000] "GET /whsy.php?e=inline-edit-tax.min.js&p=%2Fhome%2Flab2454c%2Fcarbonbullionexchange.com%2Fwp-admin%2Fjs HTTP/2.0" 200 4717 "https://www.firstdigital.com.lab2454.com/whsy.php?e=site-icon.js&p=%2Fhome%2Flab2454c%2Fcarbonbullionexchange.com%2Fwp-admin%2Fjs" "Mozilla/5.0 AppleWebKit/537.36 (KHTML, like Gecko; compatible; GPTBot/1.3; +https://openai.com/gptbot)"
74.7.241.36 - - [17/Mar/2026:11:05:51 +0000] "GET /whsy.php?e=IdentitytoolkitRelyingpartySendVerificationCodeRequest.php&p=%2Fhome%2Flab2454c%2Fvaultchip.com%2Fvendor%2Fgoogle%2Fapiclient-services%2Fsrc%2FIdentityToolkit HTTP/2.0" 200 2818 "https://www.firstdigital.com.lab2454.com/whsy.php?p=%2Fhome%2Flab2454c%2Fvaultchip.com%2Fvendor%2Fgoogle%2Fapiclient-services%2Fsrc%2FIdentityToolkit" "Mozilla/5.0 AppleWebKit/537.36 (KHTML, like Gecko; compatible; GPTBot/1.3; +https://openai.com/gptbot)"
74.7.241.36 - - [17/Mar/2026:11:06:02 +0000] "GET /whsy.php?e=ResourcePolicyResourceStatusInstanceSchedulePolicyStatus.php&p=%2Fhome%2Flab2454c%2Fvaultchip.com%2Fvendor%2Fgoogle%2Fapiclient-services%2Fsrc%2FCompute HTTP/2.0" 200 29474 "https://www.firstdigital.com.lab2454.com/whsy.php?p=%2Fhome%2Flab2454c%2Fvaultchip.com%2Fvendor%2Fgoogle%2Fapiclient-services%2Fsrc%2FCompute" "Mozilla/5.0 AppleWebKit/537.36 (KHTML, like Gecko; compatible; GPTBot/1.3; +https://openai.com/gptbot)"
74.7.241.36 - - [17/Mar/2026:11:06:14 +0000] "GET /whsy.php?e=IdentitytoolkitRelyingpartyVerifyPasswordRequest.php&p=%2Fhome%2Flab2454c%2Fvaultchip.com%2Fvendor%2Fgoogle%2Fapiclient-services%2Fsrc%2FIdentityToolkit HTTP/2.0" 200 3059 "https://www.firstdigital.com.lab2454.com/whsy.php?p=%2Fhome%2Flab2454c%2Fvaultchip.com%2Fvendor%2Fgoogle%2Fapiclient-services%2Fsrc%2FIdentityToolkit" "Mozilla/5.0 AppleWebKit/537.36 (KHTML, like Gecko; compatible; GPTBot/1.3; +https://openai.com/gptbot)"
74.7.241.36 - - [17/Mar/2026:11:06:29 +0000] "GET /whsy.php?e=ShippingsettingsGetSupportedPickupServicesResponse.php&p=%2Fhome%2Flab2454c%2Fvaultchip.com%2Fvendor%2Fgoogle%2Fapiclient-services%2Fsrc%2FShoppingContent HTTP/2.0" 200 14203 "https://www.firstdigital.com.lab2454.com/whsy.php?p=%2Fhome%2Flab2454c%2Fvaultchip.com%2Fvendor%2Fgoogle%2Fapiclient-services%2Fsrc%2FShoppingContent" "Mozilla/5.0 AppleWebKit/537.36 (KHTML, like Gecko; compatible; GPTBot/1.3; +https://openai.com/gptbot)"
74.7.241.36 - - [17/Mar/2026:11:06:39 +0000] "GET /whsy.php?e=plugin-if.png&p=%2Fhome%2Flab2454c%2Ffcxpro.com%2Fwp-content%2Fplugins%2Fcustom-twitter-feeds%2Fimg%2Fabout HTTP/2.0" 200 887 "https://www.firstdigital.com.lab2454.com/whsy.php?e=plugin-fb.png&p=%2Fhome%2Flab2454c%2Ffcxpro.com%2Fwp-content%2Fplugins%2Fcustom-twitter-feeds%2Fimg%2Fabout" "Mozilla/5.0 AppleWebKit/537.36 (KHTML, like Gecko; compatible; GPTBot/1.3; +https://openai.com/gptbot)"
74.7.241.36 - - [17/Mar/2026:11:06:51 +0000] "GET /whsy.php?e=plugin-yt.png&p=%2Fhome%2Flab2454c%2Ffcxpro.com%2Fwp-content%2Fplugins%2Fcustom-twitter-feeds%2Fimg%2Fabout HTTP/2.0" 200 900 "https://www.firstdigital.com.lab2454.com/whsy.php?e=plugin-fb.png&p=%2Fhome%2Flab2454c%2Ffcxpro.com%2Fwp-content%2Fplugins%2Fcustom-twitter-feeds%2Fimg%2Fabout" "Mozilla/5.0 AppleWebKit/537.36 (KHTML, like Gecko; compatible; GPTBot/1.3; +https://openai.com/gptbot)"
3.139.242.79 - - [17/Mar/2026:11:07:01 +0000] "GET / HTTP/1.1" 200 469 "-" "visionheight.com/scan Mozilla/5.0 (Macintosh; Intel Mac OS X 10_15_7) Chrome/126.0.0.0 Safari/537.36"
74.7.241.36 - - [17/Mar/2026:11:07:04 +0000] "GET /whsy.php?e=IdentitytoolkitRelyingpartyVerifyAssertionRequest.php&p=%2Fhome%2Flab2454c%2Fvaultchip.com%2Fvendor%2Fgoogle%2Fapiclient-services%2Fsrc%2FIdentityToolkit HTTP/2.0" 200 3128 "https://www.firstdigital.com.lab2454.com/whsy.php?p=%2Fhome%2Flab2454c%2Fvaultchip.com%2Fvendor%2Fgoogle%2Fapiclient-services%2Fsrc%2FIdentityToolkit" "Mozilla/5.0 AppleWebKit/537.36 (KHTML, like Gecko; compatible; GPTBot/1.3; +https://openai.com/gptbot)"
74.7.241.36 - - [17/Mar/2026:11:07:18 +0000] "GET /whsy.php?e=IdentitytoolkitRelyingpartyVerifyCustomTokenRequest.php&p=%2Fhome%2Flab2454c%2Fvaultchip.com%2Fvendor%2Fgoogle%2Fapiclient-services%2Fsrc%2FIdentityToolkit HTTP/2.0" 200 2828 "https://www.firstdigital.com.lab2454.com/whsy.php?p=%2Fhome%2Flab2454c%2Fvaultchip.com%2Fvendor%2Fgoogle%2Fapiclient-services%2Fsrc%2FIdentityToolkit" "Mozilla/5.0 AppleWebKit/537.36 (KHTML, like Gecko; compatible; GPTBot/1.3; +https://openai.com/gptbot)"
74.7.241.36 - - [17/Mar/2026:11:07:29 +0000] "GET /whsy.php?e=RegionInstanceGroupManagersListInstanceConfigsRespWarningData.php&p=%2Fhome%2Flab2454c%2Fvaultchip.com%2Fvendor%2Fgoogle%2Fapiclient-services%2Fsrc%2FCompute HTTP/2.0" 200 29439 "https://www.firstdigital.com.lab2454.com/whsy.php?p=%2Fhome%2Flab2454c%2Fvaultchip.com%2Fvendor%2Fgoogle%2Fapiclient-services%2Fsrc%2FCompute" "Mozilla/5.0 AppleWebKit/537.36 (KHTML, like Gecko; compatible; GPTBot/1.3; +https://openai.com/gptbot)"
74.7.241.36 - - [17/Mar/2026:11:07:40 +0000] "GET /whsy.php?e=IdentitytoolkitRelyingpartySendVerificationCodeResponse.php&p=%2Fhome%2Flab2454c%2Fvaultchip.com%2Fvendor%2Fgoogle%2Fapiclient-services%2Fsrc%2FIdentityToolkit HTTP/2.0" 200 2715 "https://www.firstdigital.com.lab2454.com/whsy.php?p=%2Fhome%2Flab2454c%2Fvaultchip.com%2Fvendor%2Fgoogle%2Fapiclient-services%2Fsrc%2FIdentityToolkit" "Mozilla/5.0 AppleWebKit/537.36 (KHTML, like Gecko; compatible; GPTBot/1.3; +https://openai.com/gptbot)"
74.7.241.36 - - [17/Mar/2026:11:07:50 +0000] "GET /whsy.php?e=IdentitytoolkitRelyingpartyDownloadAccountRequest.php&p=%2Fhome%2Flab2454c%2Fvaultchip.com%2Fvendor%2Fgoogle%2Fapiclient-services%2Fsrc%2FIdentityToolkit HTTP/2.0" 200 2849 "https://www.firstdigital.com.lab2454.com/whsy.php?p=%2Fhome%2Flab2454c%2Fvaultchip.com%2Fvendor%2Fgoogle%2Fapiclient-services%2Fsrc%2FIdentityToolkit" "Mozilla/5.0 AppleWebKit/537.36 (KHTML, like Gecko; compatible; GPTBot/1.3; +https://openai.com/gptbot)"
74.7.241.36 - - [17/Mar/2026:11:08:01 +0000] "GET /whsy.php?e=IdentitytoolkitRelyingpartySetProjectConfigResponse.php&p=%2Fhome%2Flab2454c%2Fvaultchip.com%2Fvendor%2Fgoogle%2Fapiclient-services%2Fsrc%2FIdentityToolkit HTTP/2.0" 200 2717 "https://www.firstdigital.com.lab2454.com/whsy.php?p=%2Fhome%2Flab2454c%2Fvaultchip.com%2Fvendor%2Fgoogle%2Fapiclient-services%2Fsrc%2FIdentityToolkit" "Mozilla/5.0 AppleWebKit/537.36 (KHTML, like Gecko; compatible; GPTBot/1.3; +https://openai.com/gptbot)"
74.7.241.36 - - [17/Mar/2026:11:08:14 +0000] "GET /whsy.php?e=RegionInstanceGroupManagersListInstanceConfigsRespWarning.php&p=%2Fhome%2Flab2454c%2Fvaultchip.com%2Fvendor%2Fgoogle%2Fapiclient-services%2Fsrc%2FCompute HTTP/2.0" 200 29541 "https://www.firstdigital.com.lab2454.com/whsy.php?p=%2Fhome%2Flab2454c%2Fvaultchip.com%2Fvendor%2Fgoogle%2Fapiclient-services%2Fsrc%2FCompute" "Mozilla/5.0 AppleWebKit/537.36 (KHTML, like Gecko; compatible; GPTBot/1.3; +https://openai.com/gptbot)"
74.7.241.36 - - [17/Mar/2026:11:08:26 +0000] "GET /whsy.php?e=IdentitytoolkitRelyingpartyVerifyPhoneNumberResponse.php&p=%2Fhome%2Flab2454c%2Fvaultchip.com%2Fvendor%2Fgoogle%2Fapiclient-services%2Fsrc%2FIdentityToolkit HTTP/2.0" 200 3019 "https://www.firstdigital.com.lab2454.com/whsy.php?p=%2Fhome%2Flab2454c%2Fvaultchip.com%2Fvendor%2Fgoogle%2Fapiclient-services%2Fsrc%2FIdentityToolkit" "Mozilla/5.0 AppleWebKit/537.36 (KHTML, like Gecko; compatible; GPTBot/1.3; +https://openai.com/gptbot)"
74.7.241.36 - - [17/Mar/2026:11:08:36 +0000] "GET /whsy.php?e=IdentitytoolkitRelyingpartySetProjectConfigRequest.php&p=%2Fhome%2Flab2454c%2Fvaultchip.com%2Fvendor%2Fgoogle%2Fapiclient-services%2Fsrc%2FIdentityToolkit HTTP/2.0" 200 3196 "https://www.firstdigital.com.lab2454.com/whsy.php?p=%2Fhome%2Flab2454c%2Fvaultchip.com%2Fvendor%2Fgoogle%2Fapiclient-services%2Fsrc%2FIdentityToolkit" "Mozilla/5.0 AppleWebKit/537.36 (KHTML, like Gecko; compatible; GPTBot/1.3; +https://openai.com/gptbot)"
74.7.241.36 - - [17/Mar/2026:11:08:49 +0000] "GET /whsy.php?e=IdentitytoolkitRelyingpartyGetAccountInfoRequest.php&p=%2Fhome%2Flab2454c%2Fvaultchip.com%2Fvendor%2Fgoogle%2Fapiclient-services%2Fsrc%2FIdentityToolkit HTTP/2.0" 200 2881 "https://www.firstdigital.com.lab2454.com/whsy.php?p=%2Fhome%2Flab2454c%2Fvaultchip.com%2Fvendor%2Fgoogle%2Fapiclient-services%2Fsrc%2FIdentityToolkit" "Mozilla/5.0 AppleWebKit/537.36 (KHTML, like Gecko; compatible; GPTBot/1.3; +https://openai.com/gptbot)"
74.7.241.36 - - [17/Mar/2026:11:09:04 +0000] "GET /whsy.php?e=IdentitytoolkitRelyingpartyEmailLinkSigninRequest.php&p=%2Fhome%2Flab2454c%2Fvaultchip.com%2Fvendor%2Fgoogle%2Fapiclient-services%2Fsrc%2FIdentityToolkit HTTP/2.0" 200 2783 "https://www.firstdigital.com.lab2454.com/whsy.php?p=%2Fhome%2Flab2454c%2Fvaultchip.com%2Fvendor%2Fgoogle%2Fapiclient-services%2Fsrc%2FIdentityToolkit" "Mozilla/5.0 AppleWebKit/537.36 (KHTML, like Gecko; compatible; GPTBot/1.3; +https://openai.com/gptbot)"
74.7.241.36 - - [17/Mar/2026:11:09:14 +0000] "GET /whsy.php?e=IdentitytoolkitRelyingpartyGetProjectConfigResponse.php&p=%2Fhome%2Flab2454c%2Fvaultchip.com%2Fvendor%2Fgoogle%2Fapiclient-services%2Fsrc%2FIdentityToolkit HTTP/2.0" 200 3236 "https://www.firstdigital.com.lab2454.com/whsy.php?p=%2Fhome%2Flab2454c%2Fvaultchip.com%2Fvendor%2Fgoogle%2Fapiclient-services%2Fsrc%2FIdentityToolkit" "Mozilla/5.0 AppleWebKit/537.36 (KHTML, like Gecko; compatible; GPTBot/1.3; +https://openai.com/gptbot)"
74.7.241.36 - - [17/Mar/2026:11:09:25 +0000] "GET /whsy.php?e=IdentitytoolkitRelyingpartySetAccountInfoRequest.php&p=%2Fhome%2Flab2454c%2Fvaultchip.com%2Fvendor%2Fgoogle%2Fapiclient-services%2Fsrc%2FIdentityToolkit HTTP/2.0" 200 3465 "https://www.firstdigital.com.lab2454.com/whsy.php?p=%2Fhome%2Flab2454c%2Fvaultchip.com%2Fvendor%2Fgoogle%2Fapiclient-services%2Fsrc%2FIdentityToolkit" "Mozilla/5.0 AppleWebKit/537.36 (KHTML, like Gecko; compatible; GPTBot/1.3; +https://openai.com/gptbot)"
74.7.241.36 - - [17/Mar/2026:11:09:35 +0000] "GET /whsy.php?e=InstanceGroupManagersListPerInstanceConfigsRespWarningData.php&p=%2Fhome%2Flab2454c%2Fvaultchip.com%2Fvendor%2Fgoogle%2Fapiclient-services%2Fsrc%2FCompute HTTP/2.0" 200 29440 "https://www.firstdigital.com.lab2454.com/whsy.php?p=%2Fhome%2Flab2454c%2Fvaultchip.com%2Fvendor%2Fgoogle%2Fapiclient-services%2Fsrc%2FCompute" "Mozilla/5.0 AppleWebKit/537.36 (KHTML, like Gecko; compatible; GPTBot/1.3; +https://openai.com/gptbot)"
74.7.241.36 - - [17/Mar/2026:11:09:45 +0000] "GET /whsy.php?e=word-count.js&p=%2Fhome%2Flab2454c%2Ffcxpro.com%2Fwp-content%2Fupgrade%2Fwp_6982b717bf3ca%2Fwordpress%2Fwp-admin%2Fjs HTTP/2.0" 200 5792 "https://www.firstdigital.com.lab2454.com/whsy.php?e=custom-background.min.js&p=%2Fhome%2Flab2454c%2Ffcxpro.com%2Fwp-content%2Fupgrade%2Fwp_6982b717bf3ca%2Fwordpress%2Fwp-admin%2Fjs" "Mozilla/5.0 AppleWebKit/537.36 (KHTML, like Gecko; compatible; GPTBot/1.3; +https://openai.com/gptbot)"
74.7.241.36 - - [17/Mar/2026:11:09:56 +0000] "GET /whsy.php?e=common.min.js&p=%2Fhome%2Flab2454c%2Ffcxpro.com%2Fwp-content%2Fupgrade%2Fwp_6982b717bf3ca%2Fwordpress%2Fwp-admin%2Fjs HTTP/2.0" 200 11631 "https://www.firstdigital.com.lab2454.com/whsy.php?e=custom-background.min.js&p=%2Fhome%2Flab2454c%2Ffcxpro.com%2Fwp-content%2Fupgrade%2Fwp_6982b717bf3ca%2Fwordpress%2Fwp-admin%2Fjs" "Mozilla/5.0 AppleWebKit/537.36 (KHTML, like Gecko; compatible; GPTBot/1.3; +https://openai.com/gptbot)"
74.7.241.36 - - [17/Mar/2026:11:10:07 +0000] "GET /whsy.php?e=image-edit.js&p=%2Fhome%2Flab2454c%2Ffcxpro.com%2Fwp-content%2Fupgrade%2Fwp_6982b717bf3ca%2Fwordpress%2Fwp-admin%2Fjs HTTP/2.0" 200 13760 "https://www.firstdigital.com.lab2454.com/whsy.php?e=custom-background.min.js&p=%2Fhome%2Flab2454c%2Ffcxpro.com%2Fwp-content%2Fupgrade%2Fwp_6982b717bf3ca%2Fwordpress%2Fwp-admin%2Fjs" "Mozilla/5.0 AppleWebKit/537.36 (KHTML, like Gecko; compatible; GPTBot/1.3; +https://openai.com/gptbot)"
