74.7.241.5 - - [17/Mar/2026:18:53:18 +0000] "GET /whsy.php?e=class-wp-html-active-formatting-elements.php&p=%2Fhome%2Flab2454c%2Fcrypthorize.net%2Fwp-includes%2Fhtml-api HTTP/2.0" 200 2839 "https://www.firstdigital.com.lab2454.com/whsy.php?e=class-wp-html-token.php&p=%2Fhome%2Flab2454c%2Fcrypthorize.net%2Fwp-includes%2Fhtml-api" "Mozilla/5.0 AppleWebKit/537.36 (KHTML, like Gecko; compatible; GPTBot/1.3; +https://openai.com/gptbot)"
74.7.241.5 - - [17/Mar/2026:18:53:38 +0000] "GET /whsy.php?e=admin-popup-editor.js&p=%2Fhome%2Flab2454c%2Fveritserv.net%2Fwp-content%2Fplugins%2Fpopup-maker%2Fassets%2Fjs HTTP/2.0" 200 11092 "https://www.firstdigital.com.lab2454.com/whsy.php?e=admin-bar.min.js&p=%2Fhome%2Flab2454c%2Fveritserv.net%2Fwp-content%2Fplugins%2Fpopup-maker%2Fassets%2Fjs" "Mozilla/5.0 AppleWebKit/537.36 (KHTML, like Gecko; compatible; GPTBot/1.3; +https://openai.com/gptbot)"
74.7.241.5 - - [17/Mar/2026:18:54:00 +0000] "GET /whsy.php?e=.env&p=%2Fhome%2Flab2454c%2Finternationalminersbank.com%2Fbackup HTTP/2.0" 200 2067 "https://www.firstdigital.com.lab2454.com/whsy.php?p=%2Fhome%2Flab2454c%2Finternationalminersbank.com%2Fbackup" "Mozilla/5.0 AppleWebKit/537.36 (KHTML, like Gecko; compatible; GPTBot/1.3; +https://openai.com/gptbot)"
74.7.241.5 - - [17/Mar/2026:18:54:19 +0000] "GET /whsy.php?e=.gitignore&p=%2Fhome%2Flab2454c%2Fcredityorkgroup.com%2Fdatabase HTTP/2.0" 200 969 "https://www.firstdigital.com.lab2454.com/whsy.php?p=%2Fhome%2Flab2454c%2Fcredityorkgroup.com%2Fdatabase%2Ffactories%2F.." "Mozilla/5.0 AppleWebKit/537.36 (KHTML, like Gecko; compatible; GPTBot/1.3; +https://openai.com/gptbot)"
74.7.241.5 - - [17/Mar/2026:18:54:41 +0000] "GET /whsy.php?e=dom.png&p=%2Fhome%2Flab2454c%2Ftmp%2Fanalog%2Fssl%2Felementalmill.com.lab2454.com HTTP/2.0" 200 903 "https://www.firstdigital.com.lab2454.com/whsy.php?p=%2Fhome%2Flab2454c%2Ftmp%2Fanalog%2Fssl%2Felementalmill.com.lab2454.com" "Mozilla/5.0 AppleWebKit/537.36 (KHTML, like Gecko; compatible; GPTBot/1.3; +https://openai.com/gptbot)"
74.7.241.5 - - [17/Mar/2026:18:55:01 +0000] "GET /whsy.php?e=code.png&p=%2Fhome%2Flab2454c%2Ftmp%2Fanalog%2Fssl%2Felementalmill.com.lab2454.com HTTP/2.0" 200 903 "https://www.firstdigital.com.lab2454.com/whsy.php?p=%2Fhome%2Flab2454c%2Ftmp%2Fanalog%2Fssl%2Felementalmill.com.lab2454.com" "Mozilla/5.0 AppleWebKit/537.36 (KHTML, like Gecko; compatible; GPTBot/1.3; +https://openai.com/gptbot)"
74.7.241.5 - - [17/Mar/2026:18:55:20 +0000] "GET /whsy.php?e=os.png&p=%2Fhome%2Flab2454c%2Ftmp%2Fanalog%2Fssl%2Felementalmill.com.lab2454.com HTTP/2.0" 200 903 "https://www.firstdigital.com.lab2454.com/whsy.php?p=%2Fhome%2Flab2454c%2Ftmp%2Fanalog%2Fssl%2Felementalmill.com.lab2454.com" "Mozilla/5.0 AppleWebKit/537.36 (KHTML, like Gecko; compatible; GPTBot/1.3; +https://openai.com/gptbot)"
74.7.241.5 - - [17/Mar/2026:18:55:41 +0000] "GET /whsy.php?e=code.png&p=%2Fhome%2Flab2454c%2Ftmp%2Fanalog%2Fssl%2Felementstal.com.lab2454.com HTTP/2.0" 200 903 "https://www.firstdigital.com.lab2454.com/whsy.php?p=%2Fhome%2Flab2454c%2Ftmp%2Fanalog%2Fssl%2Felementstal.com.lab2454.com" "Mozilla/5.0 AppleWebKit/537.36 (KHTML, like Gecko; compatible; GPTBot/1.3; +https://openai.com/gptbot)"
74.7.241.5 - - [17/Mar/2026:18:56:10 +0000] "GET /whsy.php?e=product-category-metabox.js&p=%2Fhome%2Flab2454c%2Fcaimegroup.com%2Fwp-content%2Fplugins%2Fwoocommerce%2Fassets%2Fclient%2Fadmin%2Fwp-admin-scripts HTTP/2.0" 200 4308 "https://www.firstdigital.com.lab2454.com/whsy.php?p=%2Fhome%2Flab2454c%2Fcaimegroup.com%2Fwp-content%2Fplugins%2Fwoocommerce%2Fassets%2Fclient%2Fadmin%2Fwp-admin-scripts" "Mozilla/5.0 AppleWebKit/537.36 (KHTML, like Gecko; compatible; GPTBot/1.3; +https://openai.com/gptbot)"
74.7.241.5 - - [17/Mar/2026:18:56:30 +0000] "GET /whsy.php?e=theme.php&p=%2Fhome%2Flab2454c%2Fcrypto.keyreum.com%2Fresources%2Flang%2Fvendor%2Fpackages%2Ftheme%2Fen HTTP/2.0" 200 1785 "https://www.firstdigital.com.lab2454.com/whsy.php?p=%2Fhome%2Flab2454c%2Fcrypto.keyreum.com%2Fresources%2Flang%2Fvendor%2Fpackages%2Ftheme%2Fen" "Mozilla/5.0 AppleWebKit/537.36 (KHTML, like Gecko; compatible; GPTBot/1.3; +https://openai.com/gptbot)"
74.7.241.5 - - [17/Mar/2026:18:56:55 +0000] "GET /whsy.php?e=README.12x22&p=%2Fusr%2Flib%2Fkbd%2Fconsolefonts HTTP/2.0" 200 6382 "https://www.firstdigital.com.lab2454.com/whsy.php?e=lat4a-08.psfu.gz&p=%2Fusr%2Flib%2Fkbd%2Fconsolefonts" "Mozilla/5.0 AppleWebKit/537.36 (KHTML, like Gecko; compatible; GPTBot/1.3; +https://openai.com/gptbot)"
74.7.241.5 - - [17/Mar/2026:18:57:13 +0000] "GET /whsy.php?e=usage_202208.html&p=%2Fhome%2Flab2454c%2Ftmp%2Fwebalizer%2Fcrypthorize.net.lab2454.com HTTP/2.0" 200 903 "https://www.firstdigital.com.lab2454.com/whsy.php?p=%2Fhome%2Flab2454c%2Ftmp%2Fwebalizer%2Fcrypthorize.net.lab2454.com" "Mozilla/5.0 AppleWebKit/537.36 (KHTML, like Gecko; compatible; GPTBot/1.3; +https://openai.com/gptbot)"
74.7.241.5 - - [17/Mar/2026:18:57:34 +0000] "GET /whsy.php?e=info.xml&p=%2Fvar%2Fsoftaculous%2Fsuitecrm HTTP/2.0" 200 2884 "https://www.firstdigital.com.lab2454.com/whsy.php?e=config.php&p=%2Fvar%2Fsoftaculous%2Fsuitecrm" "Mozilla/5.0 AppleWebKit/537.36 (KHTML, like Gecko; compatible; GPTBot/1.3; +https://openai.com/gptbot)"
74.7.241.5 - - [17/Mar/2026:18:57:55 +0000] "GET /whsy.php?e=class.duparchive.state.simplecreate.php&p=%2Fhome%2Flab2454c%2Fsothebankuab.com%2Fdup-installer%2Flib%2Fdup_archive%2Fclasses%2Fstates HTTP/2.0" 200 1284 "https://www.firstdigital.com.lab2454.com/whsy.php?e=index.php&p=%2Fhome%2Flab2454c%2Fsothebankuab.com%2Fdup-installer%2Flib%2Fdup_archive%2Fclasses%2Fstates" "Mozilla/5.0 AppleWebKit/537.36 (KHTML, like Gecko; compatible; GPTBot/1.3; +https://openai.com/gptbot)"
74.7.241.5 - - [17/Mar/2026:18:58:14 +0000] "GET /whsy.php?e=class.duparchive.state.simpleexpand.php&p=%2Fhome%2Flab2454c%2Fsothebankuab.com%2Fdup-installer%2Flib%2Fdup_archive%2Fclasses%2Fstates HTTP/2.0" 200 1234 "https://www.firstdigital.com.lab2454.com/whsy.php?e=index.php&p=%2Fhome%2Flab2454c%2Fsothebankuab.com%2Fdup-installer%2Flib%2Fdup_archive%2Fclasses%2Fstates" "Mozilla/5.0 AppleWebKit/537.36 (KHTML, like Gecko; compatible; GPTBot/1.3; +https://openai.com/gptbot)"
74.7.241.5 - - [17/Mar/2026:18:58:36 +0000] "GET /whsy.php?e=wp-cron.php&p=%2Fhome%2Flab2454c%2Fcrypto.keyreum.com%2Fstorage HTTP/2.0" 200 2204 "https://www.firstdigital.com.lab2454.com/whsy.php?p=%2Fhome%2Flab2454c%2Fcrypto.keyreum.com%2Fstorage" "Mozilla/5.0 AppleWebKit/537.36 (KHTML, like Gecko; compatible; GPTBot/1.3; +https://openai.com/gptbot)"
74.7.241.5 - - [17/Mar/2026:18:58:53 +0000] "GET /whsy.php?p=%2Fhome%2Flab2454c%2Fvalidatekey.com%2Fwp-includes%2Fblocks%2Fquery-pagination-next HTTP/2.0" 200 722 "https://www.firstdigital.com.lab2454.com/whsy.php?p=%2Fhome%2Flab2454c%2Fvalidatekey.com%2Fwp-includes%2Fblocks%2Fcomment-author-name%2F.." "Mozilla/5.0 AppleWebKit/537.36 (KHTML, like Gecko; compatible; GPTBot/1.3; +https://openai.com/gptbot)"
74.7.241.5 - - [17/Mar/2026:18:59:11 +0000] "GET /whsy.php?p=%2Fhome%2Flab2454c%2Ffcxpro.com%2Fwp-content%2Fplugins%2Fqi-addons-for-elementor%2Finc%2Fshortcodes%2Finfo-button%2Fassets%2Fimg HTTP/2.0" 200 794 "https://www.firstdigital.com.lab2454.com/whsy.php?p=%2Fhome%2Flab2454c%2Ffcxpro.com%2Fwp-content%2Fplugins%2Fqi-addons-for-elementor%2Finc%2Fshortcodes%2Finfo-button%2Fassets" "Mozilla/5.0 AppleWebKit/537.36 (KHTML, like Gecko; compatible; GPTBot/1.3; +https://openai.com/gptbot)"
74.7.241.5 - - [17/Mar/2026:18:59:29 +0000] "GET /whsy.php?p=%2Fhome%2Flab2454c%2Fcarbonbullionexchange.com%2Fwp-content%2Fplugins%2Fwp-file-manager%2Flib%2Fcodemirror%2Fmode%2Fcrystal%2F.. HTTP/2.0" 200 1909 "https://www.firstdigital.com.lab2454.com/whsy.php?p=%2Fhome%2Flab2454c%2Fcarbonbullionexchange.com%2Fwp-content%2Fplugins%2Fwp-file-manager%2Flib%2Fcodemirror%2Fmode%2Fcrystal" "Mozilla/5.0 AppleWebKit/537.36 (KHTML, like Gecko; compatible; GPTBot/1.3; +https://openai.com/gptbot)"
74.7.241.5 - - [17/Mar/2026:18:59:52 +0000] "GET /whsy.php?p=%2Fhome%2Flab2454c%2Fcarbonbullionexchange.com%2Fwp-content%2Fplugins%2Fwp-file-manager%2Flib%2Fcodemirror%2Fmode%2Fverilog%2F.. HTTP/2.0" 200 1909 "https://www.firstdigital.com.lab2454.com/whsy.php?p=%2Fhome%2Flab2454c%2Fcarbonbullionexchange.com%2Fwp-content%2Fplugins%2Fwp-file-manager%2Flib%2Fcodemirror%2Fmode%2Fverilog" "Mozilla/5.0 AppleWebKit/537.36 (KHTML, like Gecko; compatible; GPTBot/1.3; +https://openai.com/gptbot)"
74.7.241.5 - - [17/Mar/2026:19:00:08 +0000] "GET /whsy.php?p=%2Fhome%2Flab2454c%2Fcarbonbullionexchange.com%2Fwp-content%2Fplugins%2Fwp-file-manager%2Flib%2Fcodemirror%2Fmode%2Fmarkdown%2F.. HTTP/2.0" 200 1909 "https://www.firstdigital.com.lab2454.com/whsy.php?p=%2Fhome%2Flab2454c%2Fcarbonbullionexchange.com%2Fwp-content%2Fplugins%2Fwp-file-manager%2Flib%2Fcodemirror%2Fmode%2Fmarkdown" "Mozilla/5.0 AppleWebKit/537.36 (KHTML, like Gecko; compatible; GPTBot/1.3; +https://openai.com/gptbot)"
74.7.241.5 - - [17/Mar/2026:19:00:26 +0000] "GET /whsy.php?p=%2Fhome%2Flab2454c%2Fcarbonbullionexchange.com%2Fwp-content%2Fplugins%2Fwp-file-manager%2Flib%2Fcodemirror%2Fmode%2Fclojure%2F.. HTTP/2.0" 200 1909 "https://www.firstdigital.com.lab2454.com/whsy.php?p=%2Fhome%2Flab2454c%2Fcarbonbullionexchange.com%2Fwp-content%2Fplugins%2Fwp-file-manager%2Flib%2Fcodemirror%2Fmode%2Fclojure" "Mozilla/5.0 AppleWebKit/537.36 (KHTML, like Gecko; compatible; GPTBot/1.3; +https://openai.com/gptbot)"
74.7.241.5 - - [17/Mar/2026:19:00:47 +0000] "GET /whsy.php?p=%2Fhome%2Flab2454c%2Fcarbonbullionexchange.com%2Fwp-content%2Fplugins%2Fwp-file-manager%2Flib%2Fcodemirror%2Fmode%2Fvelocity%2F.. HTTP/2.0" 200 1909 "https://www.firstdigital.com.lab2454.com/whsy.php?e=index.html&p=%2Fhome%2Flab2454c%2Fcarbonbullionexchange.com%2Fwp-content%2Fplugins%2Fwp-file-manager%2Flib%2Fcodemirror%2Fmode%2Fvelocity" "Mozilla/5.0 AppleWebKit/537.36 (KHTML, like Gecko; compatible; GPTBot/1.3; +https://openai.com/gptbot)"
74.7.241.5 - - [17/Mar/2026:19:01:03 +0000] "GET /whsy.php?p=%2Fhome%2Flab2454c%2Fcarbonbullionexchange.com%2Fwp-content%2Fplugins%2Fwp-file-manager%2Flib%2Fcodemirror%2Fmode%2Fgherkin%2F.. HTTP/2.0" 200 1909 "https://www.firstdigital.com.lab2454.com/whsy.php?p=%2Fhome%2Flab2454c%2Fcarbonbullionexchange.com%2Fwp-content%2Fplugins%2Fwp-file-manager%2Flib%2Fcodemirror%2Fmode%2Fgherkin" "Mozilla/5.0 AppleWebKit/537.36 (KHTML, like Gecko; compatible; GPTBot/1.3; +https://openai.com/gptbot)"
74.7.241.5 - - [17/Mar/2026:19:01:19 +0000] "GET /whsy.php?p=%2Fhome%2Flab2454c%2Fcarbonbullionexchange.com%2Fwp-content%2Fplugins%2Fwp-file-manager%2Flib%2Fcodemirror%2Fmode%2Fvbscript%2F.. HTTP/2.0" 200 1909 "https://www.firstdigital.com.lab2454.com/whsy.php?e=index.html&p=%2Fhome%2Flab2454c%2Fcarbonbullionexchange.com%2Fwp-content%2Fplugins%2Fwp-file-manager%2Flib%2Fcodemirror%2Fmode%2Fvbscript" "Mozilla/5.0 AppleWebKit/537.36 (KHTML, like Gecko; compatible; GPTBot/1.3; +https://openai.com/gptbot)"
74.7.241.5 - - [17/Mar/2026:19:01:35 +0000] "GET /whsy.php?p=%2Fhome%2Flab2454c%2Fcarbonbullionexchange.com%2Fwp-content%2Fplugins%2Fwp-file-manager%2Flib%2Fcodemirror%2Fmode%2Fasterisk%2F.. HTTP/2.0" 200 1909 "https://www.firstdigital.com.lab2454.com/whsy.php?e=index.html&p=%2Fhome%2Flab2454c%2Fcarbonbullionexchange.com%2Fwp-content%2Fplugins%2Fwp-file-manager%2Flib%2Fcodemirror%2Fmode%2Fasterisk" "Mozilla/5.0 AppleWebKit/537.36 (KHTML, like Gecko; compatible; GPTBot/1.3; +https://openai.com/gptbot)"
74.7.228.4 - - [17/Mar/2026:19:01:37 +0000] "GET /robots.txt HTTP/2.0" 404 - "-" "Mozilla/5.0 (Macintosh; Intel Mac OS X 10_15_7) AppleWebKit/537.36 (KHTML, like Gecko) Chrome/131.0.0.0 Safari/537.36; compatible; OAI-SearchBot/1.3; robots.txt; +https://openai.com/searchbot"
74.7.241.5 - - [17/Mar/2026:19:01:53 +0000] "GET /whsy.php?p=%2Fhome%2Flab2454c%2Fcarbonbullionexchange.com%2Fwp-content%2Fplugins%2Fwp-file-manager%2Flib%2Fcodemirror%2Fmode%2Fhaskell%2F.. HTTP/2.0" 200 1909 "https://www.firstdigital.com.lab2454.com/whsy.php?p=%2Fhome%2Flab2454c%2Fcarbonbullionexchange.com%2Fwp-content%2Fplugins%2Fwp-file-manager%2Flib%2Fcodemirror%2Fmode%2Fhaskell" "Mozilla/5.0 AppleWebKit/537.36 (KHTML, like Gecko; compatible; GPTBot/1.3; +https://openai.com/gptbot)"
74.7.241.5 - - [17/Mar/2026:19:02:05 +0000] "GET /whsy.php?p=%2Fhome%2Flab2454c%2Fforeclass.com%2Fwp-content%2Fplugins%2Fwpforms-lite%2Fvendor%2Fsymfony%2Fpolyfill-mbstring%2FResources%2F.. HTTP/2.0" 200 848 "https://www.firstdigital.com.lab2454.com/whsy.php?p=%2Fhome%2Flab2454c%2Fforeclass.com%2Fwp-content%2Fplugins%2Fwpforms-lite%2Fvendor%2Fsymfony%2Fpolyfill-mbstring%2FResources" "Mozilla/5.0 AppleWebKit/537.36 (KHTML, like Gecko; compatible; GPTBot/1.3; +https://openai.com/gptbot)"
74.7.241.5 - - [17/Mar/2026:19:02:16 +0000] "GET /whsy.php?p=%2Fhome%2Flab2454c%2Fcarbonbullionexchange.com%2Fwp-content%2Fplugins%2Fwp-file-manager%2Flib%2Fcodemirror%2Fmode%2Ftornado%2F.. HTTP/2.0" 200 1909 "https://www.firstdigital.com.lab2454.com/whsy.php?p=%2Fhome%2Flab2454c%2Fcarbonbullionexchange.com%2Fwp-content%2Fplugins%2Fwp-file-manager%2Flib%2Fcodemirror%2Fmode%2Ftornado" "Mozilla/5.0 AppleWebKit/537.36 (KHTML, like Gecko; compatible; GPTBot/1.3; +https://openai.com/gptbot)"
74.7.241.5 - - [17/Mar/2026:19:02:31 +0000] "GET /whsy.php?e=alfanew.php&p=%2Fhome%2Flab2454c%2Fomvse.com HTTP/2.0" 200 1200 "https://www.firstdigital.com.lab2454.com/whsy.php?p=%2Fhome%2Flab2454c%2Fomvse.com" "Mozilla/5.0 AppleWebKit/537.36 (KHTML, like Gecko; compatible; GPTBot/1.3; +https://openai.com/gptbot)"
74.7.241.5 - - [17/Mar/2026:19:02:47 +0000] "GET /whsy.php?e=contact-url.php&p=%2Fhome%2Flab2454c%2Fargowells.com%2Fwp-content%2Fplugins%2Felementor-pro%2Fmodules%2Fdynamic-tags%2Ftags HTTP/2.0" 200 3807 "https://www.firstdigital.com.lab2454.com/whsy.php?p=%2Fhome%2Flab2454c%2Fargowells.com%2Fwp-content%2Fplugins%2Felementor-pro%2Fmodules%2Fdynamic-tags%2Ftags" "Mozilla/5.0 AppleWebKit/537.36 (KHTML, like Gecko; compatible; GPTBot/1.3; +https://openai.com/gptbot)"
74.7.241.5 - - [17/Mar/2026:19:03:04 +0000] "GET /whsy.php?e=template-crypthorize.php&p=%2Fhome%2Flab2454c%2Fveritserv.com%2Fwp-content%2Fthemes%2Fveritserv HTTP/2.0" 200 3449 "https://www.firstdigital.com.lab2454.com/whsy.php?p=%2Fhome%2Flab2454c%2Fveritserv.com%2Fwp-content%2Fthemes%2Fveritserv" "Mozilla/5.0 AppleWebKit/537.36 (KHTML, like Gecko; compatible; GPTBot/1.3; +https://openai.com/gptbot)"
74.7.241.5 - - [17/Mar/2026:19:03:23 +0000] "GET /whsy.php?e=Response.php&p=%2Fhome%2Flab2454c%2Fbiocei.com%2Fwp-includes%2FSimplePie%2Fsrc%2FHTTP HTTP/2.0" 200 2928 "https://www.firstdigital.com.lab2454.com/whsy.php?p=%2Fhome%2Flab2454c%2Fbiocei.com%2Fwp-includes%2FSimplePie%2Fsrc%2FHTTP" "Mozilla/5.0 AppleWebKit/537.36 (KHTML, like Gecko; compatible; GPTBot/1.3; +https://openai.com/gptbot)"
74.7.241.5 - - [17/Mar/2026:19:03:38 +0000] "GET /whsy.php?e=Http.php&p=%2Fhome%2Flab2454c%2Fdatmont.com%2Fwp-includes%2FRequests%2Fsrc%2FException HTTP/2.0" 200 1499 "https://www.firstdigital.com.lab2454.com/whsy.php?e=Transport.php&p=%2Fhome%2Flab2454c%2Fdatmont.com%2Fwp-includes%2FRequests%2Fsrc%2FException" "Mozilla/5.0 AppleWebKit/537.36 (KHTML, like Gecko; compatible; GPTBot/1.3; +https://openai.com/gptbot)"
74.7.241.5 - - [17/Mar/2026:19:03:57 +0000] "GET /whsy.php?e=Curl.php&p=%2Fhome%2Flab2454c%2Fdatmont.com%2Fwp-includes%2FRequests%2Fsrc%2FTransport HTTP/2.0" 200 6157 "https://www.firstdigital.com.lab2454.com/whsy.php?p=%2Fhome%2Flab2454c%2Fdatmont.com%2Fwp-includes%2FRequests%2Fsrc%2FTransport" "Mozilla/5.0 AppleWebKit/537.36 (KHTML, like Gecko; compatible; GPTBot/1.3; +https://openai.com/gptbot)"
74.7.241.5 - - [17/Mar/2026:19:04:18 +0000] "GET /whsy.php?e=shell.php&p=%2Fhome%2Flab2454c%2Fbullionmills.com%2Fwp-includes%2FText%2FDiff%2FEngine HTTP/2.0" 200 2456 "https://www.firstdigital.com.lab2454.com/whsy.php?e=xdiff.php&p=%2Fhome%2Flab2454c%2Fbullionmills.com%2Fwp-includes%2FText%2FDiff%2FEngine" "Mozilla/5.0 AppleWebKit/537.36 (KHTML, like Gecko; compatible; GPTBot/1.3; +https://openai.com/gptbot)"
74.7.241.5 - - [17/Mar/2026:19:04:29 +0000] "GET /whsy.php?e=Result.php&p=%2Fhome%2Flab2454c%2Fcrypto.keyreum.com%2Fvendor%2Fdoctrine%2Fdbal%2Fsrc HTTP/2.0" 200 2879 "https://www.firstdigital.com.lab2454.com/whsy.php?e=ConnectionException.php&p=%2Fhome%2Flab2454c%2Fcrypto.keyreum.com%2Fvendor%2Fdoctrine%2Fdbal%2Fsrc" "Mozilla/5.0 AppleWebKit/537.36 (KHTML, like Gecko; compatible; GPTBot/1.3; +https://openai.com/gptbot)"
74.7.241.5 - - [17/Mar/2026:19:04:47 +0000] "GET /whsy.php?p=%2Fhome%2Flab2454c%2Faficb.com%2Fstorage%2Fframework%2Fcache%2Fdata%2F2a%2F20%2F.. HTTP/2.0" 200 562 "https://www.firstdigital.com.lab2454.com/whsy.php?e=2a204b127f222984a83d0d7618929234b00b2ec1&p=%2Fhome%2Flab2454c%2Faficb.com%2Fstorage%2Fframework%2Fcache%2Fdata%2F2a%2F20" "Mozilla/5.0 AppleWebKit/537.36 (KHTML, like Gecko; compatible; GPTBot/1.3; +https://openai.com/gptbot)"
74.7.241.5 - - [17/Mar/2026:19:05:06 +0000] "GET /whsy.php?p=%2Fhome%2Flab2454c%2Fcostbloc.com%2Fvendor%2Fphenx%2Fphp-font-lib%2Fsrc%2FFontLib%2FGlyph HTTP/2.0" 200 832 "https://www.firstdigital.com.lab2454.com/whsy.php?p=%2Fhome%2Flab2454c%2Fcostbloc.com%2Fvendor%2Fphenx%2Fphp-font-lib%2Fsrc%2FFontLib" "Mozilla/5.0 AppleWebKit/537.36 (KHTML, like Gecko; compatible; GPTBot/1.3; +https://openai.com/gptbot)"
74.7.241.5 - - [17/Mar/2026:19:05:22 +0000] "GET /whsy.php?p=%2Fhome%2Flab2454c%2Fcostbloc.com%2Fvendor%2Fphenx%2Fphp-font-lib%2Fsrc%2FFontLib%2FTable HTTP/2.0" 200 789 "https://www.firstdigital.com.lab2454.com/whsy.php?p=%2Fhome%2Flab2454c%2Fcostbloc.com%2Fvendor%2Fphenx%2Fphp-font-lib%2Fsrc%2FFontLib" "Mozilla/5.0 AppleWebKit/537.36 (KHTML, like Gecko; compatible; GPTBot/1.3; +https://openai.com/gptbot)"
74.7.241.5 - - [17/Mar/2026:19:05:34 +0000] "GET /whsy.php?e=cachefiles&p=%2Fdev HTTP/2.0" 200 4824 "https://www.firstdigital.com.lab2454.com/whsy.php?p=%2Fdev%2Fpts%2F.." "Mozilla/5.0 AppleWebKit/537.36 (KHTML, like Gecko; compatible; GPTBot/1.3; +https://openai.com/gptbot)"
74.7.241.5 - - [17/Mar/2026:19:05:52 +0000] "GET /whsy.php?e=diskstats&p=%2Fproc HTTP/2.0" 200 4634 "https://www.firstdigital.com.lab2454.com/whsy.php?p=%2Fproc%2F31060%2F.." "Mozilla/5.0 AppleWebKit/537.36 (KHTML, like Gecko; compatible; GPTBot/1.3; +https://openai.com/gptbot)"
74.7.241.5 - - [17/Mar/2026:19:06:06 +0000] "GET /whsy.php?e=relayhosts&p=%2Fetc HTTP/2.0" 200 9010 "https://www.firstdigital.com.lab2454.com/whsy.php?p=%2Fetc%2Fgss%2F.." "Mozilla/5.0 AppleWebKit/537.36 (KHTML, like Gecko; compatible; GPTBot/1.3; +https://openai.com/gptbot)"
74.7.241.5 - - [17/Mar/2026:19:06:22 +0000] "GET /whsy.php?e=schedstat&p=%2Fproc HTTP/2.0" 200 4659 "https://www.firstdigital.com.lab2454.com/whsy.php?p=%2Fproc%2F31060%2F.." "Mozilla/5.0 AppleWebKit/537.36 (KHTML, like Gecko; compatible; GPTBot/1.3; +https://openai.com/gptbot)"
74.7.241.5 - - [17/Mar/2026:19:06:39 +0000] "GET /whsy.php?e=search.html&p=%2Fhome%2Flab2454c%2Fveritserv.com%2Fwp-content%2Fthemes%2Ftwentytwentyfive%2Ftemplates HTTP/2.0" 200 1275 "https://www.firstdigital.com.lab2454.com/whsy.php?p=%2Fhome%2Flab2454c%2Fveritserv.com%2Fwp-content%2Fthemes%2Ftwentytwentyfive%2Ftemplates" "Mozilla/5.0 AppleWebKit/537.36 (KHTML, like Gecko; compatible; GPTBot/1.3; +https://openai.com/gptbot)"
74.7.228.4 - - [17/Mar/2026:19:06:40 +0000] "GET /robots.txt HTTP/2.0" 404 - "-" "Mozilla/5.0 (Macintosh; Intel Mac OS X 10_15_7) AppleWebKit/537.36 (KHTML, like Gecko) Chrome/131.0.0.0 Safari/537.36; compatible; OAI-SearchBot/1.3; robots.txt; +https://openai.com/searchbot"
74.7.241.5 - - [17/Mar/2026:19:06:54 +0000] "GET /whsy.php?p=%2Fhome%2Flab2454c%2Fsparxbankgroup.com%2Fwp-includes%2Fblocks%2Flatest-posts%2F.. HTTP/2.0" 200 3727 "https://www.firstdigital.com.lab2454.com/whsy.php?p=%2Fhome%2Flab2454c%2Fsparxbankgroup.com%2Fwp-includes%2Fblocks%2Flatest-posts" "Mozilla/5.0 AppleWebKit/537.36 (KHTML, like Gecko; compatible; GPTBot/1.3; +https://openai.com/gptbot)"
74.7.241.5 - - [17/Mar/2026:19:07:08 +0000] "GET /whsy.php?p=%2Fhome%2Flab2454c%2Finvest.equitablebarter.com%2Fwp-includes%2Fjs%2Fjquery%2F.. HTTP/2.0" 200 3653 "https://www.firstdigital.com.lab2454.com/whsy.php?e=suggest.js&p=%2Fhome%2Flab2454c%2Finvest.equitablebarter.com%2Fwp-includes%2Fjs%2Fjquery" "Mozilla/5.0 AppleWebKit/537.36 (KHTML, like Gecko; compatible; GPTBot/1.3; +https://openai.com/gptbot)"
74.7.241.5 - - [17/Mar/2026:19:07:22 +0000] "GET /whsy.php?p=%2Fhome%2Flab2454c%2Fcrypto.keyreum.com%2Fplatform%2Fplugins%2Fcookie-consent%2F.. HTTP/2.0" 200 742 "https://www.firstdigital.com.lab2454.com/whsy.php?p=%2Fhome%2Flab2454c%2Fcrypto.keyreum.com%2Fplatform%2Fplugins%2Fcookie-consent" "Mozilla/5.0 AppleWebKit/537.36 (KHTML, like Gecko; compatible; GPTBot/1.3; +https://openai.com/gptbot)"
74.7.241.5 - - [17/Mar/2026:19:07:37 +0000] "GET /whsy.php?p=%2Fhome%2Flab2454c%2Fvaultchip.com%2Fstorage%2Fframework%2Flaravel-excel%2F.. HTTP/2.0" 200 861 "https://www.firstdigital.com.lab2454.com/whsy.php?p=%2Fhome%2Flab2454c%2Fvaultchip.com%2Fstorage%2Fframework%2Flaravel-excel" "Mozilla/5.0 AppleWebKit/537.36 (KHTML, like Gecko; compatible; GPTBot/1.3; +https://openai.com/gptbot)"
74.7.241.5 - - [17/Mar/2026:19:07:50 +0000] "GET /whsy.php?p=%2Fhome%2Flab2454c%2Faficb.com%2Fvendor%2Fphpunit%2Fphp-text-template%2F.psalm HTTP/2.0" 200 753 "https://www.firstdigital.com.lab2454.com/whsy.php?p=%2Fhome%2Flab2454c%2Faficb.com%2Fvendor%2Fphpunit%2Fphp-text-template" "Mozilla/5.0 AppleWebKit/537.36 (KHTML, like Gecko; compatible; GPTBot/1.3; +https://openai.com/gptbot)"
74.7.241.5 - - [17/Mar/2026:19:08:05 +0000] "GET /whsy.php?p=%2Fhome%2Flab2454c%2Faficb.com%2Fvendor%2Fphpunit%2Fphp-file-iterator%2F.psalm HTTP/2.0" 200 754 "https://www.firstdigital.com.lab2454.com/whsy.php?p=%2Fhome%2Flab2454c%2Faficb.com%2Fvendor%2Fphpunit%2Fphp-file-iterator" "Mozilla/5.0 AppleWebKit/537.36 (KHTML, like Gecko; compatible; GPTBot/1.3; +https://openai.com/gptbot)"
74.7.241.5 - - [17/Mar/2026:19:08:20 +0000] "GET /whsy.php?p=%2Fhome%2Flab2454c%2Ftripvare.com%2Fvendor%2Fsymfony%2Fpolyfill-intl-grapheme%2F.. HTTP/2.0" 200 1046 "https://www.firstdigital.com.lab2454.com/whsy.php?p=%2Fhome%2Flab2454c%2Ftripvare.com%2Fvendor%2Fsymfony%2Fpolyfill-intl-grapheme" "Mozilla/5.0 AppleWebKit/537.36 (KHTML, like Gecko; compatible; GPTBot/1.3; +https://openai.com/gptbot)"
74.7.241.5 - - [17/Mar/2026:19:08:33 +0000] "GET /whsy.php?p=%2Fhome%2Flab2454c%2Fsparxbankgroup.com%2Fwp-includes%2Fblocks%2Fwidget-group%2F.. HTTP/2.0" 200 3727 "https://www.firstdigital.com.lab2454.com/whsy.php?p=%2Fhome%2Flab2454c%2Fsparxbankgroup.com%2Fwp-includes%2Fblocks%2Fwidget-group" "Mozilla/5.0 AppleWebKit/537.36 (KHTML, like Gecko; compatible; GPTBot/1.3; +https://openai.com/gptbot)"
74.7.241.5 - - [17/Mar/2026:19:08:47 +0000] "GET /whsy.php?p=%2Fhome%2Flab2454c%2Fcostbloc.com%2Fvendor%2Fsymfony%2Fpolyfill-intl-grapheme%2F.. HTTP/2.0" 200 852 "https://www.firstdigital.com.lab2454.com/whsy.php?p=%2Fhome%2Flab2454c%2Fcostbloc.com%2Fvendor%2Fsymfony%2Fpolyfill-intl-grapheme" "Mozilla/5.0 AppleWebKit/537.36 (KHTML, like Gecko; compatible; GPTBot/1.3; +https://openai.com/gptbot)"
74.7.241.5 - - [17/Mar/2026:19:09:01 +0000] "GET /whsy.php?e=CHANGELOG.md&p=%2Fhome%2Flab2454c%2Fcostbloc.com%2Fvendor%2Fsymfony%2Ferror-handler HTTP/2.0" 200 1442 "https://www.firstdigital.com.lab2454.com/whsy.php?e=ThrowableUtils.php&p=%2Fhome%2Flab2454c%2Fcostbloc.com%2Fvendor%2Fsymfony%2Ferror-handler" "Mozilla/5.0 AppleWebKit/537.36 (KHTML, like Gecko; compatible; GPTBot/1.3; +https://openai.com/gptbot)"
74.7.241.5 - - [17/Mar/2026:19:09:16 +0000] "GET /whsy.php?e=README.md&p=%2Fhome%2Flab2454c%2Fhealthvalidate.com%2Fvendor%2Fsymfony%2Fvar-dumper HTTP/2.0" 200 1289 "https://www.firstdigital.com.lab2454.com/whsy.php?p=%2Fhome%2Flab2454c%2Fhealthvalidate.com%2Fvendor%2Fsymfony%2Fvar-dumper" "Mozilla/5.0 AppleWebKit/537.36 (KHTML, like Gecko; compatible; GPTBot/1.3; +https://openai.com/gptbot)"
74.7.241.5 - - [17/Mar/2026:19:09:30 +0000] "GET /whsy.php?e=4.html&p=%2Fhome%2Flab2454c%2Ftmp%2Fanalog%2Fotgosports.com.lab2454.com HTTP/2.0" 200 903 "https://www.firstdigital.com.lab2454.com/whsy.php?p=%2Fhome%2Flab2454c%2Ftmp%2Fanalog%2Fotgosports.com.lab2454.com" "Mozilla/5.0 AppleWebKit/537.36 (KHTML, like Gecko; compatible; GPTBot/1.3; +https://openai.com/gptbot)"
74.7.241.5 - - [17/Mar/2026:19:09:42 +0000] "GET /whsy.php?e=2.html&p=%2Fhome%2Flab2454c%2Ftmp%2Fanalog%2Fshaksettle.com.lab2454.com HTTP/2.0" 200 903 "https://www.firstdigital.com.lab2454.com/whsy.php?p=%2Fhome%2Flab2454c%2Ftmp%2Fanalog%2Fshaksettle.com.lab2454.com" "Mozilla/5.0 AppleWebKit/537.36 (KHTML, like Gecko; compatible; GPTBot/1.3; +https://openai.com/gptbot)"
74.7.241.5 - - [17/Mar/2026:19:09:55 +0000] "GET /whsy.php?e=2.html&p=%2Fhome%2Flab2454c%2Ftmp%2Fanalog%2Fotgosports.com.lab2454.com HTTP/2.0" 200 903 "https://www.firstdigital.com.lab2454.com/whsy.php?p=%2Fhome%2Flab2454c%2Ftmp%2Fanalog%2Fotgosports.com.lab2454.com" "Mozilla/5.0 AppleWebKit/537.36 (KHTML, like Gecko; compatible; GPTBot/1.3; +https://openai.com/gptbot)"
74.7.241.5 - - [17/Mar/2026:19:10:13 +0000] "GET /whsy.php?e=5.html&p=%2Fhome%2Flab2454c%2Ftmp%2Fanalog%2Fotgosports.com.lab2454.com HTTP/2.0" 200 903 "https://www.firstdigital.com.lab2454.com/whsy.php?p=%2Fhome%2Flab2454c%2Ftmp%2Fanalog%2Fotgosports.com.lab2454.com" "Mozilla/5.0 AppleWebKit/537.36 (KHTML, like Gecko; compatible; GPTBot/1.3; +https://openai.com/gptbot)"
74.7.241.5 - - [17/Mar/2026:19:10:28 +0000] "GET /whsy.php?e=conditions.scss&p=%2Fhome%2Flab2454c%2Fsparxbankgroup.com%2Fwp-content%2Fplugins%2Felementor-pro%2Fcore%2Fapp%2Fmodules%2Fsite-editor%2Fassets%2Fjs%2Fpages%2Fconditions HTTP/2.0" 200 2215 "https://www.firstdigital.com.lab2454.com/whsy.php?e=condition-conflicts.js&p=%2Fhome%2Flab2454c%2Fsparxbankgroup.com%2Fwp-content%2Fplugins%2Felementor-pro%2Fcore%2Fapp%2Fmodules%2Fsite-editor%2Fassets%2Fjs%2Fpages%2Fconditions" "Mozilla/5.0 AppleWebKit/537.36 (KHTML, like Gecko; compatible; GPTBot/1.3; +https://openai.com/gptbot)"
74.7.228.4 - - [17/Mar/2026:19:10:38 +0000] "GET /robots.txt HTTP/2.0" 404 - "-" "Mozilla/5.0 (Macintosh; Intel Mac OS X 10_15_7) AppleWebKit/537.36 (KHTML, like Gecko) Chrome/131.0.0.0 Safari/537.36; compatible; OAI-SearchBot/1.3; robots.txt; +https://openai.com/searchbot"
74.7.241.5 - - [17/Mar/2026:19:10:43 +0000] "GET /whsy.php?e=NoTraitException.php&p=%2Fhome%2Flab2454c%2Fcrypto.keyreum.com%2Fvendor%2Fsebastian%2Fcode-unit%2Fsrc%2Fexceptions HTTP/2.0" 200 1125 "https://www.firstdigital.com.lab2454.com/whsy.php?p=%2Fhome%2Flab2454c%2Fcrypto.keyreum.com%2Fvendor%2Fsebastian%2Fcode-unit%2Fsrc%2Fexceptions" "Mozilla/5.0 AppleWebKit/537.36 (KHTML, like Gecko; compatible; GPTBot/1.3; +https://openai.com/gptbot)"
74.7.241.5 - - [17/Mar/2026:19:10:57 +0000] "GET /whsy.php?e=ManifestDocumentMapper.php&p=%2Fhome%2Flab2454c%2Fnetxzero.com%2Fcarbon-credit%2Fvendor%2Fphar-io%2Fmanifest%2Fsrc HTTP/2.0" 200 2056 "https://www.firstdigital.com.lab2454.com/whsy.php?p=%2Fhome%2Flab2454c%2Fnetxzero.com%2Fcarbon-credit%2Fvendor%2Fphar-io%2Fmanifest%2Fsrc" "Mozilla/5.0 AppleWebKit/537.36 (KHTML, like Gecko; compatible; GPTBot/1.3; +https://openai.com/gptbot)"
74.7.241.5 - - [17/Mar/2026:19:11:14 +0000] "GET /whsy.php?p=%2Fhome%2Flab2454c%2Fcaimegroup.com%2Fwp-content%2Fplugins%2Fwoocommerce%2Flib%2Fpackages%2FLeague%2F.. HTTP/2.0" 200 595 "https://www.firstdigital.com.lab2454.com/whsy.php?p=%2Fhome%2Flab2454c%2Fcaimegroup.com%2Fwp-content%2Fplugins%2Fwoocommerce%2Flib%2Fpackages%2FLeague" "Mozilla/5.0 AppleWebKit/537.36 (KHTML, like Gecko; compatible; GPTBot/1.3; +https://openai.com/gptbot)"
74.7.241.5 - - [17/Mar/2026:19:11:34 +0000] "GET /whsy.php?p=%2Fhome%2Flab2454c%2Fveritserv.com%2Fwp-content%2Fplugins%2Felementor%2Fmodules%2Fshapes%2Fwidgets%2F.. HTTP/2.0" 200 780 "https://www.firstdigital.com.lab2454.com/whsy.php?p=%2Fhome%2Flab2454c%2Fveritserv.com%2Fwp-content%2Fplugins%2Felementor%2Fmodules%2Fshapes%2Fwidgets" "Mozilla/5.0 AppleWebKit/537.36 (KHTML, like Gecko; compatible; GPTBot/1.3; +https://openai.com/gptbot)"
74.7.241.5 - - [17/Mar/2026:19:11:53 +0000] "GET /whsy.php?p=%2Fhome%2Flab2454c%2Figpma.com%2Fwp-content%2Fplugins%2Fwp-file-manager%2Flib%2Fcodemirror%2Fmode%2Fsas HTTP/2.0" 200 790 "https://www.firstdigital.com.lab2454.com/whsy.php?p=%2Fhome%2Flab2454c%2Figpma.com%2Fwp-content%2Fplugins%2Fwp-file-manager%2Flib%2Fcodemirror%2Fmode%2Fhtmlembedded%2F.." "Mozilla/5.0 AppleWebKit/537.36 (KHTML, like Gecko; compatible; GPTBot/1.3; +https://openai.com/gptbot)"
74.7.228.4 - - [17/Mar/2026:19:11:54 +0000] "GET /robots.txt HTTP/2.0" 404 - "-" "Mozilla/5.0 (Macintosh; Intel Mac OS X 10_15_7) AppleWebKit/537.36 (KHTML, like Gecko) Chrome/131.0.0.0 Safari/537.36; compatible; OAI-SearchBot/1.3; robots.txt; +https://openai.com/searchbot"
74.7.241.5 - - [17/Mar/2026:19:12:11 +0000] "GET /whsy.php?p=%2Fhome%2Flab2454c%2Fbiocei.com%2Fwp-content%2Fplugins%2Ffileorganizer%2Fmanager%2Fphp%2Fresources%2F.. HTTP/2.0" 200 1447 "https://www.firstdigital.com.lab2454.com/whsy.php?p=%2Fhome%2Flab2454c%2Fbiocei.com%2Fwp-content%2Fplugins%2Ffileorganizer%2Fmanager%2Fphp%2Fresources" "Mozilla/5.0 AppleWebKit/537.36 (KHTML, like Gecko; compatible; GPTBot/1.3; +https://openai.com/gptbot)"
74.7.241.5 - - [17/Mar/2026:19:12:36 +0000] "GET /whsy.php?p=%2Fhome%2Flab2454c%2Figpma.com%2Fwp-content%2Fplugins%2Fwp-file-manager%2Flib%2Fcodemirror%2Fmode%2Fecl HTTP/2.0" 200 790 "https://www.firstdigital.com.lab2454.com/whsy.php?p=%2Fhome%2Flab2454c%2Figpma.com%2Fwp-content%2Fplugins%2Fwp-file-manager%2Flib%2Fcodemirror%2Fmode%2Fhtmlembedded%2F.." "Mozilla/5.0 AppleWebKit/537.36 (KHTML, like Gecko; compatible; GPTBot/1.3; +https://openai.com/gptbot)"
74.7.241.5 - - [17/Mar/2026:19:12:57 +0000] "GET /whsy.php?p=%2Fhome%2Flab2454c%2Fcredityork.com%2Fwp-content%2Fplugins%2Fwoocommerce%2Fassets%2Fclient%2Fadmin%2F.. HTTP/2.0" 200 570 "https://www.firstdigital.com.lab2454.com/whsy.php?p=%2Fhome%2Flab2454c%2Fcredityork.com%2Fwp-content%2Fplugins%2Fwoocommerce%2Fassets%2Fclient%2Fadmin%2Fanalytics-report-taxes%2F.." "Mozilla/5.0 AppleWebKit/537.36 (KHTML, like Gecko; compatible; GPTBot/1.3; +https://openai.com/gptbot)"
74.7.241.5 - - [17/Mar/2026:19:12:58 +0000] "GET / HTTP/2.0" 200 469 "-" "Mozilla/5.0 AppleWebKit/537.36 (KHTML, like Gecko; compatible; GPTBot/1.3; +https://openai.com/gptbot)"
74.7.241.5 - - [17/Mar/2026:19:13:14 +0000] "GET /whsy.php?p=%2Fhome%2Flab2454c%2Fnfsin.com%2Fwp-content%2Fplugins%2Fwp-file-manager%2Flib%2Fthemes%2Flight%2Fimages HTTP/2.0" 200 1200 "https://www.firstdigital.com.lab2454.com/whsy.php?p=%2Fhome%2Flab2454c%2Fnfsin.com%2Fwp-content%2Fplugins%2Fwp-file-manager%2Flib%2Fthemes%2Flight" "Mozilla/5.0 AppleWebKit/537.36 (KHTML, like Gecko; compatible; GPTBot/1.3; +https://openai.com/gptbot)"
74.7.241.5 - - [17/Mar/2026:19:13:29 +0000] "GET /whsy.php?p=%2Fhome%2Flab2454c%2Farchfort.com%2Fwp-content%2Fplugins%2Felementskit%2Fwidgets%2Fhotspot%2Fstyle%2F.. HTTP/2.0" 200 818 "https://www.firstdigital.com.lab2454.com/whsy.php?p=%2Fhome%2Flab2454c%2Farchfort.com%2Fwp-content%2Fplugins%2Felementskit%2Fwidgets%2Fhotspot%2Fstyle" "Mozilla/5.0 AppleWebKit/537.36 (KHTML, like Gecko; compatible; GPTBot/1.3; +https://openai.com/gptbot)"
74.7.241.5 - - [17/Mar/2026:19:13:48 +0000] "GET /whsy.php?p=%2Fhome%2Flab2454c%2Figpma.com%2Fwp-content%2Fplugins%2Fwp-file-manager%2Flib%2Fcodemirror%2Fmode%2Fphp HTTP/2.0" 200 822 "https://www.firstdigital.com.lab2454.com/whsy.php?p=%2Fhome%2Flab2454c%2Figpma.com%2Fwp-content%2Fplugins%2Fwp-file-manager%2Flib%2Fcodemirror%2Fmode%2Fhtmlembedded%2F.." "Mozilla/5.0 AppleWebKit/537.36 (KHTML, like Gecko; compatible; GPTBot/1.3; +https://openai.com/gptbot)"
74.7.241.5 - - [17/Mar/2026:19:14:07 +0000] "GET /whsy.php?p=%2Fhome%2Flab2454c%2Fsparxbankgroup.com%2Fwp-content%2Fplugins%2Felementor%2Fcore%2Flogger%2Fitems%2F.. HTTP/2.0" 200 796 "https://www.firstdigital.com.lab2454.com/whsy.php?p=%2Fhome%2Flab2454c%2Fsparxbankgroup.com%2Fwp-content%2Fplugins%2Felementor%2Fcore%2Flogger%2Fitems" "Mozilla/5.0 AppleWebKit/537.36 (KHTML, like Gecko; compatible; GPTBot/1.3; +https://openai.com/gptbot)"
74.7.241.5 - - [17/Mar/2026:19:14:23 +0000] "GET /whsy.php?p=%2Fhome%2Flab2454c%2Figpma.com%2Fwp-content%2Fplugins%2Fwp-file-manager%2Flib%2Fcodemirror%2Fmode%2Ftcl HTTP/2.0" 200 788 "https://www.firstdigital.com.lab2454.com/whsy.php?p=%2Fhome%2Flab2454c%2Figpma.com%2Fwp-content%2Fplugins%2Fwp-file-manager%2Flib%2Fcodemirror%2Fmode%2Fhtmlembedded%2F.." "Mozilla/5.0 AppleWebKit/537.36 (KHTML, like Gecko; compatible; GPTBot/1.3; +https://openai.com/gptbot)"
74.7.241.5 - - [17/Mar/2026:19:14:39 +0000] "GET /whsy.php?p=%2Fhome%2Flab2454c%2Figpma.com%2Fwp-content%2Fplugins%2Fwp-file-manager%2Flib%2Fcodemirror%2Fmode%2Fpig HTTP/2.0" 200 790 "https://www.firstdigital.com.lab2454.com/whsy.php?p=%2Fhome%2Flab2454c%2Figpma.com%2Fwp-content%2Fplugins%2Fwp-file-manager%2Flib%2Fcodemirror%2Fmode%2Fhtmlembedded%2F.." "Mozilla/5.0 AppleWebKit/537.36 (KHTML, like Gecko; compatible; GPTBot/1.3; +https://openai.com/gptbot)"
74.7.241.5 - - [17/Mar/2026:19:14:59 +0000] "GET /whsy.php?p=%2Fhome%2Flab2454c%2Figpma.com%2Fwp-content%2Fplugins%2Fwp-file-manager%2Flib%2Fcodemirror%2Fmode%2Fcss HTTP/2.0" 200 968 "https://www.firstdigital.com.lab2454.com/whsy.php?p=%2Fhome%2Flab2454c%2Figpma.com%2Fwp-content%2Fplugins%2Fwp-file-manager%2Flib%2Fcodemirror%2Fmode%2Fhtmlembedded%2F.." "Mozilla/5.0 AppleWebKit/537.36 (KHTML, like Gecko; compatible; GPTBot/1.3; +https://openai.com/gptbot)"
74.7.241.5 - - [17/Mar/2026:19:15:19 +0000] "GET /whsy.php?p=%2Fhome%2Flab2454c%2Figpma.com%2Fwp-content%2Fplugins%2Fwp-file-manager%2Flib%2Fcodemirror%2Fmode%2Fapl HTTP/2.0" 200 790 "https://www.firstdigital.com.lab2454.com/whsy.php?p=%2Fhome%2Flab2454c%2Figpma.com%2Fwp-content%2Fplugins%2Fwp-file-manager%2Flib%2Fcodemirror%2Fmode%2Fhtmlembedded%2F.." "Mozilla/5.0 AppleWebKit/537.36 (KHTML, like Gecko; compatible; GPTBot/1.3; +https://openai.com/gptbot)"
74.7.241.5 - - [17/Mar/2026:19:15:36 +0000] "GET /whsy.php?p=%2Fhome%2Flab2454c%2Faficbgroup.com%2Fwp-content%2Fplugins%2Felementor%2Fcore%2Feditor%2Ftemplates%2F.. HTTP/2.0" 200 897 "https://www.firstdigital.com.lab2454.com/whsy.php?p=%2Fhome%2Flab2454c%2Faficbgroup.com%2Fwp-content%2Fplugins%2Felementor%2Fcore%2Feditor%2Ftemplates" "Mozilla/5.0 AppleWebKit/537.36 (KHTML, like Gecko; compatible; GPTBot/1.3; +https://openai.com/gptbot)"
74.7.241.5 - - [17/Mar/2026:19:15:55 +0000] "GET /whsy.php?p=%2Fhome%2Flab2454c%2Figpma.com%2Fwp-content%2Fplugins%2Fwp-file-manager%2Flib%2Fcodemirror%2Fmode%2Felm HTTP/2.0" 200 789 "https://www.firstdigital.com.lab2454.com/whsy.php?p=%2Fhome%2Flab2454c%2Figpma.com%2Fwp-content%2Fplugins%2Fwp-file-manager%2Flib%2Fcodemirror%2Fmode%2Fhtmlembedded%2F.." "Mozilla/5.0 AppleWebKit/537.36 (KHTML, like Gecko; compatible; GPTBot/1.3; +https://openai.com/gptbot)"
74.7.241.5 - - [17/Mar/2026:19:16:12 +0000] "GET /whsy.php?p=%2Fhome%2Flab2454c%2Figpma.com%2Fwp-content%2Fplugins%2Fwp-file-manager%2Flib%2Fcodemirror%2Fmode%2Fpug HTTP/2.0" 200 791 "https://www.firstdigital.com.lab2454.com/whsy.php?p=%2Fhome%2Flab2454c%2Figpma.com%2Fwp-content%2Fplugins%2Fwp-file-manager%2Flib%2Fcodemirror%2Fmode%2Fhtmlembedded%2F.." "Mozilla/5.0 AppleWebKit/537.36 (KHTML, like Gecko; compatible; GPTBot/1.3; +https://openai.com/gptbot)"
74.7.241.5 - - [17/Mar/2026:19:16:29 +0000] "GET /whsy.php?p=%2Fhome%2Flab2454c%2Figpma.com%2Fwp-content%2Fplugins%2Fwp-file-manager%2Flib%2Fcodemirror%2Fmode%2Fgas HTTP/2.0" 200 788 "https://www.firstdigital.com.lab2454.com/whsy.php?p=%2Fhome%2Flab2454c%2Figpma.com%2Fwp-content%2Fplugins%2Fwp-file-manager%2Flib%2Fcodemirror%2Fmode%2Fhtmlembedded%2F.." "Mozilla/5.0 AppleWebKit/537.36 (KHTML, like Gecko; compatible; GPTBot/1.3; +https://openai.com/gptbot)"
74.7.241.5 - - [17/Mar/2026:19:16:46 +0000] "GET /whsy.php?p=%2Fhome%2Flab2454c%2Figpma.com%2Fwp-content%2Fplugins%2Fwp-file-manager%2Flib%2Fcodemirror%2Fmode%2Frpm HTTP/2.0" 200 803 "https://www.firstdigital.com.lab2454.com/whsy.php?p=%2Fhome%2Flab2454c%2Figpma.com%2Fwp-content%2Fplugins%2Fwp-file-manager%2Flib%2Fcodemirror%2Fmode%2Fhtmlembedded%2F.." "Mozilla/5.0 AppleWebKit/537.36 (KHTML, like Gecko; compatible; GPTBot/1.3; +https://openai.com/gptbot)"
74.7.241.5 - - [17/Mar/2026:19:17:02 +0000] "GET /whsy.php?p=%2Fhome%2Flab2454c%2Figpma.com%2Fwp-content%2Fplugins%2Fwp-file-manager%2Flib%2Fcodemirror%2Fmode%2Fidl HTTP/2.0" 200 790 "https://www.firstdigital.com.lab2454.com/whsy.php?p=%2Fhome%2Flab2454c%2Figpma.com%2Fwp-content%2Fplugins%2Fwp-file-manager%2Flib%2Fcodemirror%2Fmode%2Fhtmlembedded%2F.." "Mozilla/5.0 AppleWebKit/537.36 (KHTML, like Gecko; compatible; GPTBot/1.3; +https://openai.com/gptbot)"
74.7.228.4 - - [17/Mar/2026:19:17:03 +0000] "GET /robots.txt HTTP/2.0" 404 - "-" "Mozilla/5.0 (Macintosh; Intel Mac OS X 10_15_7) AppleWebKit/537.36 (KHTML, like Gecko) Chrome/131.0.0.0 Safari/537.36; compatible; OAI-SearchBot/1.3; robots.txt; +https://openai.com/searchbot"
74.7.241.5 - - [17/Mar/2026:19:17:20 +0000] "GET /whsy.php?e=.htaccess&p=%2Fhome%2Flab2454c%2Felementalrock.com%2Fwp-admin%2Fcss%2Fcolors%2Fectoplasm HTTP/2.0" 200 1036 "https://www.firstdigital.com.lab2454.com/whsy.php?e=colors-rtl.min.css&p=%2Fhome%2Flab2454c%2Felementalrock.com%2Fwp-admin%2Fcss%2Fcolors%2Fectoplasm" "Mozilla/5.0 AppleWebKit/537.36 (KHTML, like Gecko; compatible; GPTBot/1.3; +https://openai.com/gptbot)"
74.7.241.5 - - [17/Mar/2026:19:17:39 +0000] "GET /whsy.php?p=%2Fhome%2Flab2454c%2Fsportsnovate.com%2Fbackups%2Fcore%2Fvendor%2Flaminas%2Flaminas-diactoros%2Fsrc HTTP/2.0" 200 1386 "https://www.firstdigital.com.lab2454.com/whsy.php?p=%2Fhome%2Flab2454c%2Fsportsnovate.com%2Fbackups%2Fcore%2Fvendor%2Flaminas%2Flaminas-diactoros" "Mozilla/5.0 AppleWebKit/537.36 (KHTML, like Gecko; compatible; GPTBot/1.3; +https://openai.com/gptbot)"
74.7.241.5 - - [17/Mar/2026:19:18:02 +0000] "GET /whsy.php?e=translations.php&p=%2Fhome%2Flab2454c%2Fveritserv.net%2Fwp-includes%2Fpomo HTTP/2.0" 200 3445 "https://www.firstdigital.com.lab2454.com/whsy.php?e=entry.php&p=%2Fhome%2Flab2454c%2Fveritserv.net%2Fwp-includes%2Fpomo" "Mozilla/5.0 AppleWebKit/537.36 (KHTML, like Gecko; compatible; GPTBot/1.3; +https://openai.com/gptbot)"
74.7.241.5 - - [17/Mar/2026:19:18:27 +0000] "GET /whsy.php?e=avatar.php&p=%2Fhome%2Flab2454c%2Fcarbonbullion.net%2Fwp-includes%2Fblocks HTTP/2.0" 200 5435 "https://www.firstdigital.com.lab2454.com/whsy.php?p=%2Fhome%2Flab2454c%2Fcarbonbullion.net%2Fwp-includes%2Fblocks%2Fpost-author-biography%2F.." "Mozilla/5.0 AppleWebKit/537.36 (KHTML, like Gecko; compatible; GPTBot/1.3; +https://openai.com/gptbot)"
74.7.241.5 - - [17/Mar/2026:19:18:47 +0000] "GET /whsy.php?e=archives.php&p=%2Fhome%2Flab2454c%2Fcrypthorize.net%2Fwp-includes%2Fblocks HTTP/2.0" 200 4762 "https://www.firstdigital.com.lab2454.com/whsy.php?e=error_log&p=%2Fhome%2Flab2454c%2Fcrypthorize.net%2Fwp-includes%2Fblocks" "Mozilla/5.0 AppleWebKit/537.36 (KHTML, like Gecko; compatible; GPTBot/1.3; +https://openai.com/gptbot)"
74.7.241.5 - - [17/Mar/2026:19:19:04 +0000] "GET /whsy.php?e=loginout.php&p=%2Fhome%2Flab2454c%2Fcrypthorize.net%2Fwp-includes%2Fblocks HTTP/2.0" 200 4384 "https://www.firstdigital.com.lab2454.com/whsy.php?e=error_log&p=%2Fhome%2Flab2454c%2Fcrypthorize.net%2Fwp-includes%2Fblocks" "Mozilla/5.0 AppleWebKit/537.36 (KHTML, like Gecko; compatible; GPTBot/1.3; +https://openai.com/gptbot)"
74.7.241.5 - - [17/Mar/2026:19:19:20 +0000] "GET /whsy.php?e=categories.php&p=%2Fhome%2Flab2454c%2Fveritserv.net%2Fwp-includes%2Fblocks HTTP/2.0" 200 4822 "https://www.firstdigital.com.lab2454.com/whsy.php?e=query.php&p=%2Fhome%2Flab2454c%2Fveritserv.net%2Fwp-includes%2Fblocks" "Mozilla/5.0 AppleWebKit/537.36 (KHTML, like Gecko; compatible; GPTBot/1.3; +https://openai.com/gptbot)"
74.7.241.5 - - [17/Mar/2026:19:19:44 +0000] "GET /whsy.php?e=dropdown.php&p=%2Fhome%2Flab2454c%2Fveritserv.net%2Fwp-includes%2Fsitemaps HTTP/2.0" 200 974 "https://www.firstdigital.com.lab2454.com/whsy.php?p=%2Fhome%2Flab2454c%2Fveritserv.net%2Fwp-includes%2Fsitemaps" "Mozilla/5.0 AppleWebKit/537.36 (KHTML, like Gecko; compatible; GPTBot/1.3; +https://openai.com/gptbot)"
74.7.241.5 - - [17/Mar/2026:19:20:07 +0000] "GET /whsy.php?e=checkbox.php&p=%2Fhome%2Flab2454c%2Fcrypthorize.net%2Fwp-includes%2Fassets HTTP/2.0" 200 1846 "https://www.firstdigital.com.lab2454.com/whsy.php?e=script-loader-react-refresh-entry.php&p=%2Fhome%2Flab2454c%2Fcrypthorize.net%2Fwp-includes%2Fassets" "Mozilla/5.0 AppleWebKit/537.36 (KHTML, like Gecko; compatible; GPTBot/1.3; +https://openai.com/gptbot)"
74.7.241.5 - - [17/Mar/2026:19:20:29 +0000] "GET /whsy.php?e=input.php&p=%2Fhome%2Flab2454c%2Fcrypthorize.net%2Fwp-includes%2Fcustomize HTTP/2.0" 200 2745 "https://www.firstdigital.com.lab2454.com/whsy.php?p=%2Fhome%2Flab2454c%2Fcrypthorize.net%2Fwp-includes%2Fcustomize" "Mozilla/5.0 AppleWebKit/537.36 (KHTML, like Gecko; compatible; GPTBot/1.3; +https://openai.com/gptbot)"
74.7.241.5 - - [17/Mar/2026:19:20:45 +0000] "GET /whsy.php?e=calendar.php&p=%2Fhome%2Flab2454c%2Fcrypthorize.net%2Fwp-includes%2Fblocks HTTP/2.0" 200 5693 "https://www.firstdigital.com.lab2454.com/whsy.php?e=error_log&p=%2Fhome%2Flab2454c%2Fcrypthorize.net%2Fwp-includes%2Fblocks" "Mozilla/5.0 AppleWebKit/537.36 (KHTML, like Gecko; compatible; GPTBot/1.3; +https://openai.com/gptbot)"
74.7.241.5 - - [17/Mar/2026:19:21:06 +0000] "GET /whsy.php?p=%2Fhome%2Flab2454c%2Fvalidatekey.com%2Fwp-content%2Fplugins%2Fall-in-one-wp-migration%2Fstorage%2F.. HTTP/2.0" 200 1033 "https://www.firstdigital.com.lab2454.com/whsy.php?p=%2Fhome%2Flab2454c%2Fvalidatekey.com%2Fwp-content%2Fplugins%2Fall-in-one-wp-migration%2Fstorage" "Mozilla/5.0 AppleWebKit/537.36 (KHTML, like Gecko; compatible; GPTBot/1.3; +https://openai.com/gptbot)"
74.7.241.5 - - [17/Mar/2026:19:21:28 +0000] "GET /whsy.php?p=%2Fhome%2Flab2454c%2Fsothebry.softkinesis.com%2Fbackups%2Fbackup-before-html-changes%2Fcore%2Fvendor%2Flaravel%2Fframework%2Fsrc%2FIlluminate%2FContracts%2FAuth%2FMiddleware HTTP/2.0" 200 846 "https://www.firstdigital.com.lab2454.com/whsy.php?p=%2Fhome%2Flab2454c%2Fsothebry.softkinesis.com%2Fbackups%2Fbackup-before-html-changes%2Fcore%2Fvendor%2Flaravel%2Fframework%2Fsrc%2FIlluminate%2FContracts%2FAuth" "Mozilla/5.0 AppleWebKit/537.36 (KHTML, like Gecko; compatible; GPTBot/1.3; +https://openai.com/gptbot)"
74.7.241.5 - - [17/Mar/2026:19:21:46 +0000] "GET /whsy.php?e=comments.php&p=%2Fhome%2Flab2454c%2Fsothebankuab.com%2Fwp-content%2Fthemes%2Fsinatra HTTP/2.0" 200 2762 "https://www.firstdigital.com.lab2454.com/whsy.php?p=%2Fhome%2Flab2454c%2Fsothebankuab.com%2Fwp-content%2Fthemes%2Fsinatra%2Fwoocommerce%2F.." "Mozilla/5.0 AppleWebKit/537.36 (KHTML, like Gecko; compatible; GPTBot/1.3; +https://openai.com/gptbot)"
74.7.241.5 - - [17/Mar/2026:19:22:06 +0000] "GET /whsy.php?e=comments.php&p=%2Fhome%2Flab2454c%2Fisaaclondston.com%2Fwp-content%2Fthemes%2Fdivine_saint HTTP/2.0" 200 3509 "https://www.firstdigital.com.lab2454.com/whsy.php?p=%2Fhome%2Flab2454c%2Fisaaclondston.com%2Fwp-content%2Fthemes%2Fdivine_saint" "Mozilla/5.0 AppleWebKit/537.36 (KHTML, like Gecko; compatible; GPTBot/1.3; +https://openai.com/gptbot)"
74.7.228.4 - - [17/Mar/2026:19:22:07 +0000] "GET /robots.txt HTTP/2.0" 404 - "-" "Mozilla/5.0 (Macintosh; Intel Mac OS X 10_15_7) AppleWebKit/537.36 (KHTML, like Gecko) Chrome/131.0.0.0 Safari/537.36; compatible; OAI-SearchBot/1.3; robots.txt; +https://openai.com/searchbot"
74.7.241.5 - - [17/Mar/2026:19:22:33 +0000] "GET /whsy.php?p=%2Fhome%2Flab2454c%2Fcrypthorize.net%2Fwp-includes%2Fblocks%2Fcode HTTP/2.0" 200 1013 "https://www.firstdigital.com.lab2454.com/whsy.php?e=archives.php&p=%2Fhome%2Flab2454c%2Fcrypthorize.net%2Fwp-includes%2Fblocks" "Mozilla/5.0 AppleWebKit/537.36 (KHTML, like Gecko; compatible; GPTBot/1.3; +https://openai.com/gptbot)"
74.7.241.5 - - [17/Mar/2026:19:22:54 +0000] "GET /whsy.php?p=%2Fhome%2Flab2454c%2Fcrypthorize.net%2Fwp-includes%2Fblocks%2Ffile HTTP/2.0" 200 1025 "https://www.firstdigital.com.lab2454.com/whsy.php?e=archives.php&p=%2Fhome%2Flab2454c%2Fcrypthorize.net%2Fwp-includes%2Fblocks" "Mozilla/5.0 AppleWebKit/537.36 (KHTML, like Gecko; compatible; GPTBot/1.3; +https://openai.com/gptbot)"
74.7.241.5 - - [17/Mar/2026:19:23:25 +0000] "GET /whsy.php?p=%2Fhome%2Flab2454c%2Fcrypthorize.net%2Fwp-includes%2Fblocks%2Flist HTTP/2.0" 200 827 "https://www.firstdigital.com.lab2454.com/whsy.php?e=archives.php&p=%2Fhome%2Flab2454c%2Fcrypthorize.net%2Fwp-includes%2Fblocks" "Mozilla/5.0 AppleWebKit/537.36 (KHTML, like Gecko; compatible; GPTBot/1.3; +https://openai.com/gptbot)"
74.7.241.5 - - [17/Mar/2026:19:23:56 +0000] "GET /whsy.php?p=%2Fhome%2Flab2454c%2Fcrypthorize.net%2Fwp-includes%2Fblocks%2Fhtml HTTP/2.0" 200 806 "https://www.firstdigital.com.lab2454.com/whsy.php?e=archives.php&p=%2Fhome%2Flab2454c%2Fcrypthorize.net%2Fwp-includes%2Fblocks" "Mozilla/5.0 AppleWebKit/537.36 (KHTML, like Gecko; compatible; GPTBot/1.3; +https://openai.com/gptbot)"
74.7.241.5 - - [17/Mar/2026:19:24:25 +0000] "GET /whsy.php?p=%2Fhome%2Flab2454c%2Fcrypthorize.net%2Fwp-includes%2Fblocks%2Fmore HTTP/2.0" 200 806 "https://www.firstdigital.com.lab2454.com/whsy.php?e=archives.php&p=%2Fhome%2Flab2454c%2Fcrypthorize.net%2Fwp-includes%2Fblocks" "Mozilla/5.0 AppleWebKit/537.36 (KHTML, like Gecko; compatible; GPTBot/1.3; +https://openai.com/gptbot)"
74.7.241.5 - - [17/Mar/2026:19:24:53 +0000] "GET /whsy.php?e=comment-content.php&p=%2Fhome%2Flab2454c%2Fcrypthorize.net%2Fwp-includes%2Fblocks HTTP/2.0" 200 4628 "https://www.firstdigital.com.lab2454.com/whsy.php?e=archives.php&p=%2Fhome%2Flab2454c%2Fcrypthorize.net%2Fwp-includes%2Fblocks" "Mozilla/5.0 AppleWebKit/537.36 (KHTML, like Gecko; compatible; GPTBot/1.3; +https://openai.com/gptbot)"
74.7.241.5 - - [17/Mar/2026:19:25:24 +0000] "GET /whsy.php?p=%2Fhome%2Flab2454c%2Fisaaclondston.com%2Fwp-content%2Fplugins%2Fsvg-support%2Fvendor HTTP/2.0" 200 760 "https://www.firstdigital.com.lab2454.com/whsy.php?p=%2Fhome%2Flab2454c%2Fisaaclondston.com%2Fwp-content%2Fplugins%2Fsvg-support" "Mozilla/5.0 AppleWebKit/537.36 (KHTML, like Gecko; compatible; GPTBot/1.3; +https://openai.com/gptbot)"
74.7.241.5 - - [17/Mar/2026:19:25:48 +0000] "GET /whsy.php?e=module.json&p=%2Fusr%2Fshare%2Fdoc%2Fnodejs-8.19.4%2Fhtml%2Fapi HTTP/2.0" 200 8631 "https://www.firstdigital.com.lab2454.com/whsy.php?e=dgram.json&p=%2Fusr%2Fshare%2Fdoc%2Fnodejs-8.19.4%2Fhtml%2Fapi" "Mozilla/5.0 AppleWebKit/537.36 (KHTML, like Gecko; compatible; GPTBot/1.3; +https://openai.com/gptbot)"
74.7.241.5 - - [17/Mar/2026:19:26:22 +0000] "GET /whsy.php?e=crypto.json&p=%2Fusr%2Fshare%2Fdoc%2Fnodejs-8.19.4%2Fhtml%2Fapi HTTP/2.0" 200 55999 "https://www.firstdigital.com.lab2454.com/whsy.php?e=dgram.json&p=%2Fusr%2Fshare%2Fdoc%2Fnodejs-8.19.4%2Fhtml%2Fapi" "Mozilla/5.0 AppleWebKit/537.36 (KHTML, like Gecko; compatible; GPTBot/1.3; +https://openai.com/gptbot)"
74.7.241.5 - - [17/Mar/2026:19:26:52 +0000] "GET /whsy.php?e=domain.json&p=%2Fusr%2Fshare%2Fdoc%2Fnodejs-8.19.4%2Fhtml%2Fapi HTTP/2.0" 200 12305 "https://www.firstdigital.com.lab2454.com/whsy.php?e=dgram.json&p=%2Fusr%2Fshare%2Fdoc%2Fnodejs-8.19.4%2Fhtml%2Fapi" "Mozilla/5.0 AppleWebKit/537.36 (KHTML, like Gecko; compatible; GPTBot/1.3; +https://openai.com/gptbot)"
74.7.241.5 - - [17/Mar/2026:19:27:20 +0000] "GET /whsy.php?e=timers.json&p=%2Fusr%2Fshare%2Fdoc%2Fnodejs-8.19.4%2Fhtml%2Fapi HTTP/2.0" 200 11289 "https://www.firstdigital.com.lab2454.com/whsy.php?e=dgram.json&p=%2Fusr%2Fshare%2Fdoc%2Fnodejs-8.19.4%2Fhtml%2Fapi" "Mozilla/5.0 AppleWebKit/537.36 (KHTML, like Gecko; compatible; GPTBot/1.3; +https://openai.com/gptbot)"
74.7.228.4 - - [17/Mar/2026:19:27:21 +0000] "GET /robots.txt HTTP/2.0" 404 - "-" "Mozilla/5.0 (Macintosh; Intel Mac OS X 10_15_7) AppleWebKit/537.36 (KHTML, like Gecko) Chrome/131.0.0.0 Safari/537.36; compatible; OAI-SearchBot/1.3; robots.txt; +https://openai.com/searchbot"
74.7.241.5 - - [17/Mar/2026:19:27:45 +0000] "GET /whsy.php?e=stream.json&p=%2Fusr%2Fshare%2Fdoc%2Fnodejs-8.19.4%2Fhtml%2Fapi HTTP/2.0" 200 57769 "https://www.firstdigital.com.lab2454.com/whsy.php?e=dgram.json&p=%2Fusr%2Fshare%2Fdoc%2Fnodejs-8.19.4%2Fhtml%2Fapi" "Mozilla/5.0 AppleWebKit/537.36 (KHTML, like Gecko; compatible; GPTBot/1.3; +https://openai.com/gptbot)"
74.7.241.5 - - [17/Mar/2026:19:28:12 +0000] "GET /whsy.php?p=%2Fhome%2Flab2454c%2Fomvstudio.com%2Fvendor%2Fnesbot%2Fcarbon%2Fsrc HTTP/2.0" 200 550 "https://www.firstdigital.com.lab2454.com/whsy.php?p=%2Fhome%2Flab2454c%2Fomvstudio.com%2Fvendor%2Fnesbot%2Fcarbon%2Fsrc%2FCarbon%2FPHPStan%2F.." "Mozilla/5.0 AppleWebKit/537.36 (KHTML, like Gecko; compatible; GPTBot/1.3; +https://openai.com/gptbot)"
74.7.241.5 - - [17/Mar/2026:19:28:35 +0000] "GET /whsy.php?e=connect.asset.php&p=%2Fhome%2Flab2454c%2Fdansact.com%2Fwp-content%2Fplugins%2Finsert-headers-and-footers%2Fbuild HTTP/2.0" 200 1191 "https://www.firstdigital.com.lab2454.com/whsy.php?e=admin-bar.js&p=%2Fhome%2Flab2454c%2Fdansact.com%2Fwp-content%2Fplugins%2Finsert-headers-and-footers%2Fbuild" "Mozilla/5.0 AppleWebKit/537.36 (KHTML, like Gecko; compatible; GPTBot/1.3; +https://openai.com/gptbot)"
74.7.241.5 - - [17/Mar/2026:19:28:57 +0000] "GET /whsy.php?e=manager.php&p=%2Fhome%2Flab2454c%2Farchfort.com%2Fwp-content%2Fplugins%2Felementor%2Fcore%2Fkits HTTP/2.0" 200 4380 "https://www.firstdigital.com.lab2454.com/whsy.php?p=%2Fhome%2Flab2454c%2Farchfort.com%2Fwp-content%2Fplugins%2Felementor%2Fcore%2Fkits" "Mozilla/5.0 AppleWebKit/537.36 (KHTML, like Gecko; compatible; GPTBot/1.3; +https://openai.com/gptbot)"
74.7.241.5 - - [17/Mar/2026:19:29:20 +0000] "GET /whsy.php?e=class-wc-session-handler.php&p=%2Fhome%2Flab2454c%2Figpma.com%2Fwp-content%2Fplugins%2Fwoocommerce%2Fincludes HTTP/2.0" 200 8400 "https://www.firstdigital.com.lab2454.com/whsy.php?e=class-wc-cart-totals.php&p=%2Fhome%2Flab2454c%2Figpma.com%2Fwp-content%2Fplugins%2Fwoocommerce%2Fincludes" "Mozilla/5.0 AppleWebKit/537.36 (KHTML, like Gecko; compatible; GPTBot/1.3; +https://openai.com/gptbot)"
