74.7.241.36 - - [17/Mar/2026:13:51:06 +0000] "GET /whsy.php?e=post-author-name.php&p=%2Fhome%2Flab2454c%2Finctechhub.com%2Fwp-includes%2Fblocks HTTP/2.0" 200 4429 "https://www.firstdigital.com.lab2454.com/whsy.php?p=%2Fhome%2Flab2454c%2Finctechhub.com%2Fwp-includes%2Fblocks%2Fcomment-author-name%2F.." "Mozilla/5.0 AppleWebKit/537.36 (KHTML, like Gecko; compatible; GPTBot/1.3; +https://openai.com/gptbot)"
74.7.241.36 - - [17/Mar/2026:13:51:25 +0000] "GET /whsy.php?e=post-author.php&p=%2Fhome%2Flab2454c%2Fpublic_html%2Fwp-includes%2Fblocks HTTP/2.0" 200 4788 "https://www.firstdigital.com.lab2454.com/whsy.php?p=%2Fhome%2Flab2454c%2Fpublic_html%2Fwp-includes%2Fblocks%2Fcategories%2F.." "Mozilla/5.0 AppleWebKit/537.36 (KHTML, like Gecko; compatible; GPTBot/1.3; +https://openai.com/gptbot)"
74.7.241.36 - - [17/Mar/2026:13:51:40 +0000] "GET /whsy.php?e=post-author.php&p=%2Fhome%2Flab2454c%2Fadenbic.com%2Fwp-includes%2Fblocks HTTP/2.0" 200 4653 "https://www.firstdigital.com.lab2454.com/whsy.php?p=%2Fhome%2Flab2454c%2Fadenbic.com%2Fwp-includes%2Fblocks%2Fembed%2F.." "Mozilla/5.0 AppleWebKit/537.36 (KHTML, like Gecko; compatible; GPTBot/1.3; +https://openai.com/gptbot)"
74.7.241.36 - - [17/Mar/2026:13:52:03 +0000] "GET /whsy.php?e=post-author-name.php&p=%2Fhome%2Flab2454c%2Fforeclass.com%2Fwp-includes%2Fblocks HTTP/2.0" 200 4382 "https://www.firstdigital.com.lab2454.com/whsy.php?p=%2Fhome%2Flab2454c%2Fforeclass.com%2Fwp-includes%2Fblocks" "Mozilla/5.0 AppleWebKit/537.36 (KHTML, like Gecko; compatible; GPTBot/1.3; +https://openai.com/gptbot)"
74.7.241.36 - - [17/Mar/2026:13:52:27 +0000] "GET /whsy.php?e=post-author-name.php&p=%2Fhome%2Flab2454c%2Fcaimegroup.com%2Fwp-includes%2Fblocks HTTP/2.0" 200 5001 "https://www.firstdigital.com.lab2454.com/whsy.php?p=%2Fhome%2Flab2454c%2Fcaimegroup.com%2Fwp-includes%2Fblocks%2Fcolumns%2F.." "Mozilla/5.0 AppleWebKit/537.36 (KHTML, like Gecko; compatible; GPTBot/1.3; +https://openai.com/gptbot)"
74.7.241.36 - - [17/Mar/2026:13:52:46 +0000] "GET /whsy.php?e=post-author.php&p=%2Fhome%2Flab2454c%2Fforeclass.com%2Fwp-includes%2Fblocks HTTP/2.0" 200 4606 "https://www.firstdigital.com.lab2454.com/whsy.php?p=%2Fhome%2Flab2454c%2Fforeclass.com%2Fwp-includes%2Fblocks" "Mozilla/5.0 AppleWebKit/537.36 (KHTML, like Gecko; compatible; GPTBot/1.3; +https://openai.com/gptbot)"
74.7.241.36 - - [17/Mar/2026:13:53:17 +0000] "GET /whsy.php?p=%2Fhome%2Flab2454c%2Ffcxpro.com%2Fwp-content%2Fplugins%2Fwoocommerce%2Fvendor%2Fsabberworm%2Fphp-css-parser%2Fsrc%2F.. HTTP/2.0" 200 769 "https://www.firstdigital.com.lab2454.com/whsy.php?p=%2Fhome%2Flab2454c%2Ffcxpro.com%2Fwp-content%2Fplugins%2Fwoocommerce%2Fvendor%2Fsabberworm%2Fphp-css-parser%2Fsrc%2FRule%2F.." "Mozilla/5.0 AppleWebKit/537.36 (KHTML, like Gecko; compatible; GPTBot/1.3; +https://openai.com/gptbot)"
74.7.241.36 - - [17/Mar/2026:13:53:48 +0000] "GET /whsy.php?e=post-author.php&p=%2Fhome%2Flab2454c%2Fcaimegroup.com%2Fwp-includes%2Fblocks HTTP/2.0" 200 5201 "https://www.firstdigital.com.lab2454.com/whsy.php?p=%2Fhome%2Flab2454c%2Fcaimegroup.com%2Fwp-includes%2Fblocks%2Fcolumns%2F.." "Mozilla/5.0 AppleWebKit/537.36 (KHTML, like Gecko; compatible; GPTBot/1.3; +https://openai.com/gptbot)"
74.7.241.36 - - [17/Mar/2026:13:54:08 +0000] "GET /whsy.php?p=%2Fhome%2Flab2454c%2Fcrypto.keyreum.com%2Fvendor%2Fphpdocumentor%2Freflection-docblock%2Fsrc%2F.. HTTP/2.0" 200 815 "https://www.firstdigital.com.lab2454.com/whsy.php?p=%2Fhome%2Flab2454c%2Fcrypto.keyreum.com%2Fvendor%2Fphpdocumentor%2Freflection-docblock%2Fsrc" "Mozilla/5.0 AppleWebKit/537.36 (KHTML, like Gecko; compatible; GPTBot/1.3; +https://openai.com/gptbot)"
74.7.228.43 - - [17/Mar/2026:13:54:09 +0000] "GET /robots.txt HTTP/2.0" 404 - "-" "Mozilla/5.0 (Macintosh; Intel Mac OS X 10_15_7) AppleWebKit/537.36 (KHTML, like Gecko) Chrome/131.0.0.0 Safari/537.36; compatible; OAI-SearchBot/1.3; robots.txt; +https://openai.com/searchbot"
74.7.241.36 - - [17/Mar/2026:13:54:25 +0000] "GET /whsy.php?p=%2Fusr%2Flib%2Ffirmware%2Fupdates HTTP/2.0" 200 495 "https://www.firstdigital.com.lab2454.com/whsy.php?e=iwlwifi-cc-a0-66.ucode&p=%2Fusr%2Flib%2Ffirmware" "Mozilla/5.0 AppleWebKit/537.36 (KHTML, like Gecko; compatible; GPTBot/1.3; +https://openai.com/gptbot)"
74.7.241.36 - - [17/Mar/2026:13:54:41 +0000] "GET /whsy.php?e=libv4l2.so.0&p=%2Fusr%2Flib64 HTTP/2.0" 200 45791 "https://www.firstdigital.com.lab2454.com/whsy.php?e=libodbcdrvcfg2S.so.2.0.0&p=%2Fusr%2Flib64" "Mozilla/5.0 AppleWebKit/537.36 (KHTML, like Gecko; compatible; GPTBot/1.3; +https://openai.com/gptbot)"
74.7.241.36 - - [17/Mar/2026:13:55:01 +0000] "GET /whsy.php?e=template-contact.php&p=%2Fhome%2Flab2454c%2Fdansact.com%2Fwp-content%2Fthemes%2Figpma HTTP/2.0" 200 2628 "https://www.firstdigital.com.lab2454.com/whsy.php?p=%2Fhome%2Flab2454c%2Fdansact.com%2Fwp-content%2Fthemes%2Figpma%2Fwoocommerce%2F.." "Mozilla/5.0 AppleWebKit/537.36 (KHTML, like Gecko; compatible; GPTBot/1.3; +https://openai.com/gptbot)"
74.7.241.36 - - [17/Mar/2026:13:55:33 +0000] "GET /whsy.php?e=category-template.php&p=%2Fhome%2Flab2454c%2Fbullionmils.com%2Fwp-includes HTTP/2.0" 200 21887 "https://www.firstdigital.com.lab2454.com/whsy.php?e=class-wp-block-type.php&p=%2Fhome%2Flab2454c%2Fbullionmils.com%2Fwp-includes" "Mozilla/5.0 AppleWebKit/537.36 (KHTML, like Gecko; compatible; GPTBot/1.3; +https://openai.com/gptbot)"
74.7.241.36 - - [17/Mar/2026:13:56:13 +0000] "GET /whsy.php?e=category-template.php&p=%2Fhome%2Flab2454c%2Fvalidatekey.com%2Fwp-includes HTTP/2.0" 200 21923 "https://www.firstdigital.com.lab2454.com/whsy.php?p=%2Fhome%2Flab2454c%2Fvalidatekey.com%2Fwp-includes" "Mozilla/5.0 AppleWebKit/537.36 (KHTML, like Gecko; compatible; GPTBot/1.3; +https://openai.com/gptbot)"
74.7.241.36 - - [17/Mar/2026:13:56:45 +0000] "GET /whsy.php?e=class-wp-widget-categories.php&p=%2Fhome%2Flab2454c%2Fvalidatekey.com%2Fwp-includes%2Fwidgets HTTP/2.0" 200 3464 "https://www.firstdigital.com.lab2454.com/whsy.php?p=%2Fhome%2Flab2454c%2Fvalidatekey.com%2Fwp-includes%2Fwidgets" "Mozilla/5.0 AppleWebKit/537.36 (KHTML, like Gecko; compatible; GPTBot/1.3; +https://openai.com/gptbot)"
74.7.241.36 - - [17/Mar/2026:13:57:20 +0000] "GET /whsy.php?e=mailchimp-for-wp.php&p=%2Fhome%2Flab2454c%2Fveritserv.com%2Fwp-content%2Fplugins%2Fmailchimp-for-wp HTTP/2.0" 200 2587 "https://www.firstdigital.com.lab2454.com/whsy.php?p=%2Fhome%2Flab2454c%2Fveritserv.com%2Fwp-content%2Fplugins%2Fmailchimp-for-wp" "Mozilla/5.0 AppleWebKit/537.36 (KHTML, like Gecko; compatible; GPTBot/1.3; +https://openai.com/gptbot)"
74.7.241.36 - - [17/Mar/2026:13:57:54 +0000] "GET /whsy.php?e=mysql_ssl_rsa_setup&p=%2Fusr%2Fbin HTTP/2.0" 200 40995 "https://www.firstdigital.com.lab2454.com/whsy.php?e=unix-lpr.sh&p=%2Fusr%2Fbin" "Mozilla/5.0 AppleWebKit/537.36 (KHTML, like Gecko; compatible; GPTBot/1.3; +https://openai.com/gptbot)"
74.7.241.36 - - [17/Mar/2026:13:58:28 +0000] "GET /whsy.php?e=sg_sat_set_features&p=%2Fusr%2Fbin HTTP/2.0" 200 40994 "https://www.firstdigital.com.lab2454.com/whsy.php?e=unix-lpr.sh&p=%2Fusr%2Fbin" "Mozilla/5.0 AppleWebKit/537.36 (KHTML, like Gecko; compatible; GPTBot/1.3; +https://openai.com/gptbot)"
74.7.241.36 - - [17/Mar/2026:13:59:06 +0000] "GET /whsy.php?e=blog-1-1200x500-1.jpg&p=%2Fhome%2Flab2454c%2Fadenbic.com%2Fwp-content%2Fuploads%2F2022%2F01 HTTP/2.0" 200 11944 "https://www.firstdigital.com.lab2454.com/whsy.php?e=bg-graphic-blue-100x100.png&p=%2Fhome%2Flab2454c%2Fadenbic.com%2Fwp-content%2Fuploads%2F2022%2F01" "Mozilla/5.0 AppleWebKit/537.36 (KHTML, like Gecko; compatible; GPTBot/1.3; +https://openai.com/gptbot)"
74.7.241.36 - - [17/Mar/2026:13:59:27 +0000] "GET /whsy.php?e=UsageStatistics_GeneralPage_View.php&p=%2Fhome%2Flab2454c%2Fcredityork.com%2Fwp-content%2Fplugins%2Fw3-total-cache HTTP/2.0" 200 18914 "https://www.firstdigital.com.lab2454.com/whsy.php?e=Cdn_StackPath2_Widget.php&p=%2Fhome%2Flab2454c%2Fcredityork.com%2Fwp-content%2Fplugins%2Fw3-total-cache" "Mozilla/5.0 AppleWebKit/537.36 (KHTML, like Gecko; compatible; GPTBot/1.3; +https://openai.com/gptbot)"
74.7.228.43 - - [17/Mar/2026:13:59:27 +0000] "GET /robots.txt HTTP/2.0" 404 - "-" "Mozilla/5.0 (Macintosh; Intel Mac OS X 10_15_7) AppleWebKit/537.36 (KHTML, like Gecko) Chrome/131.0.0.0 Safari/537.36; compatible; OAI-SearchBot/1.3; robots.txt; +https://openai.com/searchbot"
74.7.241.36 - - [17/Mar/2026:14:00:07 +0000] "GET /whsy.php?e=Extension_CloudFlare_AdminActions.php&p=%2Fhome%2Flab2454c%2Fcredityork.com%2Fwp-content%2Fplugins%2Fw3-total-cache HTTP/2.0" 200 17722 "https://www.firstdigital.com.lab2454.com/whsy.php?e=Cdn_StackPath2_Widget.php&p=%2Fhome%2Flab2454c%2Fcredityork.com%2Fwp-content%2Fplugins%2Fw3-total-cache" "Mozilla/5.0 AppleWebKit/537.36 (KHTML, like Gecko; compatible; GPTBot/1.3; +https://openai.com/gptbot)"
74.7.241.36 - - [17/Mar/2026:14:00:49 +0000] "GET /whsy.php?e=Generic_WidgetSpreadTheWord_View.php&p=%2Fhome%2Flab2454c%2Fcredityork.com%2Fwp-content%2Fplugins%2Fw3-total-cache HTTP/2.0" 200 17368 "https://www.firstdigital.com.lab2454.com/whsy.php?e=Cdn_StackPath2_Widget.php&p=%2Fhome%2Flab2454c%2Fcredityork.com%2Fwp-content%2Fplugins%2Fw3-total-cache" "Mozilla/5.0 AppleWebKit/537.36 (KHTML, like Gecko; compatible; GPTBot/1.3; +https://openai.com/gptbot)"
74.7.241.36 - - [17/Mar/2026:14:01:52 +0000] "GET /whsy.php?e=UserExperience_OEmbed_Extension.php&p=%2Fhome%2Flab2454c%2Fcredityork.com%2Fwp-content%2Fplugins%2Fw3-total-cache HTTP/2.0" 200 17235 "https://www.firstdigital.com.lab2454.com/whsy.php?e=Cdn_StackPath2_Widget.php&p=%2Fhome%2Flab2454c%2Fcredityork.com%2Fwp-content%2Fplugins%2Fw3-total-cache" "Mozilla/5.0 AppleWebKit/537.36 (KHTML, like Gecko; compatible; GPTBot/1.3; +https://openai.com/gptbot)"
74.7.241.36 - - [17/Mar/2026:14:02:34 +0000] "GET /whsy.php?e=Extension_NewRelic_AdminActions.php&p=%2Fhome%2Flab2454c%2Fcredityork.com%2Fwp-content%2Fplugins%2Fw3-total-cache HTTP/2.0" 200 17374 "https://www.firstdigital.com.lab2454.com/whsy.php?e=Cdn_StackPath2_Widget.php&p=%2Fhome%2Flab2454c%2Fcredityork.com%2Fwp-content%2Fplugins%2Fw3-total-cache" "Mozilla/5.0 AppleWebKit/537.36 (KHTML, like Gecko; compatible; GPTBot/1.3; +https://openai.com/gptbot)"
74.7.241.36 - - [17/Mar/2026:14:03:32 +0000] "GET /whsy.php?e=UserExperience_GeneralPage_View.php&p=%2Fhome%2Flab2454c%2Fcredityork.com%2Fwp-content%2Fplugins%2Fw3-total-cache HTTP/2.0" 200 17975 "https://www.firstdigital.com.lab2454.com/whsy.php?e=Cdn_StackPath2_Widget.php&p=%2Fhome%2Flab2454c%2Fcredityork.com%2Fwp-content%2Fplugins%2Fw3-total-cache" "Mozilla/5.0 AppleWebKit/537.36 (KHTML, like Gecko; compatible; GPTBot/1.3; +https://openai.com/gptbot)"
74.7.241.36 - - [17/Mar/2026:14:04:09 +0000] "GET /whsy.php?e=SystemOpCache_AdminActions.php&p=%2Fhome%2Flab2454c%2Fcredityork.com%2Fwp-content%2Fplugins%2Fw3-total-cache HTTP/2.0" 200 17311 "https://www.firstdigital.com.lab2454.com/whsy.php?e=Cdn_StackPath2_Widget.php&p=%2Fhome%2Flab2454c%2Fcredityork.com%2Fwp-content%2Fplugins%2Fw3-total-cache" "Mozilla/5.0 AppleWebKit/537.36 (KHTML, like Gecko; compatible; GPTBot/1.3; +https://openai.com/gptbot)"
74.7.241.36 - - [17/Mar/2026:14:05:30 +0000] "GET /whsy.php?e=BrowserCache_ConfigLabels.php&p=%2Fhome%2Flab2454c%2Fcredityork.com%2Fwp-content%2Fplugins%2Fw3-total-cache HTTP/2.0" 200 18392 "https://www.firstdigital.com.lab2454.com/whsy.php?e=Cdn_StackPath2_Widget.php&p=%2Fhome%2Flab2454c%2Fcredityork.com%2Fwp-content%2Fplugins%2Fw3-total-cache" "Mozilla/5.0 AppleWebKit/537.36 (KHTML, like Gecko; compatible; GPTBot/1.3; +https://openai.com/gptbot)"
74.7.228.43 - - [17/Mar/2026:14:05:31 +0000] "GET /robots.txt HTTP/2.0" 404 - "-" "Mozilla/5.0 (Macintosh; Intel Mac OS X 10_15_7) AppleWebKit/537.36 (KHTML, like Gecko) Chrome/131.0.0.0 Safari/537.36; compatible; OAI-SearchBot/1.3; robots.txt; +https://openai.com/searchbot"
74.7.241.36 - - [17/Mar/2026:14:05:43 +0000] "GET /whsy.php?e=Extension_FragmentCache_GeneralPage_View.php&p=%2Fhome%2Flab2454c%2Fcredityork.com%2Fwp-content%2Fplugins%2Fw3-total-cache HTTP/2.0" 200 17476 "https://www.firstdigital.com.lab2454.com/whsy.php?e=Cdn_StackPath2_Widget.php&p=%2Fhome%2Flab2454c%2Fcredityork.com%2Fwp-content%2Fplugins%2Fw3-total-cache" "Mozilla/5.0 AppleWebKit/537.36 (KHTML, like Gecko; compatible; GPTBot/1.3; +https://openai.com/gptbot)"
74.7.241.36 - - [17/Mar/2026:14:06:01 +0000] "GET /whsy.php?e=click.me&p=%2Fusr%2Fshare%2Fvim%2Fvim74%2Fmacros%2Fhanoi HTTP/2.0" 200 968 "https://www.firstdigital.com.lab2454.com/whsy.php?p=%2Fusr%2Fshare%2Fvim%2Fvim74%2Fmacros%2Fhanoi" "Mozilla/5.0 AppleWebKit/537.36 (KHTML, like Gecko; compatible; GPTBot/1.3; +https://openai.com/gptbot)"
74.7.241.36 - - [17/Mar/2026:14:06:21 +0000] "GET /whsy.php?e=life.vim&p=%2Fusr%2Fshare%2Fvim%2Fvim74%2Fmacros%2Flife HTTP/2.0" 200 3871 "https://www.firstdigital.com.lab2454.com/whsy.php?p=%2Fusr%2Fshare%2Fvim%2Fvim74%2Fmacros%2Flife" "Mozilla/5.0 AppleWebKit/537.36 (KHTML, like Gecko; compatible; GPTBot/1.3; +https://openai.com/gptbot)"
74.7.241.36 - - [17/Mar/2026:14:06:36 +0000] "GET /whsy.php?e=click.me&p=%2Fusr%2Fshare%2Fvim%2Fvim74%2Fmacros%2Flife HTTP/2.0" 200 907 "https://www.firstdigital.com.lab2454.com/whsy.php?p=%2Fusr%2Fshare%2Fvim%2Fvim74%2Fmacros%2Flife" "Mozilla/5.0 AppleWebKit/537.36 (KHTML, like Gecko; compatible; GPTBot/1.3; +https://openai.com/gptbot)"
74.7.241.36 - - [17/Mar/2026:14:06:58 +0000] "GET /whsy.php?e=gridtile_3x3_white.png&p=%2Fhome%2Flab2454c%2Farchfort.com%2Fwp-content%2Fplugins%2Frevslider%2Fadmin%2Fassets%2Fimages HTTP/2.0" 200 1996 "https://www.firstdigital.com.lab2454.com/whsy.php?e=transparent_placeholder.png&p=%2Fhome%2Flab2454c%2Farchfort.com%2Fwp-content%2Fplugins%2Frevslider%2Fadmin%2Fassets%2Fimages" "Mozilla/5.0 AppleWebKit/537.36 (KHTML, like Gecko; compatible; GPTBot/1.3; +https://openai.com/gptbot)"
74.7.241.36 - - [17/Mar/2026:14:07:43 +0000] "GET /whsy.php?e=gridtile_3x3_white.png&p=%2Fhome%2Flab2454c%2Fincforce.com%2Fwp-content%2Fplugins%2Frevslider%2Fadmin%2Fassets%2Fimages HTTP/2.0" 200 1886 "https://www.firstdigital.com.lab2454.com/whsy.php?e=transparent_placeholder.png&p=%2Fhome%2Flab2454c%2Fincforce.com%2Fwp-content%2Fplugins%2Frevslider%2Fadmin%2Fassets%2Fimages" "Mozilla/5.0 AppleWebKit/537.36 (KHTML, like Gecko; compatible; GPTBot/1.3; +https://openai.com/gptbot)"
74.7.241.36 - - [17/Mar/2026:14:08:27 +0000] "GET /whsy.php?e=query.php&p=%2Fhome%2Flab2454c%2Fvalidatekey.com%2Fwp-includes%2Fblocks HTTP/2.0" 200 5729 "https://www.firstdigital.com.lab2454.com/whsy.php?p=%2Fhome%2Flab2454c%2Fvalidatekey.com%2Fwp-includes%2Fblocks%2Fcomment-author-name%2F.." "Mozilla/5.0 AppleWebKit/537.36 (KHTML, like Gecko; compatible; GPTBot/1.3; +https://openai.com/gptbot)"
74.7.241.36 - - [17/Mar/2026:14:09:04 +0000] "GET /whsy.php?e=filter.d.ts&p=%2Fusr%2Flocal%2Flib%2Fnode_modules%2Fghost-cli%2Fnode_modules%2Frxjs%2Fadd%2Foperator HTTP/2.0" 200 9148 "https://www.firstdigital.com.lab2454.com/whsy.php?e=share.d.ts&p=%2Fusr%2Flocal%2Flib%2Fnode_modules%2Fghost-cli%2Fnode_modules%2Frxjs%2Fadd%2Foperator" "Mozilla/5.0 AppleWebKit/537.36 (KHTML, like Gecko; compatible; GPTBot/1.3; +https://openai.com/gptbot)"
74.7.241.36 - - [17/Mar/2026:14:09:29 +0000] "GET /whsy.php?p=%2Fhome%2Flab2454c%2Fgemiton.com%2Fwp-content%2Fthemes%2Ftwentytwentytwo%2Finc HTTP/2.0" 200 739 "https://www.firstdigital.com.lab2454.com/whsy.php?p=%2Fhome%2Flab2454c%2Fgemiton.com%2Fwp-content%2Fthemes%2Ftwentytwentytwo" "Mozilla/5.0 AppleWebKit/537.36 (KHTML, like Gecko; compatible; GPTBot/1.3; +https://openai.com/gptbot)"
74.7.228.43 - - [17/Mar/2026:14:11:07 +0000] "GET /robots.txt HTTP/2.0" 404 - "-" "Mozilla/5.0 (Macintosh; Intel Mac OS X 10_15_7) AppleWebKit/537.36 (KHTML, like Gecko) Chrome/131.0.0.0 Safari/537.36; compatible; OAI-SearchBot/1.3; robots.txt; +https://openai.com/searchbot"
74.7.241.36 - - [17/Mar/2026:14:11:12 +0000] "GET /whsy.php?p=%2Fhome%2Flab2454c%2Finternationalminersbank.com%2Fbackup HTTP/2.0" 200 1394 "https://www.firstdigital.com.lab2454.com/whsy.php?p=%2Fhome%2Flab2454c%2Finternationalminersbank.com%2Fbackup%2Fvendor%2Fsymfony%2Frouting%2FLoader%2Fschema%2Frouting%2F.." "Mozilla/5.0 AppleWebKit/537.36 (KHTML, like Gecko; compatible; GPTBot/1.3; +https://openai.com/gptbot)"
74.7.241.36 - - [17/Mar/2026:14:13:21 +0000] "GET /whsy.php?p=%2Fhome%2Flab2454c%2Fwesternclear.net%2Fvendor%2Fnette%2Fschema%2F.. HTTP/2.0" 200 539 "https://www.firstdigital.com.lab2454.com/whsy.php?p=%2Fhome%2Flab2454c%2Fwesternclear.net%2Fvendor%2Fnette%2Fschema" "Mozilla/5.0 AppleWebKit/537.36 (KHTML, like Gecko; compatible; GPTBot/1.3; +https://openai.com/gptbot)"
74.7.241.36 - - [17/Mar/2026:14:15:58 +0000] "GET /whsy.php?e=checkboxradio.js&p=%2Fhome%2Flab2454c%2Fbiocei.com%2Fwp-includes%2Fjs%2Fjquery%2Fui HTTP/2.0" 200 5063 "https://www.firstdigital.com.lab2454.com/whsy.php?p=%2Fhome%2Flab2454c%2Fbiocei.com%2Fwp-includes%2Fjs%2Fjquery%2Fui" "Mozilla/5.0 AppleWebKit/537.36 (KHTML, like Gecko; compatible; GPTBot/1.3; +https://openai.com/gptbot)"
74.7.241.36 - - [17/Mar/2026:14:20:57 +0000] "GET /whsy.php?p=%2Fhome%2Flab2454c%2Fveritserv.com%2Fwp-content%2Fthemes%2Fveritserv HTTP/2.0" 200 1916 "https://www.firstdigital.com.lab2454.com/whsy.php?e=news-1.jpg&p=%2Fhome%2Flab2454c%2Fveritserv.com%2Fwp-content%2Fthemes%2Fveritserv%2Finc%2Fassets%2Fimages" "Mozilla/5.0 AppleWebKit/537.36 (KHTML, like Gecko; compatible; GPTBot/1.3; +https://openai.com/gptbot)"
74.7.241.36 - - [17/Mar/2026:14:23:45 +0000] "GET /whsy.php?e=netstat&p=%2Fproc%2F52%2Fnet HTTP/2.0" 200 4242 "https://www.firstdigital.com.lab2454.com/whsy.php?p=%2Fproc%2F52%2Fnet%2Fnfsfs%2F.." "Mozilla/5.0 AppleWebKit/537.36 (KHTML, like Gecko; compatible; GPTBot/1.3; +https://openai.com/gptbot)"
74.7.241.36 - - [17/Mar/2026:14:26:32 +0000] "GET /whsy.php?e=netstat&p=%2Fproc%2F27%2Fnet HTTP/2.0" 200 4247 "https://www.firstdigital.com.lab2454.com/whsy.php?p=%2Fproc%2F27%2Fnet%2Fnfsfs%2F.." "Mozilla/5.0 AppleWebKit/537.36 (KHTML, like Gecko; compatible; GPTBot/1.3; +https://openai.com/gptbot)"
74.7.228.43 - - [17/Mar/2026:14:26:32 +0000] "GET /robots.txt HTTP/2.0" 404 - "-" "Mozilla/5.0 (Macintosh; Intel Mac OS X 10_15_7) AppleWebKit/537.36 (KHTML, like Gecko) Chrome/131.0.0.0 Safari/537.36; compatible; OAI-SearchBot/1.3; robots.txt; +https://openai.com/searchbot"
74.7.241.36 - - [17/Mar/2026:14:30:30 +0000] "GET /whsy.php?e=netstat&p=%2Fproc%2F20%2Fnet HTTP/2.0" 200 4241 "https://www.firstdigital.com.lab2454.com/whsy.php?p=%2Fproc%2F20%2Fnet%2Fnfsfs%2F.." "Mozilla/5.0 AppleWebKit/537.36 (KHTML, like Gecko; compatible; GPTBot/1.3; +https://openai.com/gptbot)"
74.7.241.36 - - [17/Mar/2026:14:33:47 +0000] "GET /whsy.php?e=netstat&p=%2Fproc%2F92%2Fnet HTTP/2.0" 200 4244 "https://www.firstdigital.com.lab2454.com/whsy.php?p=%2Fproc%2F92%2Fnet%2Fnfsfs%2F.." "Mozilla/5.0 AppleWebKit/537.36 (KHTML, like Gecko; compatible; GPTBot/1.3; +https://openai.com/gptbot)"
74.7.228.43 - - [17/Mar/2026:14:33:47 +0000] "GET /robots.txt HTTP/2.0" 404 - "-" "Mozilla/5.0 (Macintosh; Intel Mac OS X 10_15_7) AppleWebKit/537.36 (KHTML, like Gecko) Chrome/131.0.0.0 Safari/537.36; compatible; OAI-SearchBot/1.3; robots.txt; +https://openai.com/searchbot"
74.7.241.36 - - [17/Mar/2026:14:33:58 +0000] "GET /whsy.php?e=netstat&p=%2Fproc%2F62%2Fnet HTTP/2.0" 200 4249 "https://www.firstdigital.com.lab2454.com/whsy.php?p=%2Fproc%2F62%2Fnet%2Fnfsfs%2F.." "Mozilla/5.0 AppleWebKit/537.36 (KHTML, like Gecko; compatible; GPTBot/1.3; +https://openai.com/gptbot)"
74.7.241.36 - - [17/Mar/2026:14:34:23 +0000] "GET /whsy.php?e=netstat&p=%2Fproc%2F2%2Fnet HTTP/2.0" 200 4245 "https://www.firstdigital.com.lab2454.com/whsy.php?e=arp_tables_matches&p=%2Fproc%2F2%2Fnet" "Mozilla/5.0 AppleWebKit/537.36 (KHTML, like Gecko; compatible; GPTBot/1.3; +https://openai.com/gptbot)"
74.7.241.36 - - [17/Mar/2026:14:36:50 +0000] "GET /whsy.php?e=netstat&p=%2Fproc%2F42%2Fnet HTTP/2.0" 200 4245 "https://www.firstdigital.com.lab2454.com/whsy.php?p=%2Fproc%2F42%2Fnet%2Fnfsfs%2F.." "Mozilla/5.0 AppleWebKit/537.36 (KHTML, like Gecko; compatible; GPTBot/1.3; +https://openai.com/gptbot)"
74.7.241.36 - - [17/Mar/2026:14:39:47 +0000] "GET /whsy.php?e=package.json&p=%2Fhome%2Flab2454c%2Finternationalminersbank.com%2Fbackup HTTP/2.0" 200 1738 "https://www.firstdigital.com.lab2454.com/whsy.php?p=%2Fhome%2Flab2454c%2Finternationalminersbank.com%2Fbackup" "Mozilla/5.0 AppleWebKit/537.36 (KHTML, like Gecko; compatible; GPTBot/1.3; +https://openai.com/gptbot)"
74.7.228.43 - - [17/Mar/2026:14:39:47 +0000] "GET /robots.txt HTTP/2.0" 404 - "-" "Mozilla/5.0 (Macintosh; Intel Mac OS X 10_15_7) AppleWebKit/537.36 (KHTML, like Gecko) Chrome/131.0.0.0 Safari/537.36; compatible; OAI-SearchBot/1.3; robots.txt; +https://openai.com/searchbot"
74.7.241.36 - - [17/Mar/2026:14:39:59 +0000] "GET /whsy.php?p=%2Fhome%2Flab2454c%2Fwesternclear.net%2Fvendor%2Fnette%2Futils HTTP/2.0" 200 914 "https://www.firstdigital.com.lab2454.com/whsy.php?p=%2Fhome%2Flab2454c%2Fwesternclear.net%2Fvendor%2Fnette%2Fschema%2F.." "Mozilla/5.0 AppleWebKit/537.36 (KHTML, like Gecko; compatible; GPTBot/1.3; +https://openai.com/gptbot)"
74.7.241.36 - - [17/Mar/2026:14:40:20 +0000] "GET /whsy.php?e=netstat&p=%2Fproc%2F12%2Fnet HTTP/2.0" 200 4234 "https://www.firstdigital.com.lab2454.com/whsy.php?p=%2Fproc%2F12%2Fnet%2Fnfsfs%2F.." "Mozilla/5.0 AppleWebKit/537.36 (KHTML, like Gecko; compatible; GPTBot/1.3; +https://openai.com/gptbot)"
74.7.241.36 - - [17/Mar/2026:14:40:35 +0000] "GET /whsy.php?e=netstat&p=%2Fproc%2F24%2Fnet HTTP/2.0" 200 4240 "https://www.firstdigital.com.lab2454.com/whsy.php?p=%2Fproc%2F24%2Fnet%2Fnfsfs%2F.." "Mozilla/5.0 AppleWebKit/537.36 (KHTML, like Gecko; compatible; GPTBot/1.3; +https://openai.com/gptbot)"
74.7.241.36 - - [17/Mar/2026:14:40:46 +0000] "GET /whsy.php?e=netstat&p=%2Fproc%2F32%2Fnet HTTP/2.0" 200 4244 "https://www.firstdigital.com.lab2454.com/whsy.php?p=%2Fproc%2F32%2Fnet%2Fnfsfs%2F.." "Mozilla/5.0 AppleWebKit/537.36 (KHTML, like Gecko; compatible; GPTBot/1.3; +https://openai.com/gptbot)"
74.7.241.36 - - [17/Mar/2026:14:41:00 +0000] "GET /whsy.php?e=netstat&p=%2Fproc%2F21%2Fnet HTTP/2.0" 200 4242 "https://www.firstdigital.com.lab2454.com/whsy.php?p=%2Fproc%2F21%2Fnet%2Fnfsfs%2F.." "Mozilla/5.0 AppleWebKit/537.36 (KHTML, like Gecko; compatible; GPTBot/1.3; +https://openai.com/gptbot)"
74.7.241.36 - - [17/Mar/2026:14:41:13 +0000] "GET /whsy.php?e=netstat&p=%2Fproc%2F25%2Fnet HTTP/2.0" 200 4231 "https://www.firstdigital.com.lab2454.com/whsy.php?p=%2Fproc%2F25%2Fnet%2Fnfsfs%2F.." "Mozilla/5.0 AppleWebKit/537.36 (KHTML, like Gecko; compatible; GPTBot/1.3; +https://openai.com/gptbot)"
74.7.241.36 - - [17/Mar/2026:14:41:24 +0000] "GET /whsy.php?e=netstat&p=%2Fproc%2F82%2Fnet HTTP/2.0" 200 4242 "https://www.firstdigital.com.lab2454.com/whsy.php?p=%2Fproc%2F82%2Fnet%2Fnfsfs%2F.." "Mozilla/5.0 AppleWebKit/537.36 (KHTML, like Gecko; compatible; GPTBot/1.3; +https://openai.com/gptbot)"
74.7.241.36 - - [17/Mar/2026:14:41:33 +0000] "GET /whsy.php?e=netstat&p=%2Fproc%2F26%2Fnet HTTP/2.0" 200 4247 "https://www.firstdigital.com.lab2454.com/whsy.php?p=%2Fproc%2F26%2Fnet%2Fnfsfs%2F.." "Mozilla/5.0 AppleWebKit/537.36 (KHTML, like Gecko; compatible; GPTBot/1.3; +https://openai.com/gptbot)"
74.7.241.36 - - [17/Mar/2026:14:41:42 +0000] "GET /whsy.php?e=netstat&p=%2Fproc%2F23%2Fnet HTTP/2.0" 200 4244 "https://www.firstdigital.com.lab2454.com/whsy.php?p=%2Fproc%2F23%2Fnet%2Fnfsfs%2F.." "Mozilla/5.0 AppleWebKit/537.36 (KHTML, like Gecko; compatible; GPTBot/1.3; +https://openai.com/gptbot)"
74.7.241.36 - - [17/Mar/2026:14:41:52 +0000] "GET /whsy.php?e=DataCountries.php&p=%2Fhome%2Flab2454c%2Ffcxpro.com%2Fwp-content%2Fplugins%2Fwoocommerce%2Fsrc%2FAdmin%2FAPI HTTP/2.0" 200 2399 "https://www.firstdigital.com.lab2454.com/whsy.php?p=%2Fhome%2Flab2454c%2Ffcxpro.com%2Fwp-content%2Fplugins%2Fwoocommerce%2Fsrc%2FAdmin%2FAPI" "Mozilla/5.0 AppleWebKit/537.36 (KHTML, like Gecko; compatible; GPTBot/1.3; +https://openai.com/gptbot)"
74.7.241.36 - - [17/Mar/2026:14:42:04 +0000] "GET /whsy.php?e=class-wp-feed-cache-transient.php&p=%2Fhome%2Flab2454c%2Fincforce.com%2Fwp-includes HTTP/2.0" 200 9381 "https://www.firstdigital.com.lab2454.com/whsy.php?e=feed-rss2.php&p=%2Fhome%2Flab2454c%2Fincforce.com%2Fwp-includes" "Mozilla/5.0 AppleWebKit/537.36 (KHTML, like Gecko; compatible; GPTBot/1.3; +https://openai.com/gptbot)"
74.7.241.36 - - [17/Mar/2026:14:42:15 +0000] "GET /whsy.php?p=%2Fhome%2Flab2454c%2Fwesternclear.net%2Fvendor%2Fnette%2Futils%2F.. HTTP/2.0" 200 539 "https://www.firstdigital.com.lab2454.com/whsy.php?p=%2Fhome%2Flab2454c%2Fwesternclear.net%2Fvendor%2Fnette%2Futils" "Mozilla/5.0 AppleWebKit/537.36 (KHTML, like Gecko; compatible; GPTBot/1.3; +https://openai.com/gptbot)"
74.7.241.36 - - [17/Mar/2026:14:42:26 +0000] "GET /whsy.php?e=exception.html.php&p=%2Fhome%2Flab2454c%2Fbancmils.com%2Fvendor%2Fsymfony%2Ferror-handler%2FResources%2Fviews HTTP/2.0" 200 2067 "https://www.firstdigital.com.lab2454.com/whsy.php?p=%2Fhome%2Flab2454c%2Fbancmils.com%2Fvendor%2Fsymfony%2Ferror-handler%2FResources%2Fviews" "Mozilla/5.0 AppleWebKit/537.36 (KHTML, like Gecko; compatible; GPTBot/1.3; +https://openai.com/gptbot)"
74.7.241.36 - - [17/Mar/2026:14:42:37 +0000] "GET /whsy.php?p=%2Fhome%2Flab2454c%2Faficb.com%2Fvendor%2Fhamcrest HTTP/2.0" 200 527 "https://www.firstdigital.com.lab2454.com/whsy.php?p=%2Fhome%2Flab2454c%2Faficb.com%2Fvendor%2Fphpunit%2F.." "Mozilla/5.0 AppleWebKit/537.36 (KHTML, like Gecko; compatible; GPTBot/1.3; +https://openai.com/gptbot)"
74.7.241.36 - - [17/Mar/2026:14:42:49 +0000] "GET /whsy.php?p=%2Fhome%2Flab2454c%2Fnfsin.com%2Fwp-content%2Fplugins%2Fultimate-member%2Fincludes%2Fadmin%2Fassets%2Fjs HTTP/2.0" 200 1146 "https://www.firstdigital.com.lab2454.com/whsy.php?p=%2Fhome%2Flab2454c%2Fnfsin.com%2Fwp-content%2Fplugins%2Fultimate-member%2Fincludes%2Fadmin%2Fassets%2Fcss%2F.." "Mozilla/5.0 AppleWebKit/537.36 (KHTML, like Gecko; compatible; GPTBot/1.3; +https://openai.com/gptbot)"
74.7.241.36 - - [17/Mar/2026:14:43:01 +0000] "GET /whsy.php?p=%2Fhome%2Flab2454c%2Fvaultchip.com%2Fvendor%2Fbotble%2Fplatform%2Facl%2Fsrc HTTP/2.0" 200 686 "https://www.firstdigital.com.lab2454.com/whsy.php?p=%2Fhome%2Flab2454c%2Fvaultchip.com%2Fvendor%2Fbotble%2Fplatform%2Facl" "Mozilla/5.0 AppleWebKit/537.36 (KHTML, like Gecko; compatible; GPTBot/1.3; +https://openai.com/gptbot)"
74.7.241.36 - - [17/Mar/2026:14:43:09 +0000] "GET /whsy.php?p=%2Fhome%2Flab2454c%2Fvaultchip.com%2Fvendor%2Fbotble%2Fmenu%2Fsrc%2FFacades HTTP/2.0" 200 727 "https://www.firstdigital.com.lab2454.com/whsy.php?p=%2Fhome%2Flab2454c%2Fvaultchip.com%2Fvendor%2Fbotble%2Fmenu%2Fsrc" "Mozilla/5.0 AppleWebKit/537.36 (KHTML, like Gecko; compatible; GPTBot/1.3; +https://openai.com/gptbot)"
74.7.241.36 - - [17/Mar/2026:14:43:18 +0000] "GET /whsy.php?p=%2Fhome%2Flab2454c%2Fvaultchip.com%2Fvendor%2Fbotble%2Fslug%2Fsrc%2FForms HTTP/2.0" 200 557 "https://www.firstdigital.com.lab2454.com/whsy.php?p=%2Fhome%2Flab2454c%2Fvaultchip.com%2Fvendor%2Fbotble%2Fslug%2Fsrc" "Mozilla/5.0 AppleWebKit/537.36 (KHTML, like Gecko; compatible; GPTBot/1.3; +https://openai.com/gptbot)"
74.7.241.36 - - [17/Mar/2026:14:43:30 +0000] "GET /whsy.php?p=%2Fhome%2Flab2454c%2Fvaultchip.com%2Fvendor%2Fbotble%2Fpage%2Fsrc%2FForms HTTP/2.0" 200 725 "https://www.firstdigital.com.lab2454.com/whsy.php?p=%2Fhome%2Flab2454c%2Fvaultchip.com%2Fvendor%2Fbotble%2Fpage%2Fsrc%2FSupports%2F.." "Mozilla/5.0 AppleWebKit/537.36 (KHTML, like Gecko; compatible; GPTBot/1.3; +https://openai.com/gptbot)"
74.7.241.36 - - [17/Mar/2026:14:43:43 +0000] "GET /whsy.php?p=%2Fhome%2Flab2454c%2Fvaultchip.com%2Fvendor%2Framsey%2Fuuid%2Fsrc%2FFields HTTP/2.0" 200 777 "https://www.firstdigital.com.lab2454.com/whsy.php?p=%2Fhome%2Flab2454c%2Fvaultchip.com%2Fvendor%2Framsey%2Fuuid%2Fsrc" "Mozilla/5.0 AppleWebKit/537.36 (KHTML, like Gecko; compatible; GPTBot/1.3; +https://openai.com/gptbot)"
74.7.241.36 - - [17/Mar/2026:14:43:55 +0000] "GET /whsy.php?p=%2Fhome%2Flab2454c%2Fvaultchip.com%2Fvendor%2Fbotble%2Fslug%2Fsrc%2FFacades HTTP/2.0" 200 733 "https://www.firstdigital.com.lab2454.com/whsy.php?p=%2Fhome%2Flab2454c%2Fvaultchip.com%2Fvendor%2Fbotble%2Fslug%2Fsrc" "Mozilla/5.0 AppleWebKit/537.36 (KHTML, like Gecko; compatible; GPTBot/1.3; +https://openai.com/gptbot)"
74.7.241.36 - - [17/Mar/2026:14:44:05 +0000] "GET /whsy.php?p=%2Fhome%2Flab2454c%2Fvaultchip.com%2Fvendor%2Fbotble%2Fmenu%2Fpublic%2Fcss HTTP/2.0" 200 721 "https://www.firstdigital.com.lab2454.com/whsy.php?p=%2Fhome%2Flab2454c%2Fvaultchip.com%2Fvendor%2Fbotble%2Fmenu%2Fpublic" "Mozilla/5.0 AppleWebKit/537.36 (KHTML, like Gecko; compatible; GPTBot/1.3; +https://openai.com/gptbot)"
74.7.241.36 - - [17/Mar/2026:14:44:17 +0000] "GET /whsy.php?p=%2Fhome%2Flab2454c%2Fvaultchip.com%2Fvendor%2Fbotble%2Fslug%2Fpublic%2Fcss HTTP/2.0" 200 721 "https://www.firstdigital.com.lab2454.com/whsy.php?p=%2Fhome%2Flab2454c%2Fvaultchip.com%2Fvendor%2Fbotble%2Fslug%2Fpublic" "Mozilla/5.0 AppleWebKit/537.36 (KHTML, like Gecko; compatible; GPTBot/1.3; +https://openai.com/gptbot)"
74.7.241.36 - - [17/Mar/2026:14:44:27 +0000] "GET /whsy.php?p=%2Fhome%2Flab2454c%2Ftripvare.com%2Fvendor%2Fdoctrine%2Fdbal%2Fsrc%2FSchema HTTP/2.0" 200 1457 "https://www.firstdigital.com.lab2454.com/whsy.php?p=%2Fhome%2Flab2454c%2Ftripvare.com%2Fvendor%2Fdoctrine%2Fdbal%2Fsrc%2FArrayParameters%2F.." "Mozilla/5.0 AppleWebKit/537.36 (KHTML, like Gecko; compatible; GPTBot/1.3; +https://openai.com/gptbot)"
74.7.241.36 - - [17/Mar/2026:14:44:40 +0000] "GET /whsy.php?p=%2Fhome%2Flab2454c%2Fvaultchip.com%2Fvendor%2Fgoogle%2Fauth%2Fsrc%2FCache HTTP/2.0" 200 844 "https://www.firstdigital.com.lab2454.com/whsy.php?p=%2Fhome%2Flab2454c%2Fvaultchip.com%2Fvendor%2Fgoogle%2Fauth%2Fsrc" "Mozilla/5.0 AppleWebKit/537.36 (KHTML, like Gecko; compatible; GPTBot/1.3; +https://openai.com/gptbot)"
74.7.241.36 - - [17/Mar/2026:14:44:52 +0000] "GET /whsy.php?e=class-wpcode-admin-page-loader.php&p=%2Fhome%2Flab2454c%2Fisaaclondston.com%2Fwp-content%2Fplugins%2Finsert-headers-and-footers%2Fincludes%2Fadmin HTTP/2.0" 200 3462 "https://www.firstdigital.com.lab2454.com/whsy.php?e=class-wpcode-review.php&p=%2Fhome%2Flab2454c%2Fisaaclondston.com%2Fwp-content%2Fplugins%2Finsert-headers-and-footers%2Fincludes%2Fadmin" "Mozilla/5.0 AppleWebKit/537.36 (KHTML, like Gecko; compatible; GPTBot/1.3; +https://openai.com/gptbot)"
74.7.228.43 - - [17/Mar/2026:14:44:52 +0000] "GET /robots.txt HTTP/2.0" 404 - "-" "Mozilla/5.0 (Macintosh; Intel Mac OS X 10_15_7) AppleWebKit/537.36 (KHTML, like Gecko) Chrome/131.0.0.0 Safari/537.36; compatible; OAI-SearchBot/1.3; robots.txt; +https://openai.com/searchbot"
74.7.241.36 - - [17/Mar/2026:14:45:02 +0000] "GET /whsy.php?p=%2Fhome%2Flab2454c%2Fvaultchip.com%2Fvendor%2Fbotble%2Fplatform%2Facl%2Fsrc%2FCommands HTTP/2.0" 200 745 "https://www.firstdigital.com.lab2454.com/whsy.php?p=%2Fhome%2Flab2454c%2Fvaultchip.com%2Fvendor%2Fbotble%2Fplatform%2Facl%2Fsrc" "Mozilla/5.0 AppleWebKit/537.36 (KHTML, like Gecko; compatible; GPTBot/1.3; +https://openai.com/gptbot)"
74.7.241.36 - - [17/Mar/2026:14:45:13 +0000] "GET /whsy.php?p=%2Fhome%2Flab2454c%2Fvaultchip.com%2Fvendor%2Fbotble%2Fplatform%2Facl%2Fsrc%2FServices HTTP/2.0" 200 823 "https://www.firstdigital.com.lab2454.com/whsy.php?p=%2Fhome%2Flab2454c%2Fvaultchip.com%2Fvendor%2Fbotble%2Fplatform%2Facl%2Fsrc" "Mozilla/5.0 AppleWebKit/537.36 (KHTML, like Gecko; compatible; GPTBot/1.3; +https://openai.com/gptbot)"
74.7.241.36 - - [17/Mar/2026:14:45:22 +0000] "GET /whsy.php?e=class-wpcode-admin-page-loader.php&p=%2Fhome%2Flab2454c%2Fsecurepaychip.com%2Fwp-content%2Fplugins%2Finsert-headers-and-footers%2Fincludes%2Fadmin HTTP/2.0" 200 3462 "https://www.firstdigital.com.lab2454.com/whsy.php?e=class-wpcode-review.php&p=%2Fhome%2Flab2454c%2Fsecurepaychip.com%2Fwp-content%2Fplugins%2Finsert-headers-and-footers%2Fincludes%2Fadmin" "Mozilla/5.0 AppleWebKit/537.36 (KHTML, like Gecko; compatible; GPTBot/1.3; +https://openai.com/gptbot)"
74.7.241.36 - - [17/Mar/2026:14:45:33 +0000] "GET /whsy.php?e=LICENSE&p=%2Fhome%2Flab2454c%2Fcredityorkgroup.com%2Fvendor%2Fphpunit%2Fphpunit HTTP/2.0" 200 1867 "https://www.firstdigital.com.lab2454.com/whsy.php?p=%2Fhome%2Flab2454c%2Fcredityorkgroup.com%2Fvendor%2Fphpunit%2Fphpunit" "Mozilla/5.0 AppleWebKit/537.36 (KHTML, like Gecko; compatible; GPTBot/1.3; +https://openai.com/gptbot)"
74.7.241.36 - - [17/Mar/2026:14:45:43 +0000] "GET /whsy.php?e=README.md&p=%2Fhome%2Flab2454c%2Faficb.com%2Fvendor%2Fphpunit%2Fphp-file-iterator HTTP/2.0" 200 1154 "https://www.firstdigital.com.lab2454.com/whsy.php?p=%2Fhome%2Flab2454c%2Faficb.com%2Fvendor%2Fphpunit%2Fphp-file-iterator" "Mozilla/5.0 AppleWebKit/537.36 (KHTML, like Gecko; compatible; GPTBot/1.3; +https://openai.com/gptbot)"
74.7.241.36 - - [17/Mar/2026:14:45:52 +0000] "GET /whsy.php?p=%2Fhome%2Flab2454c%2Fbaas.elementalrock.com%2Fwp-content%2Fplugins%2Focean-elementor-widgets%2Fassets%2Fcss%2Foff-canvas HTTP/2.0" 200 807 "https://www.firstdigital.com.lab2454.com/whsy.php?p=%2Fhome%2Flab2454c%2Fbaas.elementalrock.com%2Fwp-content%2Fplugins%2Focean-elementor-widgets%2Fassets%2Fcss%2Fwoo-cart-icon%2F.." "Mozilla/5.0 AppleWebKit/537.36 (KHTML, like Gecko; compatible; GPTBot/1.3; +https://openai.com/gptbot)"
74.7.241.36 - - [17/Mar/2026:14:46:02 +0000] "GET /whsy.php?e=class-wc-register-wp-admin-settings.php&p=%2Fhome%2Flab2454c%2Fcarbonbullion.net%2Fwp-content%2Fplugins%2Fwoocommerce%2Fincludes HTTP/2.0" 200 5962 "https://www.firstdigital.com.lab2454.com/whsy.php?p=%2Fhome%2Flab2454c%2Fcarbonbullion.net%2Fwp-content%2Fplugins%2Fwoocommerce%2Fincludes" "Mozilla/5.0 AppleWebKit/537.36 (KHTML, like Gecko; compatible; GPTBot/1.3; +https://openai.com/gptbot)"
74.7.241.36 - - [17/Mar/2026:14:46:14 +0000] "GET /whsy.php?e=CHANGELOG.md&p=%2Fhome%2Flab2454c%2Fbancmils.com%2Fvendor%2Ffakerphp%2Ffaker HTTP/2.0" 200 3351 "https://www.firstdigital.com.lab2454.com/whsy.php?p=%2Fhome%2Flab2454c%2Fbancmils.com%2Fvendor%2Ffakerphp%2Ffaker" "Mozilla/5.0 AppleWebKit/537.36 (KHTML, like Gecko; compatible; GPTBot/1.3; +https://openai.com/gptbot)"
74.7.241.36 - - [17/Mar/2026:14:46:24 +0000] "GET /whsy.php?e=SchemaConfig.php&p=%2Fhome%2Flab2454c%2Ftripvare.com%2Fvendor%2Fdoctrine%2Fdbal%2Fsrc%2FSchema HTTP/2.0" 200 2009 "https://www.firstdigital.com.lab2454.com/whsy.php?p=%2Fhome%2Flab2454c%2Ftripvare.com%2Fvendor%2Fdoctrine%2Fdbal%2Fsrc%2FSchema" "Mozilla/5.0 AppleWebKit/537.36 (KHTML, like Gecko; compatible; GPTBot/1.3; +https://openai.com/gptbot)"
74.7.241.36 - - [17/Mar/2026:14:46:33 +0000] "GET /whsy.php?e=options-permalink.php&p=%2Fhome%2Flab2454c%2Fcbcei.com%2Fwp-admin HTTP/2.0" 200 9199 "https://www.firstdigital.com.lab2454.com/whsy.php?p=%2Fhome%2Flab2454c%2Fcbcei.com%2Fwp-admin" "Mozilla/5.0 AppleWebKit/537.36 (KHTML, like Gecko; compatible; GPTBot/1.3; +https://openai.com/gptbot)"
74.7.241.36 - - [17/Mar/2026:14:46:44 +0000] "GET /whsy.php?e=ms-themes.php&p=%2Fhome%2Flab2454c%2Felementalrock.com%2Fwp-admin HTTP/2.0" 200 3735 "https://www.firstdigital.com.lab2454.com/whsy.php?p=%2Fhome%2Flab2454c%2Felementalrock.com%2Fwp-admin" "Mozilla/5.0 AppleWebKit/537.36 (KHTML, like Gecko; compatible; GPTBot/1.3; +https://openai.com/gptbot)"
74.7.241.36 - - [17/Mar/2026:14:46:55 +0000] "GET /whsy.php?e=ms-sites.php&p=%2Fhome%2Flab2454c%2Felementalrock.com%2Fwp-admin HTTP/2.0" 200 3732 "https://www.firstdigital.com.lab2454.com/whsy.php?p=%2Fhome%2Flab2454c%2Felementalrock.com%2Fwp-admin" "Mozilla/5.0 AppleWebKit/537.36 (KHTML, like Gecko; compatible; GPTBot/1.3; +https://openai.com/gptbot)"
74.7.241.36 - - [17/Mar/2026:14:47:05 +0000] "GET /whsy.php?e=load-scripts.php&p=%2Fhome%2Flab2454c%2Farchswipe.com%2Fwp-admin HTTP/2.0" 200 4488 "https://www.firstdigital.com.lab2454.com/whsy.php?p=%2Fhome%2Flab2454c%2Farchswipe.com%2Fwp-admin" "Mozilla/5.0 AppleWebKit/537.36 (KHTML, like Gecko; compatible; GPTBot/1.3; +https://openai.com/gptbot)"
74.7.241.36 - - [17/Mar/2026:14:47:16 +0000] "GET /whsy.php?e=site-health.php&p=%2Fhome%2Flab2454c%2Fvalidatekey.com%2Fwp-admin HTTP/2.0" 200 7156 "https://www.firstdigital.com.lab2454.com/whsy.php?p=%2Fhome%2Flab2454c%2Fvalidatekey.com%2Fwp-admin" "Mozilla/5.0 AppleWebKit/537.36 (KHTML, like Gecko; compatible; GPTBot/1.3; +https://openai.com/gptbot)"
74.7.241.36 - - [17/Mar/2026:14:47:28 +0000] "GET /whsy.php?e=options-permalink.php&p=%2Fhome%2Flab2454c%2Figpma.com%2Fwp-admin HTTP/2.0" 200 9232 "https://www.firstdigital.com.lab2454.com/whsy.php?p=%2Fhome%2Flab2454c%2Figpma.com%2Fwp-admin" "Mozilla/5.0 AppleWebKit/537.36 (KHTML, like Gecko; compatible; GPTBot/1.3; +https://openai.com/gptbot)"
74.7.241.36 - - [17/Mar/2026:14:47:40 +0000] "GET /whsy.php?e=custom-header.php&p=%2Fhome%2Flab2454c%2Farchswipe.com%2Fwp-admin HTTP/2.0" 200 3866 "https://www.firstdigital.com.lab2454.com/whsy.php?p=%2Fhome%2Flab2454c%2Farchswipe.com%2Fwp-admin" "Mozilla/5.0 AppleWebKit/537.36 (KHTML, like Gecko; compatible; GPTBot/1.3; +https://openai.com/gptbot)"
74.7.241.36 - - [17/Mar/2026:14:47:52 +0000] "GET /whsy.php?e=theme-editor.php&p=%2Fhome%2Flab2454c%2Fveritserv.com%2Fwp-admin HTTP/2.0" 200 9208 "https://www.firstdigital.com.lab2454.com/whsy.php?p=%2Fhome%2Flab2454c%2Fveritserv.com%2Fwp-admin" "Mozilla/5.0 AppleWebKit/537.36 (KHTML, like Gecko; compatible; GPTBot/1.3; +https://openai.com/gptbot)"
74.7.241.36 - - [17/Mar/2026:14:48:06 +0000] "GET /whsy.php?e=async-upload.php&p=%2Fhome%2Flab2454c%2Farchswipe.com%2Fwp-admin HTTP/2.0" 200 5609 "https://www.firstdigital.com.lab2454.com/whsy.php?p=%2Fhome%2Flab2454c%2Farchswipe.com%2Fwp-admin" "Mozilla/5.0 AppleWebKit/537.36 (KHTML, like Gecko; compatible; GPTBot/1.3; +https://openai.com/gptbot)"
74.7.241.36 - - [17/Mar/2026:14:48:17 +0000] "GET /whsy.php?e=link-manager.php&p=%2Fhome%2Flab2454c%2Farchswipe.com%2Fwp-admin HTTP/2.0" 200 5479 "https://www.firstdigital.com.lab2454.com/whsy.php?p=%2Fhome%2Flab2454c%2Farchswipe.com%2Fwp-admin" "Mozilla/5.0 AppleWebKit/537.36 (KHTML, like Gecko; compatible; GPTBot/1.3; +https://openai.com/gptbot)"
74.7.241.36 - - [17/Mar/2026:14:48:29 +0000] "GET /whsy.php?e=ip_vti0&p=%2Fproc%2F66%2Fnet%2Fdev_snmp6 HTTP/2.0" 200 1558 "https://www.firstdigital.com.lab2454.com/whsy.php?p=%2Fproc%2F66%2Fnet%2Fdev_snmp6" "Mozilla/5.0 AppleWebKit/537.36 (KHTML, like Gecko; compatible; GPTBot/1.3; +https://openai.com/gptbot)"
74.7.241.36 - - [17/Mar/2026:14:48:39 +0000] "GET /whsy.php?e=ip_vti0&p=%2Fproc%2F62%2Fnet%2Fdev_snmp6 HTTP/2.0" 200 1559 "https://www.firstdigital.com.lab2454.com/whsy.php?p=%2Fproc%2F62%2Fnet%2Fdev_snmp6" "Mozilla/5.0 AppleWebKit/537.36 (KHTML, like Gecko; compatible; GPTBot/1.3; +https://openai.com/gptbot)"
74.7.241.36 - - [17/Mar/2026:14:48:49 +0000] "GET /whsy.php?e=org.png&p=%2Fhome%2Flab2454c%2Ftmp%2Fanalog%2Fssl%2Fomvstudioentertainment.com.lab2454.com HTTP/2.0" 200 903 "https://www.firstdigital.com.lab2454.com/whsy.php?p=%2Fhome%2Flab2454c%2Ftmp%2Fanalog%2Fssl%2Fomvstudioentertainment.com.lab2454.com" "Mozilla/5.0 AppleWebKit/537.36 (KHTML, like Gecko; compatible; GPTBot/1.3; +https://openai.com/gptbot)"
74.7.241.36 - - [17/Mar/2026:14:49:01 +0000] "GET /whsy.php?p=%2Fhome%2Flab2454c%2Fcrypto.keyreum.com%2Fvendor%2Fgoogle%2Fapiclient-services%2Fsrc%2FOSConfig HTTP/2.0" 200 2380 "https://www.firstdigital.com.lab2454.com/whsy.php?p=%2Fhome%2Flab2454c%2Fcrypto.keyreum.com%2Fvendor%2Fgoogle%2Fapiclient-services%2Fsrc%2FPeopleService%2F.." "Mozilla/5.0 AppleWebKit/537.36 (KHTML, like Gecko; compatible; GPTBot/1.3; +https://openai.com/gptbot)"
74.7.241.36 - - [17/Mar/2026:14:49:15 +0000] "GET /whsy.php?p=%2Fhome%2Flab2454c%2Fcrypto.keyreum.com%2Fvendor%2Fgoogle%2Fapiclient-services%2Fsrc%2FSQLAdmin HTTP/2.0" 200 3404 "https://www.firstdigital.com.lab2454.com/whsy.php?p=%2Fhome%2Flab2454c%2Fcrypto.keyreum.com%2Fvendor%2Fgoogle%2Fapiclient-services%2Fsrc%2FPeopleService%2F.." "Mozilla/5.0 AppleWebKit/537.36 (KHTML, like Gecko; compatible; GPTBot/1.3; +https://openai.com/gptbot)"
74.7.241.36 - - [17/Mar/2026:14:49:32 +0000] "GET /whsy.php?p=%2Fhome%2Flab2454c%2Fcrypto.keyreum.com%2Fvendor%2Fgoogle%2Fapiclient-services%2Fsrc%2FCloudKMS HTTP/2.0" 200 2093 "https://www.firstdigital.com.lab2454.com/whsy.php?p=%2Fhome%2Flab2454c%2Fcrypto.keyreum.com%2Fvendor%2Fgoogle%2Fapiclient-services%2Fsrc%2FPeopleService%2F.." "Mozilla/5.0 AppleWebKit/537.36 (KHTML, like Gecko; compatible; GPTBot/1.3; +https://openai.com/gptbot)"
74.7.241.36 - - [17/Mar/2026:14:49:45 +0000] "GET /whsy.php?p=%2Fhome%2Flab2454c%2Finvest.equitablebarter.com%2Fwp-admin%2Fimages HTTP/2.0" 200 3078 "https://www.firstdigital.com.lab2454.com/whsy.php?p=%2Fhome%2Flab2454c%2Finvest.equitablebarter.com%2Fwp-admin" "Mozilla/5.0 AppleWebKit/537.36 (KHTML, like Gecko; compatible; GPTBot/1.3; +https://openai.com/gptbot)"
74.7.241.36 - - [17/Mar/2026:14:49:57 +0000] "GET /whsy.php?p=%2Fhome%2Flab2454c%2Fnetxzero.com%2Fwp-content%2Fthemes%2Ftwentytwentytwo%2Fassets%2Ffonts%2Finter%2F.. HTTP/2.0" 200 895 "https://www.firstdigital.com.lab2454.com/whsy.php?p=%2Fhome%2Flab2454c%2Fnetxzero.com%2Fwp-content%2Fthemes%2Ftwentytwentytwo%2Fassets%2Ffonts%2Finter" "Mozilla/5.0 AppleWebKit/537.36 (KHTML, like Gecko; compatible; GPTBot/1.3; +https://openai.com/gptbot)"
74.7.228.43 - - [17/Mar/2026:14:49:58 +0000] "GET /robots.txt HTTP/2.0" 404 - "-" "Mozilla/5.0 (Macintosh; Intel Mac OS X 10_15_7) AppleWebKit/537.36 (KHTML, like Gecko) Chrome/131.0.0.0 Safari/537.36; compatible; OAI-SearchBot/1.3; robots.txt; +https://openai.com/searchbot"
74.7.241.36 - - [17/Mar/2026:14:50:07 +0000] "GET /whsy.php?e=easiness-150x150.png&p=%2Fhome%2Flab2454c%2Fpublic_html%2Fwp-content%2Fuploads%2F2022%2F04 HTTP/2.0" 200 6713 "https://www.firstdigital.com.lab2454.com/whsy.php?e=payment-service-provider-150x150.png&p=%2Fhome%2Flab2454c%2Fpublic_html%2Fwp-content%2Fuploads%2F2022%2F04" "Mozilla/5.0 AppleWebKit/537.36 (KHTML, like Gecko; compatible; GPTBot/1.3; +https://openai.com/gptbot)"
74.7.241.36 - - [17/Mar/2026:14:50:15 +0000] "GET /whsy.php?e=State.php&p=%2Fhome%2Flab2454c%2Fnfsin.com%2Fwp-includes%2Fsodium_compat%2Fsrc%2FCore%2FPoly1305 HTTP/2.0" 200 3215 "https://www.firstdigital.com.lab2454.com/whsy.php?p=%2Fhome%2Flab2454c%2Fnfsin.com%2Fwp-includes%2Fsodium_compat%2Fsrc%2FCore%2FPoly1305" "Mozilla/5.0 AppleWebKit/537.36 (KHTML, like Gecko; compatible; GPTBot/1.3; +https://openai.com/gptbot)"
74.7.241.36 - - [17/Mar/2026:14:50:26 +0000] "GET /whsy.php?p=%2Fusr%2Fshare%2Fdoc%2Fperl-Test-Simple-0.98%2Ft%2Fsubtest%2F.. HTTP/2.0" 200 2426 "https://www.firstdigital.com.lab2454.com/whsy.php?p=%2Fusr%2Fshare%2Fdoc%2Fperl-Test-Simple-0.98%2Ft%2Fsubtest" "Mozilla/5.0 AppleWebKit/537.36 (KHTML, like Gecko; compatible; GPTBot/1.3; +https://openai.com/gptbot)"
74.7.241.36 - - [17/Mar/2026:14:50:39 +0000] "GET /whsy.php?e=class-product-cat-list-walker.php&p=%2Fhome%2Flab2454c%2Fcarbonbullion.net%2Fwp-content%2Fplugins%2Fwoocommerce%2Fincludes%2Fwalkers HTTP/2.0" 200 1059 "https://www.firstdigital.com.lab2454.com/whsy.php?p=%2Fhome%2Flab2454c%2Fcarbonbullion.net%2Fwp-content%2Fplugins%2Fwoocommerce%2Fincludes%2Fwalkers" "Mozilla/5.0 AppleWebKit/537.36 (KHTML, like Gecko; compatible; GPTBot/1.3; +https://openai.com/gptbot)"
74.7.241.36 - - [17/Mar/2026:14:50:54 +0000] "GET /whsy.php?e=COPYING.LIB&p=%2Fusr%2Fshare%2Flicenses%2Fdevice-mapper-libs-1.02.170 HTTP/2.0" 200 10225 "https://www.firstdigital.com.lab2454.com/whsy.php?p=%2Fusr%2Fshare%2Flicenses%2Fdevice-mapper-libs-1.02.170" "Mozilla/5.0 AppleWebKit/537.36 (KHTML, like Gecko; compatible; GPTBot/1.3; +https://openai.com/gptbot)"
74.7.241.36 - - [17/Mar/2026:14:51:08 +0000] "GET /whsy.php?e=rsyslog.conf&p=%2Fetc HTTP/2.0" 200 10491 "https://www.firstdigital.com.lab2454.com/whsy.php?p=%2Fetc%2Fgss%2F.." "Mozilla/5.0 AppleWebKit/537.36 (KHTML, like Gecko; compatible; GPTBot/1.3; +https://openai.com/gptbot)"
74.7.241.36 - - [17/Mar/2026:14:51:26 +0000] "GET /whsy.php?e=loop-control&p=%2Fdev HTTP/2.0" 200 4824 "https://www.firstdigital.com.lab2454.com/whsy.php?p=%2Fdev%2Fpts%2F.." "Mozilla/5.0 AppleWebKit/537.36 (KHTML, like Gecko; compatible; GPTBot/1.3; +https://openai.com/gptbot)"
74.7.241.36 - - [17/Mar/2026:14:51:39 +0000] "GET /whsy.php?e=DatabaseInstance.php&p=%2Fhome%2Flab2454c%2Fcrypto.keyreum.com%2Fvendor%2Fgoogle%2Fapiclient-services%2Fsrc%2FSQLAdmin HTTP/2.0" 200 5350 "https://www.firstdigital.com.lab2454.com/whsy.php?p=%2Fhome%2Flab2454c%2Fcrypto.keyreum.com%2Fvendor%2Fgoogle%2Fapiclient-services%2Fsrc%2FSQLAdmin" "Mozilla/5.0 AppleWebKit/537.36 (KHTML, like Gecko; compatible; GPTBot/1.3; +https://openai.com/gptbot)"
74.7.241.36 - - [17/Mar/2026:14:51:51 +0000] "GET /whsy.php?e=LocationMetadata.php&p=%2Fhome%2Flab2454c%2Fcrypto.keyreum.com%2Fvendor%2Fgoogle%2Fapiclient-services%2Fsrc%2FCloudKMS HTTP/2.0" 200 2757 "https://www.firstdigital.com.lab2454.com/whsy.php?p=%2Fhome%2Flab2454c%2Fcrypto.keyreum.com%2Fvendor%2Fgoogle%2Fapiclient-services%2Fsrc%2FCloudKMS" "Mozilla/5.0 AppleWebKit/537.36 (KHTML, like Gecko; compatible; GPTBot/1.3; +https://openai.com/gptbot)"
74.7.241.36 - - [17/Mar/2026:14:52:03 +0000] "GET /whsy.php?e=icons32-2x.png&p=%2Fhome%2Flab2454c%2Finvest.equitablebarter.com%2Fwp-admin%2Fimages HTTP/2.0" 200 3141 "https://www.firstdigital.com.lab2454.com/whsy.php?p=%2Fhome%2Flab2454c%2Finvest.equitablebarter.com%2Fwp-admin%2Fimages" "Mozilla/5.0 AppleWebKit/537.36 (KHTML, like Gecko; compatible; GPTBot/1.3; +https://openai.com/gptbot)"
74.7.241.36 - - [17/Mar/2026:14:52:13 +0000] "GET /whsy.php?e=icons32-vs.png&p=%2Fhome%2Flab2454c%2Finvest.equitablebarter.com%2Fwp-admin%2Fimages HTTP/2.0" 200 3143 "https://www.firstdigital.com.lab2454.com/whsy.php?p=%2Fhome%2Flab2454c%2Finvest.equitablebarter.com%2Fwp-admin%2Fimages" "Mozilla/5.0 AppleWebKit/537.36 (KHTML, like Gecko; compatible; GPTBot/1.3; +https://openai.com/gptbot)"
74.7.241.36 - - [17/Mar/2026:14:52:23 +0000] "GET /whsy.php?e=sort-2x.gif&p=%2Fhome%2Flab2454c%2Finvest.equitablebarter.com%2Fwp-admin%2Fimages HTTP/2.0" 200 3141 "https://www.firstdigital.com.lab2454.com/whsy.php?p=%2Fhome%2Flab2454c%2Finvest.equitablebarter.com%2Fwp-admin%2Fimages" "Mozilla/5.0 AppleWebKit/537.36 (KHTML, like Gecko; compatible; GPTBot/1.3; +https://openai.com/gptbot)"
74.7.241.36 - - [17/Mar/2026:14:52:34 +0000] "GET /whsy.php?p=%2Fhome%2Flab2454c%2Ffinancial.datmont.com%2Fwp-content%2Fthemes%2Ftwentytwentyone%2Fassets%2Fsass%2F02-tools HTTP/2.0" 200 791 "https://www.firstdigital.com.lab2454.com/whsy.php?p=%2Fhome%2Flab2454c%2Ffinancial.datmont.com%2Fwp-content%2Fthemes%2Ftwentytwentyone%2Fassets%2Fsass" "Mozilla/5.0 AppleWebKit/537.36 (KHTML, like Gecko; compatible; GPTBot/1.3; +https://openai.com/gptbot)"
74.7.241.36 - - [17/Mar/2026:14:52:45 +0000] "GET /whsy.php?p=%2Fhome%2Flab2454c%2Fcarbonbullion.net%2Fwp-content%2Fplugins%2Fwoocommerce%2Fincludes%2Fwalkers%2F.. HTTP/2.0" 200 4416 "https://www.firstdigital.com.lab2454.com/whsy.php?p=%2Fhome%2Flab2454c%2Fcarbonbullion.net%2Fwp-content%2Fplugins%2Fwoocommerce%2Fincludes%2Fwalkers" "Mozilla/5.0 AppleWebKit/537.36 (KHTML, like Gecko; compatible; GPTBot/1.3; +https://openai.com/gptbot)"
74.7.241.36 - - [17/Mar/2026:14:52:59 +0000] "GET /whsy.php?p=%2Fhome%2Flab2454c HTTP/2.0" 200 3804 "https://www.firstdigital.com.lab2454.com/whsy.php?e=animations.min.css&p=%2Fhome%2Flab2454c%2Ffinancial.datmont.com%2Fwp-content%2Fplugins%2Felementor%2Fassets%2Flib%2Fanimations" "Mozilla/5.0 AppleWebKit/537.36 (KHTML, like Gecko; compatible; GPTBot/1.3; +https://openai.com/gptbot)"
74.7.241.36 - - [17/Mar/2026:14:53:11 +0000] "GET /whsy.php?e=CloudHSMV2Client.php&p=%2Fhome%2Flab2454c%2Fvaultchip.com%2Fvendor%2Faws%2Faws-sdk-php%2Fsrc%2FCloudHSMV2 HTTP/2.0" 200 1149 "https://www.firstdigital.com.lab2454.com/whsy.php?p=%2Fhome%2Flab2454c%2Fvaultchip.com%2Fvendor%2Faws%2Faws-sdk-php%2Fsrc%2FCloudHSMV2" "Mozilla/5.0 AppleWebKit/537.36 (KHTML, like Gecko; compatible; GPTBot/1.3; +https://openai.com/gptbot)"
74.7.241.36 - - [17/Mar/2026:14:53:22 +0000] "GET /whsy.php?e=ascii_ord.php&p=%2Fhome%2Flab2454c%2Fcredityorkgroup.com%2Fvendor%2Fvoku%2Fportable-ascii%2Fsrc%2Fvoku%2Fhelper%2Fdata HTTP/2.0" 200 6323 "https://www.firstdigital.com.lab2454.com/whsy.php?p=%2Fhome%2Flab2454c%2Fcredityorkgroup.com%2Fvendor%2Fvoku%2Fportable-ascii%2Fsrc%2Fvoku%2Fhelper%2Fdata" "Mozilla/5.0 AppleWebKit/537.36 (KHTML, like Gecko; compatible; GPTBot/1.3; +https://openai.com/gptbot)"
74.7.241.36 - - [17/Mar/2026:14:53:35 +0000] "GET /whsy.php?e=LexModelsV2Client.php&p=%2Fhome%2Flab2454c%2Fcrypto.keyreum.com%2Fvendor%2Faws%2Faws-sdk-php%2Fsrc%2FLexModelsV2 HTTP/2.0" 200 1985 "https://www.firstdigital.com.lab2454.com/whsy.php?p=%2Fhome%2Flab2454c%2Fcrypto.keyreum.com%2Fvendor%2Faws%2Faws-sdk-php%2Fsrc%2FLexModelsV2" "Mozilla/5.0 AppleWebKit/537.36 (KHTML, like Gecko; compatible; GPTBot/1.3; +https://openai.com/gptbot)"
74.7.241.36 - - [17/Mar/2026:14:53:51 +0000] "GET /whsy.php?e=S3OutpostsClient.php&p=%2Fhome%2Flab2454c%2Fvaultchip.com%2Fvendor%2Faws%2Faws-sdk-php%2Fsrc%2FS3Outposts HTTP/2.0" 200 1000 "https://www.firstdigital.com.lab2454.com/whsy.php?p=%2Fhome%2Flab2454c%2Fvaultchip.com%2Fvendor%2Faws%2Faws-sdk-php%2Fsrc%2FS3Outposts" "Mozilla/5.0 AppleWebKit/537.36 (KHTML, like Gecko; compatible; GPTBot/1.3; +https://openai.com/gptbot)"
74.7.241.36 - - [17/Mar/2026:14:54:03 +0000] "GET /whsy.php?e=Adobe-CNS1-1.bcmap&p=%2Fhome%2Flab2454c%2Fcostbloc.com%2Fpublic%2Fdist%2Fjs%2Fhtml5lightbox%2Fpdfjs%2Fweb%2Fcmaps HTTP/2.0" 200 5198 "https://www.firstdigital.com.lab2454.com/whsy.php?e=78-V.bcmap&p=%2Fhome%2Flab2454c%2Fcostbloc.com%2Fpublic%2Fdist%2Fjs%2Fhtml5lightbox%2Fpdfjs%2Fweb%2Fcmaps" "Mozilla/5.0 AppleWebKit/537.36 (KHTML, like Gecko; compatible; GPTBot/1.3; +https://openai.com/gptbot)"
