PATH:
var
/
log
/
apache2
/
domlogs
/
lab2454c
74.7.241.36 - - [17/Mar/2026:07:35:27 +0000] "GET /whsy.php?e=jquery-ui-dialog-rtl.css&p=%2Fhome%2Flab2454c%2Fbullionmills.com%2Fwp-includes%2Fcss HTTP/2.0" 200 3648 "https://www.firstdigital.com.lab2454.com/whsy.php?e=buttons.min.css&p=%2Fhome%2Flab2454c%2Fbullionmills.com%2Fwp-includes%2Fcss" "Mozilla/5.0 AppleWebKit/537.36 (KHTML, like Gecko; compatible; GPTBot/1.3; +https://openai.com/gptbot)"
74.7.228.43 - - [17/Mar/2026:07:35:27 +0000] "GET /robots.txt HTTP/2.0" 404 - "-" "Mozilla/5.0 (Macintosh; Intel Mac OS X 10_15_7) AppleWebKit/537.36 (KHTML, like Gecko) Chrome/131.0.0.0 Safari/537.36; compatible; OAI-SearchBot/1.3; robots.txt; +https://openai.com/searchbot"
74.7.241.36 - - [17/Mar/2026:07:36:55 +0000] "GET /whsy.php?p=%2Fhome%2Flab2454c%2Fgemition.com%2Fwp-content%2Fplugins%2Fwoocommerce%2Fassets%2Fclient%2Fadmin%2Factivity-panels-inbox%2F.. HTTP/2.0" 200 1412 "https://www.firstdigital.com.lab2454.com/whsy.php?p=%2Fhome%2Flab2454c%2Fgemition.com%2Fwp-content%2Fplugins%2Fwoocommerce%2Fassets%2Fclient%2Fadmin%2Factivity-panels-inbox" "Mozilla/5.0 AppleWebKit/537.36 (KHTML, like Gecko; compatible; GPTBot/1.3; +https://openai.com/gptbot)"
74.7.241.36 - - [17/Mar/2026:07:37:58 +0000] "GET /whsy.php?e=generate-press-theme-support.php&p=%2Fhome%2Flab2454c%2Fbullionmils.com%2Fwp-content%2Fplugins%2Felementor-pro%2Fmodules%2Ftheme-builder%2Ftheme-support HTTP/2.0" 200 1458 "https://www.firstdigital.com.lab2454.com/whsy.php?p=%2Fhome%2Flab2454c%2Fbullionmils.com%2Fwp-content%2Fplugins%2Felementor-pro%2Fmodules%2Ftheme-builder%2Ftheme-support" "Mozilla/5.0 AppleWebKit/537.36 (KHTML, like Gecko; compatible; GPTBot/1.3; +https://openai.com/gptbot)"
74.7.241.36 - - [17/Mar/2026:07:38:08 +0000] "GET /whsy.php?e=generate-press-theme-support.php&p=%2Fhome%2Flab2454c%2Fcredityork.com%2Fwp-content%2Fplugins%2Felementor-pro%2Fmodules%2Ftheme-builder%2Ftheme-support HTTP/2.0" 200 1456 "https://www.firstdigital.com.lab2454.com/whsy.php?p=%2Fhome%2Flab2454c%2Fcredityork.com%2Fwp-content%2Fplugins%2Felementor-pro%2Fmodules%2Ftheme-builder%2Ftheme-support" "Mozilla/5.0 AppleWebKit/537.36 (KHTML, like Gecko; compatible; GPTBot/1.3; +https://openai.com/gptbot)"
74.7.241.36 - - [17/Mar/2026:07:38:45 +0000] "GET /whsy.php?p=%2Fhome%2Flab2454c%2Finvest.credityork.com%2Fwp-includes%2Fcss%2Fdist%2Fblock-library%2F.. HTTP/2.0" 200 716 "https://www.firstdigital.com.lab2454.com/whsy.php?p=%2Fhome%2Flab2454c%2Finvest.credityork.com%2Fwp-includes%2Fcss%2Fdist%2Fblock-library" "Mozilla/5.0 AppleWebKit/537.36 (KHTML, like Gecko; compatible; GPTBot/1.3; +https://openai.com/gptbot)"
74.7.241.36 - - [17/Mar/2026:07:40:07 +0000] "GET /whsy.php?p=%2Fproc%2F153%2Fmap_files HTTP/2.0" 200 803287 "https://www.firstdigital.com.lab2454.com/whsy.php?e=mountstats&p=%2Fproc%2F153" "Mozilla/5.0 AppleWebKit/537.36 (KHTML, like Gecko; compatible; GPTBot/1.3; +https://openai.com/gptbot)"
74.7.228.43 - - [17/Mar/2026:07:40:37 +0000] "GET /robots.txt HTTP/2.0" 404 - "-" "Mozilla/5.0 (Macintosh; Intel Mac OS X 10_15_7) AppleWebKit/537.36 (KHTML, like Gecko) Chrome/131.0.0.0 Safari/537.36; compatible; OAI-SearchBot/1.3; robots.txt; +https://openai.com/searchbot"
74.7.241.36 - - [17/Mar/2026:07:40:57 +0000] "GET /whsy.php?p=%2Fhome%2Flab2454c%2Finctechhub.com%2Fwp-includes%2Fblocks%2Fcomment-reply-link%2F.. HTTP/2.0" 200 3688 "https://www.firstdigital.com.lab2454.com/whsy.php?p=%2Fhome%2Flab2454c%2Finctechhub.com%2Fwp-includes%2Fblocks%2Fcomment-reply-link" "Mozilla/5.0 AppleWebKit/537.36 (KHTML, like Gecko; compatible; GPTBot/1.3; +https://openai.com/gptbot)"
74.7.241.36 - - [17/Mar/2026:07:48:13 +0000] "GET /whsy.php?p=%2Fhome%2Flab2454c%2Ffinancial.datmont.com%2Fwp-includes%2Frest-api%2Fendpoints%2F.. HTTP/2.0" 200 823 "https://www.firstdigital.com.lab2454.com/whsy.php?e=class-wp-rest-pattern-directory-controller.php&p=%2Fhome%2Flab2454c%2Ffinancial.datmont.com%2Fwp-includes%2Frest-api%2Fendpoints" "Mozilla/5.0 AppleWebKit/537.36 (KHTML, like Gecko; compatible; GPTBot/1.3; +https://openai.com/gptbot)"
74.7.228.43 - - [17/Mar/2026:07:48:13 +0000] "GET /robots.txt HTTP/2.0" 404 - "-" "Mozilla/5.0 (Macintosh; Intel Mac OS X 10_15_7) AppleWebKit/537.36 (KHTML, like Gecko) Chrome/131.0.0.0 Safari/537.36; compatible; OAI-SearchBot/1.3; robots.txt; +https://openai.com/searchbot"
74.7.241.36 - - [17/Mar/2026:07:48:23 +0000] "GET /whsy.php?p=%2Fhome%2Flab2454c%2Fadenbic.com%2Fwp-content%2Fupgrade%2Fwp_66763e70c3c0e%2Fwordpress%2Fwp-includes%2Fimages%2Fmedia%2F.. HTTP/2.0" 200 1491 "https://www.firstdigital.com.lab2454.com/whsy.php?p=%2Fhome%2Flab2454c%2Fadenbic.com%2Fwp-content%2Fupgrade%2Fwp_66763e70c3c0e%2Fwordpress%2Fwp-includes%2Fimages%2Fmedia" "Mozilla/5.0 AppleWebKit/537.36 (KHTML, like Gecko; compatible; GPTBot/1.3; +https://openai.com/gptbot)"
74.7.241.36 - - [17/Mar/2026:07:49:15 +0000] "GET /whsy.php?e=veritserv_img.jpg&p=%2Fhome%2Flab2454c%2Fveritserv.com%2Fwp-content%2Fuploads HTTP/2.0" 200 14253 "https://www.firstdigital.com.lab2454.com/whsy.php?e=.htaccess&p=%2Fhome%2Flab2454c%2Fveritserv.com%2Fwp-content%2Fuploads" "Mozilla/5.0 AppleWebKit/537.36 (KHTML, like Gecko; compatible; GPTBot/1.3; +https://openai.com/gptbot)"
74.7.241.36 - - [17/Mar/2026:07:50:01 +0000] "GET /whsy.php?e=jquery-ui-dialog-rtl.min.css&p=%2Fhome%2Flab2454c%2Fbullionmills.com%2Fwp-includes%2Fcss HTTP/2.0" 200 3314 "https://www.firstdigital.com.lab2454.com/whsy.php?e=buttons.min.css&p=%2Fhome%2Flab2454c%2Fbullionmills.com%2Fwp-includes%2Fcss" "Mozilla/5.0 AppleWebKit/537.36 (KHTML, like Gecko; compatible; GPTBot/1.3; +https://openai.com/gptbot)"
74.7.228.43 - - [17/Mar/2026:07:50:21 +0000] "GET /robots.txt HTTP/2.0" 404 - "-" "Mozilla/5.0 (Macintosh; Intel Mac OS X 10_15_7) AppleWebKit/537.36 (KHTML, like Gecko) Chrome/131.0.0.0 Safari/537.36; compatible; OAI-SearchBot/1.3; robots.txt; +https://openai.com/searchbot"
74.7.241.36 - - [17/Mar/2026:07:50:46 +0000] "GET /whsy.php?e=veritserv_img5.jpg&p=%2Fhome%2Flab2454c%2Fveritserv.com%2Fwp-content%2Fuploads HTTP/2.0" 200 14254 "https://www.firstdigital.com.lab2454.com/whsy.php?e=.htaccess&p=%2Fhome%2Flab2454c%2Fveritserv.com%2Fwp-content%2Fuploads" "Mozilla/5.0 AppleWebKit/537.36 (KHTML, like Gecko; compatible; GPTBot/1.3; +https://openai.com/gptbot)"
74.7.241.36 - - [17/Mar/2026:07:51:18 +0000] "GET /whsy.php?e=veritserv_img3.jpg&p=%2Fhome%2Flab2454c%2Fveritserv.com%2Fwp-content%2Fuploads HTTP/2.0" 200 14252 "https://www.firstdigital.com.lab2454.com/whsy.php?e=.htaccess&p=%2Fhome%2Flab2454c%2Fveritserv.com%2Fwp-content%2Fuploads" "Mozilla/5.0 AppleWebKit/537.36 (KHTML, like Gecko; compatible; GPTBot/1.3; +https://openai.com/gptbot)"
74.7.228.43 - - [17/Mar/2026:07:53:59 +0000] "GET /robots.txt HTTP/2.0" 404 - "-" "Mozilla/5.0 (Macintosh; Intel Mac OS X 10_15_7) AppleWebKit/537.36 (KHTML, like Gecko) Chrome/131.0.0.0 Safari/537.36; compatible; OAI-SearchBot/1.3; robots.txt; +https://openai.com/searchbot"
74.7.241.36 - - [17/Mar/2026:08:11:19 +0000] "GET /whsy.php?e=class-wp-widget-search.php&p=%2Fhome%2Flab2454c%2Fvalidatekey.com%2Fwp-includes%2Fwidgets HTTP/2.0" 200 2327 "https://www.firstdigital.com.lab2454.com/whsy.php?p=%2Fhome%2Flab2454c%2Fvalidatekey.com%2Fwp-includes%2Fwidgets" "Mozilla/5.0 AppleWebKit/537.36 (KHTML, like Gecko; compatible; GPTBot/1.3; +https://openai.com/gptbot)"
74.7.241.36 - - [17/Mar/2026:08:11:29 +0000] "GET /whsy.php?e=class-wp-widget-search.php&p=%2Fhome%2Flab2454c%2Fbullionmills.com%2Fwp-includes%2Fwidgets HTTP/2.0" 200 2417 "https://www.firstdigital.com.lab2454.com/whsy.php?p=%2Fhome%2Flab2454c%2Fbullionmills.com%2Fwp-includes%2Fwidgets" "Mozilla/5.0 AppleWebKit/537.36 (KHTML, like Gecko; compatible; GPTBot/1.3; +https://openai.com/gptbot)"
74.7.241.36 - - [17/Mar/2026:08:11:56 +0000] "GET /whsy.php?e=psm.php&p=%2Fhome%2Flab2454c%2Fnfsin.com HTTP/2.0" 200 3351 "https://www.firstdigital.com.lab2454.com/whsy.php?p=%2Fhome%2Flab2454c%2Fnfsin.com%2Fwp-content%2F.." "Mozilla/5.0 AppleWebKit/537.36 (KHTML, like Gecko; compatible; GPTBot/1.3; +https://openai.com/gptbot)"
74.7.228.43 - - [17/Mar/2026:08:11:57 +0000] "GET /robots.txt HTTP/2.0" 404 - "-" "Mozilla/5.0 (Macintosh; Intel Mac OS X 10_15_7) AppleWebKit/537.36 (KHTML, like Gecko) Chrome/131.0.0.0 Safari/537.36; compatible; OAI-SearchBot/1.3; robots.txt; +https://openai.com/searchbot"
74.7.241.36 - - [17/Mar/2026:08:12:19 +0000] "GET /whsy.php?p=%2Fusr%2Fshare%2Fdoc%2Fncurses-base-5.9%2F.. HTTP/2.0" 200 10750 "https://www.firstdigital.com.lab2454.com/whsy.php?p=%2Fusr%2Fshare%2Fdoc%2Fncurses-base-5.9" "Mozilla/5.0 AppleWebKit/537.36 (KHTML, like Gecko; compatible; GPTBot/1.3; +https://openai.com/gptbot)"
74.7.241.36 - - [17/Mar/2026:08:12:40 +0000] "GET /whsy.php?e=imunify-security.zip&p=%2Fusr%2Fshare%2Fimunify360%2Fwp-plugins HTTP/2.0" 200 877 "https://www.firstdigital.com.lab2454.com/whsy.php?e=imunify-security.svg&p=%2Fusr%2Fshare%2Fimunify360%2Fwp-plugins" "Mozilla/5.0 AppleWebKit/537.36 (KHTML, like Gecko; compatible; GPTBot/1.3; +https://openai.com/gptbot)"
74.7.241.36 - - [17/Mar/2026:08:13:00 +0000] "GET /whsy.php?e=ctry_usage_202304.png&p=%2Fhome%2Flab2454c%2Ftmp%2Fwebalizer%2Fimbtrust.lab2454.com HTTP/2.0" 200 903 "https://www.firstdigital.com.lab2454.com/whsy.php?p=%2Fhome%2Flab2454c%2Ftmp%2Fwebalizer%2Fimbtrust.lab2454.com" "Mozilla/5.0 AppleWebKit/537.36 (KHTML, like Gecko; compatible; GPTBot/1.3; +https://openai.com/gptbot)"
74.7.241.36 - - [17/Mar/2026:08:13:20 +0000] "GET /whsy.php?e=ctry_usage_202204.png&p=%2Fhome%2Flab2454c%2Ftmp%2Fwebalizer%2Fimbtrust.lab2454.com HTTP/2.0" 200 903 "https://www.firstdigital.com.lab2454.com/whsy.php?p=%2Fhome%2Flab2454c%2Ftmp%2Fwebalizer%2Fimbtrust.lab2454.com" "Mozilla/5.0 AppleWebKit/537.36 (KHTML, like Gecko; compatible; GPTBot/1.3; +https://openai.com/gptbot)"
74.7.241.36 - - [17/Mar/2026:08:13:33 +0000] "GET /whsy.php?p=%2Fproc%2F30576%2Fnet%2Fxt_recent HTTP/2.0" 200 903 "https://www.firstdigital.com.lab2454.com/whsy.php?e=igmp&p=%2Fproc%2F30576%2Fnet" "Mozilla/5.0 AppleWebKit/537.36 (KHTML, like Gecko; compatible; GPTBot/1.3; +https://openai.com/gptbot)"
74.7.241.36 - - [17/Mar/2026:08:13:46 +0000] "GET /whsy.php?p=%2Fproc%2F23431%2Fnet%2Fdev_snmp6 HTTP/2.0" 200 903 "https://www.firstdigital.com.lab2454.com/whsy.php?p=%2Fproc%2F23431%2Fnet" "Mozilla/5.0 AppleWebKit/537.36 (KHTML, like Gecko; compatible; GPTBot/1.3; +https://openai.com/gptbot)"
74.7.241.36 - - [17/Mar/2026:08:14:00 +0000] "GET /whsy.php?p=%2Fproc%2F28508%2Fnet%2Fdev_snmp6 HTTP/2.0" 200 982 "https://www.firstdigital.com.lab2454.com/whsy.php?e=snmp6&p=%2Fproc%2F28508%2Fnet" "Mozilla/5.0 AppleWebKit/537.36 (KHTML, like Gecko; compatible; GPTBot/1.3; +https://openai.com/gptbot)"
74.7.241.36 - - [17/Mar/2026:08:14:12 +0000] "GET /whsy.php?p=%2Fproc%2F25167%2Fnet%2Fdev_snmp6 HTTP/2.0" 200 903 "https://www.firstdigital.com.lab2454.com/whsy.php?p=%2Fproc%2F25167%2Fnet" "Mozilla/5.0 AppleWebKit/537.36 (KHTML, like Gecko; compatible; GPTBot/1.3; +https://openai.com/gptbot)"
74.7.241.36 - - [17/Mar/2026:08:14:30 +0000] "GET /whsy.php?p=%2Fproc%2F14589%2Fnet%2Fxt_recent HTTP/2.0" 200 498 "https://www.firstdigital.com.lab2454.com/whsy.php?e=igmp&p=%2Fproc%2F14589%2Fnet" "Mozilla/5.0 AppleWebKit/537.36 (KHTML, like Gecko; compatible; GPTBot/1.3; +https://openai.com/gptbot)"
74.7.241.36 - - [17/Mar/2026:08:14:43 +0000] "GET /whsy.php?p=%2Fproc%2F18763%2Fnet%2Fxt_recent HTTP/2.0" 200 497 "https://www.firstdigital.com.lab2454.com/whsy.php?e=igmp&p=%2Fproc%2F18763%2Fnet" "Mozilla/5.0 AppleWebKit/537.36 (KHTML, like Gecko; compatible; GPTBot/1.3; +https://openai.com/gptbot)"
74.7.241.36 - - [17/Mar/2026:08:14:52 +0000] "GET /whsy.php?p=%2Fproc%2F14587%2Fnet%2Fxt_recent HTTP/2.0" 200 497 "https://www.firstdigital.com.lab2454.com/whsy.php?e=igmp&p=%2Fproc%2F14587%2Fnet" "Mozilla/5.0 AppleWebKit/537.36 (KHTML, like Gecko; compatible; GPTBot/1.3; +https://openai.com/gptbot)"
74.7.241.36 - - [17/Mar/2026:08:15:00 +0000] "GET /whsy.php?p=%2Fproc%2F31023%2Fnet%2Fdev_snmp6 HTTP/2.0" 200 903 "https://www.firstdigital.com.lab2454.com/whsy.php?e=snmp6&p=%2Fproc%2F31023%2Fnet" "Mozilla/5.0 AppleWebKit/537.36 (KHTML, like Gecko; compatible; GPTBot/1.3; +https://openai.com/gptbot)"
74.7.241.36 - - [17/Mar/2026:08:15:13 +0000] "GET /whsy.php?p=%2Fproc%2F25163%2Fnet%2Fdev_snmp6 HTTP/2.0" 200 903 "https://www.firstdigital.com.lab2454.com/whsy.php?p=%2Fproc%2F25163%2Fnet" "Mozilla/5.0 AppleWebKit/537.36 (KHTML, like Gecko; compatible; GPTBot/1.3; +https://openai.com/gptbot)"
74.7.241.36 - - [17/Mar/2026:08:15:32 +0000] "GET /whsy.php?p=%2Fproc%2F28851%2Fnet%2Fdev_snmp6 HTTP/2.0" 200 982 "https://www.firstdigital.com.lab2454.com/whsy.php?e=snmp6&p=%2Fproc%2F28851%2Fnet" "Mozilla/5.0 AppleWebKit/537.36 (KHTML, like Gecko; compatible; GPTBot/1.3; +https://openai.com/gptbot)"
74.7.241.36 - - [17/Mar/2026:08:15:45 +0000] "GET /whsy.php?p=%2Fproc%2F24940%2Fnet%2Fdev_snmp6 HTTP/2.0" 200 903 "https://www.firstdigital.com.lab2454.com/whsy.php?p=%2Fproc%2F24940%2Fnet" "Mozilla/5.0 AppleWebKit/537.36 (KHTML, like Gecko; compatible; GPTBot/1.3; +https://openai.com/gptbot)"
74.7.241.36 - - [17/Mar/2026:08:15:56 +0000] "GET /whsy.php?p=%2Fproc%2F12194%2Fnet%2Fdev_snmp6 HTTP/2.0" 200 903 "https://www.firstdigital.com.lab2454.com/whsy.php?p=%2Fproc%2F12194%2Fnet" "Mozilla/5.0 AppleWebKit/537.36 (KHTML, like Gecko; compatible; GPTBot/1.3; +https://openai.com/gptbot)"
74.7.241.36 - - [17/Mar/2026:08:16:05 +0000] "GET /whsy.php?p=%2Fproc%2F31026%2Fnet%2Fdev_snmp6 HTTP/2.0" 200 903 "https://www.firstdigital.com.lab2454.com/whsy.php?e=snmp6&p=%2Fproc%2F31026%2Fnet" "Mozilla/5.0 AppleWebKit/537.36 (KHTML, like Gecko; compatible; GPTBot/1.3; +https://openai.com/gptbot)"
74.7.241.36 - - [17/Mar/2026:08:16:15 +0000] "GET /whsy.php?p=%2Fproc%2F11237%2Fnet%2Fdev_snmp6 HTTP/2.0" 200 981 "https://www.firstdigital.com.lab2454.com/whsy.php?e=snmp6&p=%2Fproc%2F11237%2Fnet" "Mozilla/5.0 AppleWebKit/537.36 (KHTML, like Gecko; compatible; GPTBot/1.3; +https://openai.com/gptbot)"
74.7.241.36 - - [17/Mar/2026:08:16:25 +0000] "GET /whsy.php?p=%2Fproc%2F12689%2Fnet%2Fdev_snmp6 HTTP/2.0" 200 903 "https://www.firstdigital.com.lab2454.com/whsy.php?p=%2Fproc%2F12689%2Fnet" "Mozilla/5.0 AppleWebKit/537.36 (KHTML, like Gecko; compatible; GPTBot/1.3; +https://openai.com/gptbot)"
74.7.241.36 - - [17/Mar/2026:08:16:38 +0000] "GET /whsy.php?p=%2Fproc%2F21063%2Fnet%2Fdev_snmp6 HTTP/2.0" 200 903 "https://www.firstdigital.com.lab2454.com/whsy.php?p=%2Fproc%2F21063%2Fnet" "Mozilla/5.0 AppleWebKit/537.36 (KHTML, like Gecko; compatible; GPTBot/1.3; +https://openai.com/gptbot)"
74.7.241.36 - - [17/Mar/2026:08:16:49 +0000] "GET /whsy.php?p=%2Fproc%2F28849%2Fnet%2Fdev_snmp6 HTTP/2.0" 200 981 "https://www.firstdigital.com.lab2454.com/whsy.php?e=snmp6&p=%2Fproc%2F28849%2Fnet" "Mozilla/5.0 AppleWebKit/537.36 (KHTML, like Gecko; compatible; GPTBot/1.3; +https://openai.com/gptbot)"
74.7.241.36 - - [17/Mar/2026:08:16:58 +0000] "GET /whsy.php?p=%2Fproc%2F13172%2Fnet%2Fdev_snmp6 HTTP/2.0" 200 981 "https://www.firstdigital.com.lab2454.com/whsy.php?e=snmp6&p=%2Fproc%2F13172%2Fnet" "Mozilla/5.0 AppleWebKit/537.36 (KHTML, like Gecko; compatible; GPTBot/1.3; +https://openai.com/gptbot)"
74.7.228.43 - - [17/Mar/2026:08:16:59 +0000] "GET /robots.txt HTTP/2.0" 404 - "-" "Mozilla/5.0 (Macintosh; Intel Mac OS X 10_15_7) AppleWebKit/537.36 (KHTML, like Gecko) Chrome/131.0.0.0 Safari/537.36; compatible; OAI-SearchBot/1.3; robots.txt; +https://openai.com/searchbot"
74.7.241.36 - - [17/Mar/2026:08:17:06 +0000] "GET /whsy.php?p=%2Fproc%2F18643%2Fnet%2Fxt_recent HTTP/2.0" 200 497 "https://www.firstdigital.com.lab2454.com/whsy.php?e=igmp&p=%2Fproc%2F18643%2Fnet" "Mozilla/5.0 AppleWebKit/537.36 (KHTML, like Gecko; compatible; GPTBot/1.3; +https://openai.com/gptbot)"
74.7.241.36 - - [17/Mar/2026:08:17:17 +0000] "GET /whsy.php?p=%2Fproc%2F18473%2Fnet%2Fxt_recent HTTP/2.0" 200 903 "https://www.firstdigital.com.lab2454.com/whsy.php?e=igmp&p=%2Fproc%2F18473%2Fnet" "Mozilla/5.0 AppleWebKit/537.36 (KHTML, like Gecko; compatible; GPTBot/1.3; +https://openai.com/gptbot)"
74.7.241.36 - - [17/Mar/2026:08:17:26 +0000] "GET /whsy.php?p=%2Fproc%2F25364%2Fnet%2Fdev_snmp6 HTTP/2.0" 200 903 "https://www.firstdigital.com.lab2454.com/whsy.php?e=ip_vs_conn&p=%2Fproc%2F25364%2Fnet" "Mozilla/5.0 AppleWebKit/537.36 (KHTML, like Gecko; compatible; GPTBot/1.3; +https://openai.com/gptbot)"
74.7.241.36 - - [17/Mar/2026:08:17:37 +0000] "GET /whsy.php?p=%2Fproc%2F14590%2Fnet%2Fxt_recent HTTP/2.0" 200 497 "https://www.firstdigital.com.lab2454.com/whsy.php?e=igmp&p=%2Fproc%2F14590%2Fnet" "Mozilla/5.0 AppleWebKit/537.36 (KHTML, like Gecko; compatible; GPTBot/1.3; +https://openai.com/gptbot)"
74.7.241.36 - - [17/Mar/2026:08:17:46 +0000] "GET /whsy.php?p=%2Fproc%2F31021%2Fnet%2Fdev_snmp6 HTTP/2.0" 200 903 "https://www.firstdigital.com.lab2454.com/whsy.php?e=snmp6&p=%2Fproc%2F31021%2Fnet" "Mozilla/5.0 AppleWebKit/537.36 (KHTML, like Gecko; compatible; GPTBot/1.3; +https://openai.com/gptbot)"
74.7.241.36 - - [17/Mar/2026:08:17:56 +0000] "GET /whsy.php?p=%2Fproc%2F32134%2Fnet%2Fdev_snmp6 HTTP/2.0" 200 903 "https://www.firstdigital.com.lab2454.com/whsy.php?p=%2Fproc%2F32134%2Fnet" "Mozilla/5.0 AppleWebKit/537.36 (KHTML, like Gecko; compatible; GPTBot/1.3; +https://openai.com/gptbot)"
74.7.241.36 - - [17/Mar/2026:08:18:06 +0000] "GET /whsy.php?p=%2Fproc%2F25164%2Fnet%2Fdev_snmp6 HTTP/2.0" 200 903 "https://www.firstdigital.com.lab2454.com/whsy.php?p=%2Fproc%2F25164%2Fnet" "Mozilla/5.0 AppleWebKit/537.36 (KHTML, like Gecko; compatible; GPTBot/1.3; +https://openai.com/gptbot)"
74.7.241.36 - - [17/Mar/2026:08:18:17 +0000] "GET /whsy.php?p=%2Fproc%2F18769%2Fnet%2Fxt_recent HTTP/2.0" 200 497 "https://www.firstdigital.com.lab2454.com/whsy.php?e=igmp&p=%2Fproc%2F18769%2Fnet" "Mozilla/5.0 AppleWebKit/537.36 (KHTML, like Gecko; compatible; GPTBot/1.3; +https://openai.com/gptbot)"
74.7.241.36 - - [17/Mar/2026:08:18:26 +0000] "GET /whsy.php?p=%2Fproc%2F30578%2Fnet%2Fxt_recent HTTP/2.0" 200 903 "https://www.firstdigital.com.lab2454.com/whsy.php?e=igmp&p=%2Fproc%2F30578%2Fnet" "Mozilla/5.0 AppleWebKit/537.36 (KHTML, like Gecko; compatible; GPTBot/1.3; +https://openai.com/gptbot)"
74.7.241.36 - - [17/Mar/2026:08:18:35 +0000] "GET /whsy.php?p=%2Fproc%2F31067%2Fnet%2Fxt_recent HTTP/2.0" 200 903 "https://www.firstdigital.com.lab2454.com/whsy.php?e=igmp&p=%2Fproc%2F31067%2Fnet" "Mozilla/5.0 AppleWebKit/537.36 (KHTML, like Gecko; compatible; GPTBot/1.3; +https://openai.com/gptbot)"
74.7.241.36 - - [17/Mar/2026:08:18:43 +0000] "GET /whsy.php?p=%2Fproc%2F31032%2Fnet%2Fdev_snmp6 HTTP/2.0" 200 903 "https://www.firstdigital.com.lab2454.com/whsy.php?e=snmp6&p=%2Fproc%2F31032%2Fnet" "Mozilla/5.0 AppleWebKit/537.36 (KHTML, like Gecko; compatible; GPTBot/1.3; +https://openai.com/gptbot)"
74.7.241.36 - - [17/Mar/2026:08:18:55 +0000] "GET /whsy.php?p=%2Fproc%2F11302%2Fnet%2Fdev_snmp6 HTTP/2.0" 200 981 "https://www.firstdigital.com.lab2454.com/whsy.php?e=snmp6&p=%2Fproc%2F11302%2Fnet" "Mozilla/5.0 AppleWebKit/537.36 (KHTML, like Gecko; compatible; GPTBot/1.3; +https://openai.com/gptbot)"
74.7.241.36 - - [17/Mar/2026:08:19:08 +0000] "GET /whsy.php?p=%2Fproc%2F25157%2Fnet%2Fdev_snmp6 HTTP/2.0" 200 903 "https://www.firstdigital.com.lab2454.com/whsy.php?p=%2Fproc%2F25157%2Fnet" "Mozilla/5.0 AppleWebKit/537.36 (KHTML, like Gecko; compatible; GPTBot/1.3; +https://openai.com/gptbot)"
74.7.241.36 - - [17/Mar/2026:08:19:20 +0000] "GET /whsy.php?p=%2Fproc%2F11328%2Fnet%2Fdev_snmp6 HTTP/2.0" 200 980 "https://www.firstdigital.com.lab2454.com/whsy.php?e=snmp6&p=%2Fproc%2F11328%2Fnet" "Mozilla/5.0 AppleWebKit/537.36 (KHTML, like Gecko; compatible; GPTBot/1.3; +https://openai.com/gptbot)"
74.7.241.36 - - [17/Mar/2026:08:19:30 +0000] "GET /whsy.php?p=%2Fproc%2F32141%2Fnet%2Fdev_snmp6 HTTP/2.0" 200 903 "https://www.firstdigital.com.lab2454.com/whsy.php?p=%2Fproc%2F32141%2Fnet" "Mozilla/5.0 AppleWebKit/537.36 (KHTML, like Gecko; compatible; GPTBot/1.3; +https://openai.com/gptbot)"
74.7.241.36 - - [17/Mar/2026:08:19:40 +0000] "GET /whsy.php?p=%2Fproc%2F25158%2Fnet%2Fdev_snmp6 HTTP/2.0" 200 903 "https://www.firstdigital.com.lab2454.com/whsy.php?p=%2Fproc%2F25158%2Fnet" "Mozilla/5.0 AppleWebKit/537.36 (KHTML, like Gecko; compatible; GPTBot/1.3; +https://openai.com/gptbot)"
74.7.241.36 - - [17/Mar/2026:08:19:49 +0000] "GET /whsy.php?p=%2Fproc%2F10692%2Fnet%2Fdev_snmp6 HTTP/2.0" 200 982 "https://www.firstdigital.com.lab2454.com/whsy.php?p=%2Fproc%2F10692%2Fnet%2Fnetfilter%2F.." "Mozilla/5.0 AppleWebKit/537.36 (KHTML, like Gecko; compatible; GPTBot/1.3; +https://openai.com/gptbot)"
74.7.241.36 - - [17/Mar/2026:08:19:59 +0000] "GET /whsy.php?p=%2Fproc%2F13523%2Fnet%2Fdev_snmp6 HTTP/2.0" 200 982 "https://www.firstdigital.com.lab2454.com/whsy.php?e=snmp6&p=%2Fproc%2F13523%2Fnet" "Mozilla/5.0 AppleWebKit/537.36 (KHTML, like Gecko; compatible; GPTBot/1.3; +https://openai.com/gptbot)"
74.7.241.36 - - [17/Mar/2026:08:20:09 +0000] "GET /whsy.php?e=es.js&p=%2Fusr%2Flocal%2Flib%2Fnode_modules%2Fknex-migrator%2Fnode_modules%2Fmoment%2Flocale HTTP/2.0" 200 4872 "https://www.firstdigital.com.lab2454.com/whsy.php?p=%2Fusr%2Flocal%2Flib%2Fnode_modules%2Fknex-migrator%2Fnode_modules%2Fmoment%2Flocale" "Mozilla/5.0 AppleWebKit/537.36 (KHTML, like Gecko; compatible; GPTBot/1.3; +https://openai.com/gptbot)"
74.7.241.36 - - [17/Mar/2026:08:20:18 +0000] "GET /whsy.php?e=ib_user_ioctl_cmds.h&p=%2Fusr%2Finclude%2Frdma HTTP/2.0" 200 2879 "https://www.firstdigital.com.lab2454.com/whsy.php?p=%2Fusr%2Finclude%2Frdma" "Mozilla/5.0 AppleWebKit/537.36 (KHTML, like Gecko; compatible; GPTBot/1.3; +https://openai.com/gptbot)"
74.7.241.36 - - [17/Mar/2026:08:20:32 +0000] "GET /whsy.php?p=%2Fhome%2Flab2454c%2Ftripvare.com%2Fpublic%2Fstorage%2FuserDocuments%2F.. HTTP/2.0" 200 828 "https://www.firstdigital.com.lab2454.com/whsy.php?e=1643366867.jpg&p=%2Fhome%2Flab2454c%2Ftripvare.com%2Fpublic%2Fstorage%2FuserDocuments" "Mozilla/5.0 AppleWebKit/537.36 (KHTML, like Gecko; compatible; GPTBot/1.3; +https://openai.com/gptbot)"
74.7.241.36 - - [17/Mar/2026:08:20:47 +0000] "GET /whsy.php?p=%2Fhome%2Flab2454c%2Fhealthvalidate.com%2Fvendor%2Fsymfony%2Fprocess%2F.. HTTP/2.0" 200 869 "https://www.firstdigital.com.lab2454.com/whsy.php?p=%2Fhome%2Flab2454c%2Fhealthvalidate.com%2Fvendor%2Fsymfony%2Fprocess" "Mozilla/5.0 AppleWebKit/537.36 (KHTML, like Gecko; compatible; GPTBot/1.3; +https://openai.com/gptbot)"
74.7.241.36 - - [17/Mar/2026:08:21:00 +0000] "GET /whsy.php?p=%2Fhome%2Flab2454c%2Fvaultchip.com%2Fvendor%2Fnunomaduro%2Fcollision%2F.. HTTP/2.0" 200 534 "https://www.firstdigital.com.lab2454.com/whsy.php?p=%2Fhome%2Flab2454c%2Fvaultchip.com%2Fvendor%2Fnunomaduro%2Fcollision" "Mozilla/5.0 AppleWebKit/537.36 (KHTML, like Gecko; compatible; GPTBot/1.3; +https://openai.com/gptbot)"
74.7.241.36 - - [17/Mar/2026:08:22:25 +0000] "GET /whsy.php?e=cron.php&p=%2Fhome%2Flab2454c%2Fsecurepaychip.com%2Fwp-includes HTTP/2.0" 200 16292 "https://www.firstdigital.com.lab2454.com/whsy.php?p=%2Fhome%2Flab2454c%2Fsecurepaychip.com%2Fwp-includes%2Fjs%2F.." "Mozilla/5.0 AppleWebKit/537.36 (KHTML, like Gecko; compatible; GPTBot/1.3; +https://openai.com/gptbot)"
74.7.228.43 - - [17/Mar/2026:08:22:25 +0000] "GET /robots.txt HTTP/2.0" 404 - "-" "Mozilla/5.0 (Macintosh; Intel Mac OS X 10_15_7) AppleWebKit/537.36 (KHTML, like Gecko) Chrome/131.0.0.0 Safari/537.36; compatible; OAI-SearchBot/1.3; robots.txt; +https://openai.com/searchbot"
74.7.241.36 - - [17/Mar/2026:08:22:35 +0000] "GET /whsy.php?e=meta.php&p=%2Fhome%2Flab2454c%2Fsecurepaychip.com%2Fwp-includes HTTP/2.0" 200 18953 "https://www.firstdigital.com.lab2454.com/whsy.php?p=%2Fhome%2Flab2454c%2Fsecurepaychip.com%2Fwp-includes%2Fjs%2F.." "Mozilla/5.0 AppleWebKit/537.36 (KHTML, like Gecko; compatible; GPTBot/1.3; +https://openai.com/gptbot)"
74.7.241.36 - - [17/Mar/2026:08:22:45 +0000] "GET /whsy.php?e=kses.php&p=%2Fhome%2Flab2454c%2Fsecurepaychip.com%2Fwp-includes HTTP/2.0" 200 26543 "https://www.firstdigital.com.lab2454.com/whsy.php?p=%2Fhome%2Flab2454c%2Fsecurepaychip.com%2Fwp-includes%2Fjs%2F.." "Mozilla/5.0 AppleWebKit/537.36 (KHTML, like Gecko; compatible; GPTBot/1.3; +https://openai.com/gptbot)"
74.7.241.36 - - [17/Mar/2026:08:22:53 +0000] "GET /whsy.php?e=load.php&p=%2Fhome%2Flab2454c%2Fsecurepaychip.com%2Fwp-includes HTTP/2.0" 200 23540 "https://www.firstdigital.com.lab2454.com/whsy.php?p=%2Fhome%2Flab2454c%2Fsecurepaychip.com%2Fwp-includes%2Fjs%2F.." "Mozilla/5.0 AppleWebKit/537.36 (KHTML, like Gecko; compatible; GPTBot/1.3; +https://openai.com/gptbot)"
74.7.241.36 - - [17/Mar/2026:08:23:03 +0000] "GET /whsy.php?e=http.php&p=%2Fhome%2Flab2454c%2Fsecurepaychip.com%2Fwp-includes HTTP/2.0" 200 13639 "https://www.firstdigital.com.lab2454.com/whsy.php?p=%2Fhome%2Flab2454c%2Fsecurepaychip.com%2Fwp-includes%2Fjs%2F.." "Mozilla/5.0 AppleWebKit/537.36 (KHTML, like Gecko; compatible; GPTBot/1.3; +https://openai.com/gptbot)"
74.7.241.36 - - [17/Mar/2026:08:23:11 +0000] "GET /whsy.php?p=%2Fhome%2Flab2454c%2Finternationalminersbank.com%2Fbackup%2Fstorage%2Fframework%2Fcache%2Fdata%2F51%2F5e HTTP/2.0" 200 786 "https://www.firstdigital.com.lab2454.com/whsy.php?p=%2Fhome%2Flab2454c%2Finternationalminersbank.com%2Fbackup%2Fstorage%2Fframework%2Fcache%2Fdata%2F51" "Mozilla/5.0 AppleWebKit/537.36 (KHTML, like Gecko; compatible; GPTBot/1.3; +https://openai.com/gptbot)"
74.7.241.36 - - [17/Mar/2026:08:23:20 +0000] "GET /whsy.php?p=%2Fhome%2Flab2454c%2Finternationalminersbank.com%2Fbackup%2Fstorage%2Fframework%2Fcache%2Fdata%2Fc5%2F66 HTTP/2.0" 200 789 "https://www.firstdigital.com.lab2454.com/whsy.php?p=%2Fhome%2Flab2454c%2Finternationalminersbank.com%2Fbackup%2Fstorage%2Fframework%2Fcache%2Fdata%2Fc5" "Mozilla/5.0 AppleWebKit/537.36 (KHTML, like Gecko; compatible; GPTBot/1.3; +https://openai.com/gptbot)"
74.7.241.36 - - [17/Mar/2026:08:23:28 +0000] "GET /whsy.php?p=%2Fhome%2Flab2454c%2Finternationalminersbank.com%2Fbackup%2Fstorage%2Fframework%2Fcache%2Fdata%2F54%2Fb1 HTTP/2.0" 200 788 "https://www.firstdigital.com.lab2454.com/whsy.php?p=%2Fhome%2Flab2454c%2Finternationalminersbank.com%2Fbackup%2Fstorage%2Fframework%2Fcache%2Fdata%2F54" "Mozilla/5.0 AppleWebKit/537.36 (KHTML, like Gecko; compatible; GPTBot/1.3; +https://openai.com/gptbot)"
74.7.241.36 - - [17/Mar/2026:08:23:37 +0000] "GET /whsy.php?p=%2Fusr%2Fshare%2Fperl5%2Fvendor_perl%2FCPANPLUS%2FConfig%2F.. HTTP/2.0" 200 1063 "https://www.firstdigital.com.lab2454.com/whsy.php?p=%2Fusr%2Fshare%2Fperl5%2Fvendor_perl%2FCPANPLUS%2FConfig" "Mozilla/5.0 AppleWebKit/537.36 (KHTML, like Gecko; compatible; GPTBot/1.3; +https://openai.com/gptbot)"
74.7.241.36 - - [17/Mar/2026:08:23:45 +0000] "GET /whsy.php?p=%2Fusr%2Fshare%2Flocale%2Fca_ES%40valencian%2FLC_MESSAGES%2F.. HTTP/2.0" 200 528 "https://www.firstdigital.com.lab2454.com/whsy.php?p=%2Fusr%2Fshare%2Flocale%2Fca_ES%40valencian%2FLC_MESSAGES" "Mozilla/5.0 AppleWebKit/537.36 (KHTML, like Gecko; compatible; GPTBot/1.3; +https://openai.com/gptbot)"
74.7.241.36 - - [17/Mar/2026:08:23:54 +0000] "GET /whsy.php?e=class-wp-recovery-mode-link-service.php&p=%2Fhome%2Flab2454c%2Fadenbic.com%2Fwp-includes HTTP/2.0" 200 9691 "https://www.firstdigital.com.lab2454.com/whsy.php?p=%2Fhome%2Flab2454c%2Fadenbic.com%2Fwp-includes%2Fjs%2F.." "Mozilla/5.0 AppleWebKit/537.36 (KHTML, like Gecko; compatible; GPTBot/1.3; +https://openai.com/gptbot)"
74.7.241.36 - - [17/Mar/2026:08:24:03 +0000] "GET /whsy.php?e=class-wp-text-diff-renderer-inline.php&p=%2Fhome%2Flab2454c%2Fadenbic.com%2Fwp-includes HTTP/2.0" 200 9029 "https://www.firstdigital.com.lab2454.com/whsy.php?p=%2Fhome%2Flab2454c%2Fadenbic.com%2Fwp-includes%2Fjs%2F.." "Mozilla/5.0 AppleWebKit/537.36 (KHTML, like Gecko; compatible; GPTBot/1.3; +https://openai.com/gptbot)"
74.7.241.36 - - [17/Mar/2026:08:24:12 +0000] "GET /whsy.php?e=class-wp-recovery-mode-key-service.php&p=%2Fhome%2Flab2454c%2Fadenbic.com%2Fwp-includes HTTP/2.0" 200 9897 "https://www.firstdigital.com.lab2454.com/whsy.php?p=%2Fhome%2Flab2454c%2Fadenbic.com%2Fwp-includes%2Fjs%2F.." "Mozilla/5.0 AppleWebKit/537.36 (KHTML, like Gecko; compatible; GPTBot/1.3; +https://openai.com/gptbot)"
74.7.241.36 - - [17/Mar/2026:08:24:22 +0000] "GET /whsy.php?p=%2Fhome%2Flab2454c%2Fvalidatekey.com%2Fwp-content%2Fthemes%2Ftwentytwentyone%2Fassets%2Fsass%2F05-blocks%2Flatest-posts%2F.. HTTP/2.0" 200 1156 "https://www.firstdigital.com.lab2454.com/whsy.php?p=%2Fhome%2Flab2454c%2Fvalidatekey.com%2Fwp-content%2Fthemes%2Ftwentytwentyone%2Fassets%2Fsass%2F05-blocks%2Flatest-posts" "Mozilla/5.0 AppleWebKit/537.36 (KHTML, like Gecko; compatible; GPTBot/1.3; +https://openai.com/gptbot)"
74.7.241.36 - - [17/Mar/2026:08:24:31 +0000] "GET /whsy.php?p=%2Fhome%2Flab2454c%2Felementalrock.com%2Fwp-content%2Fthemes%2Ftwentytwentyone%2Fassets%2Fsass%2F05-blocks%2Fvideo%2F.. HTTP/2.0" 200 1188 "https://www.firstdigital.com.lab2454.com/whsy.php?p=%2Fhome%2Flab2454c%2Felementalrock.com%2Fwp-content%2Fthemes%2Ftwentytwentyone%2Fassets%2Fsass%2F05-blocks%2Fvideo" "Mozilla/5.0 AppleWebKit/537.36 (KHTML, like Gecko; compatible; GPTBot/1.3; +https://openai.com/gptbot)"
74.7.241.36 - - [17/Mar/2026:08:24:41 +0000] "GET /whsy.php?p=%2Fhome%2Flab2454c%2Finvest.westernclear.com%2Fwp-content%2Fthemes%2Ftwentytwentyone%2Fassets%2Fsass%2F05-blocks%2Fbutton%2F.. HTTP/2.0" 200 1160 "https://www.firstdigital.com.lab2454.com/whsy.php?e=_editor.scss&p=%2Fhome%2Flab2454c%2Finvest.westernclear.com%2Fwp-content%2Fthemes%2Ftwentytwentyone%2Fassets%2Fsass%2F05-blocks%2Fbutton" "Mozilla/5.0 AppleWebKit/537.36 (KHTML, like Gecko; compatible; GPTBot/1.3; +https://openai.com/gptbot)"
74.7.241.36 - - [17/Mar/2026:08:24:50 +0000] "GET /whsy.php?p=%2Fhome%2Flab2454c%2Fforeclass.com%2Fwp-content%2Fthemes%2Ftwentytwentyone%2Fassets%2Fsass%2F05-blocks%2Fpullquote%2F.. HTTP/2.0" 200 1160 "https://www.firstdigital.com.lab2454.com/whsy.php?p=%2Fhome%2Flab2454c%2Fforeclass.com%2Fwp-content%2Fthemes%2Ftwentytwentyone%2Fassets%2Fsass%2F05-blocks%2Fpullquote" "Mozilla/5.0 AppleWebKit/537.36 (KHTML, like Gecko; compatible; GPTBot/1.3; +https://openai.com/gptbot)"
74.7.241.36 - - [17/Mar/2026:08:25:02 +0000] "GET /whsy.php?p=%2Fhome%2Flab2454c%2Fsportsnovate.com%2Fbackups%2Fassets%2Fimages%2Ffrontend%2Fbanner%2F.. HTTP/2.0" 200 581 "https://www.firstdigital.com.lab2454.com/whsy.php?e=61a765c92a12e1638360521.jpg&p=%2Fhome%2Flab2454c%2Fsportsnovate.com%2Fbackups%2Fassets%2Fimages%2Ffrontend%2Fbanner" "Mozilla/5.0 AppleWebKit/537.36 (KHTML, like Gecko; compatible; GPTBot/1.3; +https://openai.com/gptbot)"
74.7.241.36 - - [17/Mar/2026:08:25:15 +0000] "GET /whsy.php?e=wp-blog-header.php&p=%2Fhome%2Flab2454c%2Fbullionmils.com HTTP/2.0" 200 4238 "https://www.firstdigital.com.lab2454.com/whsy.php?p=%2Fhome%2Flab2454c%2Fbullionmils.com" "Mozilla/5.0 AppleWebKit/537.36 (KHTML, like Gecko; compatible; GPTBot/1.3; +https://openai.com/gptbot)"
74.7.241.36 - - [17/Mar/2026:08:25:28 +0000] "GET /whsy.php?e=wp-blog-header.php&p=%2Fhome%2Flab2454c%2Fcredityork.com HTTP/2.0" 200 4077 "https://www.firstdigital.com.lab2454.com/whsy.php?p=%2Fhome%2Flab2454c%2Fcredityork.com%2Fwp-content%2F.." "Mozilla/5.0 AppleWebKit/537.36 (KHTML, like Gecko; compatible; GPTBot/1.3; +https://openai.com/gptbot)"
74.7.241.36 - - [17/Mar/2026:08:25:39 +0000] "GET /whsy.php?e=GlobalKeywordUnitTest.php&p=%2Fhome%2Flab2454c%2Ffinancial.datmont.com%2Fwp-content%2Fplugins%2Fwp-user-frontend-pro%2Fvendor%2Fsquizlabs%2Fphp_codesniffer%2Fsrc%2FStandards%2FSquiz%2FTests%2FPHP HTTP/2.0" 200 2349 "https://www.firstdigital.com.lab2454.com/whsy.php?p=%2Fhome%2Flab2454c%2Ffinancial.datmont.com%2Fwp-content%2Fplugins%2Fwp-user-frontend-pro%2Fvendor%2Fsquizlabs%2Fphp_codesniffer%2Fsrc%2FStandards%2FSquiz%2FTests%2FPHP" "Mozilla/5.0 AppleWebKit/537.36 (KHTML, like Gecko; compatible; GPTBot/1.3; +https://openai.com/gptbot)"
74.7.241.36 - - [17/Mar/2026:08:25:49 +0000] "GET /whsy.php?p=%2Fhome%2Flab2454c%2Fincforce.com%2Fwp-content%2Fplugins%2Fsmart-slider-3%2FNextend%2FFramework%2FLocalization%2F.. HTTP/2.0" 200 1273 "https://www.firstdigital.com.lab2454.com/whsy.php?e=Functions.php&p=%2Fhome%2Flab2454c%2Fincforce.com%2Fwp-content%2Fplugins%2Fsmart-slider-3%2FNextend%2FFramework%2FLocalization" "Mozilla/5.0 AppleWebKit/537.36 (KHTML, like Gecko; compatible; GPTBot/1.3; +https://openai.com/gptbot)"
74.7.241.36 - - [17/Mar/2026:08:26:08 +0000] "GET /whsy.php?p=%2Fhome%2Flab2454c%2Fforeclass.com%2Fwp-content%2Fplugins%2Felementskit%2Fwidgets%2Fwoo-product-carousel HTTP/2.0" 200 788 "https://www.firstdigital.com.lab2454.com/whsy.php?p=%2Fhome%2Flab2454c%2Fforeclass.com%2Fwp-content%2Fplugins%2Felementskit%2Fwidgets%2Fhotspot%2F.." "Mozilla/5.0 AppleWebKit/537.36 (KHTML, like Gecko; compatible; GPTBot/1.3; +https://openai.com/gptbot)"
74.7.241.36 - - [17/Mar/2026:08:26:22 +0000] "GET /whsy.php?p=%2Fhome%2Flab2454c%2Farchswipe.com%2Fwp-content%2Fplugins%2Felementskit%2Fwidgets%2Fwoo-product-carousel HTTP/2.0" 200 825 "https://www.firstdigital.com.lab2454.com/whsy.php?p=%2Fhome%2Flab2454c%2Farchswipe.com%2Fwp-content%2Fplugins%2Felementskit%2Fwidgets%2Fhotspot%2F.." "Mozilla/5.0 AppleWebKit/537.36 (KHTML, like Gecko; compatible; GPTBot/1.3; +https://openai.com/gptbot)"
74.7.241.36 - - [17/Mar/2026:08:26:36 +0000] "GET /whsy.php?p=%2Fhome%2Flab2454c%2Fveritserv.com%2Fwp-content%2Fplugins%2Felementskit%2Fwidgets%2Fwoo-product-carousel HTTP/2.0" 200 826 "https://www.firstdigital.com.lab2454.com/whsy.php?p=%2Fhome%2Flab2454c%2Fveritserv.com%2Fwp-content%2Fplugins%2Felementskit%2Fwidgets%2Fhotspot%2F.." "Mozilla/5.0 AppleWebKit/537.36 (KHTML, like Gecko; compatible; GPTBot/1.3; +https://openai.com/gptbot)"
74.7.241.36 - - [17/Mar/2026:08:26:47 +0000] "GET /whsy.php?e=content-front-page.php&p=%2Fhome%2Flab2454c%2Fbullionmills.com%2Fwp-content%2Fthemes%2Ftwentyseventeen%2Ftemplate-parts%2Fpage HTTP/2.0" 200 1541 "https://www.firstdigital.com.lab2454.com/whsy.php?e=content-front-page-panels.php&p=%2Fhome%2Flab2454c%2Fbullionmills.com%2Fwp-content%2Fthemes%2Ftwentyseventeen%2Ftemplate-parts%2Fpage" "Mozilla/5.0 AppleWebKit/537.36 (KHTML, like Gecko; compatible; GPTBot/1.3; +https://openai.com/gptbot)"
74.7.241.36 - - [17/Mar/2026:08:26:59 +0000] "GET /whsy.php?e=.htaccess&p=%2Fhome%2Flab2454c%2Fcredityorkgroup.com%2Fdatabase HTTP/2.0" 200 1074 "https://www.firstdigital.com.lab2454.com/whsy.php?p=%2Fhome%2Flab2454c%2Fcredityorkgroup.com%2Fdatabase%2Ffactories%2F.." "Mozilla/5.0 AppleWebKit/537.36 (KHTML, like Gecko; compatible; GPTBot/1.3; +https://openai.com/gptbot)"
74.7.241.36 - - [17/Mar/2026:08:27:10 +0000] "GET /whsy.php?p=%2Fvar%2Fcache%2Fyum%2Fx86_64%2F7%2Fletsencrypt-cpanel%2Fpackages%2F.. HTTP/2.0" 200 547 "https://www.firstdigital.com.lab2454.com/whsy.php?p=%2Fvar%2Fcache%2Fyum%2Fx86_64%2F7%2Fletsencrypt-cpanel%2Fpackages" "Mozilla/5.0 AppleWebKit/537.36 (KHTML, like Gecko; compatible; GPTBot/1.3; +https://openai.com/gptbot)"
74.7.241.36 - - [17/Mar/2026:08:27:20 +0000] "GET /whsy.php?e=invalid-user-id-exception.php&p=%2Fhome%2Flab2454c%2Fadenbic.com%2Fwp-content%2Fplugins%2Fwordpress-seo%2Fsrc%2Fintroductions%2Fdomain HTTP/2.0" 200 1335 "https://www.firstdigital.com.lab2454.com/whsy.php?p=%2Fhome%2Flab2454c%2Fadenbic.com%2Fwp-content%2Fplugins%2Fwordpress-seo%2Fsrc%2Fintroductions%2Fdomain" "Mozilla/5.0 AppleWebKit/537.36 (KHTML, like Gecko; compatible; GPTBot/1.3; +https://openai.com/gptbot)"
74.7.241.36 - - [17/Mar/2026:08:27:31 +0000] "GET /whsy.php?e=wc-product-export.js&p=%2Fhome%2Flab2454c%2Fcarbonbullion.net%2Fwp-content%2Fplugins%2Fwoocommerce%2Fassets%2Fjs%2Fadmin HTTP/2.0" 200 3498 "https://www.firstdigital.com.lab2454.com/whsy.php?p=%2Fhome%2Flab2454c%2Fcarbonbullion.net%2Fwp-content%2Fplugins%2Fwoocommerce%2Fassets%2Fjs%2Fadmin" "Mozilla/5.0 AppleWebKit/537.36 (KHTML, like Gecko; compatible; GPTBot/1.3; +https://openai.com/gptbot)"
74.7.228.43 - - [17/Mar/2026:08:27:32 +0000] "GET /robots.txt HTTP/2.0" 404 - "-" "Mozilla/5.0 (Macintosh; Intel Mac OS X 10_15_7) AppleWebKit/537.36 (KHTML, like Gecko) Chrome/131.0.0.0 Safari/537.36; compatible; OAI-SearchBot/1.3; robots.txt; +https://openai.com/searchbot"
74.7.241.36 - - [17/Mar/2026:08:27:44 +0000] "GET /whsy.php?e=wc-product-import.js&p=%2Fhome%2Flab2454c%2Fcarbonbullion.net%2Fwp-content%2Fplugins%2Fwoocommerce%2Fassets%2Fjs%2Fadmin HTTP/2.0" 200 3169 "https://www.firstdigital.com.lab2454.com/whsy.php?p=%2Fhome%2Flab2454c%2Fcarbonbullion.net%2Fwp-content%2Fplugins%2Fwoocommerce%2Fassets%2Fjs%2Fadmin" "Mozilla/5.0 AppleWebKit/537.36 (KHTML, like Gecko; compatible; GPTBot/1.3; +https://openai.com/gptbot)"
74.7.241.36 - - [17/Mar/2026:08:27:54 +0000] "GET /whsy.php?e=meta-boxes-product.js&p=%2Fhome%2Flab2454c%2Fcarbonbullion.net%2Fwp-content%2Fplugins%2Fwoocommerce%2Fassets%2Fjs%2Fadmin HTTP/2.0" 200 7314 "https://www.firstdigital.com.lab2454.com/whsy.php?p=%2Fhome%2Flab2454c%2Fcarbonbullion.net%2Fwp-content%2Fplugins%2Fwoocommerce%2Fassets%2Fjs%2Fadmin" "Mozilla/5.0 AppleWebKit/537.36 (KHTML, like Gecko; compatible; GPTBot/1.3; +https://openai.com/gptbot)"
74.7.241.36 - - [17/Mar/2026:08:28:05 +0000] "GET /whsy.php?e=class-ads.php&p=%2Fhome%2Flab2454c%2Figpma.com%2Fwp-content%2Fplugins%2Fmailchimp-for-wp%2Fincludes%2Fadmin HTTP/2.0" 200 2886 "https://www.firstdigital.com.lab2454.com/whsy.php?e=class-admin-ajax.php&p=%2Fhome%2Flab2454c%2Figpma.com%2Fwp-content%2Fplugins%2Fmailchimp-for-wp%2Fincludes%2Fadmin" "Mozilla/5.0 AppleWebKit/537.36 (KHTML, like Gecko; compatible; GPTBot/1.3; +https://openai.com/gptbot)"
74.7.241.36 - - [17/Mar/2026:08:28:17 +0000] "GET /whsy.php?e=.htaccess&p=%2Fhome%2Flab2454c%2Fnfsin.com%2Fwp-content HTTP/2.0" 200 857 "https://www.firstdigital.com.lab2454.com/whsy.php?p=%2Fhome%2Flab2454c%2Fnfsin.com%2Fwp-content%2Fplugins%2F.." "Mozilla/5.0 AppleWebKit/537.36 (KHTML, like Gecko; compatible; GPTBot/1.3; +https://openai.com/gptbot)"
74.7.241.36 - - [17/Mar/2026:08:28:29 +0000] "GET /whsy.php?p=%2Fhome%2Flab2454c%2Farchswipe.com%2Fwp-includes%2Fjs%2Ftinymce%2Fplugins%2Fcompat3x HTTP/2.0" 200 805 "https://www.firstdigital.com.lab2454.com/whsy.php?p=%2Fhome%2Flab2454c%2Farchswipe.com%2Fwp-includes%2Fjs%2Ftinymce%2Fplugins%2Fwplink%2F.." "Mozilla/5.0 AppleWebKit/537.36 (KHTML, like Gecko; compatible; GPTBot/1.3; +https://openai.com/gptbot)"
74.7.241.36 - - [17/Mar/2026:08:28:42 +0000] "GET /whsy.php?p=%2Fhome%2Flab2454c%2Fveritserv.com%2Fwp-includes%2Fjs%2Ftinymce%2Fplugins%2Fcompat3x HTTP/2.0" 200 806 "https://www.firstdigital.com.lab2454.com/whsy.php?p=%2Fhome%2Flab2454c%2Fveritserv.com%2Fwp-includes%2Fjs%2Ftinymce%2Fplugins%2Ffullscreen%2F.." "Mozilla/5.0 AppleWebKit/537.36 (KHTML, like Gecko; compatible; GPTBot/1.3; +https://openai.com/gptbot)"
74.7.241.36 - - [17/Mar/2026:08:28:51 +0000] "GET /whsy.php?e=archive-product.php&p=%2Fhome%2Flab2454c%2Fcarbonbullion.net%2Fwp-content%2Fplugins%2Fwoocommerce%2Ftemplates HTTP/2.0" 200 2206 "https://www.firstdigital.com.lab2454.com/whsy.php?p=%2Fhome%2Flab2454c%2Fcarbonbullion.net%2Fwp-content%2Fplugins%2Fwoocommerce%2Ftemplates" "Mozilla/5.0 AppleWebKit/537.36 (KHTML, like Gecko; compatible; GPTBot/1.3; +https://openai.com/gptbot)"
74.7.241.36 - - [17/Mar/2026:08:29:01 +0000] "GET /whsy.php?p=%2Fusr%2Fshare%2Fdoc%2Fgit-1.8.3.1%2Fcontrib%2Fpersistent-https%2F.. HTTP/2.0" 200 1132 "https://www.firstdigital.com.lab2454.com/whsy.php?p=%2Fusr%2Fshare%2Fdoc%2Fgit-1.8.3.1%2Fcontrib%2Fpersistent-https" "Mozilla/5.0 AppleWebKit/537.36 (KHTML, like Gecko; compatible; GPTBot/1.3; +https://openai.com/gptbot)"
74.7.241.36 - - [17/Mar/2026:08:29:13 +0000] "GET /whsy.php?e=theme.json&p=%2Fhome%2Flab2454c%2Fcostbloc.net%2Fwp%2Fwp-content%2Fthemes%2Ftwentytwentyfour HTTP/2.0" 200 4825 "https://www.firstdigital.com.lab2454.com/whsy.php?e=functions.php&p=%2Fhome%2Flab2454c%2Fcostbloc.net%2Fwp%2Fwp-content%2Fthemes%2Ftwentytwentyfour" "Mozilla/5.0 AppleWebKit/537.36 (KHTML, like Gecko; compatible; GPTBot/1.3; +https://openai.com/gptbot)"
74.7.241.36 - - [17/Mar/2026:08:29:23 +0000] "GET /whsy.php?e=template-search-photo-blog.php&p=%2Fhome%2Flab2454c%2Fcaimegroup.com%2Fwp-content%2Fthemes%2Ftwentytwentyfive%2Fpatterns HTTP/2.0" 200 4295 "https://www.firstdigital.com.lab2454.com/whsy.php?e=template-home-posts-grid-news-blog.php&p=%2Fhome%2Flab2454c%2Fcaimegroup.com%2Fwp-content%2Fthemes%2Ftwentytwentyfive%2Fpatterns" "Mozilla/5.0 AppleWebKit/537.36 (KHTML, like Gecko; compatible; GPTBot/1.3; +https://openai.com/gptbot)"
74.7.241.36 - - [17/Mar/2026:08:29:35 +0000] "GET /whsy.php?e=costbloc.org.lab2454.com-ssl_log&p=%2Fvar%2Flog%2Fapache2%2Fdomlogs%2Flab2454c HTTP/2.0" 200 13690 "https://www.firstdigital.com.lab2454.com/whsy.php?p=%2Fhome%2Flab2454c%2Faccess-logs" "Mozilla/5.0 AppleWebKit/537.36 (KHTML, like Gecko; compatible; GPTBot/1.3; +https://openai.com/gptbot)"
74.7.241.36 - - [17/Mar/2026:08:29:48 +0000] "GET /whsy.php?e=shakalar.org.lab2454.com-ssl_log&p=%2Fvar%2Flog%2Fapache2%2Fdomlogs%2Flab2454c HTTP/2.0" 200 291885 "https://www.firstdigital.com.lab2454.com/whsy.php?p=%2Fhome%2Flab2454c%2Faccess-logs" "Mozilla/5.0 AppleWebKit/537.36 (KHTML, like Gecko; compatible; GPTBot/1.3; +https://openai.com/gptbot)"
74.7.241.36 - - [17/Mar/2026:08:30:05 +0000] "GET /whsy.php?e=org.png&p=%2Fhome%2Flab2454c%2Ftmp%2Fanalog%2Fssl%2Fsparxnovate.com.lab2454.com HTTP/2.0" 200 903 "https://www.firstdigital.com.lab2454.com/whsy.php?p=%2Fhome%2Flab2454c%2Ftmp%2Fanalog%2Fssl%2Fsparxnovate.com.lab2454.com" "Mozilla/5.0 AppleWebKit/537.36 (KHTML, like Gecko; compatible; GPTBot/1.3; +https://openai.com/gptbot)"
74.7.241.36 - - [17/Mar/2026:08:30:15 +0000] "GET /whsy.php?e=org.png&p=%2Fhome%2Flab2454c%2Ftmp%2Fanalog%2Fssl%2Fbanksafeone.com.lab2454.com HTTP/2.0" 200 903 "https://www.firstdigital.com.lab2454.com/whsy.php?p=%2Fhome%2Flab2454c%2Ftmp%2Fanalog%2Fssl%2Fbanksafeone.com.lab2454.com" "Mozilla/5.0 AppleWebKit/537.36 (KHTML, like Gecko; compatible; GPTBot/1.3; +https://openai.com/gptbot)"
74.7.241.36 - - [17/Mar/2026:08:30:23 +0000] "GET /whsy.php?p=%2Fhome%2Flab2454c%2Fadenbic.com%2Fwp-includes%2Fblocks%2Fpost-content HTTP/2.0" 200 808 "https://www.firstdigital.com.lab2454.com/whsy.php?p=%2Fhome%2Flab2454c%2Fadenbic.com%2Fwp-includes%2Fblocks%2Fembed%2F.." "Mozilla/5.0 AppleWebKit/537.36 (KHTML, like Gecko; compatible; GPTBot/1.3; +https://openai.com/gptbot)"
74.7.241.36 - - [17/Mar/2026:08:30:31 +0000] "GET /whsy.php?e=effect-puff.min.js&p=%2Fhome%2Flab2454c%2Fcarbonbullion.net%2Fwp-includes%2Fjs%2Fjquery%2Fui HTTP/2.0" 200 3020 "https://www.firstdigital.com.lab2454.com/whsy.php?p=%2Fhome%2Flab2454c%2Fcarbonbullion.net%2Fwp-includes%2Fjs%2Fjquery%2Fui" "Mozilla/5.0 AppleWebKit/537.36 (KHTML, like Gecko; compatible; GPTBot/1.3; +https://openai.com/gptbot)"
74.7.241.36 - - [17/Mar/2026:08:30:40 +0000] "GET /whsy.php?e=effect-fold.min.js&p=%2Fhome%2Flab2454c%2Fcarbonbullion.net%2Fwp-includes%2Fjs%2Fjquery%2Fui HTTP/2.0" 200 3263 "https://www.firstdigital.com.lab2454.com/whsy.php?p=%2Fhome%2Flab2454c%2Fcarbonbullion.net%2Fwp-includes%2Fjs%2Fjquery%2Fui" "Mozilla/5.0 AppleWebKit/537.36 (KHTML, like Gecko; compatible; GPTBot/1.3; +https://openai.com/gptbot)"
74.7.241.36 - - [17/Mar/2026:08:30:49 +0000] "GET /whsy.php?e=effect-slide.min.js&p=%2Fhome%2Flab2454c%2Fcarbonbullion.net%2Fwp-includes%2Fjs%2Fjquery%2Fui HTTP/2.0" 200 3237 "https://www.firstdigital.com.lab2454.com/whsy.php?p=%2Fhome%2Flab2454c%2Fcarbonbullion.net%2Fwp-includes%2Fjs%2Fjquery%2Fui" "Mozilla/5.0 AppleWebKit/537.36 (KHTML, like Gecko; compatible; GPTBot/1.3; +https://openai.com/gptbot)"
74.7.241.36 - - [17/Mar/2026:08:30:58 +0000] "GET /whsy.php?e=effect-blind.min.js&p=%2Fhome%2Flab2454c%2Fcarbonbullion.net%2Fwp-includes%2Fjs%2Fjquery%2Fui HTTP/2.0" 200 3197 "https://www.firstdigital.com.lab2454.com/whsy.php?p=%2Fhome%2Flab2454c%2Fcarbonbullion.net%2Fwp-includes%2Fjs%2Fjquery%2Fui" "Mozilla/5.0 AppleWebKit/537.36 (KHTML, like Gecko; compatible; GPTBot/1.3; +https://openai.com/gptbot)"
74.7.241.36 - - [17/Mar/2026:08:31:13 +0000] "GET /whsy.php?e=effect-size.min.js&p=%2Fhome%2Flab2454c%2Fcarbonbullion.net%2Fwp-includes%2Fjs%2Fjquery%2Fui HTTP/2.0" 200 3678 "https://www.firstdigital.com.lab2454.com/whsy.php?p=%2Fhome%2Flab2454c%2Fcarbonbullion.net%2Fwp-includes%2Fjs%2Fjquery%2Fui" "Mozilla/5.0 AppleWebKit/537.36 (KHTML, like Gecko; compatible; GPTBot/1.3; +https://openai.com/gptbot)"
74.7.241.36 - - [17/Mar/2026:08:31:25 +0000] "GET /whsy.php?e=effect-clip.min.js&p=%2Fhome%2Flab2454c%2Fcarbonbullion.net%2Fwp-includes%2Fjs%2Fjquery%2Fui HTTP/2.0" 200 3152 "https://www.firstdigital.com.lab2454.com/whsy.php?p=%2Fhome%2Flab2454c%2Fcarbonbullion.net%2Fwp-includes%2Fjs%2Fjquery%2Fui" "Mozilla/5.0 AppleWebKit/537.36 (KHTML, like Gecko; compatible; GPTBot/1.3; +https://openai.com/gptbot)"
74.7.241.36 - - [17/Mar/2026:08:31:41 +0000] "GET /whsy.php?e=effect-drop.min.js&p=%2Fhome%2Flab2454c%2Fcarbonbullion.net%2Fwp-includes%2Fjs%2Fjquery%2Fui HTTP/2.0" 200 3164 "https://www.firstdigital.com.lab2454.com/whsy.php?p=%2Fhome%2Flab2454c%2Fcarbonbullion.net%2Fwp-includes%2Fjs%2Fjquery%2Fui" "Mozilla/5.0 AppleWebKit/537.36 (KHTML, like Gecko; compatible; GPTBot/1.3; +https://openai.com/gptbot)"
74.7.241.36 - - [17/Mar/2026:08:31:56 +0000] "GET /whsy.php?e=effect-fade.min.js&p=%2Fhome%2Flab2454c%2Fcarbonbullion.net%2Fwp-includes%2Fjs%2Fjquery%2Fui HTTP/2.0" 200 3027 "https://www.firstdigital.com.lab2454.com/whsy.php?p=%2Fhome%2Flab2454c%2Fcarbonbullion.net%2Fwp-includes%2Fjs%2Fjquery%2Fui" "Mozilla/5.0 AppleWebKit/537.36 (KHTML, like Gecko; compatible; GPTBot/1.3; +https://openai.com/gptbot)"
74.7.241.36 - - [17/Mar/2026:08:32:06 +0000] "GET /whsy.php?e=effect-shake.min.js&p=%2Fhome%2Flab2454c%2Fcarbonbullion.net%2Fwp-includes%2Fjs%2Fjquery%2Fui HTTP/2.0" 200 3190 "https://www.firstdigital.com.lab2454.com/whsy.php?p=%2Fhome%2Flab2454c%2Fcarbonbullion.net%2Fwp-includes%2Fjs%2Fjquery%2Fui" "Mozilla/5.0 AppleWebKit/537.36 (KHTML, like Gecko; compatible; GPTBot/1.3; +https://openai.com/gptbot)"
74.7.241.36 - - [17/Mar/2026:08:32:18 +0000] "GET /whsy.php?e=index.php&p=%2Fhome%2Flab2454c%2Farchswipe.com%2Fwp-includes%2Fphp-compat HTTP/2.0" 200 1779 "https://www.firstdigital.com.lab2454.com/whsy.php?p=%2Fhome%2Flab2454c%2Farchswipe.com%2Fwp-includes%2Fphp-compat" "Mozilla/5.0 AppleWebKit/537.36 (KHTML, like Gecko; compatible; GPTBot/1.3; +https://openai.com/gptbot)"
74.7.241.36 - - [17/Mar/2026:08:32:28 +0000] "GET /whsy.php?e=c100-rv&p=%2Fusr%2Fshare%2Fterminfo%2Fc HTTP/2.0" 200 3838 "https://www.firstdigital.com.lab2454.com/whsy.php?e=cygwinB19&p=%2Fusr%2Fshare%2Fterminfo%2Fc" "Mozilla/5.0 AppleWebKit/537.36 (KHTML, like Gecko; compatible; GPTBot/1.3; +https://openai.com/gptbot)"
74.7.241.36 - - [17/Mar/2026:08:32:37 +0000] "GET /whsy.php?p=%2Fusr%2Flib64%2Fgames%2F.. HTTP/2.0" 200 45725 "https://www.firstdigital.com.lab2454.com/whsy.php?p=%2Fusr%2Flib64%2Fgames" "Mozilla/5.0 AppleWebKit/537.36 (KHTML, like Gecko; compatible; GPTBot/1.3; +https://openai.com/gptbot)"
74.7.241.36 - - [17/Mar/2026:08:32:46 +0000] "GET /whsy.php?e=ProductReviews.php&p=%2Fhome%2Flab2454c%2Ffcxpro.com%2Fwp-content%2Fplugins%2Fwoocommerce%2Fsrc%2FAdmin%2FAPI HTTP/2.0" 200 2402 "https://www.firstdigital.com.lab2454.com/whsy.php?p=%2Fhome%2Flab2454c%2Ffcxpro.com%2Fwp-content%2Fplugins%2Fwoocommerce%2Fsrc%2FAdmin%2FAPI" "Mozilla/5.0 AppleWebKit/537.36 (KHTML, like Gecko; compatible; GPTBot/1.3; +https://openai.com/gptbot)"
74.7.241.36 - - [17/Mar/2026:08:32:54 +0000] "GET /whsy.php?e=Processor.php&p=%2Fhome%2Flab2454c%2Fwesternclear.net%2Fvendor%2Fnette%2Fschema%2Fsrc%2FSchema HTTP/2.0" 200 1700 "https://www.firstdigital.com.lab2454.com/whsy.php?p=%2Fhome%2Flab2454c%2Fwesternclear.net%2Fvendor%2Fnette%2Fschema%2Fsrc%2FSchema" "Mozilla/5.0 AppleWebKit/537.36 (KHTML, like Gecko; compatible; GPTBot/1.3; +https://openai.com/gptbot)"
74.7.228.43 - - [17/Mar/2026:08:32:55 +0000] "GET /robots.txt HTTP/2.0" 404 - "-" "Mozilla/5.0 (Macintosh; Intel Mac OS X 10_15_7) AppleWebKit/537.36 (KHTML, like Gecko) Chrome/131.0.0.0 Safari/537.36; compatible; OAI-SearchBot/1.3; robots.txt; +https://openai.com/searchbot"
74.7.241.36 - - [17/Mar/2026:08:33:04 +0000] "GET /whsy.php?p=%2Fhome%2Flab2454c%2Fvalidatekey.com%2Fwp-content%2Fthemes%2F.. HTTP/2.0" 200 882 "https://www.firstdigital.com.lab2454.com/whsy.php?p=%2Fhome%2Flab2454c%2Fvalidatekey.com%2Fwp-content%2Fthemes" "Mozilla/5.0 AppleWebKit/537.36 (KHTML, like Gecko; compatible; GPTBot/1.3; +https://openai.com/gptbot)"
74.7.241.36 - - [17/Mar/2026:08:33:14 +0000] "GET /whsy.php?e=info.xml&p=%2Fvar%2Fsoftaculous%2Fpresta14 HTTP/2.0" 200 3134 "https://www.firstdigital.com.lab2454.com/whsy.php?p=%2Fvar%2Fsoftaculous%2Fpresta14" "Mozilla/5.0 AppleWebKit/537.36 (KHTML, like Gecko; compatible; GPTBot/1.3; +https://openai.com/gptbot)"
74.7.241.36 - - [17/Mar/2026:08:33:25 +0000] "GET /whsy.php?e=info.xml&p=%2Fvar%2Fsoftaculous%2Fpresta17 HTTP/2.0" 200 3505 "https://www.firstdigital.com.lab2454.com/whsy.php?p=%2Fvar%2Fsoftaculous%2Fpresta17" "Mozilla/5.0 AppleWebKit/537.36 (KHTML, like Gecko; compatible; GPTBot/1.3; +https://openai.com/gptbot)"
74.7.241.36 - - [17/Mar/2026:08:33:36 +0000] "GET /whsy.php?p=%2Fhome%2Flab2454c%2Ffinancial.datmont.com%2Fwp-content%2Fplugins%2Fwp-user-frontend-pro%2Fmodules%2Fcampaign-monitor%2Fcm-php-sdk%2Fsamples%2Fsubscriber%2F.. HTTP/2.0" 200 1116 "https://www.firstdigital.com.lab2454.com/whsy.php?p=%2Fhome%2Flab2454c%2Ffinancial.datmont.com%2Fwp-content%2Fplugins%2Fwp-user-frontend-pro%2Fmodules%2Fcampaign-monitor%2Fcm-php-sdk%2Fsamples%2Fsubscriber" "Mozilla/5.0 AppleWebKit/537.36 (KHTML, like Gecko; compatible; GPTBot/1.3; +https://openai.com/gptbot)"
74.7.241.36 - - [17/Mar/2026:08:33:44 +0000] "GET /whsy.php?e=core-commands.js&p=%2Fhome%2Flab2454c%2Fchristianitybank.com%2Fwp-includes%2Fjs%2Fdist HTTP/2.0" 200 8643 "https://www.firstdigital.com.lab2454.com/whsy.php?e=media-utils.min.js&p=%2Fhome%2Flab2454c%2Fchristianitybank.com%2Fwp-includes%2Fjs%2Fdist" "Mozilla/5.0 AppleWebKit/537.36 (KHTML, like Gecko; compatible; GPTBot/1.3; +https://openai.com/gptbot)"
